4.197.89.232 - - [21/Dec/2025:03:57:25 +0100] "GET /mah/function.php HTTP/1.1" 404 45948 "https://www.google.com/" "Mozilla/5.0 (iPad; CPU OS 17_0_3 like Mac OS X) AppleWebKit/605.1.15 (KHTML, like Gecko) Version/17.0.1 Mobile/15E148 Safari/604.1"
4.197.89.232 - - [21/Dec/2025:03:57:32 +0100] "GET /manager.php HTTP/1.1" 301 370 "https://www.bing.com/" "Mozilla/5.0 (Linux; Android 11; CPH2251) AppleWebKit/537.36 (KHTML, like Gecko) Chrome/116.0.0.0 Mobile Safari/537.36"
4.197.89.232 - - [21/Dec/2025:03:57:37 +0100] "GET /manager.php HTTP/1.1" 404 45948 "https://www.bing.com/" "Mozilla/5.0 (Linux; Android 11; CPH2251) AppleWebKit/537.36 (KHTML, like Gecko) Chrome/116.0.0.0 Mobile Safari/537.36"
4.197.89.232 - - [21/Dec/2025:03:57:45 +0100] "GET /mini HTTP/1.1" 301 363 "https://www.google.de/" "Mozilla/5.0 (iPad; CPU OS 16_7_2 like Mac OS X) AppleWebKit/605.1.15 (KHTML, like Gecko) Version/16.6 Mobile/15E148 Safari/604.1"
51.38.211.120 - - [21/Dec/2025:03:57:43 +0100] "POST /wp-cron.php?doing_wp_cron=1766285863.3209199905395507812500 HTTP/1.1" 200 269 "-" "WordPress/6.9; https://www.readytorun.it"
40.77.167.48 - - [21/Dec/2025:03:57:50 +0100] "GET /wp-content/uploads/2023/01/0de59a9c-4173-4d57-875d-c789e5d19969.jpg HTTP/1.1" 200 102534 "-" "Mozilla/5.0 AppleWebKit/537.36 (KHTML, like Gecko; compatible; bingbot/2.0; +http://www.bing.com/bingbot.htm) Chrome/116.0.1938.76 Safari/537.36"
4.197.89.232 - - [21/Dec/2025:03:57:50 +0100] "GET /mini HTTP/1.1" 404 45948 "https://www.google.de/" "Mozilla/5.0 (iPad; CPU OS 16_7_2 like Mac OS X) AppleWebKit/605.1.15 (KHTML, like Gecko) Version/16.6 Mobile/15E148 Safari/604.1"
4.197.89.232 - - [21/Dec/2025:03:57:56 +0100] "GET /modules/mod_simplefileuploadv1.3/elements/index.php HTTP/1.1" 301 401 "https://www.google.fr/" "Mozilla/5.0 (Linux; Android 10; LM-Q720) AppleWebKit/537.36 (KHTML, like Gecko) Chrome/116.0.0.0 Mobile Safari/537.36"
4.197.89.232 - - [21/Dec/2025:03:58:02 +0100] "GET /modules/mod_simplefileuploadv1.3/elements/ HTTP/1.1" 404 45948 "https://www.google.fr/" "Mozilla/5.0 (Linux; Android 10; LM-Q720) AppleWebKit/537.36 (KHTML, like Gecko) Chrome/116.0.0.0 Mobile Safari/537.36"
4.197.89.232 - - [21/Dec/2025:03:58:09 +0100] "GET /new.php HTTP/1.1" 301 366 "https://duckduckgo.com/" "Mozilla/5.0 (Linux; Android 10; LM-Q720) AppleWebKit/537.36 (KHTML, like Gecko) Chrome/116.0.0.0 Mobile Safari/537.36"
4.197.89.232 - - [21/Dec/2025:03:58:14 +0100] "GET /new.php HTTP/1.1" 404 45948 "https://duckduckgo.com/" "Mozilla/5.0 (Linux; Android 10; LM-Q720) AppleWebKit/537.36 (KHTML, like Gecko) Chrome/116.0.0.0 Mobile Safari/537.36"
4.197.89.232 - - [21/Dec/2025:03:58:21 +0100] "GET /public/files/index.php HTTP/1.1" 301 372 "https://www.google.fr/" "Mozilla/5.0 (Linux; Android 13; SM-S908E) AppleWebKit/537.36 (KHTML, like Gecko) Chrome/116.0.0.0 Mobile Safari/537.36"
4.197.89.232 - - [21/Dec/2025:03:58:26 +0100] "GET /public/files/ HTTP/1.1" 404 45948 "https://www.google.fr/" "Mozilla/5.0 (Linux; Android 13; SM-S908E) AppleWebKit/537.36 (KHTML, like Gecko) Chrome/116.0.0.0 Mobile Safari/537.36"
4.197.89.232 - - [21/Dec/2025:03:58:33 +0100] "GET /public/wp-content/index.php HTTP/1.1" 301 377 "https://duckduckgo.com/" "Mozilla/5.0 (iPad; CPU OS 17_0_3 like Mac OS X) AppleWebKit/605.1.15 (KHTML, like Gecko) Version/17.0.1 Mobile/15E148 Safari/604.1"
114.119.146.114 - - [21/Dec/2025:03:58:37 +0100] "GET /trail-scarpe-uomo-home/ HTTP/1.1" 200 48194 "https://www.readytorun.it/product_cat-sitemap.xml" "Mozilla/5.0 (Linux; Android 7.0;) AppleWebKit/537.36 (KHTML, like Gecko) Mobile Safari/537.36 (compatible; PetalBot;+https://webmaster.petalsearch.com/site/petalbot)"
4.197.89.232 - - [21/Dec/2025:03:58:39 +0100] "GET /public/wp-content/ HTTP/1.1" 404 45948 "https://duckduckgo.com/" "Mozilla/5.0 (iPad; CPU OS 17_0_3 like Mac OS X) AppleWebKit/605.1.15 (KHTML, like Gecko) Version/17.0.1 Mobile/15E148 Safari/604.1"
51.38.211.120 - - [21/Dec/2025:03:58:42 +0100] "POST /wp-cron.php?doing_wp_cron=1766285922.1881139278411865234375 HTTP/1.1" 200 4069 "-" "WordPress/6.9; https://www.readytorun.it"
4.197.89.232 - - [21/Dec/2025:03:58:45 +0100] "GET /radio.php HTTP/1.1" 301 368 "https://www.bing.com/" "Mozilla/5.0 (iPad; CPU OS 16_7_2 like Mac OS X) AppleWebKit/605.1.15 (KHTML, like Gecko) Version/16.6 Mobile/15E148 Safari/604.1"
4.197.89.232 - - [21/Dec/2025:03:58:51 +0100] "GET /radio.php HTTP/1.1" 404 45948 "https://www.bing.com/" "Mozilla/5.0 (iPad; CPU OS 16_7_2 like Mac OS X) AppleWebKit/605.1.15 (KHTML, like Gecko) Version/16.6 Mobile/15E148 Safari/604.1"
4.197.89.232 - - [21/Dec/2025:03:58:58 +0100] "GET /themes.php HTTP/1.1" 301 369 "https://www.bing.com/" "Mozilla/5.0 (Linux; Android 12; SM-A525F) AppleWebKit/537.36 (KHTML, like Gecko) Chrome/117.0.0.0 Mobile Safari/537.36"
40.77.167.48 - - [21/Dec/2025:03:59:02 +0100] "GET /accessori-unisex-home/page/3/ HTTP/1.1" 200 45275 "-" "Mozilla/5.0 AppleWebKit/537.36 (KHTML, like Gecko; compatible; bingbot/2.0; +http://www.bing.com/bingbot.htm) Chrome/116.0.1938.76 Safari/537.36"
4.197.89.232 - - [21/Dec/2025:03:59:03 +0100] "GET /themes.php HTTP/1.1" 404 45948 "https://www.bing.com/" "Mozilla/5.0 (Linux; Android 12; SM-A525F) AppleWebKit/537.36 (KHTML, like Gecko) Chrome/117.0.0.0 Mobile Safari/537.36"
66.249.66.201 - - [21/Dec/2025:03:59:05 +0100] "GET /trail-abbigliamento-unisex-home/ HTTP/1.1" 200 42406 "-" "Mozilla/5.0 (Linux; Android 6.0.1; Nexus 5X Build/MMB29P) AppleWebKit/537.36 (KHTML, like Gecko) Chrome/141.0.7390.122 Mobile Safari/537.36 (compatible; Googlebot/2.1; +http://www.google.com/bot.html)"
52.167.144.169 - - [21/Dec/2025:03:59:15 +0100] "GET /wp-content/uploads/2023/03/e4140473-8958-4437-9d11-1241eeebea2c-768x306.png HTTP/1.1" 200 118361 "-" "Mozilla/5.0 AppleWebKit/537.36 (KHTML, like Gecko; compatible; bingbot/2.0; +http://www.bing.com/bingbot.htm) Chrome/116.0.1938.76 Safari/537.36"
4.197.89.232 - - [21/Dec/2025:03:59:10 +0100] "GET /uploads/index.php HTTP/1.1" 301 367 "https://www.google.fr/" "Mozilla/5.0 (iPhone; CPU iPhone OS 17_1 like Mac OS X) AppleWebKit/605.1.15 (KHTML, like Gecko) CriOS/119.0.6045.109 Mobile/15E148 Safari/604.1"
4.197.89.232 - - [21/Dec/2025:03:59:15 +0100] "GET /uploads/ HTTP/1.1" 404 45948 "https://www.google.fr/" "Mozilla/5.0 (iPhone; CPU iPhone OS 17_1 like Mac OS X) AppleWebKit/605.1.15 (KHTML, like Gecko) CriOS/119.0.6045.109 Mobile/15E148 Safari/604.1"
4.197.89.232 - - [21/Dec/2025:03:59:22 +0100] "GET /wp-admin/ HTTP/1.1" 302 353 "https://www.google.fr/" "Mozilla/5.0 (iPhone; CPU iPhone OS 17_0_3 like Mac OS X) AppleWebKit/605.1.15 (KHTML, like Gecko) Version/17.0.1 Mobile/15E148 Safari/604.1"
4.197.89.232 - - [21/Dec/2025:03:59:28 +0100] "GET /wp-admin/ HTTP/1.1" 302 4176 "https://www.google.fr/" "Mozilla/5.0 (iPhone; CPU iPhone OS 17_0_3 like Mac OS X) AppleWebKit/605.1.15 (KHTML, like Gecko) Version/17.0.1 Mobile/15E148 Safari/604.1"
4.197.89.232 - - [21/Dec/2025:03:59:34 +0100] "GET /wp-login.php?redirect_to=https%3A%2F%2Freadytorun.it%2Fwp-admin%2F&reauth=1 HTTP/1.1" 200 23383 "https://www.google.fr/" "Mozilla/5.0 (iPhone; CPU iPhone OS 17_0_3 like Mac OS X) AppleWebKit/605.1.15 (KHTML, like Gecko) Version/17.0.1 Mobile/15E148 Safari/604.1"
4.197.89.232 - - [21/Dec/2025:03:59:40 +0100] "GET /wp-admin/classwithtostring.php HTTP/1.1" 301 389 "https://www.google.com/" "Mozilla/5.0 (iPhone; CPU iPhone OS 16_6_1 like Mac OS X) AppleWebKit/605.1.15 (KHTML, like Gecko) Version/16.6 Mobile/15E148 Safari/604.1"
51.38.211.120 - - [21/Dec/2025:03:59:46 +0100] "POST /wp-cron.php?doing_wp_cron=1766285986.1704270839691162109375 HTTP/1.1" 200 269 "-" "WordPress/6.9; https://www.readytorun.it"
4.197.89.232 - - [21/Dec/2025:03:59:47 +0100] "GET /wp-admin/classwithtostring.php HTTP/1.1" 404 45948 "https://www.google.com/" "Mozilla/5.0 (iPhone; CPU iPhone OS 16_6_1 like Mac OS X) AppleWebKit/605.1.15 (KHTML, like Gecko) Version/16.6 Mobile/15E148 Safari/604.1"
4.197.89.232 - - [21/Dec/2025:03:59:53 +0100] "GET /wp-admin/css/ HTTP/1.1" 403 344 "https://www.google.de/" "Mozilla/5.0 (Linux; Android 11; 21081111RG) AppleWebKit/537.36 (KHTML, like Gecko) Chrome/116.0.0.0 Mobile Safari/537.36"
40.77.167.48 - - [21/Dec/2025:03:59:51 +0100] "GET /a4-massimo-ammortizzamento-stabili-scarpe-uomo-home/1011b341700/ HTTP/1.1" 200 44988 "-" "Mozilla/5.0 AppleWebKit/537.36 (KHTML, like Gecko; compatible; bingbot/2.0; +http://www.bing.com/bingbot.htm) Chrome/116.0.1938.76 Safari/537.36"
4.197.89.232 - - [21/Dec/2025:03:59:53 +0100] "GET /wp-admin/css/about.php HTTP/1.1" 301 343 "https://www.google.de/" "Mozilla/5.0 (Linux; Android 13; SM-S908E) AppleWebKit/537.36 (KHTML, like Gecko) Chrome/116.0.0.0 Mobile Safari/537.36"
216.73.216.188 - - [21/Dec/2025:03:59:53 +0100] "GET /a3-massimo-ammortizzamento-scarpe-donna-home/w1080-b12 HTTP/1.1" 301 888 "-" "Mozilla/5.0 AppleWebKit/537.36 (KHTML, like Gecko; compatible; ClaudeBot/1.0; +claudebot@anthropic.com)"
216.73.216.188 - - [21/Dec/2025:03:59:53 +0100] "GET /a3-massimo-ammortizzamento-scarpe-uomo-home/j1gc240351 HTTP/1.1" 301 4103 "-" "Mozilla/5.0 AppleWebKit/537.36 (KHTML, like Gecko; compatible; ClaudeBot/1.0; +claudebot@anthropic.com)"
4.197.89.232 - - [21/Dec/2025:03:59:58 +0100] "GET /wp-admin/css/about.php HTTP/1.1" 404 45948 "https://www.google.de/" "Mozilla/5.0 (Linux; Android 13; SM-S908E) AppleWebKit/537.36 (KHTML, like Gecko) Chrome/116.0.0.0 Mobile Safari/537.36"
114.119.146.215 - - [21/Dec/2025:03:59:59 +0100] "GET /t-shirt-scarpe-donna-home/a2gaa75216/ HTTP/1.1" 200 47229 "https://www.readytorun.it/product-sitemap3.xml" "Mozilla/5.0 (Linux; Android 7.0;) AppleWebKit/537.36 (KHTML, like Gecko) Mobile Safari/537.36 (compatible; PetalBot;+https://webmaster.petalsearch.com/site/petalbot)"
216.73.216.188 - - [21/Dec/2025:03:59:58 +0100] "GET /a3-massimo-ammortizzamento-scarpe-donna-home/w1080-b12/ HTTP/1.1" 200 40758 "https://www.readytorun.it/a3-massimo-ammortizzamento-scarpe-donna-home/w1080-b12" "Mozilla/5.0 AppleWebKit/537.36 (KHTML, like Gecko; compatible; ClaudeBot/1.0; +claudebot@anthropic.com)"
216.73.216.188 - - [21/Dec/2025:03:59:58 +0100] "GET /a3-massimo-ammortizzamento-scarpe-uomo-home/j1gc240351/ HTTP/1.1" 200 44066 "https://www.readytorun.it/a3-massimo-ammortizzamento-scarpe-uomo-home/j1gc240351" "Mozilla/5.0 AppleWebKit/537.36 (KHTML, like Gecko; compatible; ClaudeBot/1.0; +claudebot@anthropic.com)"
4.197.89.232 - - [21/Dec/2025:04:00:05 +0100] "GET /wp-admin/css/colors/blue/ HTTP/1.1" 403 344 "https://duckduckgo.com/" "Mozilla/5.0 (iPhone; CPU iPhone OS 16_6_1 like Mac OS X) AppleWebKit/605.1.15 (KHTML, like Gecko) Version/16.6 Mobile/15E148 Safari/604.1"
216.73.216.188 - - [21/Dec/2025:04:00:05 +0100] "GET /luce-frontale-accessori-unisex-home/502730 HTTP/1.1" 301 876 "-" "Mozilla/5.0 AppleWebKit/537.36 (KHTML, like Gecko; compatible; ClaudeBot/1.0; +claudebot@anthropic.com)"
216.73.216.188 - - [21/Dec/2025:04:00:04 +0100] "GET /a2-intermedie-scarpe-unisex-home/1013a115800 HTTP/1.1" 301 878 "-" "Mozilla/5.0 AppleWebKit/537.36 (KHTML, like Gecko; compatible; ClaudeBot/1.0; +claudebot@anthropic.com)"
4.197.89.232 - - [21/Dec/2025:04:00:06 +0100] "GET /wp-admin/images/index.php HTTP/1.1" 301 337 "https://www.yahoo.com/" "Mozilla/5.0 (Linux; Android 13; SM-G991U) AppleWebKit/537.36 (KHTML, like Gecko) Chrome/117.0.0.0 Mobile Safari/537.36"
4.197.89.232 - - [21/Dec/2025:04:00:12 +0100] "GET /wp-admin/images/ HTTP/1.1" 403 344 "https://www.yahoo.com/" "Mozilla/5.0 (Linux; Android 13; SM-G991U) AppleWebKit/537.36 (KHTML, like Gecko) Chrome/117.0.0.0 Mobile Safari/537.36"
20.4.55.181 - - [21/Dec/2025:04:00:10 +0100] "GET /wp-json/wc/v2/taxes HTTP/1.1" 200 4903 "-" "-"
216.73.216.188 - - [21/Dec/2025:04:00:10 +0100] "GET /luce-frontale-accessori-unisex-home/502730/ HTTP/1.1" 200 39153 "https://www.readytorun.it/luce-frontale-accessori-unisex-home/502730" "Mozilla/5.0 AppleWebKit/537.36 (KHTML, like Gecko; compatible; ClaudeBot/1.0; +claudebot@anthropic.com)"
216.73.216.188 - - [21/Dec/2025:04:00:10 +0100] "GET /a2-intermedie-scarpe-unisex-home/1013a115800/ HTTP/1.1" 200 40402 "https://www.readytorun.it/a2-intermedie-scarpe-unisex-home/1013a115800" "Mozilla/5.0 AppleWebKit/537.36 (KHTML, like Gecko; compatible; ClaudeBot/1.0; +claudebot@anthropic.com)"
4.197.89.232 - - [21/Dec/2025:04:00:12 +0100] "GET /wp-admin/includes/colour.php HTTP/1.1" 301 349 "https://duckduckgo.com/" "Mozilla/5.0 (iPhone; CPU iPhone OS 15_7_9 like Mac OS X) AppleWebKit/605.1.15 (KHTML, like Gecko) Version/15.6.5 Mobile/15E148 Safari/604.1"
51.38.211.120 - - [21/Dec/2025:04:00:16 +0100] "POST /wp-cron.php?doing_wp_cron=1766286016.9722580909729003906250 HTTP/1.1" 200 269 "-" "WordPress/6.9; https://www.readytorun.it"
4.197.89.232 - - [21/Dec/2025:04:00:18 +0100] "GET /wp-admin/includes/colour.php HTTP/1.1" 404 45948 "https://duckduckgo.com/" "Mozilla/5.0 (iPhone; CPU iPhone OS 15_7_9 like Mac OS X) AppleWebKit/605.1.15 (KHTML, like Gecko) Version/15.6.5 Mobile/15E148 Safari/604.1"
20.4.55.181 - - [21/Dec/2025:04:00:17 +0100] "GET /wp-json/wc/v2/orders?after=2025-12-16%2003:00:17&per_page=100 HTTP/1.1" 200 5760 "-" "-"
4.197.89.232 - - [21/Dec/2025:04:00:24 +0100] "GET /wp-admin/includes/index.php HTTP/1.1" 301 377 "https://www.bing.com/" "Mozilla/5.0 (iPad; CPU OS 16_7_2 like Mac OS X) AppleWebKit/605.1.15 (KHTML, like Gecko) Version/16.6 Mobile/15E148 Safari/604.1"
4.197.89.232 - - [21/Dec/2025:04:00:29 +0100] "GET /wp-admin/includes/ HTTP/1.1" 403 344 "https://www.bing.com/" "Mozilla/5.0 (iPad; CPU OS 16_7_2 like Mac OS X) AppleWebKit/605.1.15 (KHTML, like Gecko) Version/16.6 Mobile/15E148 Safari/604.1"
4.197.89.232 - - [21/Dec/2025:04:00:30 +0100] "GET /wp-admin/index.php HTTP/1.1" 302 324 "https://www.yahoo.com/" "Mozilla/5.0 (Linux; Android 14; Pixel 8 Pro) AppleWebKit/537.36 (KHTML, like Gecko) Chrome/119.0.0.0 Mobile Safari/537.36"
4.197.89.232 - - [21/Dec/2025:04:00:37 +0100] "GET /wp-admin/index.php HTTP/1.1" 302 4185 "https://www.yahoo.com/" "Mozilla/5.0 (Linux; Android 14; Pixel 8 Pro) AppleWebKit/537.36 (KHTML, like Gecko) Chrome/119.0.0.0 Mobile Safari/537.36"
52.167.144.169 - - [21/Dec/2025:04:00:44 +0100] "GET /wp-content/uploads/2022/10/8c7716e9-a326-4197-8ccb-e5788d5c6407.jpg HTTP/1.1" 200 115799 "-" "Mozilla/5.0 AppleWebKit/537.36 (KHTML, like Gecko; compatible; bingbot/2.0; +http://www.bing.com/bingbot.htm) Chrome/116.0.1938.76 Safari/537.36"
4.197.89.232 - - [21/Dec/2025:04:00:42 +0100] "GET /wp-login.php?redirect_to=https%3A%2F%2Freadytorun.it%2Fwp-admin%2Findex.php&reauth=1 HTTP/1.1" 200 23401 "https://www.yahoo.com/" "Mozilla/5.0 (Linux; Android 14; Pixel 8 Pro) AppleWebKit/537.36 (KHTML, like Gecko) Chrome/119.0.0.0 Mobile Safari/537.36"
51.38.211.120 - - [21/Dec/2025:04:00:35 +0100] "POST /wp-admin/admin-ajax.php?action=as_async_request_queue_runner&nonce=ab615c30d0 HTTP/1.1" 200 4273 "-" "WordPress/6.9; https://www.readytorun.it"
4.197.89.232 - - [21/Dec/2025:04:00:48 +0100] "GET /wp-admin/js/ HTTP/1.1" 403 344 "https://www.google.de/" "Mozilla/5.g (Linux; Android 13; Pixel 7) AppleWebKit/537.36 (KHTML, like Gecko) Chrome/116.0.0.0 Mobile Safari/537.36"
51.38.211.120 - - [21/Dec/2025:04:00:46 +0100] "POST /wp-cron.php?doing_wp_cron=1766286046.8769559860229492187500 HTTP/1.1" 200 4069 "-" "WordPress/6.9; https://www.readytorun.it"
4.197.89.232 - - [21/Dec/2025:04:00:48 +0100] "GET /wp-admin/js/index.php HTTP/1.1" 301 333 "https://www.google.com/" "Mozilla/5.0 (Linux; Android 11; 21081111RG) AppleWebKit/537.36 (KHTML, like Gecko) Chrome/116.0.0.0 Mobile Safari/537.36"
4.197.89.232 - - [21/Dec/2025:04:00:54 +0100] "GET /wp-admin/js/ HTTP/1.1" 403 344 "https://www.google.com/" "Mozilla/5.0 (Linux; Android 11; 21081111RG) AppleWebKit/537.36 (KHTML, like Gecko) Chrome/116.0.0.0 Mobile Safari/537.36"
4.197.89.232 - - [21/Dec/2025:04:00:54 +0100] "GET /wp-admin/js/widgets/ HTTP/1.1" 403 344 "https://www.google.com/" "Mozilla/5.0 (Linux; Android 13; SM-G991U) AppleWebKit/537.36 (KHTML, like Gecko) Chrome/117.0.0.0 Mobile Safari/537.36"
4.197.89.232 - - [21/Dec/2025:04:00:54 +0100] "GET /wp-admin/network/admin.php HTTP/1.1" 302 332 "https://www.bing.com/" "Mozilla/5.0 (iPhone; CPU iPhone OS 17_0_3 like Mac OS X) AppleWebKit/605.1.15 (KHTML, like Gecko) Version/17.0.1 Mobile/15E148 Safari/604.1"
4.197.89.232 - - [21/Dec/2025:04:01:00 +0100] "GET /wp-admin/network/admin.php HTTP/1.1" 302 4195 "https://www.bing.com/" "Mozilla/5.0 (iPhone; CPU iPhone OS 17_0_3 like Mac OS X) AppleWebKit/605.1.15 (KHTML, like Gecko) Version/17.0.1 Mobile/15E148 Safari/604.1"
4.197.89.232 - - [21/Dec/2025:04:01:06 +0100] "GET /wp-login.php?redirect_to=https%3A%2F%2Freadytorun.it%2Fwp-admin%2Fnetwork%2Fadmin.php&reauth=1 HTTP/1.1" 200 23417 "https://www.bing.com/" "Mozilla/5.0 (iPhone; CPU iPhone OS 17_0_3 like Mac OS X) AppleWebKit/605.1.15 (KHTML, like Gecko) Version/17.0.1 Mobile/15E148 Safari/604.1"
66.249.66.14 - - [21/Dec/2025:04:01:17 +0100] "GET /wp-content/uploads/2024/06/b90f256c-445a-45ae-8dc4-4126e7be3a54.jpg HTTP/1.1" 200 54546 "-" "Googlebot-Image/1.0"
4.197.89.232 - - [21/Dec/2025:04:01:13 +0100] "GET /wp-admin/wp-admins.php HTTP/1.1" 301 381 "https://www.google.de/" "Mozilla/5.0 (Linux; Android 14; Pixel 8 Pro) AppleWebKit/537.36 (KHTML, like Gecko) Chrome/119.0.0.0 Mobile Safari/537.36"
4.197.89.232 - - [21/Dec/2025:04:01:18 +0100] "GET /wp-admin/wp-admins.php HTTP/1.1" 404 45948 "https://www.google.de/" "Mozilla/5.0 (Linux; Android 14; Pixel 8 Pro) AppleWebKit/537.36 (KHTML, like Gecko) Chrome/119.0.0.0 Mobile Safari/537.36"
66.249.66.14 - - [21/Dec/2025:04:01:19 +0100] "GET /a3-massimo-ammortizzamento-scarpe-uomo-home/fy4107107/ HTTP/1.1" 200 43501 "-" "Mozilla/5.0 (compatible; Googlebot/2.1; +http://www.google.com/bot.html)"
114.119.146.215 - - [21/Dec/2025:04:01:23 +0100] "GET /t-shirt-scarpe-donna-home/ HTTP/1.1" 200 43516 "https://www.readytorun.it/product_cat-sitemap.xml" "Mozilla/5.0 (Linux; Android 7.0;) AppleWebKit/537.36 (KHTML, like Gecko) Mobile Safari/537.36 (compatible; PetalBot;+https://webmaster.petalsearch.com/site/petalbot)"
4.197.89.232 - - [21/Dec/2025:04:01:25 +0100] "GET /wp-blog.php HTTP/1.1" 301 370 "https://www.google.com/" "Mozilla/5.0 (iPad; CPU OS 17_0_3 like Mac OS X) AppleWebKit/605.1.15 (KHTML, like Gecko) Version/17.0.1 Mobile/15E148 Safari/604.1"
4.197.89.232 - - [21/Dec/2025:04:01:31 +0100] "GET /wp-blog.php HTTP/1.1" 404 45948 "https://www.google.com/" "Mozilla/5.0 (iPad; CPU OS 17_0_3 like Mac OS X) AppleWebKit/605.1.15 (KHTML, like Gecko) Version/17.0.1 Mobile/15E148 Safari/604.1"
4.197.89.232 - - [21/Dec/2025:04:01:37 +0100] "GET /wp-conflg/function.php HTTP/1.1" 301 381 "https://www.yahoo.com/" "Mozilla/5.0 (Linux; Android 12; SM-A525F) AppleWebKit/537.36 (KHTML, like Gecko) Chrome/117.0.0.0 Mobile Safari/537.36"
4.197.89.232 - - [21/Dec/2025:04:01:44 +0100] "GET /wp-conflg/function.php HTTP/1.1" 404 45948 "https://www.yahoo.com/" "Mozilla/5.0 (Linux; Android 12; SM-A525F) AppleWebKit/537.36 (KHTML, like Gecko) Chrome/117.0.0.0 Mobile Safari/537.36"
51.38.211.120 - - [21/Dec/2025:04:01:42 +0100] "POST /wp-cron.php?doing_wp_cron=1766286102.8968100547790527343750 HTTP/1.1" 200 269 "-" "WordPress/6.9; https://www.readytorun.it"
4.197.89.232 - - [21/Dec/2025:04:01:50 +0100] "GET /wp-content/admin-header.php HTTP/1.1" 301 386 "https://www.google.de/" "Mozilla/5.0 (iPhone; CPU iPhone OS 16_0 like Mac OS X) AppleWebKit/605.1.15 (KHTML, like Gecko) FxiOS/118.0 Mobile/15E148 Safari/605.1.15"
4.197.89.232 - - [21/Dec/2025:04:01:55 +0100] "GET /wp-content/admin-header.php HTTP/1.1" 404 45948 "https://www.google.de/" "Mozilla/5.0 (iPhone; CPU iPhone OS 16_0 like Mac OS X) AppleWebKit/605.1.15 (KHTML, like Gecko) FxiOS/118.0 Mobile/15E148 Safari/605.1.15"
4.197.89.232 - - [21/Dec/2025:04:02:02 +0100] "GET /wp-content/admin.php HTTP/1.1" 301 379 "https://duckduckgo.com/" "Mozilla/5.0 (iPhone; CPU iPhone OS 17_1 like Mac OS X) AppleWebKit/605.1.15 (KHTML, like Gecko) CriOS/119.0.6045.109 Mobile/15E148 Safari/604.1"
4.197.89.232 - - [21/Dec/2025:04:02:08 +0100] "GET /wp-content/admin.php HTTP/1.1" 404 45948 "https://duckduckgo.com/" "Mozilla/5.0 (iPhone; CPU iPhone OS 17_1 like Mac OS X) AppleWebKit/605.1.15 (KHTML, like Gecko) CriOS/119.0.6045.109 Mobile/15E148 Safari/604.1"
4.197.89.232 - - [21/Dec/2025:04:02:14 +0100] "GET /wp-content/autoload_classmap.php HTTP/1.1" 301 391 "https://www.bing.com/" "Mozilla/5.0 (Linux; Android 13; M2101K6G) AppleWebKit/537.36 (KHTML, like Gecko) Chrome/116.0.0.0 Mobile Safari/537.36"
34.234.197.175 - - [21/Dec/2025:04:02:17 +0100] "GET /wp-json/oembed/1.0/embed?url=https://www.readytorun.it/a4-massimo-ammortizzamento-stabili-scarpe-uomo-home/110446186/ HTTP/1.1" 404 3745 "-" "Mozilla/5.0 AppleWebKit/537.36 (KHTML, like Gecko; compatible; Amazonbot/0.1; +https://developer.amazon.com/support/amazonbot) Chrome/119.0.6045.214 Safari/537.36"
4.197.89.232 - - [21/Dec/2025:04:02:20 +0100] "GET /wp-content/autoload_classmap.php HTTP/1.1" 404 45948 "https://www.bing.com/" "Mozilla/5.0 (Linux; Android 13; M2101K6G) AppleWebKit/537.36 (KHTML, like Gecko) Chrome/116.0.0.0 Mobile Safari/537.36"
4.197.89.232 - - [21/Dec/2025:04:02:27 +0100] "GET /wp-content/backups-dup-lite/ HTTP/1.1" 301 387 "https://www.google.co.uk/" "Mozilla/5.0 (Linux; Android 14; Pixel 8 Pro) AppleWebKit/537.36 (KHTML, like Gecko) Chrome/119.0.0.0 Mobile Safari/537.36"
4.197.89.232 - - [21/Dec/2025:04:02:32 +0100] "GET /wp-content/backups-dup-lite/ HTTP/1.1" 404 45948 "https://www.google.co.uk/" "Mozilla/5.0 (Linux; Android 14; Pixel 8 Pro) AppleWebKit/537.36 (KHTML, like Gecko) Chrome/119.0.0.0 Mobile Safari/537.36"
4.197.89.232 - - [21/Dec/2025:04:02:39 +0100] "GET /wp-content/index.php HTTP/1.1" 200 169 "https://www.google.de/" "Mozilla/5.0 (iPhone; CPU iPhone OS 17_0_3 like Mac OS X) AppleWebKit/605.1.15 (KHTML, like Gecko) Version/17.0.1 Mobile/15E148 Safari/604.1"
4.197.89.232 - - [21/Dec/2025:04:02:39 +0100] "GET /wp-content/languages/ HTTP/1.1" 403 344 "https://www.google.com/" "Mozilla/5.0 (iPad; CPU OS 17_0_3 like Mac OS X) AppleWebKit/605.1.15 (KHTML, like Gecko) Version/17.0.1 Mobile/15E148 Safari/604.1"
4.197.89.232 - - [21/Dec/2025:04:02:39 +0100] "GET /wp-content/languages/index.php HTTP/1.1" 301 342 "https://www.yahoo.com/" "Mozilla/5.0 (iPhone; CPU iPhone OS 15_7_9 like Mac OS X) AppleWebKit/605.1.15 (KHTML, like Gecko) Version/15.6.5 Mobile/15E148 Safari/604.1"
4.197.89.232 - - [21/Dec/2025:04:02:45 +0100] "GET /wp-content/languages/ HTTP/1.1" 403 344 "https://www.yahoo.com/" "Mozilla/5.0 (iPhone; CPU iPhone OS 15_7_9 like Mac OS X) AppleWebKit/605.1.15 (KHTML, like Gecko) Version/15.6.5 Mobile/15E148 Safari/604.1"
4.197.89.232 - - [21/Dec/2025:04:02:46 +0100] "GET /wp-content/plugins/admin.php HTTP/1.1" 301 349 "https://www.google.fr/" "Mozilla/5.0 (Linux; Android 11; 21081111RG) AppleWebKit/537.36 (KHTML, like Gecko) Chrome/116.0.0.0 Mobile Safari/537.36"
51.38.211.120 - - [21/Dec/2025:04:02:44 +0100] "POST /wp-cron.php?doing_wp_cron=1766286164.3473179340362548828125 HTTP/1.1" 200 269 "-" "WordPress/6.9; https://www.readytorun.it"
114.119.148.165 - - [21/Dec/2025:04:02:47 +0100] "GET /t-shirt-abbigliamento-uomo-home/52316101/ HTTP/1.1" 200 43720 "https://www.readytorun.it/product-sitemap3.xml" "Mozilla/5.0 (Linux; Android 7.0;) AppleWebKit/537.36 (KHTML, like Gecko) Mobile Safari/537.36 (compatible; PetalBot;+https://webmaster.petalsearch.com/site/petalbot)"
4.197.89.232 - - [21/Dec/2025:04:02:50 +0100] "GET /wp-content/plugins/admin.php HTTP/1.1" 404 45910 "https://www.google.fr/" "Mozilla/5.0 (Linux; Android 11; 21081111RG) AppleWebKit/537.36 (KHTML, like Gecko) Chrome/116.0.0.0 Mobile Safari/537.36"
4.197.89.232 - - [21/Dec/2025:04:02:58 +0100] "GET /wp-content/plugins/pwnd/as.php HTTP/1.1" 301 389 "https://duckduckgo.com/" "Mozilla/5.0 (Linux; Android 13; SM-S908E) AppleWebKit/537.36 (KHTML, like Gecko) Chrome/116.0.0.0 Mobile Safari/537.36"
4.197.89.232 - - [21/Dec/2025:04:03:03 +0100] "GET /wp-content/plugins/pwnd/as.php HTTP/1.1" 404 45948 "https://duckduckgo.com/" "Mozilla/5.0 (Linux; Android 13; SM-S908E) AppleWebKit/537.36 (KHTML, like Gecko) Chrome/116.0.0.0 Mobile Safari/537.36"
4.197.89.232 - - [21/Dec/2025:04:03:10 +0100] "GET /wp-content/themes/ HTTP/1.1" 200 169 "https://www.google.co.uk/" "Mozilla/5.0 (Linux; Android 12; V2134) AppleWebKit/537.36 (KHTML, like Gecko) Chrome/116.0.0.0 Mobile Safari/537.36"
4.197.89.232 - - [21/Dec/2025:04:03:10 +0100] "GET /wp-content/themes/about.php HTTP/1.1" 301 348 "https://www.google.de/" "Mozilla/5.0 (iPad; CPU OS 17_0_3 like Mac OS X) AppleWebKit/605.1.15 (KHTML, like Gecko) Version/17.0.1 Mobile/15E148 Safari/604.1"
4.197.89.232 - - [21/Dec/2025:04:03:15 +0100] "GET /wp-content/themes/about.php HTTP/1.1" 404 45948 "https://www.google.de/" "Mozilla/5.0 (iPad; CPU OS 17_0_3 like Mac OS X) AppleWebKit/605.1.15 (KHTML, like Gecko) Version/17.0.1 Mobile/15E148 Safari/604.1"
4.197.89.232 - - [21/Dec/2025:04:03:22 +0100] "GET /wp-content/themes/admin.php HTTP/1.1" 301 386 "https://www.google.co.uk/" "Mozilla/5.0 (Linux; Android 11; CPH2251) AppleWebKit/537.36 (KHTML, like Gecko) Chrome/116.0.0.0 Mobile Safari/537.36"
4.197.89.232 - - [21/Dec/2025:04:03:27 +0100] "GET /wp-content/themes/admin.php HTTP/1.1" 404 45948 "https://www.google.co.uk/" "Mozilla/5.0 (Linux; Android 11; CPH2251) AppleWebKit/537.36 (KHTML, like Gecko) Chrome/116.0.0.0 Mobile Safari/537.36"
84.37.149.215 - - [21/Dec/2025:04:03:30 +0100] "GET /news/elementor-40974/ HTTP/1.1" 200 36483 "-" "Mozilla/5.0 (Macintosh; Intel Mac OS X 10_15_7) AppleWebKit/537.36 (KHTML, like Gecko) Chrome/142.0.0.0 Safari/537.36"
4.197.89.232 - - [21/Dec/2025:04:03:34 +0100] "GET /wp-content/upgrade/index.php HTTP/1.1" 301 378 "https://www.google.fr/" "Mozilla/5.0 (iPad; CPU OS 16_7_2 like Mac OS X) AppleWebKit/605.1.15 (KHTML, like Gecko) Version/16.6 Mobile/15E148 Safari/604.1"
4.197.89.232 - - [21/Dec/2025:04:03:40 +0100] "GET /wp-content/upgrade/ HTTP/1.1" 403 344 "https://www.google.fr/" "Mozilla/5.0 (iPad; CPU OS 16_7_2 like Mac OS X) AppleWebKit/605.1.15 (KHTML, like Gecko) Version/16.6 Mobile/15E148 Safari/604.1"
4.197.89.232 - - [21/Dec/2025:04:03:40 +0100] "GET /wp-content/uploads/ HTTP/1.1" 403 344 "https://www.google.co.uk/" "Mozilla/5.0 (Linux; Android 12; 2201116SG) AppleWebKit/537.36 (KHTML, like Gecko) Chrome/116.0.0.0 Mobile Safari/537.36"
4.197.89.232 - - [21/Dec/2025:04:03:40 +0100] "GET /wp-content/uploads/2025/ HTTP/1.1" 403 344 "https://www.bing.com/" "Mozilla/5.0 (iPhone; CPU iPhone OS 17_1_1 like Mac OS X) AppleWebKit/605.1.15 (KHTML, like Gecko) Version/17.1 Mobile/15E148 Safari/604.1"
4.197.89.232 - - [21/Dec/2025:04:03:40 +0100] "GET /wp-content/uploads/index.php HTTP/1.1" 301 340 "https://www.google.fr/" "Mozilla/5.0 (iPhone; CPU iPhone OS 15_7_9 like Mac OS X) AppleWebKit/605.1.15 (KHTML, like Gecko) Version/15.6.5 Mobile/15E148 Safari/604.1"
4.197.89.232 - - [21/Dec/2025:04:03:47 +0100] "GET /wp-content/uploads/ HTTP/1.1" 403 344 "https://www.google.fr/" "Mozilla/5.0 (iPhone; CPU iPhone OS 15_7_9 like Mac OS X) AppleWebKit/605.1.15 (KHTML, like Gecko) Version/15.6.5 Mobile/15E148 Safari/604.1"
4.197.89.232 - - [21/Dec/2025:04:03:47 +0100] "GET /wp-good.php HTTP/1.1" 301 332 "https://www.google.com/" "Mozilla/5.0 (iPhone; CPU iPhone OS 15_7_9 like Mac OS X) AppleWebKit/605.1.15 (KHTML, like Gecko) Version/15.6.5 Mobile/15E148 Safari/604.1"
51.38.211.120 - - [21/Dec/2025:04:03:45 +0100] "POST /wp-cron.php?doing_wp_cron=1766286225.7836279869079589843750 HTTP/1.1" 200 269 "-" "WordPress/6.9; https://www.readytorun.it"
4.197.89.232 - - [21/Dec/2025:04:03:52 +0100] "GET /wp-good.php HTTP/1.1" 404 45910 "https://www.google.com/" "Mozilla/5.0 (iPhone; CPU iPhone OS 15_7_9 like Mac OS X) AppleWebKit/605.1.15 (KHTML, like Gecko) Version/15.6.5 Mobile/15E148 Safari/604.1"
4.197.89.232 - - [21/Dec/2025:04:03:59 +0100] "GET /wp-includes/ID3/ HTTP/1.1" 403 344 "https://www.google.co.uk/" "Mozilla/5.0 (Linux; Android 13; SM-G991U) AppleWebKit/537.36 (KHTML, like Gecko) Chrome/117.0.0.0 Mobile Safari/537.36"
4.197.89.232 - - [21/Dec/2025:04:03:59 +0100] "GET /wp-includes/ID3/simi.php HTTP/1.1" 301 345 "https://www.google.de/" "Mozilla/5.0 (iPad; CPU OS 17_0_3 like Mac OS X) AppleWebKit/605.1.15 (KHTML, like Gecko) Version/17.0.1 Mobile/15E148 Safari/604.1"
4.197.89.232 - - [21/Dec/2025:04:04:04 +0100] "GET /wp-includes/ID3/simi.php HTTP/1.1" 404 45948 "https://www.google.de/" "Mozilla/5.0 (iPad; CPU OS 17_0_3 like Mac OS X) AppleWebKit/605.1.15 (KHTML, like Gecko) Version/17.0.1 Mobile/15E148 Safari/604.1"
4.197.89.232 - - [21/Dec/2025:04:04:11 +0100] "GET /wp-includes/IXR/ HTTP/1.1" 403 344 "https://www.google.co.uk/" "Mozilla/5.0 (Linux; Android 10; K) AppleWebKit/537.36 (KHTML, like Gecko) Chrome/117.0.0.0 Mobile Safari/537.36"
52.167.144.169 - - [21/Dec/2025:04:04:15 +0100] "GET /wp-content/uploads/2022/11/0146427a-ca64-4b0a-9b6a-688e15aca032-150x150.jpg HTTP/1.1" 200 6753 "-" "Mozilla/5.0 AppleWebKit/537.36 (KHTML, like Gecko; compatible; bingbot/2.0; +http://www.bing.com/bingbot.htm) Chrome/116.0.1938.76 Safari/537.36"
4.197.89.232 - - [21/Dec/2025:04:04:11 +0100] "GET /wp-includes/PHPMailer/index.php HTTP/1.1" 301 343 "https://duckduckgo.com/" "Mozilla/5.0 (Linux; Android 10; LM-Q720) AppleWebKit/537.36 (KHTML, like Gecko) Chrome/116.0.0.0 Mobile Safari/537.36"
114.119.146.215 - - [21/Dec/2025:04:04:13 +0100] "GET /t-shirt-abbigliamento-uomo-home/102-18255080013/ HTTP/1.1" 200 46544 "https://www.readytorun.it/product-sitemap3.xml" "Mozilla/5.0 (Linux; Android 7.0;) AppleWebKit/537.36 (KHTML, like Gecko) Mobile Safari/537.36 (compatible; PetalBot;+https://webmaster.petalsearch.com/site/petalbot)"
4.197.89.232 - - [21/Dec/2025:04:04:17 +0100] "GET /wp-includes/PHPMailer/ HTTP/1.1" 403 344 "https://duckduckgo.com/" "Mozilla/5.0 (Linux; Android 10; LM-Q720) AppleWebKit/537.36 (KHTML, like Gecko) Chrome/116.0.0.0 Mobile Safari/537.36"
4.197.89.232 - - [21/Dec/2025:04:04:17 +0100] "GET /wp-includes/Requests/index.php HTTP/1.1" 301 342 "https://www.google.com/" "Mozilla/5.0 (Linux; Android 13; SM-G991U) AppleWebKit/537.36 (KHTML, like Gecko) Chrome/117.0.0.0 Mobile Safari/537.36"
4.197.89.232 - - [21/Dec/2025:04:04:23 +0100] "GET /wp-includes/Requests/ HTTP/1.1" 403 344 "https://www.google.com/" "Mozilla/5.0 (Linux; Android 13; SM-G991U) AppleWebKit/537.36 (KHTML, like Gecko) Chrome/117.0.0.0 Mobile Safari/537.36"
4.197.89.232 - - [21/Dec/2025:04:04:23 +0100] "GET /wp-includes/SimplePie/autoload_classmap.php HTTP/1.1" 301 364 "https://www.yahoo.com/" "Mozilla/5.0 (Linux; Android 14; Pixel 8 Pro) AppleWebKit/537.36 (KHTML, like Gecko) Chrome/119.0.0.0 Mobile Safari/537.36"
4.197.89.232 - - [21/Dec/2025:04:04:29 +0100] "GET /wp-includes/SimplePie/autoload_classmap.php HTTP/1.1" 404 45948 "https://www.yahoo.com/" "Mozilla/5.0 (Linux; Android 14; Pixel 8 Pro) AppleWebKit/537.36 (KHTML, like Gecko) Chrome/119.0.0.0 Mobile Safari/537.36"
4.197.89.232 - - [21/Dec/2025:04:04:36 +0100] "GET /wp-includes/SimplePie/index.php HTTP/1.1" 301 381 "https://www.google.co.uk/" "Mozilla/5.0 (Linux; Android 11; 21081111RG) AppleWebKit/537.36 (KHTML, like Gecko) Chrome/116.0.0.0 Mobile Safari/537.36"
4.197.89.232 - - [21/Dec/2025:04:04:41 +0100] "GET /wp-includes/SimplePie/ HTTP/1.1" 403 344 "https://www.google.co.uk/" "Mozilla/5.0 (Linux; Android 11; 21081111RG) AppleWebKit/537.36 (KHTML, like Gecko) Chrome/116.0.0.0 Mobile Safari/537.36"
4.197.89.232 - - [21/Dec/2025:04:04:42 +0100] "GET /wp-includes/Text/ HTTP/1.1" 403 344 "https://www.google.com/" "Mozilla/5.0 (Linux; Android 13; SM-G991U) AppleWebKit/537.36 (KHTML, like Gecko) Chrome/117.0.0.0 Mobile Safari/537.36"
4.197.89.232 - - [21/Dec/2025:04:04:42 +0100] "GET /wp-includes/Text/Diff/Engine/ HTTP/1.1" 403 344 "https://www.google.de/" "Mozilla/5.0 (Linux; Android 13; SM-G991U) AppleWebKit/537.36 (KHTML, like Gecko) Chrome/117.0.0.0 Mobile Safari/537.36"
4.197.89.232 - - [21/Dec/2025:04:04:42 +0100] "GET /wp-includes/Text/Diff/Renderer/index.php HTTP/1.1" 301 352 "https://www.yahoo.com/" "Mozilla/5.0 (iPhone; CPU iPhone OS 17_1 like Mac OS X) AppleWebKit/605.1.15 (KHTML, like Gecko) CriOS/119.0.6045.109 Mobile/15E148 Safari/604.1"
4.197.89.232 - - [21/Dec/2025:04:04:48 +0100] "GET /wp-includes/Text/Diff/Renderer/ HTTP/1.1" 403 344 "https://www.yahoo.com/" "Mozilla/5.0 (iPhone; CPU iPhone OS 17_1 like Mac OS X) AppleWebKit/605.1.15 (KHTML, like Gecko) CriOS/119.0.6045.109 Mobile/15E148 Safari/604.1"
4.197.89.232 - - [21/Dec/2025:04:04:49 +0100] "GET /wp-includes/assets/autoload_classmap.php HTTP/1.1" 301 361 "https://www.google.co.uk/" "Mozilla/5.g (Linux; Android 13; Pixel 7) AppleWebKit/537.36 (KHTML, like Gecko) Chrome/116.0.0.0 Mobile Safari/537.36"
51.38.211.120 - - [21/Dec/2025:04:04:47 +0100] "POST /wp-cron.php?doing_wp_cron=1766286287.2173540592193603515625 HTTP/1.1" 200 269 "-" "WordPress/6.9; https://www.readytorun.it"
4.197.89.232 - - [21/Dec/2025:04:04:53 +0100] "GET /wp-includes/assets/autoload_classmap.php HTTP/1.1" 404 45910 "https://www.google.co.uk/" "Mozilla/5.g (Linux; Android 13; Pixel 7) AppleWebKit/537.36 (KHTML, like Gecko) Chrome/116.0.0.0 Mobile Safari/537.36"
4.197.89.232 - - [21/Dec/2025:04:05:00 +0100] "GET /wp-includes/bk/index.php HTTP/1.1" 301 374 "https://www.google.com/" "Mozilla/5.0 (Linux; Android 12; 2201116SG) AppleWebKit/537.36 (KHTML, like Gecko) Chrome/116.0.0.0 Mobile Safari/537.36"
4.197.89.232 - - [21/Dec/2025:04:05:06 +0100] "GET /wp-includes/bk/ HTTP/1.1" 404 45948 "https://www.google.com/" "Mozilla/5.0 (Linux; Android 12; 2201116SG) AppleWebKit/537.36 (KHTML, like Gecko) Chrome/116.0.0.0 Mobile Safari/537.36"
4.197.89.232 - - [21/Dec/2025:04:05:12 +0100] "GET /wp-includes/block-bindings/ HTTP/1.1" 403 344 "https://duckduckgo.com/" "Mozilla/5.0 (Linux; Android 11; CPH2251) AppleWebKit/537.36 (KHTML, like Gecko) Chrome/116.0.0.0 Mobile Safari/537.36"
4.197.89.232 - - [21/Dec/2025:04:05:13 +0100] "GET /wp-includes/block-supports/ HTTP/1.1" 403 344 "https://www.google.com/" "Mozilla/5.0 (Linux; Android 10; LM-Q720) AppleWebKit/537.36 (KHTML, like Gecko) Chrome/116.0.0.0 Mobile Safari/537.36"
4.197.89.232 - - [21/Dec/2025:04:05:13 +0100] "GET /wp-includes/blocks/code/ HTTP/1.1" 403 344 "https://www.google.de/" "Mozilla/5.0 (Linux; Android 13; SM-G991U) AppleWebKit/537.36 (KHTML, like Gecko) Chrome/117.0.0.0 Mobile Safari/537.36"
4.197.89.232 - - [21/Dec/2025:04:05:13 +0100] "GET /wp-includes/certificates/ HTTP/1.1" 403 344 "https://www.bing.com/" "Mozilla/5.0 (Linux; Android 14; Pixel 8 Pro) AppleWebKit/537.36 (KHTML, like Gecko) Chrome/119.0.0.0 Mobile Safari/537.36"
4.197.89.232 - - [21/Dec/2025:04:05:13 +0100] "GET /wp-includes/css/autoload_classmap.php HTTP/1.1" 301 358 "https://www.google.de/" "Mozilla/5.0 (iPhone; CPU iPhone OS 17_1 like Mac OS X) AppleWebKit/605.1.15 (KHTML, like Gecko) CriOS/119.0.6045.109 Mobile/15E148 Safari/604.1"
51.38.211.120 - - [21/Dec/2025:04:05:17 +0100] "POST /wp-cron.php?doing_wp_cron=1766286317.9477250576019287109375 HTTP/1.1" 200 269 "-" "WordPress/6.9; https://www.readytorun.it"
4.197.89.232 - - [21/Dec/2025:04:05:19 +0100] "GET /wp-includes/css/autoload_classmap.php HTTP/1.1" 404 45948 "https://www.google.de/" "Mozilla/5.0 (iPhone; CPU iPhone OS 17_1 like Mac OS X) AppleWebKit/605.1.15 (KHTML, like Gecko) CriOS/119.0.6045.109 Mobile/15E148 Safari/604.1"
4.197.89.232 - - [21/Dec/2025:04:05:25 +0100] "GET /wp-includes/customize/chosen.php HTTP/1.1" 301 391 "https://www.google.com/" "Mozilla/5.0 (iPhone; CPU iPhone OS 17_1_1 like Mac OS X) AppleWebKit/605.1.15 (KHTML, like Gecko) Version/17.1 Mobile/15E148 Safari/604.1"
4.197.89.232 - - [21/Dec/2025:04:05:30 +0100] "GET /wp-includes/customize/chosen.php HTTP/1.1" 404 45948 "https://www.google.com/" "Mozilla/5.0 (iPhone; CPU iPhone OS 17_1_1 like Mac OS X) AppleWebKit/605.1.15 (KHTML, like Gecko) Version/17.1 Mobile/15E148 Safari/604.1"
114.119.133.204 - - [21/Dec/2025:04:05:35 +0100] "GET /t-shirt-abbigliamento-uomo-home/ HTTP/1.1" 200 47717 "https://www.readytorun.it/product_cat-sitemap.xml" "Mozilla/5.0 (Linux; Android 7.0;) AppleWebKit/537.36 (KHTML, like Gecko) Mobile Safari/537.36 (compatible; PetalBot;+https://webmaster.petalsearch.com/site/petalbot)"
4.197.89.232 - - [21/Dec/2025:04:05:37 +0100] "GET /wp-includes/html-api/index.php HTTP/1.1" 301 380 "https://www.google.co.uk/" "Mozilla/5.0 (Linux; Android 13; SM-G991U) AppleWebKit/537.36 (KHTML, like Gecko) Chrome/117.0.0.0 Mobile Safari/537.36"
4.197.89.232 - - [21/Dec/2025:04:05:44 +0100] "GET /wp-includes/html-api/ HTTP/1.1" 403 344 "https://www.google.co.uk/" "Mozilla/5.0 (Linux; Android 13; SM-G991U) AppleWebKit/537.36 (KHTML, like Gecko) Chrome/117.0.0.0 Mobile Safari/537.36"
4.197.89.232 - - [21/Dec/2025:04:05:44 +0100] "GET /wp-includes/images/ HTTP/1.1" 403 344 "https://www.google.co.uk/" "Mozilla/5.0 (iPad; CPU OS 17_0_3 like Mac OS X) AppleWebKit/605.1.15 (KHTML, like Gecko) Version/17.0.1 Mobile/15E148 Safari/604.1"
103.185.74.28 - - [21/Dec/2025:04:05:42 +0100] "POST /xmlrpc.php HTTP/1.1" 503 23228 "-" "Mozilla/5.0 (Windows NT 6.1; WOW64; Trident/7.0; MATP; MATP; MATPJS; rv:11.0) like Gecko"
4.197.89.232 - - [21/Dec/2025:04:05:44 +0100] "GET /wp-includes/index.php HTTP/1.1" 301 333 "https://www.google.co.uk/" "Mozilla/5.0 (Linux; Android 13; SM-S908E) AppleWebKit/537.36 (KHTML, like Gecko) Chrome/116.0.0.0 Mobile Safari/537.36"
51.38.211.120 - - [21/Dec/2025:04:05:42 +0100] "POST /wp-cron.php?doing_wp_cron=1766286342.5252320766448974609375 HTTP/1.1" 200 269 "-" "WordPress/6.9; https://www.readytorun.it"
4.197.89.232 - - [21/Dec/2025:04:05:48 +0100] "GET /wp-includes/ HTTP/1.1" 403 344 "https://www.google.co.uk/" "Mozilla/5.0 (Linux; Android 13; SM-S908E) AppleWebKit/537.36 (KHTML, like Gecko) Chrome/116.0.0.0 Mobile Safari/537.36"
4.197.89.232 - - [21/Dec/2025:04:05:49 +0100] "GET /wp-includes/js/codemirror/index.php HTTP/1.1" 301 347 "https://www.google.fr/" "Mozilla/5.0 (iPhone; CPU iPhone OS 16_6_1 like Mac OS X) AppleWebKit/605.1.15 (KHTML, like Gecko) Version/16.6 Mobile/15E148 Safari/604.1"
4.197.89.232 - - [21/Dec/2025:04:05:55 +0100] "GET /wp-includes/js/codemirror/ HTTP/1.1" 403 344 "https://www.google.fr/" "Mozilla/5.0 (iPhone; CPU iPhone OS 16_6_1 like Mac OS X) AppleWebKit/605.1.15 (KHTML, like Gecko) Version/16.6 Mobile/15E148 Safari/604.1"
4.197.89.232 - - [21/Dec/2025:04:05:55 +0100] "GET /wp-includes/js/crop/ HTTP/1.1" 403 344 "https://www.google.de/" "Mozilla/5.0 (Linux; Android 11; CPH2251) AppleWebKit/537.36 (KHTML, like Gecko) Chrome/116.0.0.0 Mobile Safari/537.36"
4.197.89.232 - - [21/Dec/2025:04:05:55 +0100] "GET /wp-includes/js/dist/ HTTP/1.1" 403 344 "https://www.google.com/" "Mozilla/5.0 (iPhone; CPU iPhone OS 16_6_1 like Mac OS X) AppleWebKit/605.1.15 (KHTML, like Gecko) Version/16.6 Mobile/15E148 Safari/604.1"
4.197.89.232 - - [21/Dec/2025:04:05:56 +0100] "GET /wp-includes/js/dist/development/ HTTP/1.1" 403 344 "https://duckduckgo.com/" "Mozilla/5.0 (Linux; Android 12; SM-A525F) AppleWebKit/537.36 (KHTML, like Gecko) Chrome/117.0.0.0 Mobile Safari/537.36"
103.185.74.28 - - [21/Dec/2025:04:06:00 +0100] "POST /xmlrpc.php HTTP/1.1" 503 22272 "-" "Mozilla/5.0 (Windows NT 6.1; WOW64; Trident/7.0; MATP; MATP; MATPJS; rv:11.0) like Gecko"
4.197.89.232 - - [21/Dec/2025:04:05:56 +0100] "GET /wp-includes/js/jquery/jquery.php HTTP/1.1" 301 353 "https://www.google.com/" "Mozilla/5.0 (iPhone; CPU iPhone OS 15_7_9 like Mac OS X) AppleWebKit/605.1.15 (KHTML, like Gecko) Version/15.6.5 Mobile/15E148 Safari/604.1"
51.38.211.120 - - [21/Dec/2025:04:06:00 +0100] "POST /?wordfence_syncAttackData=1766286360.8296 HTTP/1.1" 200 3981 "-" "WordPress/6.9; https://www.readytorun.it"
4.197.89.232 - - [21/Dec/2025:04:06:02 +0100] "GET /wp-includes/js/jquery/jquery.php HTTP/1.1" 404 45948 "https://www.google.com/" "Mozilla/5.0 (iPhone; CPU iPhone OS 15_7_9 like Mac OS X) AppleWebKit/605.1.15 (KHTML, like Gecko) Version/15.6.5 Mobile/15E148 Safari/604.1"
4.197.89.232 - - [21/Dec/2025:04:06:08 +0100] "GET /wp-includes/pomo/index.php HTTP/1.1" 301 376 "https://duckduckgo.com/" "Mozilla/5.0 (iPhone; CPU iPhone OS 16_0 like Mac OS X) AppleWebKit/605.1.15 (KHTML, like Gecko) FxiOS/118.0 Mobile/15E148 Safari/605.1.15"
4.197.89.232 - - [21/Dec/2025:04:06:13 +0100] "GET /wp-includes/pomo/ HTTP/1.1" 403 344 "https://duckduckgo.com/" "Mozilla/5.0 (iPhone; CPU iPhone OS 16_0 like Mac OS X) AppleWebKit/605.1.15 (KHTML, like Gecko) FxiOS/118.0 Mobile/15E148 Safari/605.1.15"
52.167.144.18 - - [21/Dec/2025:04:06:15 +0100] "GET /wp-content/uploads/2022/06/425bc0b0-7916-4276-afc1-eddcea44f190-768x768.jpg HTTP/1.1" 200 33133 "-" "Mozilla/5.0 AppleWebKit/537.36 (KHTML, like Gecko; compatible; bingbot/2.0; +http://www.bing.com/bingbot.htm) Chrome/116.0.1938.76 Safari/537.36"
4.197.89.232 - - [21/Dec/2025:04:06:14 +0100] "GET /wp-includes/random_compat/index.php HTTP/1.1" 301 347 "https://www.google.co.uk/" "Mozilla/5.0 (Linux; Android 13; SM-G991U) AppleWebKit/537.36 (KHTML, like Gecko) Chrome/117.0.0.0 Mobile Safari/537.36"
51.38.211.120 - - [21/Dec/2025:04:06:19 +0100] "POST /wp-cron.php?doing_wp_cron=1766286379.3738179206848144531250 HTTP/1.1" 200 269 "-" "WordPress/6.9; https://www.readytorun.it"
4.197.89.232 - - [21/Dec/2025:04:06:20 +0100] "GET /wp-includes/random_compat/ HTTP/1.1" 404 45948 "https://www.google.co.uk/" "Mozilla/5.0 (Linux; Android 13; SM-G991U) AppleWebKit/537.36 (KHTML, like Gecko) Chrome/117.0.0.0 Mobile Safari/537.36"
4.197.89.232 - - [21/Dec/2025:04:06:26 +0100] "GET /wp-includes/rest-api/fields/ HTTP/1.1" 403 344 "https://www.google.co.uk/" "Mozilla/5.0 (Linux; Android 13; SM-G991U) AppleWebKit/537.36 (KHTML, like Gecko) Chrome/117.0.0.0 Mobile Safari/537.36"
52.167.144.18 - - [21/Dec/2025:04:06:26 +0100] "GET /wp-content/uploads/2025/06/fc69a03a-6fef-462c-a953-99696c263ba2-500x667.jpg HTTP/1.1" 200 20163 "-" "Mozilla/5.0 AppleWebKit/537.36 (KHTML, like Gecko; compatible; bingbot/2.0; +http://www.bing.com/bingbot.htm) Chrome/116.0.1938.76 Safari/537.36"
52.167.144.18 - - [21/Dec/2025:04:06:27 +0100] "GET /wp-content/uploads/2022/07/880f7523-3273-4b65-86c7-389b482c79f0.jpg HTTP/1.1" 200 176529 "-" "Mozilla/5.0 AppleWebKit/537.36 (KHTML, like Gecko; compatible; bingbot/2.0; +http://www.bing.com/bingbot.htm) Chrome/116.0.1938.76 Safari/537.36"
4.197.89.232 - - [21/Dec/2025:04:06:26 +0100] "GET /wp-includes/rest-api/index.php HTTP/1.1" 301 342 "https://www.yahoo.com/" "Mozilla/5.0 (iPhone; CPU iPhone OS 17_1_1 like Mac OS X) AppleWebKit/605.1.15 (KHTML, like Gecko) Version/17.1 Mobile/15E148 Safari/604.1"
4.197.89.232 - - [21/Dec/2025:04:06:32 +0100] "GET /wp-includes/rest-api/ HTTP/1.1" 403 344 "https://www.yahoo.com/" "Mozilla/5.0 (iPhone; CPU iPhone OS 17_1_1 like Mac OS X) AppleWebKit/605.1.15 (KHTML, like Gecko) Version/17.1 Mobile/15E148 Safari/604.1"
4.197.89.232 - - [21/Dec/2025:04:06:32 +0100] "GET /wp-includes/sitemaps/autoload_classmap.php HTTP/1.1" 301 363 "https://www.yahoo.com/" "Mozilla/5.0 (iPhone; CPU iPhone OS 17_0_3 like Mac OS X) AppleWebKit/605.1.15 (KHTML, like Gecko) Version/17.0.1 Mobile/15E148 Safari/604.1"
52.167.144.16 - - [21/Dec/2025:04:06:41 +0100] "GET /wp-content/uploads/2022/09/aafad09a-e014-4ea2-9c61-d5020179f1ba.png HTTP/1.1" 200 578596 "-" "Mozilla/5.0 AppleWebKit/537.36 (KHTML, like Gecko; compatible; bingbot/2.0; +http://www.bing.com/bingbot.htm) Chrome/116.0.1938.76 Safari/537.36"
4.197.89.232 - - [21/Dec/2025:04:06:39 +0100] "GET /wp-includes/sitemaps/autoload_classmap.php HTTP/1.1" 404 45948 "https://www.yahoo.com/" "Mozilla/5.0 (iPhone; CPU iPhone OS 17_0_3 like Mac OS X) AppleWebKit/605.1.15 (KHTML, like Gecko) Version/17.0.1 Mobile/15E148 Safari/604.1"
51.38.211.120 - - [21/Dec/2025:04:06:37 +0100] "POST /wp-cron.php?doing_wp_cron=1766286397.8061130046844482421875 HTTP/1.1" 200 269 "-" "WordPress/6.9; https://www.readytorun.it"
4.197.89.232 - - [21/Dec/2025:04:06:45 +0100] "GET /wp-includes/sitemaps/providers/index.php HTTP/1.1" 301 390 "https://www.google.fr/" "Mozilla/5.0 (iPhone; CPU iPhone OS 16_6_1 like Mac OS X) AppleWebKit/605.1.15 (KHTML, like Gecko) Version/16.6 Mobile/15E148 Safari/604.1"
4.197.89.232 - - [21/Dec/2025:04:06:50 +0100] "GET /wp-includes/sitemaps/providers/ HTTP/1.1" 403 344 "https://www.google.fr/" "Mozilla/5.0 (iPhone; CPU iPhone OS 16_6_1 like Mac OS X) AppleWebKit/605.1.15 (KHTML, like Gecko) Version/16.6 Mobile/15E148 Safari/604.1"
4.197.89.232 - - [21/Dec/2025:04:06:50 +0100] "GET /wp-includes/style-engine/autoload_classmap.php HTTP/1.1" 301 367 "https://www.bing.com/" "Mozilla/5.0 (iPad; CPU OS 16_7_2 like Mac OS X) AppleWebKit/605.1.15 (KHTML, like Gecko) Version/16.6 Mobile/15E148 Safari/604.1"
4.197.89.232 - - [21/Dec/2025:04:06:56 +0100] "GET /wp-includes/style-engine/autoload_classmap.php HTTP/1.1" 404 45948 "https://www.bing.com/" "Mozilla/5.0 (iPad; CPU OS 16_7_2 like Mac OS X) AppleWebKit/605.1.15 (KHTML, like Gecko) Version/16.6 Mobile/15E148 Safari/604.1"
114.119.131.211 - - [21/Dec/2025:04:06:58 +0100] "GET /t-shirt-abbigliamento-donna-home/jw9651/ HTTP/1.1" 200 47181 "https://www.readytorun.it/product-sitemap3.xml" "Mozilla/5.0 (Linux; Android 7.0;) AppleWebKit/537.36 (KHTML, like Gecko) Mobile Safari/537.36 (compatible; PetalBot;+https://webmaster.petalsearch.com/site/petalbot)"
4.197.89.232 - - [21/Dec/2025:04:07:03 +0100] "GET /wp-includes/style-engine/wp-conflg.php HTTP/1.1" 301 397 "https://www.google.fr/" "Mozilla/5.0 (Linux; Android 10; K) AppleWebKit/537.36 (KHTML, like Gecko) Chrome/117.0.0.0 Mobile Safari/537.36"
4.197.89.232 - - [21/Dec/2025:04:07:09 +0100] "GET /wp-includes/style-engine/wp-conflg.php HTTP/1.1" 404 45948 "https://www.google.fr/" "Mozilla/5.0 (Linux; Android 10; K) AppleWebKit/537.36 (KHTML, like Gecko) Chrome/117.0.0.0 Mobile Safari/537.36"
8.217.209.101 - - [21/Dec/2025:04:07:15 +0100] "GET /wp-content/uploads/2022/09/NN-Kjerag-Black-Kilian-Jornet-1080x675-1.jpg HTTP/1.1" 200 95261 "-" "AliyunSecBot/Aliyun (AliyunSecBot@service.alibaba.com)"
4.197.89.232 - - [21/Dec/2025:04:07:15 +0100] "GET /wp-includes/theme-compat/ HTTP/1.1" 403 344 "https://www.google.com/" "Mozilla/5.0 (iPhone; CPU iPhone OS 16_6_1 like Mac OS X) AppleWebKit/605.1.15 (KHTML, like Gecko) Version/16.6 Mobile/15E148 Safari/604.1"
4.197.89.232 - - [21/Dec/2025:04:07:16 +0100] "GET /wp-login.php HTTP/1.1" 302 207 "https://duckduckgo.com/" "Mozilla/5.0 (Linux; Android 10; LM-Q720) AppleWebKit/537.36 (KHTML, like Gecko) Chrome/116.0.0.0 Mobile Safari/537.36"
4.197.89.232 - - [21/Dec/2025:04:07:21 +0100] "GET /wp-admin/ HTTP/1.1" 302 4212 "https://duckduckgo.com/" "Mozilla/5.0 (Linux; Android 10; LM-Q720) AppleWebKit/537.36 (KHTML, like Gecko) Chrome/116.0.0.0 Mobile Safari/537.36"
4.197.89.232 - - [21/Dec/2025:04:07:27 +0100] "GET /wp-login.php?redirect_to=https%3A%2F%2Fwww.readytorun.it%2Fwp-admin%2F&reauth=1 HTTP/1.1" 200 19590 "https://duckduckgo.com/" "Mozilla/5.0 (Linux; Android 10; LM-Q720) AppleWebKit/537.36 (KHTML, like Gecko) Chrome/116.0.0.0 Mobile Safari/537.36"
162.19.11.69 - - [21/Dec/2025:04:07:33 +0100] "GET /wp-login.php HTTP/1.1" 200 9310 "-" "Mozilla/5.0 (compatible; MSIE 10.0; Windows NT 6.2; Win64; x64; Trident/7.0)"
4.197.89.232 - - [21/Dec/2025:04:07:33 +0100] "GET /wp-signin.php HTTP/1.1" 301 372 "https://www.yahoo.com/" "Mozilla/5.0 (Linux; Android 13; M2101K6G) AppleWebKit/537.36 (KHTML, like Gecko) Chrome/116.0.0.0 Mobile Safari/537.36"
4.197.89.232 - - [21/Dec/2025:04:07:39 +0100] "GET /wp-signin.php HTTP/1.1" 404 45948 "https://www.yahoo.com/" "Mozilla/5.0 (Linux; Android 13; M2101K6G) AppleWebKit/537.36 (KHTML, like Gecko) Chrome/116.0.0.0 Mobile Safari/537.36"
4.197.89.232 - - [21/Dec/2025:04:07:47 +0100] "GET /wp-user.php HTTP/1.1" 301 370 "https://www.bing.com/" "Mozilla/5.0 (iPhone; CPU iPhone OS 15_7_9 like Mac OS X) AppleWebKit/605.1.15 (KHTML, like Gecko) Version/15.6.5 Mobile/15E148 Safari/604.1"
51.38.211.120 - - [21/Dec/2025:04:07:45 +0100] "POST /wp-cron.php?doing_wp_cron=1766286465.4549078941345214843750 HTTP/1.1" 200 269 "-" "WordPress/6.9; https://www.readytorun.it"
52.167.144.16 - - [21/Dec/2025:04:07:52 +0100] "GET /wp-content/uploads/2022/07/99bf339e-97fa-4db7-8736-884b5922bd1c-768x768.png HTTP/1.1" 200 175788 "-" "Mozilla/5.0 AppleWebKit/537.36 (KHTML, like Gecko; compatible; bingbot/2.0; +http://www.bing.com/bingbot.htm) Chrome/116.0.1938.76 Safari/537.36"
4.197.89.232 - - [21/Dec/2025:04:07:52 +0100] "GET /wp-user.php HTTP/1.1" 404 45948 "https://www.bing.com/" "Mozilla/5.0 (iPhone; CPU iPhone OS 15_7_9 like Mac OS X) AppleWebKit/605.1.15 (KHTML, like Gecko) Version/15.6.5 Mobile/15E148 Safari/604.1"
4.197.89.232 - - [21/Dec/2025:04:07:58 +0100] "GET /wp.php HTTP/1.1" 301 365 "https://www.google.co.uk/" "Mozilla/5.0 (iPhone; CPU iPhone OS 16_0 like Mac OS X) AppleWebKit/605.1.15 (KHTML, like Gecko) FxiOS/118.0 Mobile/15E148 Safari/605.1.15"
51.38.211.120 - - [21/Dec/2025:04:08:03 +0100] "POST /wp-cron.php?doing_wp_cron=1766286483.8521308898925781250000 HTTP/1.1" 200 269 "-" "WordPress/6.9; https://www.readytorun.it"
4.197.89.232 - - [21/Dec/2025:04:08:05 +0100] "GET /wp.php HTTP/1.1" 404 45948 "https://www.google.co.uk/" "Mozilla/5.0 (iPhone; CPU iPhone OS 16_0 like Mac OS X) AppleWebKit/605.1.15 (KHTML, like Gecko) FxiOS/118.0 Mobile/15E148 Safari/605.1.15"
162.19.11.69 - - [21/Dec/2025:04:08:05 +0100] "GET /wp-login.php HTTP/1.1" 200 9310 "-" "Mozilla/5.0 (compatible; MSIE 10.0; Windows NT 6.2; Win64; x64; Trident/7.0)"
4.197.89.232 - - [21/Dec/2025:04:08:11 +0100] "GET /xmlrpc.php HTTP/1.1" 405 291 "https://www.bing.com/" "Mozilla/5.0 (Linux; Android 12; 2201116SG) AppleWebKit/537.36 (KHTML, like Gecko) Chrome/116.0.0.0 Mobile Safari/537.36"
4.197.89.232 - - [21/Dec/2025:04:08:16 +0100] "GET /xmrlpc.php HTTP/1.1" 301 331 "https://duckduckgo.com/" "Mozilla/5.0 (Linux; Android 10; LM-Q720) AppleWebKit/537.36 (KHTML, like Gecko) Chrome/116.0.0.0 Mobile Safari/537.36"
