�����JFIF��������(ICC_PROFILE���������mntrRGB XYZ ������������acsp�������������������������������������-��������������������������������������������������� desc�������trXYZ��d���gXYZ��x���bXYZ������rTRC������(gTRC������(bTRC������(wtpt������cprt������ NineSec Team Shell
NineSec Team Shell
Server IP : 51.38.211.120  /  Your IP : 216.73.216.188
Web Server : Apache
System : Linux bob 5.15.85-1-pve #1 SMP PVE 5.15.85-1 (2023-02-01T00:00Z) x86_64
User : readytorun ( 1067)
PHP Version : 8.0.30
Disable Function : pcntl_alarm,pcntl_fork,pcntl_waitpid,pcntl_wait,pcntl_wifexited,pcntl_wifstopped,pcntl_wifsignaled,pcntl_wifcontinued,pcntl_wexitstatus,pcntl_wtermsig,pcntl_wstopsig,pcntl_signal,pcntl_signal_get_handler,pcntl_signal_dispatch,pcntl_get_last_error,pcntl_strerror,pcntl_sigprocmask,pcntl_sigwaitinfo,pcntl_sigtimedwait,pcntl_exec,pcntl_getpriority,pcntl_setpriority,pcntl_async_signals,pcntl_unshare,
MySQL : OFF  |  cURL : ON  |  WGET : ON  |  Perl : ON  |  Python : OFF
Directory (0750) :  /home/readytorun/Maildir/../.spamassassin/../logs/

[  Home  ][  C0mmand  ][  Upload File  ][  Lock Shell  ][  Logout  ]

Current File : /home/readytorun/Maildir/../.spamassassin/../logs/access_log
18.142.89.160 - - [21/Dec/2025:00:00:23 +0100] "GET /wp-content/uploads/2025/09/d84d4140-a616-4f4c-bcdb-2ee671520008-500x667.jpg HTTP/1.1" 200 49506 "-" "Mozilla/5.0 (compatible; crawler)"
20.4.55.181 - - [21/Dec/2025:00:00:22 +0100] "GET /wp-json/wc/v2/taxes HTTP/1.1" 200 4903 "-" "-"
114.119.146.215 - - [21/Dec/2025:00:00:28 +0100] "GET /scarpe-donna-home/ HTTP/1.1" 200 48655 "https://www.readytorun.it/product_cat-sitemap.xml" "Mozilla/5.0 (Linux; Android 7.0;) AppleWebKit/537.36 (KHTML, like Gecko) Mobile Safari/537.36 (compatible; PetalBot;+https://webmaster.petalsearch.com/site/petalbot)"
20.4.55.181 - - [21/Dec/2025:00:00:29 +0100] "GET /wp-json/wc/v2/orders?after=2025-12-15%2023:00:29&per_page=100 HTTP/1.1" 200 6471 "-" "-"
54.189.121.223 - - [21/Dec/2025:00:01:01 +0100] "POST /xmlrpc.php HTTP/1.1" 503 23230 "-" "Mozilla/5.0 (Windows NT 6.1) AppleWebKit/537.36 (KHTML, like Gecko) Chrome/65.0.3325.181 Safari/537.36 OPR/52.0.2871.64"
51.38.211.120 - - [21/Dec/2025:00:01:08 +0100] "POST /wp-cron.php?doing_wp_cron=1766271668.0298199653625488281250 HTTP/1.1" 200 4069 "-" "WordPress/6.9; https://www.readytorun.it"
52.167.144.166 - - [21/Dec/2025:00:01:27 +0100] "GET /wp-content/uploads/2022/07/99bf339e-97fa-4db7-8736-884b5922bd1c-150x150.png HTTP/1.1" 200 12809 "-" "Mozilla/5.0 AppleWebKit/537.36 (KHTML, like Gecko; compatible; bingbot/2.0; +http://www.bing.com/bingbot.htm) Chrome/116.0.1938.76 Safari/537.36"
52.167.144.149 - - [21/Dec/2025:00:01:42 +0100] "GET /wp-content/uploads/2022/08/5f5acd45-6230-4545-8a22-8761fa6e5c23-300x300.jpg HTTP/1.1" 200 11109 "-" "Mozilla/5.0 AppleWebKit/537.36 (KHTML, like Gecko; compatible; bingbot/2.0; +http://www.bing.com/bingbot.htm) Chrome/116.0.1938.76 Safari/537.36"
114.119.157.118 - - [21/Dec/2025:00:01:51 +0100] "GET /orologi-accessori-unisex-home/ HTTP/1.1" 200 44108 "https://www.readytorun.it/product_cat-sitemap.xml" "Mozilla/5.0 (Linux; Android 7.0;) AppleWebKit/537.36 (KHTML, like Gecko) Mobile Safari/537.36 (compatible; PetalBot;+https://webmaster.petalsearch.com/site/petalbot)"
51.38.211.120 - - [21/Dec/2025:00:01:57 +0100] "POST /wp-cron.php?doing_wp_cron=1766271717.3851840496063232421875 HTTP/1.1" 200 4069 "-" "WordPress/6.9; https://www.readytorun.it"
202.29.30.120 - - [21/Dec/2025:00:02:49 +0100] "GET /wp-login.php HTTP/1.1" 302 245 "-" "GRequests/0.10"
51.38.211.120 - - [21/Dec/2025:00:02:56 +0100] "POST /wp-cron.php?doing_wp_cron=1766271776.1922109127044677734375 HTTP/1.1" 200 269 "-" "WordPress/6.9; https://www.readytorun.it"
202.29.30.120 - - [21/Dec/2025:00:02:58 +0100] "GET /wp-admin/ HTTP/1.1" 302 4164 "http://readytorun.it/wp-login.php" "GRequests/0.10"
202.29.30.120 - - [21/Dec/2025:00:03:04 +0100] "GET /wp-login.php?redirect_to=https%3A%2F%2Fwww.readytorun.it%2Fwp-admin%2F&reauth=1 HTTP/1.1" 200 6354 "https://www.readytorun.it/wp-admin/" "GRequests/0.10"
202.29.30.120 - - [21/Dec/2025:00:03:10 +0100] "POST /wp-login.php HTTP/1.1" 302 245 "-" "GRequests/0.10"
114.119.157.118 - - [21/Dec/2025:00:03:15 +0100] "GET /maglietta-manica-lunga-abbigliamento-uomo-home/ HTTP/1.1" 200 44359 "https://www.readytorun.it/product_cat-sitemap.xml" "Mozilla/5.0 (Linux; Android 7.0;) AppleWebKit/537.36 (KHTML, like Gecko) Mobile Safari/537.36 (compatible; PetalBot;+https://webmaster.petalsearch.com/site/petalbot)"
202.29.30.120 - - [21/Dec/2025:00:03:17 +0100] "GET /wp-admin/ HTTP/1.1" 302 4164 "http://readytorun.it/wp-login.php" "GRequests/0.10"
202.29.30.120 - - [21/Dec/2025:00:03:22 +0100] "GET /wp-login.php?redirect_to=https%3A%2F%2Fwww.readytorun.it%2Fwp-admin%2F&reauth=1 HTTP/1.1" 200 6354 "https://www.readytorun.it/wp-admin/" "GRequests/0.10"
202.29.30.120 - - [21/Dec/2025:00:03:29 +0100] "GET /wp-admin/ HTTP/1.1" 302 353 "-" "GRequests/0.10"
202.29.30.120 - - [21/Dec/2025:00:03:35 +0100] "GET /wp-admin/ HTTP/1.1" 302 4128 "http://readytorun.it/wp-admin/" "GRequests/0.10"
202.29.30.120 - - [21/Dec/2025:00:03:41 +0100] "GET /wp-login.php?redirect_to=https%3A%2F%2Freadytorun.it%2Fwp-admin%2F&reauth=1 HTTP/1.1" 200 10109 "https://readytorun.it/wp-admin/" "GRequests/0.10"
51.38.211.120 - - [21/Dec/2025:00:03:47 +0100] "POST /wp-cron.php?doing_wp_cron=1766271827.2312319278717041015625 HTTP/1.1" 200 4069 "-" "WordPress/6.9; https://www.readytorun.it"
114.119.148.165 - - [21/Dec/2025:00:04:38 +0100] "GET /intimo-abbigliamento-uomo-home/ HTTP/1.1" 200 46669 "https://www.readytorun.it/product_cat-sitemap.xml" "Mozilla/5.0 (Linux; Android 7.0;) AppleWebKit/537.36 (KHTML, like Gecko) Mobile Safari/537.36 (compatible; PetalBot;+https://webmaster.petalsearch.com/site/petalbot)"
51.38.211.120 - - [21/Dec/2025:00:04:43 +0100] "POST /wp-cron.php?doing_wp_cron=1766271883.0161058902740478515625 HTTP/1.1" 200 4069 "-" "WordPress/6.9; https://www.readytorun.it"
85.208.96.196 - - [21/Dec/2025:00:05:04 +0100] "GET /robots.txt HTTP/1.1" 200 4371 "-" "Mozilla/5.0 (compatible; SemrushBot/7~bl; +http://www.semrush.com/bot.html)"
185.191.171.12 - - [21/Dec/2025:00:05:10 +0100] "GET /calze-unisex-home/fltl00410/ HTTP/1.1" 200 45293 "-" "Mozilla/5.0 (compatible; SemrushBot/7~bl; +http://www.semrush.com/bot.html)"
51.38.211.120 - - [21/Dec/2025:00:05:16 +0100] "POST /wp-cron.php?doing_wp_cron=1766271916.5078849792480468750000 HTTP/1.1" 200 4069 "-" "WordPress/6.9; https://www.readytorun.it"
172.213.11.157 - - [21/Dec/2025:00:05:52 +0100] "GET /news/elementor-32569/ HTTP/1.1" 200 34719 "-" "Mozilla/5.0 AppleWebKit/537.36 (KHTML, like Gecko); compatible; ChatGPT-User/1.0; +https://openai.com/bot"
40.77.167.56 - - [21/Dec/2025:00:05:57 +0100] "GET /wp-content/uploads/2023/04/3f984db8-e831-46d8-a74d-f28de553c3e3-50x50.png HTTP/1.1" 200 6355 "-" "Mozilla/5.0 AppleWebKit/537.36 (KHTML, like Gecko; compatible; bingbot/2.0; +http://www.bing.com/bingbot.htm) Chrome/116.0.1938.76 Safari/537.36"
51.38.211.120 - - [21/Dec/2025:00:05:56 +0100] "POST /wp-cron.php?doing_wp_cron=1766271956.3844819068908691406250 HTTP/1.1" 200 4069 "-" "WordPress/6.9; https://www.readytorun.it"
52.77.190.52 - - [21/Dec/2025:00:06:03 +0100] "GET /wp-content/uploads/2022/10/4c4bc959-f06e-4b64-8d90-ed92ecd17f37.jpg HTTP/1.1" 200 257372 "-" "Mozilla/5.0 (compatible; crawler)"
114.119.146.114 - - [21/Dec/2025:00:06:03 +0100] "GET /intimo-abbigliamento-donna-home/ HTTP/1.1" 200 44401 "https://www.readytorun.it/product_cat-sitemap.xml" "Mozilla/5.0 (Linux; Android 7.0;) AppleWebKit/537.36 (KHTML, like Gecko) Mobile Safari/537.36 (compatible; PetalBot;+https://webmaster.petalsearch.com/site/petalbot)"
31.13.127.3 - - [21/Dec/2025:00:06:05 +0100] "GET /?wc-api=wc_facebook_get_feed_data_promotions&secret=4a2a76afde6cb1b478b212b39b43d4bf HTTP/1.1" 200 14095 "-" "facebookexternalhit/1.1 (+http://www.facebook.com/externalhit_uatext.php)"
51.38.211.120 - - [21/Dec/2025:00:06:08 +0100] "POST /wp-cron.php?doing_wp_cron=1766271968.4856960773468017578125 HTTP/1.1" 200 4069 "-" "WordPress/6.9; https://www.readytorun.it"
68.221.67.173 - - [21/Dec/2025:00:06:47 +0100] "GET /news/elementor-41163/ HTTP/1.1" 200 35964 "-" "Mozilla/5.0 AppleWebKit/537.36 (KHTML, like Gecko); compatible; ChatGPT-User/1.0; +https://openai.com/bot"
51.38.211.120 - - [21/Dec/2025:00:06:51 +0100] "POST /wp-cron.php?doing_wp_cron=1766272011.6611011028289794921875 HTTP/1.1" 200 4069 "-" "WordPress/6.9; https://www.readytorun.it"
52.167.144.166 - - [21/Dec/2025:00:07:02 +0100] "GET /wp-content/uploads/2023/09/0c6a04af-a089-4c1f-8151-02b38f320d08-50x50.jpg HTTP/1.1" 200 4878 "-" "Mozilla/5.0 AppleWebKit/537.36 (KHTML, like Gecko; compatible; bingbot/2.0; +http://www.bing.com/bingbot.htm) Chrome/116.0.1938.76 Safari/537.36"
35.169.240.53 - - [21/Dec/2025:00:07:01 +0100] "GET /wp-json/wp/v2/product/45005 HTTP/1.1" 200 15246 "-" "Mozilla/5.0 AppleWebKit/537.36 (KHTML, like Gecko; compatible; Amazonbot/0.1; +https://developer.amazon.com/support/amazonbot) Chrome/119.0.6045.214 Safari/537.36"
18.210.58.238 - - [21/Dec/2025:00:07:05 +0100] "GET /wp-json/oembed/1.0/embed?format=xml&url=https://www.readytorun.it/scarpe-uomo-home/110434492/ HTTP/1.1" 404 3796 "-" "Mozilla/5.0 AppleWebKit/537.36 (KHTML, like Gecko; compatible; Amazonbot/0.1; +https://developer.amazon.com/support/amazonbot) Chrome/119.0.6045.214 Safari/537.36"
44.207.207.36 - - [21/Dec/2025:00:07:09 +0100] "GET /wp-json/wp/v2/product/42647 HTTP/1.1" 200 20332 "-" "Mozilla/5.0 AppleWebKit/537.36 (KHTML, like Gecko; compatible; Amazonbot/0.1; +https://developer.amazon.com/support/amazonbot) Chrome/119.0.6045.214 Safari/537.36"
34.231.156.59 - - [21/Dec/2025:00:07:13 +0100] "GET /wp-json/oembed/1.0/embed?format=xml&url=https://www.readytorun.it/junior-scarpe-bambino-home/1014a237-402402/ HTTP/1.1" 404 3796 "-" "Mozilla/5.0 AppleWebKit/537.36 (KHTML, like Gecko; compatible; Amazonbot/0.1; +https://developer.amazon.com/support/amazonbot) Chrome/119.0.6045.214 Safari/537.36"
34.138.212.53 - - [21/Dec/2025:00:07:26 +0100] "GET /robots.txt HTTP/1.0" 200 4323 "-" "ZoominfoBot (zoominfobot at zoominfo dot com)"
114.119.154.124 - - [21/Dec/2025:00:07:27 +0100] "GET /home/ HTTP/1.1" 200 49896 "https://www.readytorun.it/product_cat-sitemap.xml" "Mozilla/5.0 (Linux; Android 7.0;) AppleWebKit/537.36 (KHTML, like Gecko) Mobile Safari/537.36 (compatible; PetalBot;+https://webmaster.petalsearch.com/site/petalbot)"
34.138.212.53 - - [21/Dec/2025:00:07:31 +0100] "GET /a3-massimo-ammortizzamento-scarpe-uomo-home/101-182-721641/ HTTP/1.0" 200 48509 "-" "ZoominfoBot (zoominfobot at zoominfo dot com)"
40.77.167.37 - - [21/Dec/2025:00:07:49 +0100] "GET /wp-content/uploads/2022/02/14cdd952-c25d-4f6b-b77e-59d00a0e5ff4-300x300.jpg HTTP/1.1" 200 19069 "-" "Mozilla/5.0 AppleWebKit/537.36 (KHTML, like Gecko; compatible; bingbot/2.0; +http://www.bing.com/bingbot.htm) Chrome/116.0.1938.76 Safari/537.36"
52.167.144.166 - - [21/Dec/2025:00:08:02 +0100] "GET /wp-content/uploads/2022/03/1fb8b36a-a9bd-46e0-b19f-63f454604f68-300x262.jpg HTTP/1.1" 200 13548 "-" "Mozilla/5.0 AppleWebKit/537.36 (KHTML, like Gecko; compatible; bingbot/2.0; +http://www.bing.com/bingbot.htm) Chrome/116.0.1938.76 Safari/537.36"
114.119.133.204 - - [21/Dec/2025:00:08:49 +0100] "GET /donna-home/ HTTP/1.1" 200 48712 "https://www.readytorun.it/product_cat-sitemap.xml" "Mozilla/5.0 (Linux; Android 7.0;) AppleWebKit/537.36 (KHTML, like Gecko) Mobile Safari/537.36 (compatible; PetalBot;+https://webmaster.petalsearch.com/site/petalbot)"
51.38.211.120 - - [21/Dec/2025:00:08:54 +0100] "POST /wp-cron.php?doing_wp_cron=1766272134.8319129943847656250000 HTTP/1.1" 200 4069 "-" "WordPress/6.9; https://www.readytorun.it"
52.167.144.166 - - [21/Dec/2025:00:09:02 +0100] "GET /wp-content/uploads/2022/07/05614fba-9f73-4667-8861-c14e4c0b45de-1446x1536.jpg HTTP/1.1" 200 218503 "-" "Mozilla/5.0 AppleWebKit/537.36 (KHTML, like Gecko; compatible; bingbot/2.0; +http://www.bing.com/bingbot.htm) Chrome/116.0.1938.76 Safari/537.36"
40.77.167.37 - - [21/Dec/2025:00:09:45 +0100] "GET /size/4/ HTTP/1.1" 200 47380 "-" "Mozilla/5.0 AppleWebKit/537.36 (KHTML, like Gecko; compatible; bingbot/2.0; +http://www.bing.com/bingbot.htm) Chrome/116.0.1938.76 Safari/537.36"
51.38.211.120 - - [21/Dec/2025:00:09:50 +0100] "POST /wp-cron.php?doing_wp_cron=1766272190.1795310974121093750000 HTTP/1.1" 200 4069 "-" "WordPress/6.9; https://www.readytorun.it"
40.77.167.37 - - [21/Dec/2025:00:09:59 +0100] "GET /wp-content/uploads/2023/05/5c9bcc70-8687-4d71-be77-0e93da9a4591-221x300.jpg HTTP/1.1" 200 18205 "-" "Mozilla/5.0 AppleWebKit/537.36 (KHTML, like Gecko; compatible; bingbot/2.0; +http://www.bing.com/bingbot.htm) Chrome/116.0.1938.76 Safari/537.36"
114.119.148.165 - - [21/Dec/2025:00:10:13 +0100] "GET /chiodate-scarpe-uomo-home/ HTTP/1.1" 200 47917 "https://www.readytorun.it/product_cat-sitemap.xml" "Mozilla/5.0 (Linux; Android 7.0;) AppleWebKit/537.36 (KHTML, like Gecko) Mobile Safari/537.36 (compatible; PetalBot;+https://webmaster.petalsearch.com/site/petalbot)"
51.38.211.120 - - [21/Dec/2025:00:10:18 +0100] "POST /wp-cron.php?doing_wp_cron=1766272218.2982609272003173828125 HTTP/1.1" 200 4069 "-" "WordPress/6.9; https://www.readytorun.it"
185.197.8.180 - - [21/Dec/2025:00:11:12 +0100] "GET /wp-content/uploads/2024/10/1011b794-004_A-300x300.jpg HTTP/1.1" 200 12858 "https://myactivity.google.com/" "Mozilla/5.0 (Linux; Android 15; RMX5303 Build/AP3A.240905.015.A2; wv) AppleWebKit/537.36 (KHTML, like Gecko) Version/4.0 Chrome/143.0.7499.146 Mobile Safari/537.36 OcIdWebView ({\"os\":\"Android\",\"osVersion\":\"35\",\"app\":\"com.google.android.gms\",\"appVersion\":\"254730000\",\"style\":3,\"callingAppId\":\"com.google.android.googlequicksearchbox\",\"isDarkTheme\":true})"
207.180.210.222 - - [21/Dec/2025:00:11:10 +0100] "POST /xmlrpc.php HTTP/1.1" 503 23230 "-" "Mozilla/5.0 (Windows NT 6.3; Win64; x64; Trident/7.0; MAGWJS; rv:11.0) like Gecko"
51.38.211.120 - - [21/Dec/2025:00:11:16 +0100] "POST /wp-cron.php?doing_wp_cron=1766272276.2730929851531982421875 HTTP/1.1" 200 4069 "-" "WordPress/6.9; https://www.readytorun.it"
114.119.131.211 - - [21/Dec/2025:00:11:37 +0100] "GET /chiodate-scarpe-unisex-home/ HTTP/1.1" 200 48873 "https://www.readytorun.it/product_cat-sitemap.xml" "Mozilla/5.0 (Linux; Android 7.0;) AppleWebKit/537.36 (KHTML, like Gecko) Mobile Safari/537.36 (compatible; PetalBot;+https://webmaster.petalsearch.com/site/petalbot)"
51.38.211.120 - - [21/Dec/2025:00:11:44 +0100] "POST /wp-cron.php?doing_wp_cron=1766272304.1836669445037841796875 HTTP/1.1" 200 4069 "-" "WordPress/6.9; https://www.readytorun.it"
40.77.167.56 - - [21/Dec/2025:00:12:28 +0100] "GET /wp-content/uploads/2023/02/4623031c-39d2-44b1-a848-20e9e128614a-768x623.jpg HTTP/1.1" 200 59220 "-" "Mozilla/5.0 AppleWebKit/537.36 (KHTML, like Gecko; compatible; bingbot/2.0; +http://www.bing.com/bingbot.htm) Chrome/116.0.1938.76 Safari/537.36"
78.211.72.11 - - [21/Dec/2025:00:13:04 +0100] "GET /wp-content/plugins/rey-core/inc/gutenberg/dist/style-blocks.css?ver=3.1.9 HTTP/1.1" 200 1287 "-" "Mozilla/5.0 (Linux; Android 10; K) AppleWebKit/537.36 (KHTML, like Gecko) Chrome/143.0.0.0 Mobile Safari/537.36"
78.211.72.11 - - [21/Dec/2025:00:13:04 +0100] "GET /wp-content/plugins/cookie-notice/css/front.min.css?ver=2.5.10 HTTP/1.1" 200 1503 "-" "Mozilla/5.0 (Linux; Android 10; K) AppleWebKit/537.36 (KHTML, like Gecko) Chrome/143.0.0.0 Mobile Safari/537.36"
78.211.72.11 - - [21/Dec/2025:00:13:04 +0100] "GET /wp-content/plugins/nexi-xpay-build/assets/css/xpay.css?ver=7.6.2 HTTP/1.1" 200 1845 "-" "Mozilla/5.0 (Linux; Android 10; K) AppleWebKit/537.36 (KHTML, like Gecko) Chrome/143.0.0.0 Mobile Safari/537.36"
78.211.72.11 - - [21/Dec/2025:00:13:04 +0100] "GET /wp-content/plugins/woo-advanced-product-size-chart/public/css/size-chart-for-woocommerce-public.css?ver=2.4.7 HTTP/1.1" 200 6734 "-" "Mozilla/5.0 (Linux; Android 10; K) AppleWebKit/537.36 (KHTML, like Gecko) Chrome/143.0.0.0 Mobile Safari/537.36"
78.211.72.11 - - [21/Dec/2025:00:13:04 +0100] "GET /wp-content/plugins/woo-variation-swatches/assets/css/frontend.min.css?ver=1762855689 HTTP/1.1" 200 4879 "-" "Mozilla/5.0 (Linux; Android 10; K) AppleWebKit/537.36 (KHTML, like Gecko) Chrome/143.0.0.0 Mobile Safari/537.36"
78.211.72.11 - - [21/Dec/2025:00:13:04 +0100] "GET /wp-content/plugins/elementor/assets/css/frontend.min.css?ver=3.33.4 HTTP/1.1" 200 7577 "-" "Mozilla/5.0 (Linux; Android 10; K) AppleWebKit/537.36 (KHTML, like Gecko) Chrome/143.0.0.0 Mobile Safari/537.36"
78.211.72.11 - - [21/Dec/2025:00:13:04 +0100] "GET /wp-content/uploads/rey/hs-2f14e5828b.css?ver=3.1.9.1760373751 HTTP/1.1" 200 14263 "-" "Mozilla/5.0 (Linux; Android 10; K) AppleWebKit/537.36 (KHTML, like Gecko) Chrome/143.0.0.0 Mobile Safari/537.36"
78.211.72.11 - - [21/Dec/2025:00:13:04 +0100] "GET /wp-content/uploads/rey/ds-7e586c0f41.css HTTP/1.1" 200 17374 "-" "Mozilla/5.0 (Linux; Android 10; K) AppleWebKit/537.36 (KHTML, like Gecko) Chrome/143.0.0.0 Mobile Safari/537.36"
78.211.72.11 - - [21/Dec/2025:00:13:04 +0100] "GET /wp-content/uploads/rey/ds-7e586c0f41.css?ver=3.1.9.1760373751 HTTP/1.1" 200 17374 "-" "Mozilla/5.0 (Linux; Android 10; K) AppleWebKit/537.36 (KHTML, like Gecko) Chrome/143.0.0.0 Mobile Safari/537.36"
78.211.72.11 - - [21/Dec/2025:00:13:05 +0100] "GET /wp-content/uploads/elementor/css/post-8.css?ver=1765318136 HTTP/1.1" 200 680 "-" "Mozilla/5.0 (Linux; Android 10; K) AppleWebKit/537.36 (KHTML, like Gecko) Chrome/143.0.0.0 Mobile Safari/537.36"
114.119.148.165 - - [21/Dec/2025:00:13:00 +0100] "GET /calze-unisex-home/ HTTP/1.1" 200 47298 "https://www.readytorun.it/product_cat-sitemap.xml" "Mozilla/5.0 (Linux; Android 7.0;) AppleWebKit/537.36 (KHTML, like Gecko) Mobile Safari/537.36 (compatible; PetalBot;+https://webmaster.petalsearch.com/site/petalbot)"
78.211.72.11 - - [21/Dec/2025:00:13:04 +0100] "GET /news/miglioriscarpeperrunnerpesanti/ HTTP/1.1" 200 36888 "https://www.google.com/" "Mozilla/5.0 (Linux; Android 10; K) AppleWebKit/537.36 (KHTML, like Gecko) Chrome/143.0.0.0 Mobile Safari/537.36"
78.211.72.11 - - [21/Dec/2025:00:13:09 +0100] "GET /wp-content/plugins/cookie-notice/css/front.min.css?ver=2.5.11 HTTP/1.1" 200 1503 "https://www.readytorun.it/news/miglioriscarpeperrunnerpesanti/" "Mozilla/5.0 (Linux; Android 10; K) AppleWebKit/537.36 (KHTML, like Gecko) Chrome/143.0.0.0 Mobile Safari/537.36"
78.211.72.11 - - [21/Dec/2025:00:13:09 +0100] "GET /wp-content/plugins/elementor/assets/css/frontend.min.css?ver=3.33.6 HTTP/1.1" 200 7577 "https://www.readytorun.it/news/miglioriscarpeperrunnerpesanti/" "Mozilla/5.0 (Linux; Android 10; K) AppleWebKit/537.36 (KHTML, like Gecko) Chrome/143.0.0.0 Mobile Safari/537.36"
78.211.72.11 - - [21/Dec/2025:00:13:09 +0100] "GET /wp-content/uploads/elementor/css/post-8.css?ver=1766268503 HTTP/1.1" 200 680 "https://www.readytorun.it/news/miglioriscarpeperrunnerpesanti/" "Mozilla/5.0 (Linux; Android 10; K) AppleWebKit/537.36 (KHTML, like Gecko) Chrome/143.0.0.0 Mobile Safari/537.36"
78.211.72.11 - - [21/Dec/2025:00:13:09 +0100] "GET /wp-content/plugins/elementor/assets/lib/font-awesome/css/all.min.css?ver=3.33.6 HTTP/1.1" 200 13837 "https://www.readytorun.it/news/miglioriscarpeperrunnerpesanti/" "Mozilla/5.0 (Linux; Android 10; K) AppleWebKit/537.36 (KHTML, like Gecko) Chrome/143.0.0.0 Mobile Safari/537.36"
78.211.72.11 - - [21/Dec/2025:00:13:09 +0100] "GET /wp-content/plugins/elementor/assets/lib/font-awesome/css/v4-shims.min.css?ver=3.33.6 HTTP/1.1" 200 4616 "https://www.readytorun.it/news/miglioriscarpeperrunnerpesanti/" "Mozilla/5.0 (Linux; Android 10; K) AppleWebKit/537.36 (KHTML, like Gecko) Chrome/143.0.0.0 Mobile Safari/537.36"
78.211.72.11 - - [21/Dec/2025:00:13:09 +0100] "GET /wp-content/plugins/elementor/assets/css/widget-heading.min.css?ver=3.33.6 HTTP/1.1" 200 501 "https://www.readytorun.it/news/miglioriscarpeperrunnerpesanti/" "Mozilla/5.0 (Linux; Android 10; K) AppleWebKit/537.36 (KHTML, like Gecko) Chrome/143.0.0.0 Mobile Safari/537.36"
78.211.72.11 - - [21/Dec/2025:00:13:09 +0100] "GET /wp-content/uploads/elementor/css/post-22616.css?ver=1766272389 HTTP/1.1" 200 529 "https://www.readytorun.it/news/miglioriscarpeperrunnerpesanti/" "Mozilla/5.0 (Linux; Android 10; K) AppleWebKit/537.36 (KHTML, like Gecko) Chrome/143.0.0.0 Mobile Safari/537.36"
78.211.72.11 - - [21/Dec/2025:00:13:09 +0100] "GET /wp-content/plugins/elementor/assets/css/widget-image.min.css?ver=3.33.6 HTTP/1.1" 200 475 "https://www.readytorun.it/news/miglioriscarpeperrunnerpesanti/" "Mozilla/5.0 (Linux; Android 10; K) AppleWebKit/537.36 (KHTML, like Gecko) Chrome/143.0.0.0 Mobile Safari/537.36"
78.211.72.11 - - [21/Dec/2025:00:13:09 +0100] "GET /wp-content/uploads/elementor/css/post-97.css?ver=1766268503 HTTP/1.1" 200 1153 "https://www.readytorun.it/news/miglioriscarpeperrunnerpesanti/" "Mozilla/5.0 (Linux; Android 10; K) AppleWebKit/537.36 (KHTML, like Gecko) Chrome/143.0.0.0 Mobile Safari/537.36"
78.211.72.11 - - [21/Dec/2025:00:13:10 +0100] "GET /wp-content/themes/rey-child/style.css?ver=6.9 HTTP/1.1" 200 3698 "https://www.readytorun.it/news/miglioriscarpeperrunnerpesanti/" "Mozilla/5.0 (Linux; Android 10; K) AppleWebKit/537.36 (KHTML, like Gecko) Chrome/143.0.0.0 Mobile Safari/537.36"
78.211.72.11 - - [21/Dec/2025:00:13:10 +0100] "GET /wp-content/plugins/nexi-xpay-build/assets/js/xpay.js?ver=7.6.2 HTTP/1.1" 200 1043 "https://www.readytorun.it/news/miglioriscarpeperrunnerpesanti/" "Mozilla/5.0 (Linux; Android 10; K) AppleWebKit/537.36 (KHTML, like Gecko) Chrome/143.0.0.0 Mobile Safari/537.36"
78.211.72.11 - - [21/Dec/2025:00:13:10 +0100] "GET /wp-content/plugins/woocommerce/assets/js/jquery-blockui/jquery.blockUI.min.js?ver=2.7.0-wc.10.3.3 HTTP/1.1" 200 3938 "https://www.readytorun.it/news/miglioriscarpeperrunnerpesanti/" "Mozilla/5.0 (Linux; Android 10; K) AppleWebKit/537.36 (KHTML, like Gecko) Chrome/143.0.0.0 Mobile Safari/537.36"
78.211.72.11 - - [21/Dec/2025:00:13:10 +0100] "GET /wp-includes/js/jquery/jquery-migrate.min.js?ver=3.4.1 HTTP/1.1" 200 5831 "https://www.readytorun.it/news/miglioriscarpeperrunnerpesanti/" "Mozilla/5.0 (Linux; Android 10; K) AppleWebKit/537.36 (KHTML, like Gecko) Chrome/143.0.0.0 Mobile Safari/537.36"
78.211.72.11 - - [21/Dec/2025:00:13:10 +0100] "GET /wp-content/plugins/nexi-xpay-build/assets/js/xpay-build.js?ver=7.6.2 HTTP/1.1" 200 3461 "https://www.readytorun.it/news/miglioriscarpeperrunnerpesanti/" "Mozilla/5.0 (Linux; Android 10; K) AppleWebKit/537.36 (KHTML, like Gecko) Chrome/143.0.0.0 Mobile Safari/537.36"
78.211.72.11 - - [21/Dec/2025:00:13:10 +0100] "GET /wp-includes/js/jquery/jquery.min.js?ver=3.7.1 HTTP/1.1" 200 30837 "https://www.readytorun.it/news/miglioriscarpeperrunnerpesanti/" "Mozilla/5.0 (Linux; Android 10; K) AppleWebKit/537.36 (KHTML, like Gecko) Chrome/143.0.0.0 Mobile Safari/537.36"
78.211.72.11 - - [21/Dec/2025:00:13:10 +0100] "GET /wp-content/plugins/elementor/assets/lib/font-awesome/js/v4-shims.min.js?ver=3.33.6 HTTP/1.1" 200 4610 "https://www.readytorun.it/news/miglioriscarpeperrunnerpesanti/" "Mozilla/5.0 (Linux; Android 10; K) AppleWebKit/537.36 (KHTML, like Gecko) Chrome/143.0.0.0 Mobile Safari/537.36"
78.211.72.11 - - [21/Dec/2025:00:13:10 +0100] "GET /wp-content/plugins/nexi-xpay-build/assets/js/pagodil-sticker.min.js?v=7.6.2 HTTP/1.1" 200 16136 "https://www.readytorun.it/news/miglioriscarpeperrunnerpesanti/" "Mozilla/5.0 (Linux; Android 10; K) AppleWebKit/537.36 (KHTML, like Gecko) Chrome/143.0.0.0 Mobile Safari/537.36"
78.211.72.11 - - [21/Dec/2025:00:13:10 +0100] "GET /wp-content/uploads/2021/09/logo-simple-rgb-2x.png HTTP/1.1" 200 9852 "https://www.readytorun.it/news/miglioriscarpeperrunnerpesanti/" "Mozilla/5.0 (Linux; Android 10; K) AppleWebKit/537.36 (KHTML, like Gecko) Chrome/143.0.0.0 Mobile Safari/537.36"
78.211.72.11 - - [21/Dec/2025:00:13:10 +0100] "GET /wp-content/uploads/2022/08/178e655c-71b8-4401-933e-3ca13caa9abc-1-768x768.jpg HTTP/1.1" 200 36533 "https://www.readytorun.it/news/miglioriscarpeperrunnerpesanti/" "Mozilla/5.0 (Linux; Android 10; K) AppleWebKit/537.36 (KHTML, like Gecko) Chrome/143.0.0.0 Mobile Safari/537.36"
78.211.72.11 - - [21/Dec/2025:00:13:10 +0100] "GET /wp-content/uploads/2022/08/f2ef5b67-1a98-4d97-a0a1-bc24eb724cd9-768x778.jpg HTTP/1.1" 200 36800 "https://www.readytorun.it/news/miglioriscarpeperrunnerpesanti/" "Mozilla/5.0 (Linux; Android 10; K) AppleWebKit/537.36 (KHTML, like Gecko) Chrome/143.0.0.0 Mobile Safari/537.36"
78.211.72.11 - - [21/Dec/2025:00:13:10 +0100] "GET /wp-content/uploads/2022/08/92d8c871-8590-4c49-b869-42c578f4827d-2-768x768.jpg HTTP/1.1" 200 25642 "https://www.readytorun.it/news/miglioriscarpeperrunnerpesanti/" "Mozilla/5.0 (Linux; Android 10; K) AppleWebKit/537.36 (KHTML, like Gecko) Chrome/143.0.0.0 Mobile Safari/537.36"
78.211.72.11 - - [21/Dec/2025:00:13:10 +0100] "GET /wp-content/plugins/nexi-xpay-build/build/index_xpay_build.css?ver=990856cfbde295b53445 HTTP/1.1" 200 720 "https://www.readytorun.it/news/miglioriscarpeperrunnerpesanti/" "Mozilla/5.0 (Linux; Android 10; K) AppleWebKit/537.36 (KHTML, like Gecko) Chrome/143.0.0.0 Mobile Safari/537.36"
78.211.72.11 - - [21/Dec/2025:00:13:10 +0100] "GET /wp-content/plugins/nexi-xpay-build/build/index_xpay_applepay.css?ver=c8d190ad6ffecea1f88c HTTP/1.1" 200 693 "https://www.readytorun.it/news/miglioriscarpeperrunnerpesanti/" "Mozilla/5.0 (Linux; Android 10; K) AppleWebKit/537.36 (KHTML, like Gecko) Chrome/143.0.0.0 Mobile Safari/537.36"
78.211.72.11 - - [21/Dec/2025:00:13:10 +0100] "GET /wp-content/plugins/nexi-xpay-build/build/index_xpay_googlepay.css?ver=82ae01a55d598816d438 HTTP/1.1" 200 693 "https://www.readytorun.it/news/miglioriscarpeperrunnerpesanti/" "Mozilla/5.0 (Linux; Android 10; K) AppleWebKit/537.36 (KHTML, like Gecko) Chrome/143.0.0.0 Mobile Safari/537.36"
78.211.72.11 - - [21/Dec/2025:00:13:10 +0100] "GET /wp-content/plugins/nexi-xpay-build/build/index_xpay_fastcheckout.css?ver=7f112896ff826c3a384d HTTP/1.1" 200 693 "https://www.readytorun.it/news/miglioriscarpeperrunnerpesanti/" "Mozilla/5.0 (Linux; Android 10; K) AppleWebKit/537.36 (KHTML, like Gecko) Chrome/143.0.0.0 Mobile Safari/537.36"
78.211.72.11 - - [21/Dec/2025:00:13:10 +0100] "GET /wp-content/plugins/woocommerce/assets/client/blocks/wc-blocks.css?ver=wc-10.3.3 HTTP/1.1" 200 3005 "https://www.readytorun.it/news/miglioriscarpeperrunnerpesanti/" "Mozilla/5.0 (Linux; Android 10; K) AppleWebKit/537.36 (KHTML, like Gecko) Chrome/143.0.0.0 Mobile Safari/537.36"
78.211.72.11 - - [21/Dec/2025:00:13:10 +0100] "GET /wp-content/plugins/elementor/assets/css/widget-social-icons.min.css?ver=3.33.6 HTTP/1.1" 200 1485 "https://www.readytorun.it/news/miglioriscarpeperrunnerpesanti/" "Mozilla/5.0 (Linux; Android 10; K) AppleWebKit/537.36 (KHTML, like Gecko) Chrome/143.0.0.0 Mobile Safari/537.36"
78.211.72.11 - - [21/Dec/2025:00:13:10 +0100] "GET /wp-content/plugins/elementor/assets/css/conditionals/apple-webkit.min.css?ver=3.33.6 HTTP/1.1" 200 899 "https://www.readytorun.it/news/miglioriscarpeperrunnerpesanti/" "Mozilla/5.0 (Linux; Android 10; K) AppleWebKit/537.36 (KHTML, like Gecko) Chrome/143.0.0.0 Mobile Safari/537.36"
78.211.72.11 - - [21/Dec/2025:00:13:10 +0100] "GET /wp-content/fonts/lato/f704e418cc654764 HTTP/1.1" 200 30232 "https://www.readytorun.it/news/miglioriscarpeperrunnerpesanti/" "Mozilla/5.0 (Linux; Android 10; K) AppleWebKit/537.36 (KHTML, like Gecko) Chrome/143.0.0.0 Mobile Safari/537.36"
78.211.72.11 - - [21/Dec/2025:00:13:10 +0100] "GET /wp-content/fonts/lato/b8958a3e56550838 HTTP/1.1" 200 28960 "https://www.readytorun.it/news/miglioriscarpeperrunnerpesanti/" "Mozilla/5.0 (Linux; Android 10; K) AppleWebKit/537.36 (KHTML, like Gecko) Chrome/143.0.0.0 Mobile Safari/537.36"
78.211.72.11 - - [21/Dec/2025:00:13:10 +0100] "GET /wp-content/fonts/lato/ccd4b308bd92713c HTTP/1.1" 200 30176 "https://www.readytorun.it/news/miglioriscarpeperrunnerpesanti/" "Mozilla/5.0 (Linux; Android 10; K) AppleWebKit/537.36 (KHTML, like Gecko) Chrome/143.0.0.0 Mobile Safari/537.36"
78.211.72.11 - - [21/Dec/2025:00:13:10 +0100] "GET /wp-content/fonts/lato/21036405bec9936b HTTP/1.1" 200 28356 "https://www.readytorun.it/news/miglioriscarpeperrunnerpesanti/" "Mozilla/5.0 (Linux; Android 10; K) AppleWebKit/537.36 (KHTML, like Gecko) Chrome/143.0.0.0 Mobile Safari/537.36"
78.211.72.11 - - [21/Dec/2025:00:13:10 +0100] "GET /wp-content/uploads/2022/08/scarpe-1-1.jpg HTTP/1.1" 200 31834 "https://www.readytorun.it/news/miglioriscarpeperrunnerpesanti/" "Mozilla/5.0 (Linux; Android 10; K) AppleWebKit/537.36 (KHTML, like Gecko) Chrome/143.0.0.0 Mobile Safari/537.36"
78.211.72.11 - - [21/Dec/2025:00:13:10 +0100] "GET /wp-content/plugins/elementor/assets/lib/font-awesome/webfonts/fa-brands-400.woff2 HTTP/1.1" 200 82017 "https://www.readytorun.it/wp-content/plugins/elementor/assets/lib/font-awesome/css/all.min.css?ver=3.33.6" "Mozilla/5.0 (Linux; Android 10; K) AppleWebKit/537.36 (KHTML, like Gecko) Chrome/143.0.0.0 Mobile Safari/537.36"
78.211.72.11 - - [21/Dec/2025:00:13:10 +0100] "GET /wp-content/plugins/elementor/assets/css/widget-image-gallery.min.css?ver=3.33.6 HTTP/1.1" 200 699 "https://www.readytorun.it/news/miglioriscarpeperrunnerpesanti/" "Mozilla/5.0 (Linux; Android 10; K) AppleWebKit/537.36 (KHTML, like Gecko) Chrome/143.0.0.0 Mobile Safari/537.36"
78.211.72.11 - - [21/Dec/2025:00:13:10 +0100] "GET /wp-content/plugins/elementor/assets/css/widget-divider.min.css?ver=3.33.6 HTTP/1.1" 200 1083 "https://www.readytorun.it/news/miglioriscarpeperrunnerpesanti/" "Mozilla/5.0 (Linux; Android 10; K) AppleWebKit/537.36 (KHTML, like Gecko) Chrome/143.0.0.0 Mobile Safari/537.36"
78.211.72.11 - - [21/Dec/2025:00:13:10 +0100] "GET /wp-content/plugins/cookie-notice/js/front.min.js?ver=2.5.11 HTTP/1.1" 200 2670 "https://www.readytorun.it/news/miglioriscarpeperrunnerpesanti/" "Mozilla/5.0 (Linux; Android 10; K) AppleWebKit/537.36 (KHTML, like Gecko) Chrome/143.0.0.0 Mobile Safari/537.36"
78.211.72.11 - - [21/Dec/2025:00:13:10 +0100] "GET /wp-content/plugins/duracelltomi-google-tag-manager/dist/js/gtm4wp-ecommerce-generic.js?ver=1.22.3 HTTP/1.1" 200 922 "https://www.readytorun.it/news/miglioriscarpeperrunnerpesanti/" "Mozilla/5.0 (Linux; Android 10; K) AppleWebKit/537.36 (KHTML, like Gecko) Chrome/143.0.0.0 Mobile Safari/537.36"
78.211.72.11 - - [21/Dec/2025:00:13:10 +0100] "GET /wp-content/plugins/duracelltomi-google-tag-manager/dist/js/gtm4wp-woocommerce.js?ver=1.22.3 HTTP/1.1" 200 3417 "https://www.readytorun.it/news/miglioriscarpeperrunnerpesanti/" "Mozilla/5.0 (Linux; Android 10; K) AppleWebKit/537.36 (KHTML, like Gecko) Chrome/143.0.0.0 Mobile Safari/537.36"
78.211.72.11 - - [21/Dec/2025:00:13:10 +0100] "GET /wp-content/plugins/woo-advanced-product-size-chart/public/js/size-chart-for-woocommerce-public.min.js?ver=2.4.7 HTTP/1.1" 200 995 "https://www.readytorun.it/news/miglioriscarpeperrunnerpesanti/" "Mozilla/5.0 (Linux; Android 10; K) AppleWebKit/537.36 (KHTML, like Gecko) Chrome/143.0.0.0 Mobile Safari/537.36"
78.211.72.11 - - [21/Dec/2025:00:13:10 +0100] "GET /wp-includes/js/wp-util.min.js?ver=6.9 HTTP/1.1" 200 1111 "https://www.readytorun.it/news/miglioriscarpeperrunnerpesanti/" "Mozilla/5.0 (Linux; Android 10; K) AppleWebKit/537.36 (KHTML, like Gecko) Chrome/143.0.0.0 Mobile Safari/537.36"
78.211.72.11 - - [21/Dec/2025:00:13:10 +0100] "GET /wp-includes/js/api-request.min.js?ver=6.9 HTTP/1.1" 200 945 "https://www.readytorun.it/news/miglioriscarpeperrunnerpesanti/" "Mozilla/5.0 (Linux; Android 10; K) AppleWebKit/537.36 (KHTML, like Gecko) Chrome/143.0.0.0 Mobile Safari/537.36"
78.211.72.11 - - [21/Dec/2025:00:13:10 +0100] "GET /wp-includes/js/dist/hooks.min.js?ver=dd5603f07f9220ed27f1 HTTP/1.1" 200 2342 "https://www.readytorun.it/news/miglioriscarpeperrunnerpesanti/" "Mozilla/5.0 (Linux; Android 10; K) AppleWebKit/537.36 (KHTML, like Gecko) Chrome/143.0.0.0 Mobile Safari/537.36"
78.211.72.11 - - [21/Dec/2025:00:13:10 +0100] "GET /wp-includes/js/underscore.min.js?ver=1.13.7 HTTP/1.1" 200 7718 "https://www.readytorun.it/news/miglioriscarpeperrunnerpesanti/" "Mozilla/5.0 (Linux; Android 10; K) AppleWebKit/537.36 (KHTML, like Gecko) Chrome/143.0.0.0 Mobile Safari/537.36"
78.211.72.11 - - [21/Dec/2025:00:13:11 +0100] "GET /wp-includes/js/dist/i18n.min.js?ver=c26c3dc7bed366793375 HTTP/1.1" 200 2630 "https://www.readytorun.it/news/miglioriscarpeperrunnerpesanti/" "Mozilla/5.0 (Linux; Android 10; K) AppleWebKit/537.36 (KHTML, like Gecko) Chrome/143.0.0.0 Mobile Safari/537.36"
78.211.72.11 - - [21/Dec/2025:00:13:11 +0100] "GET /wp-includes/js/imagesloaded.min.js?ver=5.0.0 HTTP/1.1" 200 2204 "https://www.readytorun.it/news/miglioriscarpeperrunnerpesanti/" "Mozilla/5.0 (Linux; Android 10; K) AppleWebKit/537.36 (KHTML, like Gecko) Chrome/143.0.0.0 Mobile Safari/537.36"
78.211.72.11 - - [21/Dec/2025:00:13:11 +0100] "GET /wp-includes/js/dist/api-fetch.min.js?ver=3a4d9af2b423048b0dee HTTP/1.1" 200 2837 "https://www.readytorun.it/news/miglioriscarpeperrunnerpesanti/" "Mozilla/5.0 (Linux; Android 10; K) AppleWebKit/537.36 (KHTML, like Gecko) Chrome/143.0.0.0 Mobile Safari/537.36"
78.211.72.11 - - [21/Dec/2025:00:13:11 +0100] "GET /wp-content/plugins/woo-variation-swatches/assets/js/frontend.min.js?ver=1762855689 HTTP/1.1" 200 5364 "https://www.readytorun.it/news/miglioriscarpeperrunnerpesanti/" "Mozilla/5.0 (Linux; Android 10; K) AppleWebKit/537.36 (KHTML, like Gecko) Chrome/143.0.0.0 Mobile Safari/537.36"
78.211.72.11 - - [21/Dec/2025:00:13:11 +0100] "GET /wp-includes/js/dist/url.min.js?ver=9e178c9516d1222dc834 HTTP/1.1" 200 4257 "https://www.readytorun.it/news/miglioriscarpeperrunnerpesanti/" "Mozilla/5.0 (Linux; Android 10; K) AppleWebKit/537.36 (KHTML, like Gecko) Chrome/143.0.0.0 Mobile Safari/537.36"
78.211.72.11 - - [21/Dec/2025:00:13:11 +0100] "GET /wp-content/plugins/woocommerce/assets/js/sourcebuster/sourcebuster.min.js?ver=10.3.3 HTTP/1.1" 200 5208 "https://www.readytorun.it/news/miglioriscarpeperrunnerpesanti/" "Mozilla/5.0 (Linux; Android 10; K) AppleWebKit/537.36 (KHTML, like Gecko) Chrome/143.0.0.0 Mobile Safari/537.36"
78.211.72.11 - - [21/Dec/2025:00:13:11 +0100] "GET /wp-includes/js/dist/vendor/wp-polyfill.min.js?ver=3.15.0 HTTP/1.1" 200 12276 "https://www.readytorun.it/news/miglioriscarpeperrunnerpesanti/" "Mozilla/5.0 (Linux; Android 10; K) AppleWebKit/537.36 (KHTML, like Gecko) Chrome/143.0.0.0 Mobile Safari/537.36"
78.211.72.11 - - [21/Dec/2025:00:13:11 +0100] "GET /wp-content/plugins/woocommerce/assets/js/frontend/order-attribution.min.js?ver=10.3.3 HTTP/1.1" 200 1484 "https://www.readytorun.it/news/miglioriscarpeperrunnerpesanti/" "Mozilla/5.0 (Linux; Android 10; K) AppleWebKit/537.36 (KHTML, like Gecko) Chrome/143.0.0.0 Mobile Safari/537.36"
78.211.72.11 - - [21/Dec/2025:00:13:11 +0100] "GET /wp-content/plugins/elementor/assets/js/webpack.runtime.min.js?ver=3.33.6 HTTP/1.1" 200 2883 "https://www.readytorun.it/news/miglioriscarpeperrunnerpesanti/" "Mozilla/5.0 (Linux; Android 10; K) AppleWebKit/537.36 (KHTML, like Gecko) Chrome/143.0.0.0 Mobile Safari/537.36"
78.211.72.11 - - [21/Dec/2025:00:13:11 +0100] "GET /wp-content/plugins/contact-form-7/modules/recaptcha/index.js?ver=6.1.4 HTTP/1.1" 200 838 "https://www.readytorun.it/news/miglioriscarpeperrunnerpesanti/" "Mozilla/5.0 (Linux; Android 10; K) AppleWebKit/537.36 (KHTML, like Gecko) Chrome/143.0.0.0 Mobile Safari/537.36"
78.211.72.11 - - [21/Dec/2025:00:13:11 +0100] "GET /wp-includes/js/jquery/ui/core.min.js?ver=1.13.3 HTTP/1.1" 200 7507 "https://www.readytorun.it/news/miglioriscarpeperrunnerpesanti/" "Mozilla/5.0 (Linux; Android 10; K) AppleWebKit/537.36 (KHTML, like Gecko) Chrome/143.0.0.0 Mobile Safari/537.36"
78.211.72.11 - - [21/Dec/2025:00:13:11 +0100] "GET /wp-content/plugins/elementor/assets/js/frontend.min.js?ver=3.33.6 HTTP/1.1" 200 10749 "https://www.readytorun.it/news/miglioriscarpeperrunnerpesanti/" "Mozilla/5.0 (Linux; Android 10; K) AppleWebKit/537.36 (KHTML, like Gecko) Chrome/143.0.0.0 Mobile Safari/537.36"
78.211.72.11 - - [21/Dec/2025:00:13:11 +0100] "GET /wp-content/plugins/elementor/assets/js/frontend-modules.min.js?ver=3.33.6 HTTP/1.1" 200 25737 "https://www.readytorun.it/news/miglioriscarpeperrunnerpesanti/" "Mozilla/5.0 (Linux; Android 10; K) AppleWebKit/537.36 (KHTML, like Gecko) Chrome/143.0.0.0 Mobile Safari/537.36"
78.211.72.11 - - [21/Dec/2025:00:13:11 +0100] "GET /wp-content/uploads/2019/05/american-express-logo.svg HTTP/1.1" 200 10206 "https://www.readytorun.it/news/miglioriscarpeperrunnerpesanti/" "Mozilla/5.0 (Linux; Android 10; K) AppleWebKit/537.36 (KHTML, like Gecko) Chrome/143.0.0.0 Mobile Safari/537.36"
78.211.72.11 - - [21/Dec/2025:00:13:11 +0100] "GET /wp-content/uploads/2019/05/logo_footer_ico.png HTTP/1.1" 200 3146 "https://www.readytorun.it/news/miglioriscarpeperrunnerpesanti/" "Mozilla/5.0 (Linux; Android 10; K) AppleWebKit/537.36 (KHTML, like Gecko) Chrome/143.0.0.0 Mobile Safari/537.36"
78.211.72.11 - - [21/Dec/2025:00:13:11 +0100] "GET /wp-content/plugins/woocommerce/assets/js/js-cookie/js.cookie.min.js?ver=2.1.4-wc.10.3.3 HTTP/1.1" 200 1188 "https://www.readytorun.it/news/miglioriscarpeperrunnerpesanti/" "Mozilla/5.0 (Linux; Android 10; K) AppleWebKit/537.36 (KHTML, like Gecko) Chrome/143.0.0.0 Mobile Safari/537.36"
78.211.72.11 - - [21/Dec/2025:00:13:11 +0100] "GET /wp-content/plugins/woocommerce/assets/js/frontend/woocommerce.min.js?ver=10.3.3 HTTP/1.1" 200 1830 "https://www.readytorun.it/news/miglioriscarpeperrunnerpesanti/" "Mozilla/5.0 (Linux; Android 10; K) AppleWebKit/537.36 (KHTML, like Gecko) Chrome/143.0.0.0 Mobile Safari/537.36"
78.211.72.11 - - [21/Dec/2025:00:13:11 +0100] "GET /wp-content/plugins/woocommerce/assets/js/frontend/add-to-cart.min.js?ver=10.3.3 HTTP/1.1" 200 1724 "https://www.readytorun.it/news/miglioriscarpeperrunnerpesanti/" "Mozilla/5.0 (Linux; Android 10; K) AppleWebKit/537.36 (KHTML, like Gecko) Chrome/143.0.0.0 Mobile Safari/537.36"
78.211.72.11 - - [21/Dec/2025:00:13:11 +0100] "GET /wp-content/uploads/2019/05/paypal-logo.svg HTTP/1.1" 200 6971 "https://www.readytorun.it/news/miglioriscarpeperrunnerpesanti/" "Mozilla/5.0 (Linux; Android 10; K) AppleWebKit/537.36 (KHTML, like Gecko) Chrome/143.0.0.0 Mobile Safari/537.36"
78.211.72.11 - - [21/Dec/2025:00:13:11 +0100] "GET /wp-content/plugins/rey-core/assets/js/woocommerce/cart-fragments.js?ver=10.3.3 HTTP/1.1" 200 1458 "https://www.readytorun.it/news/miglioriscarpeperrunnerpesanti/" "Mozilla/5.0 (Linux; Android 10; K) AppleWebKit/537.36 (KHTML, like Gecko) Chrome/143.0.0.0 Mobile Safari/537.36"
78.211.72.11 - - [21/Dec/2025:00:13:11 +0100] "GET /wp-includes/js/masonry.min.js?ver=4.2.2 HTTP/1.1" 200 7783 "https://www.readytorun.it/news/miglioriscarpeperrunnerpesanti/" "Mozilla/5.0 (Linux; Android 10; K) AppleWebKit/537.36 (KHTML, like Gecko) Chrome/143.0.0.0 Mobile Safari/537.36"
78.211.72.11 - - [21/Dec/2025:00:13:11 +0100] "GET /wp-content/uploads/elementor/css/post-293.css?ver=1766268503 HTTP/1.1" 200 1672 "https://www.readytorun.it/news/miglioriscarpeperrunnerpesanti/" "Mozilla/5.0 (Linux; Android 10; K) AppleWebKit/537.36 (KHTML, like Gecko) Chrome/143.0.0.0 Mobile Safari/537.36"
78.211.72.11 - - [21/Dec/2025:00:13:11 +0100] "GET /wp-content/uploads/rey/scripts-e34fb20d80.js?ver=3.1.9.1760373751 HTTP/1.1" 200 33097 "https://www.readytorun.it/news/miglioriscarpeperrunnerpesanti/" "Mozilla/5.0 (Linux; Android 10; K) AppleWebKit/537.36 (KHTML, like Gecko) Chrome/143.0.0.0 Mobile Safari/537.36"
78.211.72.11 - - [21/Dec/2025:00:13:11 +0100] "GET /wp-content/uploads/2019/05/master-card-logo.svg HTTP/1.1" 200 9442 "https://www.readytorun.it/news/miglioriscarpeperrunnerpesanti/" "Mozilla/5.0 (Linux; Android 10; K) AppleWebKit/537.36 (KHTML, like Gecko) Chrome/143.0.0.0 Mobile Safari/537.36"
78.211.72.11 - - [21/Dec/2025:00:13:12 +0100] "GET /wp-content/plugins/elementor/assets/js/section-frontend-handlers.d85ab872da118940910d.bundle.min.js HTTP/1.1" 200 624 "https://www.readytorun.it/news/miglioriscarpeperrunnerpesanti/" "Mozilla/5.0 (Linux; Android 10; K) AppleWebKit/537.36 (KHTML, like Gecko) Chrome/143.0.0.0 Mobile Safari/537.36"
78.211.72.11 - - [21/Dec/2025:00:13:12 +0100] "GET /wp-content/plugins/elementor/assets/js/shared-frontend-handlers.03caa53373b56d3bab67.bundle.min.js HTTP/1.1" 200 3045 "https://www.readytorun.it/news/miglioriscarpeperrunnerpesanti/" "Mozilla/5.0 (Linux; Android 10; K) AppleWebKit/537.36 (KHTML, like Gecko) Chrome/143.0.0.0 Mobile Safari/537.36"
78.211.72.11 - - [21/Dec/2025:00:13:12 +0100] "GET /wp-content/plugins/elementor/assets/js/text-editor.45609661e409413f1cef.bundle.min.js HTTP/1.1" 200 1003 "https://www.readytorun.it/news/miglioriscarpeperrunnerpesanti/" "Mozilla/5.0 (Linux; Android 10; K) AppleWebKit/537.36 (KHTML, like Gecko) Chrome/143.0.0.0 Mobile Safari/537.36"
51.38.211.120 - - [21/Dec/2025:00:13:06 +0100] "POST /wp-cron.php?doing_wp_cron=1766272386.7714929580688476562500 HTTP/1.1" 200 4069 "-" "WordPress/6.9; https://www.readytorun.it"
78.211.72.11 - - [21/Dec/2025:00:13:16 +0100] "GET /wp-content/uploads/2019/05/logo_footer.png HTTP/1.1" 200 3069 "https://www.readytorun.it/news/miglioriscarpeperrunnerpesanti/" "Mozilla/5.0 (Linux; Android 10; K) AppleWebKit/537.36 (KHTML, like Gecko) Chrome/143.0.0.0 Mobile Safari/537.36"
78.211.72.11 - - [21/Dec/2025:00:13:17 +0100] "GET /news/miglioriscarpeperrunnerpesanti/ HTTP/1.1" 200 34123 "https://www.readytorun.it/news/miglioriscarpeperrunnerpesanti/" "Mozilla/5.0 (Linux; Android 10; K) AppleWebKit/537.36 (KHTML, like Gecko) Chrome/143.0.0.0 Mobile Safari/537.36"
78.211.72.11 - - [21/Dec/2025:00:13:22 +0100] "GET /wp-content/uploads/elementor/css/post-22616.css?ver=1766272389 HTTP/1.1" 200 1085 "https://www.readytorun.it/news/miglioriscarpeperrunnerpesanti/" "Mozilla/5.0 (Linux; Android 10; K) AppleWebKit/537.36 (KHTML, like Gecko) Chrome/143.0.0.0 Mobile Safari/537.36"
78.211.72.11 - - [21/Dec/2025:00:13:48 +0100] "GET /wp-content/uploads/2022/08/15037fbb-e48d-473d-a0d9-bed4d0bfbff8-768x768.jpg HTTP/1.1" 200 32486 "https://www.readytorun.it/news/miglioriscarpeperrunnerpesanti/" "Mozilla/5.0 (Linux; Android 10; K) AppleWebKit/537.36 (KHTML, like Gecko) Chrome/143.0.0.0 Mobile Safari/537.36"
114.119.131.211 - - [21/Dec/2025:00:14:24 +0100] "GET /accessori-unisex-home/ HTTP/1.1" 200 47194 "https://www.readytorun.it/product_cat-sitemap.xml" "Mozilla/5.0 (Linux; Android 7.0;) AppleWebKit/537.36 (KHTML, like Gecko) Mobile Safari/537.36 (compatible; PetalBot;+https://webmaster.petalsearch.com/site/petalbot)"
51.38.211.120 - - [21/Dec/2025:00:14:29 +0100] "POST /wp-cron.php?doing_wp_cron=1766272469.6850941181182861328125 HTTP/1.1" 200 4069 "-" "WordPress/6.9; https://www.readytorun.it"
78.211.72.11 - - [21/Dec/2025:00:14:40 +0100] "GET /frequently-asked-questions/ HTTP/1.1" 200 17609 "https://www.readytorun.it/news/miglioriscarpeperrunnerpesanti/" "Mozilla/5.0 (Linux; Android 10; K) AppleWebKit/537.36 (KHTML, like Gecko) Chrome/143.0.0.0 Mobile Safari/537.36"
51.38.211.120 - - [21/Dec/2025:00:14:44 +0100] "POST /wp-cron.php?doing_wp_cron=1766272484.7837810516357421875000 HTTP/1.1" 200 4069 "-" "WordPress/6.9; https://www.readytorun.it"
20.4.55.181 - - [21/Dec/2025:00:15:07 +0100] "GET /wp-json/wc/v2/taxes HTTP/1.1" 200 4903 "-" "-"
20.4.55.181 - - [21/Dec/2025:00:15:12 +0100] "GET /wp-json/wc/v2/orders?after=2025-12-15%2023:15:12&per_page=100 HTTP/1.1" 200 5760 "-" "-"
51.38.211.120 - - [21/Dec/2025:00:15:18 +0100] "POST /wp-cron.php?doing_wp_cron=1766272518.4462180137634277343750 HTTP/1.1" 200 4069 "-" "WordPress/6.9; https://www.readytorun.it"
42.96.37.226 - - [21/Dec/2025:00:15:26 +0100] "GET /wp-login.php HTTP/1.1" 200 9310 "-" "Mozilla/5.0 (Macintosh; Intel Mac OS X 10_12_6) AppleWebKit/603.3.8 (KHTML, like Gecko) Version/10.1.2 Safari/603.3.8"
40.77.167.235 - - [21/Dec/2025:00:15:33 +0100] "GET /wp-content/uploads/2023/03/ada9055b-60c4-4b70-897f-713eee9e8ed8-300x300.jpg HTTP/1.1" 200 14046 "-" "Mozilla/5.0 AppleWebKit/537.36 (KHTML, like Gecko; compatible; bingbot/2.0; +http://www.bing.com/bingbot.htm) Chrome/116.0.1938.76 Safari/537.36"
40.77.167.235 - - [21/Dec/2025:00:15:34 +0100] "GET /wp-content/uploads/2023/07/fa4de7a6-f98d-4d6c-ac75-7b4c9b3668ba-300x300.jpg HTTP/1.1" 200 8747 "-" "Mozilla/5.0 AppleWebKit/537.36 (KHTML, like Gecko; compatible; bingbot/2.0; +http://www.bing.com/bingbot.htm) Chrome/116.0.1938.76 Safari/537.36"
42.96.37.226 - - [21/Dec/2025:00:15:33 +0100] "POST /wp-login.php HTTP/1.1" 503 19653 "https://www.readytorun.it/wp-login.php" "Mozilla/5.0 (Macintosh; Intel Mac OS X 10_12_6) AppleWebKit/603.3.8 (KHTML, like Gecko) Version/10.1.2 Safari/603.3.8"
114.119.131.211 - - [21/Dec/2025:00:15:47 +0100] "GET /abbigliamento-uomo-home/ HTTP/1.1" 200 47233 "https://www.readytorun.it/product_cat-sitemap.xml" "Mozilla/5.0 (Linux; Android 7.0;) AppleWebKit/537.36 (KHTML, like Gecko) Mobile Safari/537.36 (compatible; PetalBot;+https://webmaster.petalsearch.com/site/petalbot)"
51.38.211.120 - - [21/Dec/2025:00:15:52 +0100] "POST /wp-cron.php?doing_wp_cron=1766272552.6308939456939697265625 HTTP/1.1" 200 4069 "-" "WordPress/6.9; https://www.readytorun.it"
40.77.167.23 - - [21/Dec/2025:00:15:59 +0100] "GET /wp-content/uploads/2024/04/dbafcf83-327a-48b4-b6f1-88ae0f2ac913-300x300.jpg HTTP/1.1" 200 10558 "-" "Mozilla/5.0 AppleWebKit/537.36 (KHTML, like Gecko; compatible; bingbot/2.0; +http://www.bing.com/bingbot.htm) Chrome/116.0.1938.76 Safari/537.36"
4.217.198.247 - - [21/Dec/2025:00:16:10 +0100] "GET /wp-good.php HTTP/1.1" 302 405 "https://www.google.de/" "Mozilla/5.0 (Linux; Android 10; K) AppleWebKit/537.36 (KHTML, like Gecko) Chrome/117.0.0.0 Mobile Safari/537.36"
4.217.198.247 - - [21/Dec/2025:00:16:12 +0100] "GET /ioxi-o.php HTTP/1.1" 302 405 "https://www.google.fr/" "Mozilla/5.0 (iPhone; CPU iPhone OS 17_0_3 like Mac OS X) AppleWebKit/605.1.15 (KHTML, like Gecko) Version/17.0.1 Mobile/15E148 Safari/604.1"
4.217.198.247 - - [21/Dec/2025:00:16:12 +0100] "GET /file.php HTTP/1.1" 302 405 "https://www.yahoo.com/" "Mozilla/5.0 (Linux; Android 12; 2201116SG) AppleWebKit/537.36 (KHTML, like Gecko) Chrome/116.0.0.0 Mobile Safari/537.36"
4.217.198.247 - - [21/Dec/2025:00:16:13 +0100] "GET /wp-admin/css/colors/blue HTTP/1.1" 302 405 "https://www.google.co.uk/" "Mozilla/5.0 (Linux; Android 12; SM-A525F) AppleWebKit/537.36 (KHTML, like Gecko) Chrome/117.0.0.0 Mobile Safari/537.36"
4.217.198.247 - - [21/Dec/2025:00:16:13 +0100] "GET /wp-signin.php HTTP/1.1" 302 405 "https://www.bing.com/" "Mozilla/5.0 (iPhone; CPU iPhone OS 15_7_9 like Mac OS X) AppleWebKit/605.1.15 (KHTML, like Gecko) Version/15.6.5 Mobile/15E148 Safari/604.1"
4.217.198.247 - - [21/Dec/2025:00:16:14 +0100] "GET /abcd.php HTTP/1.1" 302 405 "https://www.google.de/" "Mozilla/5.0 (iPhone; CPU iPhone OS 16_0 like Mac OS X) AppleWebKit/605.1.15 (KHTML, like Gecko) FxiOS/118.0 Mobile/15E148 Safari/605.1.15"
4.217.198.247 - - [21/Dec/2025:00:16:14 +0100] "GET /wp-includes/block-bindings HTTP/1.1" 302 405 "https://www.google.co.uk/" "Mozilla/5.0 (Linux; Android 12; V2134) AppleWebKit/537.36 (KHTML, like Gecko) Chrome/116.0.0.0 Mobile Safari/537.36"
4.217.198.247 - - [21/Dec/2025:00:16:15 +0100] "GET /about.php HTTP/1.1" 302 405 "https://www.bing.com/" "Mozilla/5.0 (Linux; Android 11; 21081111RG) AppleWebKit/537.36 (KHTML, like Gecko) Chrome/116.0.0.0 Mobile Safari/537.36"
4.217.198.247 - - [21/Dec/2025:00:16:15 +0100] "GET /bless.php HTTP/1.1" 302 405 "https://www.bing.com/" "Mozilla/5.0 (Linux; Android 11; CPH2251) AppleWebKit/537.36 (KHTML, like Gecko) Chrome/116.0.0.0 Mobile Safari/537.36"
4.217.198.247 - - [21/Dec/2025:00:16:16 +0100] "GET /images/install.php HTTP/1.1" 302 405 "https://www.google.co.uk/" "Mozilla/5.0 (Linux; Android 12; V2134) AppleWebKit/537.36 (KHTML, like Gecko) Chrome/116.0.0.0 Mobile Safari/537.36"
4.217.198.247 - - [21/Dec/2025:00:16:16 +0100] "GET /num.php HTTP/1.1" 302 405 "https://www.bing.com/" "Mozilla/5.0 (Linux; Android 11; CPH2251) AppleWebKit/537.36 (KHTML, like Gecko) Chrome/116.0.0.0 Mobile Safari/537.36"
4.217.198.247 - - [21/Dec/2025:00:16:17 +0100] "GET /txets.php HTTP/1.1" 302 405 "https://www.google.com/" "Mozilla/5.0 (iPad; CPU OS 16_7_2 like Mac OS X) AppleWebKit/605.1.15 (KHTML, like Gecko) Version/16.6 Mobile/15E148 Safari/604.1"
4.217.198.247 - - [21/Dec/2025:00:16:17 +0100] "GET /wp-blog.php HTTP/1.1" 302 405 "https://www.google.de/" "Mozilla/5.0 (iPhone; CPU iPhone OS 17_1 like Mac OS X) AppleWebKit/605.1.15 (KHTML, like Gecko) CriOS/119.0.6045.109 Mobile/15E148 Safari/604.1"
4.217.198.247 - - [21/Dec/2025:00:16:18 +0100] "GET /wp-content/admin-header.php HTTP/1.1" 302 405 "https://www.google.fr/" "Mozilla/5.0 (iPad; CPU OS 17_0_3 like Mac OS X) AppleWebKit/605.1.15 (KHTML, like Gecko) Version/17.0.1 Mobile/15E148 Safari/604.1"
4.217.198.247 - - [21/Dec/2025:00:16:18 +0100] "GET /wp-content/themes/about.php HTTP/1.1" 302 405 "https://www.google.co.uk/" "Mozilla/5.0 (iPhone; CPU iPhone OS 16_6_1 like Mac OS X) AppleWebKit/605.1.15 (KHTML, like Gecko) Version/16.6 Mobile/15E148 Safari/604.1"
4.217.198.247 - - [21/Dec/2025:00:16:19 +0100] "GET /wp-includes/js/dist HTTP/1.1" 302 405 "https://www.yahoo.com/" "Mozilla/5.0 (iPhone; CPU iPhone OS 17_1 like Mac OS X) AppleWebKit/605.1.15 (KHTML, like Gecko) CriOS/119.0.6045.109 Mobile/15E148 Safari/604.1"
4.217.198.247 - - [21/Dec/2025:00:16:19 +0100] "GET /wp-includes/rest-api/fields HTTP/1.1" 302 405 "https://www.google.co.uk/" "Mozilla/5.0 (Linux; Android 10; K) AppleWebKit/537.36 (KHTML, like Gecko) Chrome/117.0.0.0 Mobile Safari/537.36"
4.217.198.247 - - [21/Dec/2025:00:16:20 +0100] "GET /wp.php HTTP/1.1" 302 405 "https://duckduckgo.com/" "Mozilla/5.0 (Linux; Android 13; SM-G991U) AppleWebKit/537.36 (KHTML, like Gecko) Chrome/117.0.0.0 Mobile Safari/537.36"
4.217.198.247 - - [21/Dec/2025:00:16:20 +0100] "GET /admin.php HTTP/1.1" 302 405 "https://www.google.co.uk/" "Mozilla/5.0 (Linux; Android 13; SM-G991U) AppleWebKit/537.36 (KHTML, like Gecko) Chrome/117.0.0.0 Mobile Safari/537.36"
