45.152.138.53 - - [21/Dec/2025:01:23:47 +0100] "GET /unisex-home/feed HTTP/1.1" 301 4207 "-" "Mozilla/5.0 (Macintosh; Intel Mac OS X 10_15_7) AppleWebKit/537.36 (KHTML, like Gecko) Chrome/123.0.0.0 Safari/537.36"
45.192.33.179 - - [21/Dec/2025:01:24:13 +0100] "GET /unisex-home/feed HTTP/1.1" 301 4207 "-" "Mozilla/5.0 (Macintosh; Intel Mac OS X 10_15_7) AppleWebKit/537.36 (KHTML, like Gecko) Chrome/123.0.0.0 Safari/537.36"
45.192.33.179 - - [21/Dec/2025:01:24:19 +0100] "GET /unisex-home/feed/ HTTP/1.1" 200 3221 "-" "Mozilla/5.0 (Macintosh; Intel Mac OS X 10_15_7) AppleWebKit/537.36 (KHTML, like Gecko) Chrome/123.0.0.0 Safari/537.36"
66.249.66.200 - - [21/Dec/2025:01:24:21 +0100] "POST /?reycore-ajax=related_products HTTP/1.1" 200 7483 "https://www.readytorun.it/senza-categoria/120380431/" "Mozilla/5.0 (Linux; Android 6.0.1; Nexus 5X Build/MMB29P) AppleWebKit/537.36 (KHTML, like Gecko) Chrome/141.0.7390.122 Mobile Safari/537.36 (compatible; Googlebot/2.1; +http://www.google.com/bot.html)"
5.252.188.75 - - [21/Dec/2025:01:24:27 +0100] "GET /blog/feed HTTP/1.1" 301 4200 "-" "Mozilla/5.0 (Macintosh; Intel Mac OS X 10_15_7) AppleWebKit/537.36 (KHTML, like Gecko) Chrome/123.0.0.0 Safari/537.36"
216.244.66.238 - - [21/Dec/2025:01:24:26 +0100] "GET /size/4/page/9/ HTTP/1.1" 200 273096 "-" "Mozilla/5.0 (compatible; DotBot/1.2; +https://opensiteexplorer.org/dotbot; help@moz.com)"
52.167.144.218 - - [21/Dec/2025:01:24:35 +0100] "GET /wp-content/uploads/2023/02/d9037815-8d22-4d65-8f4d-564d8117001c-220x300.jpg HTTP/1.1" 200 18053 "-" "Mozilla/5.0 AppleWebKit/537.36 (KHTML, like Gecko; compatible; bingbot/2.0; +http://www.bing.com/bingbot.htm) Chrome/116.0.1938.76 Safari/537.36"
5.252.188.75 - - [21/Dec/2025:01:24:32 +0100] "GET /blog/feed/ HTTP/1.1" 200 2555 "-" "Mozilla/5.0 (Macintosh; Intel Mac OS X 10_15_7) AppleWebKit/537.36 (KHTML, like Gecko) Chrome/123.0.0.0 Safari/537.36"
156.233.0.8 - - [21/Dec/2025:01:24:38 +0100] "GET /linea/trail/feed HTTP/1.1" 301 4207 "-" "Mozilla/5.0 (Macintosh; Intel Mac OS X 10_15_7) AppleWebKit/537.36 (KHTML, like Gecko) Chrome/123.0.0.0 Safari/537.36"
51.38.211.120 - - [21/Dec/2025:01:24:44 +0100] "POST /wp-cron.php?doing_wp_cron=1766276684.0800509452819824218750 HTTP/1.1" 200 4069 "-" "WordPress/6.9; https://www.readytorun.it"
77.83.39.157 - - [21/Dec/2025:01:24:46 +0100] "GET /.git/config HTTP/1.1" 301 4083 "-" "Mozilla/5.0 (Macintosh; Intel Mac OS X 10_11) AppleWebKit/601.1.56 (KHTML, like Gecko) Version/9.0 Safari/601.1.56"
156.233.0.8 - - [21/Dec/2025:01:24:45 +0100] "GET /linea/trail/feed/ HTTP/1.1" 200 3329 "-" "Mozilla/5.0 (Macintosh; Intel Mac OS X 10_15_7) AppleWebKit/537.36 (KHTML, like Gecko) Chrome/123.0.0.0 Safari/537.36"
193.181.210.95 - - [21/Dec/2025:01:24:50 +0100] "POST /xmlrpc.php HTTP/1.1" 503 23228 "-" "Mozilla/5.0 (Windows NT 6.3; WOW64; Trident/7.0; MALNJS; rv:11.0) like Gecko"
52.167.144.238 - - [21/Dec/2025:01:25:06 +0100] "GET /wp-content/uploads/2022/10/ce0db44e-87b7-47fe-aeba-dbbe7e95c81c-150x150.jpg HTTP/1.1" 200 8468 "-" "Mozilla/5.0 AppleWebKit/537.36 (KHTML, like Gecko; compatible; bingbot/2.0; +http://www.bing.com/bingbot.htm) Chrome/116.0.1938.76 Safari/537.36"
216.244.66.238 - - [21/Dec/2025:01:25:09 +0100] "GET /size/5-5/page/10/ HTTP/1.1" 200 271680 "-" "Mozilla/5.0 (compatible; DotBot/1.2; +https://opensiteexplorer.org/dotbot; help@moz.com)"
51.38.211.120 - - [21/Dec/2025:01:25:15 +0100] "POST /wp-cron.php?doing_wp_cron=1766276715.1967260837554931640625 HTTP/1.1" 200 269 "-" "WordPress/6.9; https://www.readytorun.it"
114.119.157.118 - - [21/Dec/2025:01:25:26 +0100] "GET /chiodate-scarpe-uomo-home/ig2022/ HTTP/1.1" 200 48911 "https://www.readytorun.it/product-sitemap3.xml" "Mozilla/5.0 (Linux; Android 7.0;) AppleWebKit/537.36 (KHTML, like Gecko) Mobile Safari/537.36 (compatible; PetalBot;+https://webmaster.petalsearch.com/site/petalbot)"
51.38.211.120 - - [21/Dec/2025:01:25:30 +0100] "POST /wp-cron.php?doing_wp_cron=1766276730.5866620540618896484375 HTTP/1.1" 200 4069 "-" "WordPress/6.9; https://www.readytorun.it"
77.83.39.157 - - [21/Dec/2025:01:25:39 +0100] "GET /.git/config HTTP/1.1" 301 4083 "-" "Mozilla/5.0 (Macintosh; U; Intel Mac OS X 10_6_2; en-us) AppleWebKit/531.21.8 (KHTML, like Gecko) Version/4.0.4 Safari/531.21.10"
52.167.144.238 - - [21/Dec/2025:01:25:47 +0100] "GET /wp-content/uploads/2024/03/e638e822-ed7b-4b8f-93ec-ff09bb30a716-2048x2048.jpeg HTTP/1.1" 200 256261 "-" "Mozilla/5.0 AppleWebKit/537.36 (KHTML, like Gecko; compatible; bingbot/2.0; +http://www.bing.com/bingbot.htm) Chrome/116.0.1938.76 Safari/537.36"
77.83.39.157 - - [21/Dec/2025:01:25:44 +0100] "GET /.git/config HTTP/1.1" 301 377 "-" "Mozilla/5.0 (compatible; Konqueror/4.5; FreeBSD) KHTML/4.5.4 (like Gecko)"
52.167.144.211 - - [21/Dec/2025:01:25:51 +0100] "GET /wp-content/uploads/2024/02/cadeaca6-c83d-4a8a-b83b-0abe21007123-223x300.jpg HTTP/1.1" 200 18083 "-" "Mozilla/5.0 AppleWebKit/537.36 (KHTML, like Gecko; compatible; bingbot/2.0; +http://www.bing.com/bingbot.htm) Chrome/116.0.1938.76 Safari/537.36"
51.38.211.120 - - [21/Dec/2025:01:25:45 +0100] "POST /wp-cron.php?doing_wp_cron=1766276745.4903008937835693359375 HTTP/1.1" 200 4069 "-" "WordPress/6.9; https://www.readytorun.it"
216.244.66.238 - - [21/Dec/2025:01:25:47 +0100] "GET /size/6/page/1/ HTTP/1.1" 200 273993 "-" "Mozilla/5.0 (compatible; DotBot/1.2; +https://opensiteexplorer.org/dotbot; help@moz.com)"
216.244.66.238 - - [21/Dec/2025:01:26:22 +0100] "GET /size/l/page/6/ HTTP/1.1" 200 256211 "-" "Mozilla/5.0 (compatible; DotBot/1.2; +https://opensiteexplorer.org/dotbot; help@moz.com)"
114.119.159.148 - - [21/Dec/2025:01:26:49 +0100] "GET /chiodate-scarpe-uomo-home/if9390/ HTTP/1.1" 200 48058 "https://www.readytorun.it/product-sitemap3.xml" "Mozilla/5.0 (Linux; Android 7.0;) AppleWebKit/537.36 (KHTML, like Gecko) Mobile Safari/537.36 (compatible; PetalBot;+https://webmaster.petalsearch.com/site/petalbot)"
52.167.144.218 - - [21/Dec/2025:01:26:55 +0100] "GET /wp-content/uploads/2023/11/54eb4cc2-4b69-4803-bf9d-353b0f42eb6e-768x768.jpg HTTP/1.1" 200 25550 "-" "Mozilla/5.0 AppleWebKit/537.36 (KHTML, like Gecko; compatible; bingbot/2.0; +http://www.bing.com/bingbot.htm) Chrome/116.0.1938.76 Safari/537.36"
51.38.211.120 - - [21/Dec/2025:01:26:53 +0100] "POST /wp-cron.php?doing_wp_cron=1766276813.3977088928222656250000 HTTP/1.1" 200 4069 "-" "WordPress/6.9; https://www.readytorun.it"
216.244.66.238 - - [21/Dec/2025:01:27:00 +0100] "GET /wp-content/uploads/2021/11/825736a6-177e-4963-bcd6-1a57b5327288-1.jpg HTTP/1.1" 200 83643 "-" "Mozilla/5.0 (compatible; DotBot/1.2; +https://opensiteexplorer.org/dotbot; help@moz.com)"
66.249.66.163 - - [21/Dec/2025:01:27:07 +0100] "GET /wp-content/uploads/2022/05/ff979494-802b-4e83-ba18-d46ae0b9b718.jpg HTTP/1.1" 200 368542 "-" "Googlebot-Image/1.0"
103.178.231.51 - - [21/Dec/2025:01:27:04 +0100] "GET /wp-login.php HTTP/1.1" 200 9310 "-" "Mozilla/4.0 (compatible; MSIE 7.0; Windows NT 6.2; Win64; x64; Trident/7.0; .NET4.0C; .NET4.0E; .NET CLR 2.0.50727; .NET CLR 3.0.30729; .NET CLR 3.5.30729; InfoPath.3)"
103.178.231.51 - - [21/Dec/2025:01:27:08 +0100] "POST /wp-login.php HTTP/1.1" 503 19651 "https://www.readytorun.it/wp-login.php" "Mozilla/4.0 (compatible; MSIE 7.0; Windows NT 6.2; Win64; x64; Trident/7.0; .NET4.0C; .NET4.0E; .NET CLR 2.0.50727; .NET CLR 3.0.30729; .NET CLR 3.5.30729; InfoPath.3)"
216.244.66.238 - - [21/Dec/2025:01:27:30 +0100] "GET /wp-content/uploads/2022/06/a6b67766-165d-4e4b-b079-6d1de0029552.jpg HTTP/1.1" 200 92018 "-" "Mozilla/5.0 (compatible; DotBot/1.2; +https://opensiteexplorer.org/dotbot; help@moz.com)"
77.83.39.157 - - [21/Dec/2025:01:27:40 +0100] "GET /.git/config HTTP/1.1" 301 4083 "-" "Mozilla/5.0 (Linux; U; Android 8.1.0; en-US; Infinix X624B Build/O11019) AppleWebKit/537.36 (KHTML, like Gecko) Version/4.0 Chrome/57.0.2987.108 UCBrowser/12.13.0.1207 Mobile Safari/537.36"
77.83.39.157 - - [21/Dec/2025:01:27:45 +0100] "GET /.git/config HTTP/1.1" 301 377 "-" "Mozilla/5.0 (Macintosh; Intel Mac OS X 10_14_6) AppleWebKit/605.1.15 (KHTML, like Gecko) Version/13.0 Safari/605.1.15"
51.38.211.120 - - [21/Dec/2025:01:27:45 +0100] "POST /wp-cron.php?doing_wp_cron=1766276865.3098459243774414062500 HTTP/1.1" 200 4069 "-" "WordPress/6.9; https://www.readytorun.it"
216.244.66.238 - - [21/Dec/2025:01:28:00 +0100] "GET /wp-content/uploads/2022/06/c794958c-17de-49c2-b1d4-288d7dfb06c3.jpg HTTP/1.1" 200 202226 "-" "Mozilla/5.0 (compatible; DotBot/1.2; +https://opensiteexplorer.org/dotbot; help@moz.com)"
103.159.51.214 - - [21/Dec/2025:01:27:57 +0100] "POST /xmlrpc.php HTTP/1.1" 503 23228 "-" "Mozilla/5.0 (MSIE 9.0; Windows NT 10.0; WOW64; Trident/7.0; rv:11.0) like Gecko"
103.159.51.214 - - [21/Dec/2025:01:28:07 +0100] "POST /xmlrpc.php HTTP/1.1" 503 23197 "-" "Mozilla/5.0 (MSIE 9.0; Windows NT 10.0; WOW64; Trident/7.0; rv:11.0) like Gecko"
114.119.131.211 - - [21/Dec/2025:01:28:14 +0100] "GET /chiodate-scarpe-unisex-home/ufcmdg1/ HTTP/1.1" 200 48488 "https://www.readytorun.it/product-sitemap3.xml" "Mozilla/5.0 (Linux; Android 7.0;) AppleWebKit/537.36 (KHTML, like Gecko) Mobile Safari/537.36 (compatible; PetalBot;+https://webmaster.petalsearch.com/site/petalbot)"
216.244.66.238 - - [21/Dec/2025:01:28:28 +0100] "GET /wp-content/uploads/2022/08/1c7f227d-36ab-48a3-955a-aaa28497e1af.jpg HTTP/1.1" 200 180115 "-" "Mozilla/5.0 (compatible; DotBot/1.2; +https://opensiteexplorer.org/dotbot; help@moz.com)"
52.167.144.218 - - [21/Dec/2025:01:28:45 +0100] "GET /wp-content/uploads/2021/12/d71e3d32-bb65-4f10-a613-dd7b376ab087-100x100.jpg HTTP/1.1" 200 5363 "-" "Mozilla/5.0 AppleWebKit/537.36 (KHTML, like Gecko; compatible; bingbot/2.0; +http://www.bing.com/bingbot.htm) Chrome/116.0.1938.76 Safari/537.36"
216.244.66.238 - - [21/Dec/2025:01:28:55 +0100] "GET /wp-content/uploads/2023/03/5d2dcb5a-5a5d-407d-ab16-46d0edd110ef.jpg HTTP/1.1" 200 100114 "-" "Mozilla/5.0 (compatible; DotBot/1.2; +https://opensiteexplorer.org/dotbot; help@moz.com)"
52.167.144.238 - - [21/Dec/2025:01:29:17 +0100] "GET /wp-content/uploads/2023/03/7ff8b97f-e51e-49b8-a710-ba35f27d2fbe-288x300.jpg HTTP/1.1" 200 10254 "-" "Mozilla/5.0 AppleWebKit/537.36 (KHTML, like Gecko; compatible; bingbot/2.0; +http://www.bing.com/bingbot.htm) Chrome/116.0.1938.76 Safari/537.36"
78.211.37.7 - - [21/Dec/2025:01:29:18 +0100] "GET /wp-content/plugins/instagram-widget-by-wpzoom/dist/styles/frontend/index.css?ver=css-08583cdecf4e HTTP/1.1" 200 11328 "https://www.readytorun.it/?utm_source=ig&utm_medium=social&utm_content=link_in_bio&fbclid=PAZXh0bgNhZW0CMTEAc3J0YwZhcHBfaWQPMTI0MDI0NTc0Mjg3NDE0AAGnvgu4FtGg9mcwW297oGDJiT4bUgt2TJYQ_OnW-0OcOp4cOIwBhV9tgpfcg5w_aem_UK3QsdT6TqXFwdURbI5YpA" "Mozilla/5.0 (iPhone; CPU iPhone OS 18_7 like Mac OS X) AppleWebKit/605.1.15 (KHTML, like Gecko) Mobile/22H20 Instagram 410.0.0.29.70 (iPhone14,8; iOS 18_7; it_IT; it; scale=3.00; 1284x2778; IABMV/1; 843189213) Safari/604.1"
78.211.37.7 - - [21/Dec/2025:01:29:18 +0100] "GET /wp-content/plugins/cookie-notice/css/front.min.css?ver=2.5.11 HTTP/1.1" 200 5260 "https://www.readytorun.it/?utm_source=ig&utm_medium=social&utm_content=link_in_bio&fbclid=PAZXh0bgNhZW0CMTEAc3J0YwZhcHBfaWQPMTI0MDI0NTc0Mjg3NDE0AAGnvgu4FtGg9mcwW297oGDJiT4bUgt2TJYQ_OnW-0OcOp4cOIwBhV9tgpfcg5w_aem_UK3QsdT6TqXFwdURbI5YpA" "Mozilla/5.0 (iPhone; CPU iPhone OS 18_7 like Mac OS X) AppleWebKit/605.1.15 (KHTML, like Gecko) Mobile/22H20 Instagram 410.0.0.29.70 (iPhone14,8; iOS 18_7; it_IT; it; scale=3.00; 1284x2778; IABMV/1; 843189213) Safari/604.1"
78.211.37.7 - - [21/Dec/2025:01:29:18 +0100] "GET /wp-content/plugins/instagram-widget-by-wpzoom/dist/styles/library/swiper.css?ver=7.4.1 HTTP/1.1" 200 8604 "https://www.readytorun.it/?utm_source=ig&utm_medium=social&utm_content=link_in_bio&fbclid=PAZXh0bgNhZW0CMTEAc3J0YwZhcHBfaWQPMTI0MDI0NTc0Mjg3NDE0AAGnvgu4FtGg9mcwW297oGDJiT4bUgt2TJYQ_OnW-0OcOp4cOIwBhV9tgpfcg5w_aem_UK3QsdT6TqXFwdURbI5YpA" "Mozilla/5.0 (iPhone; CPU iPhone OS 18_7 like Mac OS X) AppleWebKit/605.1.15 (KHTML, like Gecko) Mobile/22H20 Instagram 410.0.0.29.70 (iPhone14,8; iOS 18_7; it_IT; it; scale=3.00; 1284x2778; IABMV/1; 843189213) Safari/604.1"
78.211.37.7 - - [21/Dec/2025:01:29:19 +0100] "GET /wp-content/plugins/instagram-widget-by-wpzoom/dist/styles/library/magnific-popup.css?ver=2.2.9 HTTP/1.1" 200 5960 "https://www.readytorun.it/?utm_source=ig&utm_medium=social&utm_content=link_in_bio&fbclid=PAZXh0bgNhZW0CMTEAc3J0YwZhcHBfaWQPMTI0MDI0NTc0Mjg3NDE0AAGnvgu4FtGg9mcwW297oGDJiT4bUgt2TJYQ_OnW-0OcOp4cOIwBhV9tgpfcg5w_aem_UK3QsdT6TqXFwdURbI5YpA" "Mozilla/5.0 (iPhone; CPU iPhone OS 18_7 like Mac OS X) AppleWebKit/605.1.15 (KHTML, like Gecko) Mobile/22H20 Instagram 410.0.0.29.70 (iPhone14,8; iOS 18_7; it_IT; it; scale=3.00; 1284x2778; IABMV/1; 843189213) Safari/604.1"
78.211.37.7 - - [21/Dec/2025:01:29:19 +0100] "GET /wp-includes/css/dashicons.min.css?ver=6.9 HTTP/1.1" 200 39954 "https://www.readytorun.it/?utm_source=ig&utm_medium=social&utm_content=link_in_bio&fbclid=PAZXh0bgNhZW0CMTEAc3J0YwZhcHBfaWQPMTI0MDI0NTc0Mjg3NDE0AAGnvgu4FtGg9mcwW297oGDJiT4bUgt2TJYQ_OnW-0OcOp4cOIwBhV9tgpfcg5w_aem_UK3QsdT6TqXFwdURbI5YpA" "Mozilla/5.0 (iPhone; CPU iPhone OS 18_7 like Mac OS X) AppleWebKit/605.1.15 (KHTML, like Gecko) Mobile/22H20 Instagram 410.0.0.29.70 (iPhone14,8; iOS 18_7; it_IT; it; scale=3.00; 1284x2778; IABMV/1; 843189213) Safari/604.1"
78.211.37.7 - - [21/Dec/2025:01:29:19 +0100] "GET /wp-content/plugins/nexi-xpay-build/assets/css/xpay.css?ver=7.6.2 HTTP/1.1" 200 1287 "https://www.readytorun.it/?utm_source=ig&utm_medium=social&utm_content=link_in_bio&fbclid=PAZXh0bgNhZW0CMTEAc3J0YwZhcHBfaWQPMTI0MDI0NTc0Mjg3NDE0AAGnvgu4FtGg9mcwW297oGDJiT4bUgt2TJYQ_OnW-0OcOp4cOIwBhV9tgpfcg5w_aem_UK3QsdT6TqXFwdURbI5YpA" "Mozilla/5.0 (iPhone; CPU iPhone OS 18_7 like Mac OS X) AppleWebKit/605.1.15 (KHTML, like Gecko) Mobile/22H20 Instagram 410.0.0.29.70 (iPhone14,8; iOS 18_7; it_IT; it; scale=3.00; 1284x2778; IABMV/1; 843189213) Safari/604.1"
78.211.37.7 - - [21/Dec/2025:01:29:19 +0100] "GET /wp-content/plugins/woo-advanced-product-size-chart/public/css/size-chart-for-woocommerce-public.css?ver=2.4.7 HTTP/1.1" 200 2977 "https://www.readytorun.it/?utm_source=ig&utm_medium=social&utm_content=link_in_bio&fbclid=PAZXh0bgNhZW0CMTEAc3J0YwZhcHBfaWQPMTI0MDI0NTc0Mjg3NDE0AAGnvgu4FtGg9mcwW297oGDJiT4bUgt2TJYQ_OnW-0OcOp4cOIwBhV9tgpfcg5w_aem_UK3QsdT6TqXFwdURbI5YpA" "Mozilla/5.0 (iPhone; CPU iPhone OS 18_7 like Mac OS X) AppleWebKit/605.1.15 (KHTML, like Gecko) Mobile/22H20 Instagram 410.0.0.29.70 (iPhone14,8; iOS 18_7; it_IT; it; scale=3.00; 1284x2778; IABMV/1; 843189213) Safari/604.1"
78.211.37.7 - - [21/Dec/2025:01:29:19 +0100] "GET /wp-content/plugins/woo-variation-swatches/assets/css/frontend.min.css?ver=1762855689 HTTP/1.1" 200 4879 "https://www.readytorun.it/?utm_source=ig&utm_medium=social&utm_content=link_in_bio&fbclid=PAZXh0bgNhZW0CMTEAc3J0YwZhcHBfaWQPMTI0MDI0NTc0Mjg3NDE0AAGnvgu4FtGg9mcwW297oGDJiT4bUgt2TJYQ_OnW-0OcOp4cOIwBhV9tgpfcg5w_aem_UK3QsdT6TqXFwdURbI5YpA" "Mozilla/5.0 (iPhone; CPU iPhone OS 18_7 like Mac OS X) AppleWebKit/605.1.15 (KHTML, like Gecko) Mobile/22H20 Instagram 410.0.0.29.70 (iPhone14,8; iOS 18_7; it_IT; it; scale=3.00; 1284x2778; IABMV/1; 843189213) Safari/604.1"
78.211.37.7 - - [21/Dec/2025:01:29:19 +0100] "GET /wp-content/plugins/elementor/assets/css/frontend.min.css?ver=3.33.6 HTTP/1.1" 200 7577 "https://www.readytorun.it/?utm_source=ig&utm_medium=social&utm_content=link_in_bio&fbclid=PAZXh0bgNhZW0CMTEAc3J0YwZhcHBfaWQPMTI0MDI0NTc0Mjg3NDE0AAGnvgu4FtGg9mcwW297oGDJiT4bUgt2TJYQ_OnW-0OcOp4cOIwBhV9tgpfcg5w_aem_UK3QsdT6TqXFwdURbI5YpA" "Mozilla/5.0 (iPhone; CPU iPhone OS 18_7 like Mac OS X) AppleWebKit/605.1.15 (KHTML, like Gecko) Mobile/22H20 Instagram 410.0.0.29.70 (iPhone14,8; iOS 18_7; it_IT; it; scale=3.00; 1284x2778; IABMV/1; 843189213) Safari/604.1"
78.211.37.7 - - [21/Dec/2025:01:29:19 +0100] "GET /wp-content/uploads/rey/hs-53c6762301.css?ver=3.1.9.1760372463 HTTP/1.1" 200 9794 "https://www.readytorun.it/?utm_source=ig&utm_medium=social&utm_content=link_in_bio&fbclid=PAZXh0bgNhZW0CMTEAc3J0YwZhcHBfaWQPMTI0MDI0NTc0Mjg3NDE0AAGnvgu4FtGg9mcwW297oGDJiT4bUgt2TJYQ_OnW-0OcOp4cOIwBhV9tgpfcg5w_aem_UK3QsdT6TqXFwdURbI5YpA" "Mozilla/5.0 (iPhone; CPU iPhone OS 18_7 like Mac OS X) AppleWebKit/605.1.15 (KHTML, like Gecko) Mobile/22H20 Instagram 410.0.0.29.70 (iPhone14,8; iOS 18_7; it_IT; it; scale=3.00; 1284x2778; IABMV/1; 843189213) Safari/604.1"
78.211.37.7 - - [21/Dec/2025:01:29:19 +0100] "GET /wp-content/uploads/rey/ds-a6be279761.css?ver=3.1.9.1760372486 HTTP/1.1" 200 31862 "https://www.readytorun.it/?utm_source=ig&utm_medium=social&utm_content=link_in_bio&fbclid=PAZXh0bgNhZW0CMTEAc3J0YwZhcHBfaWQPMTI0MDI0NTc0Mjg3NDE0AAGnvgu4FtGg9mcwW297oGDJiT4bUgt2TJYQ_OnW-0OcOp4cOIwBhV9tgpfcg5w_aem_UK3QsdT6TqXFwdURbI5YpA" "Mozilla/5.0 (iPhone; CPU iPhone OS 18_7 like Mac OS X) AppleWebKit/605.1.15 (KHTML, like Gecko) Mobile/22H20 Instagram 410.0.0.29.70 (iPhone14,8; iOS 18_7; it_IT; it; scale=3.00; 1284x2778; IABMV/1; 843189213) Safari/604.1"
78.211.37.7 - - [21/Dec/2025:01:29:19 +0100] "GET /wp-content/uploads/elementor/css/post-8.css?ver=1766268503 HTTP/1.1" 200 680 "https://www.readytorun.it/?utm_source=ig&utm_medium=social&utm_content=link_in_bio&fbclid=PAZXh0bgNhZW0CMTEAc3J0YwZhcHBfaWQPMTI0MDI0NTc0Mjg3NDE0AAGnvgu4FtGg9mcwW297oGDJiT4bUgt2TJYQ_OnW-0OcOp4cOIwBhV9tgpfcg5w_aem_UK3QsdT6TqXFwdURbI5YpA" "Mozilla/5.0 (iPhone; CPU iPhone OS 18_7 like Mac OS X) AppleWebKit/605.1.15 (KHTML, like Gecko) Mobile/22H20 Instagram 410.0.0.29.70 (iPhone14,8; iOS 18_7; it_IT; it; scale=3.00; 1284x2778; IABMV/1; 843189213) Safari/604.1"
78.211.37.7 - - [21/Dec/2025:01:29:19 +0100] "GET /wp-content/plugins/elementor/assets/lib/font-awesome/css/all.min.css?ver=3.33.6 HTTP/1.1" 200 13279 "https://www.readytorun.it/?utm_source=ig&utm_medium=social&utm_content=link_in_bio&fbclid=PAZXh0bgNhZW0CMTEAc3J0YwZhcHBfaWQPMTI0MDI0NTc0Mjg3NDE0AAGnvgu4FtGg9mcwW297oGDJiT4bUgt2TJYQ_OnW-0OcOp4cOIwBhV9tgpfcg5w_aem_UK3QsdT6TqXFwdURbI5YpA" "Mozilla/5.0 (iPhone; CPU iPhone OS 18_7 like Mac OS X) AppleWebKit/605.1.15 (KHTML, like Gecko) Mobile/22H20 Instagram 410.0.0.29.70 (iPhone14,8; iOS 18_7; it_IT; it; scale=3.00; 1284x2778; IABMV/1; 843189213) Safari/604.1"
78.211.37.7 - - [21/Dec/2025:01:29:19 +0100] "GET /wp-content/plugins/elementor/assets/lib/font-awesome/css/v4-shims.min.css?ver=3.33.6 HTTP/1.1" 200 4616 "https://www.readytorun.it/?utm_source=ig&utm_medium=social&utm_content=link_in_bio&fbclid=PAZXh0bgNhZW0CMTEAc3J0YwZhcHBfaWQPMTI0MDI0NTc0Mjg3NDE0AAGnvgu4FtGg9mcwW297oGDJiT4bUgt2TJYQ_OnW-0OcOp4cOIwBhV9tgpfcg5w_aem_UK3QsdT6TqXFwdURbI5YpA" "Mozilla/5.0 (iPhone; CPU iPhone OS 18_7 like Mac OS X) AppleWebKit/605.1.15 (KHTML, like Gecko) Mobile/22H20 Instagram 410.0.0.29.70 (iPhone14,8; iOS 18_7; it_IT; it; scale=3.00; 1284x2778; IABMV/1; 843189213) Safari/604.1"
78.211.37.7 - - [21/Dec/2025:01:29:19 +0100] "GET /wp-content/plugins/elementor/assets/css/widget-heading.min.css?ver=3.33.6 HTTP/1.1" 200 501 "https://www.readytorun.it/?utm_source=ig&utm_medium=social&utm_content=link_in_bio&fbclid=PAZXh0bgNhZW0CMTEAc3J0YwZhcHBfaWQPMTI0MDI0NTc0Mjg3NDE0AAGnvgu4FtGg9mcwW297oGDJiT4bUgt2TJYQ_OnW-0OcOp4cOIwBhV9tgpfcg5w_aem_UK3QsdT6TqXFwdURbI5YpA" "Mozilla/5.0 (iPhone; CPU iPhone OS 18_7 like Mac OS X) AppleWebKit/605.1.15 (KHTML, like Gecko) Mobile/22H20 Instagram 410.0.0.29.70 (iPhone14,8; iOS 18_7; it_IT; it; scale=3.00; 1284x2778; IABMV/1; 843189213) Safari/604.1"
78.211.37.7 - - [21/Dec/2025:01:29:19 +0100] "GET /wp-content/plugins/elementor/assets/css/widget-spacer.min.css?ver=3.33.6 HTTP/1.1" 200 679 "https://www.readytorun.it/?utm_source=ig&utm_medium=social&utm_content=link_in_bio&fbclid=PAZXh0bgNhZW0CMTEAc3J0YwZhcHBfaWQPMTI0MDI0NTc0Mjg3NDE0AAGnvgu4FtGg9mcwW297oGDJiT4bUgt2TJYQ_OnW-0OcOp4cOIwBhV9tgpfcg5w_aem_UK3QsdT6TqXFwdURbI5YpA" "Mozilla/5.0 (iPhone; CPU iPhone OS 18_7 like Mac OS X) AppleWebKit/605.1.15 (KHTML, like Gecko) Mobile/22H20 Instagram 410.0.0.29.70 (iPhone14,8; iOS 18_7; it_IT; it; scale=3.00; 1284x2778; IABMV/1; 843189213) Safari/604.1"
78.211.37.7 - - [21/Dec/2025:01:29:19 +0100] "GET /wp-content/plugins/elementor/assets/lib/animations/styles/e-animation-grow.min.css?ver=3.33.6 HTTP/1.1" 200 458 "https://www.readytorun.it/?utm_source=ig&utm_medium=social&utm_content=link_in_bio&fbclid=PAZXh0bgNhZW0CMTEAc3J0YwZhcHBfaWQPMTI0MDI0NTc0Mjg3NDE0AAGnvgu4FtGg9mcwW297oGDJiT4bUgt2TJYQ_OnW-0OcOp4cOIwBhV9tgpfcg5w_aem_UK3QsdT6TqXFwdURbI5YpA" "Mozilla/5.0 (iPhone; CPU iPhone OS 18_7 like Mac OS X) AppleWebKit/605.1.15 (KHTML, like Gecko) Mobile/22H20 Instagram 410.0.0.29.70 (iPhone14,8; iOS 18_7; it_IT; it; scale=3.00; 1284x2778; IABMV/1; 843189213) Safari/604.1"
78.211.37.7 - - [21/Dec/2025:01:29:19 +0100] "GET /wp-content/plugins/elementor/assets/css/widget-image.min.css?ver=3.33.6 HTTP/1.1" 200 475 "https://www.readytorun.it/?utm_source=ig&utm_medium=social&utm_content=link_in_bio&fbclid=PAZXh0bgNhZW0CMTEAc3J0YwZhcHBfaWQPMTI0MDI0NTc0Mjg3NDE0AAGnvgu4FtGg9mcwW297oGDJiT4bUgt2TJYQ_OnW-0OcOp4cOIwBhV9tgpfcg5w_aem_UK3QsdT6TqXFwdURbI5YpA" "Mozilla/5.0 (iPhone; CPU iPhone OS 18_7 like Mac OS X) AppleWebKit/605.1.15 (KHTML, like Gecko) Mobile/22H20 Instagram 410.0.0.29.70 (iPhone14,8; iOS 18_7; it_IT; it; scale=3.00; 1284x2778; IABMV/1; 843189213) Safari/604.1"
78.211.37.7 - - [21/Dec/2025:01:29:19 +0100] "GET /wp-content/uploads/elementor/css/post-1355.css?ver=1766268503 HTTP/1.1" 200 5423 "https://www.readytorun.it/?utm_source=ig&utm_medium=social&utm_content=link_in_bio&fbclid=PAZXh0bgNhZW0CMTEAc3J0YwZhcHBfaWQPMTI0MDI0NTc0Mjg3NDE0AAGnvgu4FtGg9mcwW297oGDJiT4bUgt2TJYQ_OnW-0OcOp4cOIwBhV9tgpfcg5w_aem_UK3QsdT6TqXFwdURbI5YpA" "Mozilla/5.0 (iPhone; CPU iPhone OS 18_7 like Mac OS X) AppleWebKit/605.1.15 (KHTML, like Gecko) Mobile/22H20 Instagram 410.0.0.29.70 (iPhone14,8; iOS 18_7; it_IT; it; scale=3.00; 1284x2778; IABMV/1; 843189213) Safari/604.1"
78.211.37.7 - - [21/Dec/2025:01:29:19 +0100] "GET /wp-content/uploads/elementor/css/post-97.css?ver=1766268503 HTTP/1.1" 200 1153 "https://www.readytorun.it/?utm_source=ig&utm_medium=social&utm_content=link_in_bio&fbclid=PAZXh0bgNhZW0CMTEAc3J0YwZhcHBfaWQPMTI0MDI0NTc0Mjg3NDE0AAGnvgu4FtGg9mcwW297oGDJiT4bUgt2TJYQ_OnW-0OcOp4cOIwBhV9tgpfcg5w_aem_UK3QsdT6TqXFwdURbI5YpA" "Mozilla/5.0 (iPhone; CPU iPhone OS 18_7 like Mac OS X) AppleWebKit/605.1.15 (KHTML, like Gecko) Mobile/22H20 Instagram 410.0.0.29.70 (iPhone14,8; iOS 18_7; it_IT; it; scale=3.00; 1284x2778; IABMV/1; 843189213) Safari/604.1"
78.211.37.7 - - [21/Dec/2025:01:29:19 +0100] "GET /wp-content/themes/rey-child/style.css?ver=6.9 HTTP/1.1" 200 3698 "https://www.readytorun.it/?utm_source=ig&utm_medium=social&utm_content=link_in_bio&fbclid=PAZXh0bgNhZW0CMTEAc3J0YwZhcHBfaWQPMTI0MDI0NTc0Mjg3NDE0AAGnvgu4FtGg9mcwW297oGDJiT4bUgt2TJYQ_OnW-0OcOp4cOIwBhV9tgpfcg5w_aem_UK3QsdT6TqXFwdURbI5YpA" "Mozilla/5.0 (iPhone; CPU iPhone OS 18_7 like Mac OS X) AppleWebKit/605.1.15 (KHTML, like Gecko) Mobile/22H20 Instagram 410.0.0.29.70 (iPhone14,8; iOS 18_7; it_IT; it; scale=3.00; 1284x2778; IABMV/1; 843189213) Safari/604.1"
78.211.37.7 - - [21/Dec/2025:01:29:19 +0100] "GET /wp-content/uploads/elementor/google-fonts/css/sourcesanspro.css?ver=1742249332 HTTP/1.1" 200 1587 "https://www.readytorun.it/?utm_source=ig&utm_medium=social&utm_content=link_in_bio&fbclid=PAZXh0bgNhZW0CMTEAc3J0YwZhcHBfaWQPMTI0MDI0NTc0Mjg3NDE0AAGnvgu4FtGg9mcwW297oGDJiT4bUgt2TJYQ_OnW-0OcOp4cOIwBhV9tgpfcg5w_aem_UK3QsdT6TqXFwdURbI5YpA" "Mozilla/5.0 (iPhone; CPU iPhone OS 18_7 like Mac OS X) AppleWebKit/605.1.15 (KHTML, like Gecko) Mobile/22H20 Instagram 410.0.0.29.70 (iPhone14,8; iOS 18_7; it_IT; it; scale=3.00; 1284x2778; IABMV/1; 843189213) Safari/604.1"
78.211.37.7 - - [21/Dec/2025:01:29:19 +0100] "GET /wp-includes/js/jquery/jquery-migrate.min.js?ver=3.4.1 HTTP/1.1" 200 5273 "https://www.readytorun.it/?utm_source=ig&utm_medium=social&utm_content=link_in_bio&fbclid=PAZXh0bgNhZW0CMTEAc3J0YwZhcHBfaWQPMTI0MDI0NTc0Mjg3NDE0AAGnvgu4FtGg9mcwW297oGDJiT4bUgt2TJYQ_OnW-0OcOp4cOIwBhV9tgpfcg5w_aem_UK3QsdT6TqXFwdURbI5YpA" "Mozilla/5.0 (iPhone; CPU iPhone OS 18_7 like Mac OS X) AppleWebKit/605.1.15 (KHTML, like Gecko) Mobile/22H20 Instagram 410.0.0.29.70 (iPhone14,8; iOS 18_7; it_IT; it; scale=3.00; 1284x2778; IABMV/1; 843189213) Safari/604.1"
78.211.37.7 - - [21/Dec/2025:01:29:19 +0100] "GET /wp-includes/js/underscore.min.js?ver=1.13.7 HTTP/1.1" 200 7718 "https://www.readytorun.it/?utm_source=ig&utm_medium=social&utm_content=link_in_bio&fbclid=PAZXh0bgNhZW0CMTEAc3J0YwZhcHBfaWQPMTI0MDI0NTc0Mjg3NDE0AAGnvgu4FtGg9mcwW297oGDJiT4bUgt2TJYQ_OnW-0OcOp4cOIwBhV9tgpfcg5w_aem_UK3QsdT6TqXFwdURbI5YpA" "Mozilla/5.0 (iPhone; CPU iPhone OS 18_7 like Mac OS X) AppleWebKit/605.1.15 (KHTML, like Gecko) Mobile/22H20 Instagram 410.0.0.29.70 (iPhone14,8; iOS 18_7; it_IT; it; scale=3.00; 1284x2778; IABMV/1; 843189213) Safari/604.1"
78.211.37.7 - - [21/Dec/2025:01:29:19 +0100] "GET /wp-includes/js/jquery/jquery.min.js?ver=3.7.1 HTTP/1.1" 200 30837 "https://www.readytorun.it/?utm_source=ig&utm_medium=social&utm_content=link_in_bio&fbclid=PAZXh0bgNhZW0CMTEAc3J0YwZhcHBfaWQPMTI0MDI0NTc0Mjg3NDE0AAGnvgu4FtGg9mcwW297oGDJiT4bUgt2TJYQ_OnW-0OcOp4cOIwBhV9tgpfcg5w_aem_UK3QsdT6TqXFwdURbI5YpA" "Mozilla/5.0 (iPhone; CPU iPhone OS 18_7 like Mac OS X) AppleWebKit/605.1.15 (KHTML, like Gecko) Mobile/22H20 Instagram 410.0.0.29.70 (iPhone14,8; iOS 18_7; it_IT; it; scale=3.00; 1284x2778; IABMV/1; 843189213) Safari/604.1"
78.211.37.7 - - [21/Dec/2025:01:29:19 +0100] "GET /wp-includes/js/wp-util.min.js?ver=6.9 HTTP/1.1" 200 1111 "https://www.readytorun.it/?utm_source=ig&utm_medium=social&utm_content=link_in_bio&fbclid=PAZXh0bgNhZW0CMTEAc3J0YwZhcHBfaWQPMTI0MDI0NTc0Mjg3NDE0AAGnvgu4FtGg9mcwW297oGDJiT4bUgt2TJYQ_OnW-0OcOp4cOIwBhV9tgpfcg5w_aem_UK3QsdT6TqXFwdURbI5YpA" "Mozilla/5.0 (iPhone; CPU iPhone OS 18_7 like Mac OS X) AppleWebKit/605.1.15 (KHTML, like Gecko) Mobile/22H20 Instagram 410.0.0.29.70 (iPhone14,8; iOS 18_7; it_IT; it; scale=3.00; 1284x2778; IABMV/1; 843189213) Safari/604.1"
78.211.37.7 - - [21/Dec/2025:01:29:19 +0100] "GET /wp-content/plugins/instagram-widget-by-wpzoom/dist/scripts/library/magnific-popup.js?ver=1764842908 HTTP/1.1" 200 7906 "https://www.readytorun.it/?utm_source=ig&utm_medium=social&utm_content=link_in_bio&fbclid=PAZXh0bgNhZW0CMTEAc3J0YwZhcHBfaWQPMTI0MDI0NTc0Mjg3NDE0AAGnvgu4FtGg9mcwW297oGDJiT4bUgt2TJYQ_OnW-0OcOp4cOIwBhV9tgpfcg5w_aem_UK3QsdT6TqXFwdURbI5YpA" "Mozilla/5.0 (iPhone; CPU iPhone OS 18_7 like Mac OS X) AppleWebKit/605.1.15 (KHTML, like Gecko) Mobile/22H20 Instagram 410.0.0.29.70 (iPhone14,8; iOS 18_7; it_IT; it; scale=3.00; 1284x2778; IABMV/1; 843189213) Safari/604.1"
78.211.37.7 - - [21/Dec/2025:01:29:19 +0100] "GET /wp-content/plugins/instagram-widget-by-wpzoom/dist/scripts/library/swiper.js?ver=7.4.1 HTTP/1.1" 200 38176 "https://www.readytorun.it/?utm_source=ig&utm_medium=social&utm_content=link_in_bio&fbclid=PAZXh0bgNhZW0CMTEAc3J0YwZhcHBfaWQPMTI0MDI0NTc0Mjg3NDE0AAGnvgu4FtGg9mcwW297oGDJiT4bUgt2TJYQ_OnW-0OcOp4cOIwBhV9tgpfcg5w_aem_UK3QsdT6TqXFwdURbI5YpA" "Mozilla/5.0 (iPhone; CPU iPhone OS 18_7 like Mac OS X) AppleWebKit/605.1.15 (KHTML, like Gecko) Mobile/22H20 Instagram 410.0.0.29.70 (iPhone14,8; iOS 18_7; it_IT; it; scale=3.00; 1284x2778; IABMV/1; 843189213) Safari/604.1"
78.211.37.7 - - [21/Dec/2025:01:29:19 +0100] "GET /wp-content/plugins/instagram-widget-by-wpzoom/dist/scripts/frontend/block.js?ver=74a049bb282113514b2a HTTP/1.1" 200 1391 "https://www.readytorun.it/?utm_source=ig&utm_medium=social&utm_content=link_in_bio&fbclid=PAZXh0bgNhZW0CMTEAc3J0YwZhcHBfaWQPMTI0MDI0NTc0Mjg3NDE0AAGnvgu4FtGg9mcwW297oGDJiT4bUgt2TJYQ_OnW-0OcOp4cOIwBhV9tgpfcg5w_aem_UK3QsdT6TqXFwdURbI5YpA" "Mozilla/5.0 (iPhone; CPU iPhone OS 18_7 like Mac OS X) AppleWebKit/605.1.15 (KHTML, like Gecko) Mobile/22H20 Instagram 410.0.0.29.70 (iPhone14,8; iOS 18_7; it_IT; it; scale=3.00; 1284x2778; IABMV/1; 843189213) Safari/604.1"
78.211.37.7 - - [21/Dec/2025:01:29:19 +0100] "GET /wp-content/plugins/woocommerce/assets/js/jquery-blockui/jquery.blockUI.min.js?ver=2.7.0-wc.10.3.3 HTTP/1.1" 200 3938 "https://www.readytorun.it/?utm_source=ig&utm_medium=social&utm_content=link_in_bio&fbclid=PAZXh0bgNhZW0CMTEAc3J0YwZhcHBfaWQPMTI0MDI0NTc0Mjg3NDE0AAGnvgu4FtGg9mcwW297oGDJiT4bUgt2TJYQ_OnW-0OcOp4cOIwBhV9tgpfcg5w_aem_UK3QsdT6TqXFwdURbI5YpA" "Mozilla/5.0 (iPhone; CPU iPhone OS 18_7 like Mac OS X) AppleWebKit/605.1.15 (KHTML, like Gecko) Mobile/22H20 Instagram 410.0.0.29.70 (iPhone14,8; iOS 18_7; it_IT; it; scale=3.00; 1284x2778; IABMV/1; 843189213) Safari/604.1"
78.211.37.7 - - [21/Dec/2025:01:29:19 +0100] "GET /wp-content/plugins/woocommerce/assets/js/frontend/add-to-cart.min.js?ver=10.3.3 HTTP/1.1" 200 1724 "https://www.readytorun.it/?utm_source=ig&utm_medium=social&utm_content=link_in_bio&fbclid=PAZXh0bgNhZW0CMTEAc3J0YwZhcHBfaWQPMTI0MDI0NTc0Mjg3NDE0AAGnvgu4FtGg9mcwW297oGDJiT4bUgt2TJYQ_OnW-0OcOp4cOIwBhV9tgpfcg5w_aem_UK3QsdT6TqXFwdURbI5YpA" "Mozilla/5.0 (iPhone; CPU iPhone OS 18_7 like Mac OS X) AppleWebKit/605.1.15 (KHTML, like Gecko) Mobile/22H20 Instagram 410.0.0.29.70 (iPhone14,8; iOS 18_7; it_IT; it; scale=3.00; 1284x2778; IABMV/1; 843189213) Safari/604.1"
78.211.37.7 - - [21/Dec/2025:01:29:19 +0100] "GET /wp-content/plugins/woocommerce/assets/js/js-cookie/js.cookie.min.js?ver=2.1.4-wc.10.3.3 HTTP/1.1" 200 1188 "https://www.readytorun.it/?utm_source=ig&utm_medium=social&utm_content=link_in_bio&fbclid=PAZXh0bgNhZW0CMTEAc3J0YwZhcHBfaWQPMTI0MDI0NTc0Mjg3NDE0AAGnvgu4FtGg9mcwW297oGDJiT4bUgt2TJYQ_OnW-0OcOp4cOIwBhV9tgpfcg5w_aem_UK3QsdT6TqXFwdURbI5YpA" "Mozilla/5.0 (iPhone; CPU iPhone OS 18_7 like Mac OS X) AppleWebKit/605.1.15 (KHTML, like Gecko) Mobile/22H20 Instagram 410.0.0.29.70 (iPhone14,8; iOS 18_7; it_IT; it; scale=3.00; 1284x2778; IABMV/1; 843189213) Safari/604.1"
78.211.37.7 - - [21/Dec/2025:01:29:19 +0100] "GET /wp-content/plugins/woocommerce/assets/js/frontend/woocommerce.min.js?ver=10.3.3 HTTP/1.1" 200 1830 "https://www.readytorun.it/?utm_source=ig&utm_medium=social&utm_content=link_in_bio&fbclid=PAZXh0bgNhZW0CMTEAc3J0YwZhcHBfaWQPMTI0MDI0NTc0Mjg3NDE0AAGnvgu4FtGg9mcwW297oGDJiT4bUgt2TJYQ_OnW-0OcOp4cOIwBhV9tgpfcg5w_aem_UK3QsdT6TqXFwdURbI5YpA" "Mozilla/5.0 (iPhone; CPU iPhone OS 18_7 like Mac OS X) AppleWebKit/605.1.15 (KHTML, like Gecko) Mobile/22H20 Instagram 410.0.0.29.70 (iPhone14,8; iOS 18_7; it_IT; it; scale=3.00; 1284x2778; IABMV/1; 843189213) Safari/604.1"
78.211.37.7 - - [21/Dec/2025:01:29:19 +0100] "GET /wp-content/plugins/nexi-xpay-build/assets/js/xpay.js?ver=7.6.2 HTTP/1.1" 200 1043 "https://www.readytorun.it/?utm_source=ig&utm_medium=social&utm_content=link_in_bio&fbclid=PAZXh0bgNhZW0CMTEAc3J0YwZhcHBfaWQPMTI0MDI0NTc0Mjg3NDE0AAGnvgu4FtGg9mcwW297oGDJiT4bUgt2TJYQ_OnW-0OcOp4cOIwBhV9tgpfcg5w_aem_UK3QsdT6TqXFwdURbI5YpA" "Mozilla/5.0 (iPhone; CPU iPhone OS 18_7 like Mac OS X) AppleWebKit/605.1.15 (KHTML, like Gecko) Mobile/22H20 Instagram 410.0.0.29.70 (iPhone14,8; iOS 18_7; it_IT; it; scale=3.00; 1284x2778; IABMV/1; 843189213) Safari/604.1"
78.211.37.7 - - [21/Dec/2025:01:29:19 +0100] "GET /wp-content/plugins/nexi-xpay-build/assets/js/xpay-build.js?ver=7.6.2 HTTP/1.1" 200 3461 "https://www.readytorun.it/?utm_source=ig&utm_medium=social&utm_content=link_in_bio&fbclid=PAZXh0bgNhZW0CMTEAc3J0YwZhcHBfaWQPMTI0MDI0NTc0Mjg3NDE0AAGnvgu4FtGg9mcwW297oGDJiT4bUgt2TJYQ_OnW-0OcOp4cOIwBhV9tgpfcg5w_aem_UK3QsdT6TqXFwdURbI5YpA" "Mozilla/5.0 (iPhone; CPU iPhone OS 18_7 like Mac OS X) AppleWebKit/605.1.15 (KHTML, like Gecko) Mobile/22H20 Instagram 410.0.0.29.70 (iPhone14,8; iOS 18_7; it_IT; it; scale=3.00; 1284x2778; IABMV/1; 843189213) Safari/604.1"
78.211.37.7 - - [21/Dec/2025:01:29:19 +0100] "GET /wp-content/plugins/elementor/assets/lib/font-awesome/js/v4-shims.min.js?ver=3.33.6 HTTP/1.1" 200 4610 "https://www.readytorun.it/?utm_source=ig&utm_medium=social&utm_content=link_in_bio&fbclid=PAZXh0bgNhZW0CMTEAc3J0YwZhcHBfaWQPMTI0MDI0NTc0Mjg3NDE0AAGnvgu4FtGg9mcwW297oGDJiT4bUgt2TJYQ_OnW-0OcOp4cOIwBhV9tgpfcg5w_aem_UK3QsdT6TqXFwdURbI5YpA" "Mozilla/5.0 (iPhone; CPU iPhone OS 18_7 like Mac OS X) AppleWebKit/605.1.15 (KHTML, like Gecko) Mobile/22H20 Instagram 410.0.0.29.70 (iPhone14,8; iOS 18_7; it_IT; it; scale=3.00; 1284x2778; IABMV/1; 843189213) Safari/604.1"
78.211.37.7 - - [21/Dec/2025:01:29:19 +0100] "GET /wp-content/plugins/nexi-xpay-build/build/index_xpay_build.css?ver=990856cfbde295b53445 HTTP/1.1" 200 720 "https://www.readytorun.it/?utm_source=ig&utm_medium=social&utm_content=link_in_bio&fbclid=PAZXh0bgNhZW0CMTEAc3J0YwZhcHBfaWQPMTI0MDI0NTc0Mjg3NDE0AAGnvgu4FtGg9mcwW297oGDJiT4bUgt2TJYQ_OnW-0OcOp4cOIwBhV9tgpfcg5w_aem_UK3QsdT6TqXFwdURbI5YpA" "Mozilla/5.0 (iPhone; CPU iPhone OS 18_7 like Mac OS X) AppleWebKit/605.1.15 (KHTML, like Gecko) Mobile/22H20 Instagram 410.0.0.29.70 (iPhone14,8; iOS 18_7; it_IT; it; scale=3.00; 1284x2778; IABMV/1; 843189213) Safari/604.1"
78.211.37.7 - - [21/Dec/2025:01:29:19 +0100] "GET /wp-content/plugins/nexi-xpay-build/assets/js/pagodil-sticker.min.js?v=7.6.2 HTTP/1.1" 200 16136 "https://www.readytorun.it/?utm_source=ig&utm_medium=social&utm_content=link_in_bio&fbclid=PAZXh0bgNhZW0CMTEAc3J0YwZhcHBfaWQPMTI0MDI0NTc0Mjg3NDE0AAGnvgu4FtGg9mcwW297oGDJiT4bUgt2TJYQ_OnW-0OcOp4cOIwBhV9tgpfcg5w_aem_UK3QsdT6TqXFwdURbI5YpA" "Mozilla/5.0 (iPhone; CPU iPhone OS 18_7 like Mac OS X) AppleWebKit/605.1.15 (KHTML, like Gecko) Mobile/22H20 Instagram 410.0.0.29.70 (iPhone14,8; iOS 18_7; it_IT; it; scale=3.00; 1284x2778; IABMV/1; 843189213) Safari/604.1"
78.211.37.7 - - [21/Dec/2025:01:29:19 +0100] "GET /wp-content/plugins/nexi-xpay-build/build/index_xpay_applepay.css?ver=c8d190ad6ffecea1f88c HTTP/1.1" 200 693 "https://www.readytorun.it/?utm_source=ig&utm_medium=social&utm_content=link_in_bio&fbclid=PAZXh0bgNhZW0CMTEAc3J0YwZhcHBfaWQPMTI0MDI0NTc0Mjg3NDE0AAGnvgu4FtGg9mcwW297oGDJiT4bUgt2TJYQ_OnW-0OcOp4cOIwBhV9tgpfcg5w_aem_UK3QsdT6TqXFwdURbI5YpA" "Mozilla/5.0 (iPhone; CPU iPhone OS 18_7 like Mac OS X) AppleWebKit/605.1.15 (KHTML, like Gecko) Mobile/22H20 Instagram 410.0.0.29.70 (iPhone14,8; iOS 18_7; it_IT; it; scale=3.00; 1284x2778; IABMV/1; 843189213) Safari/604.1"
78.211.37.7 - - [21/Dec/2025:01:29:11 +0100] "GET /?utm_source=ig&utm_medium=social&utm_content=link_in_bio&fbclid=PAZXh0bgNhZW0CMTEAc3J0YwZhcHBfaWQPMTI0MDI0NTc0Mjg3NDE0AAGnvgu4FtGg9mcwW297oGDJiT4bUgt2TJYQ_OnW-0OcOp4cOIwBhV9tgpfcg5w_aem_UK3QsdT6TqXFwdURbI5YpA HTTP/1.1" 200 61872 "https://l.instagram.com/" "Mozilla/5.0 (iPhone; CPU iPhone OS 18_7 like Mac OS X) AppleWebKit/605.1.15 (KHTML, like Gecko) Mobile/22H20 Instagram 410.0.0.29.70 (iPhone14,8; iOS 18_7; it_IT; it; scale=3.00; 1284x2778; IABMV/1; 843189213) Safari/604.1"
78.211.37.7 - - [21/Dec/2025:01:29:19 +0100] "GET /wp-content/plugins/nexi-xpay-build/build/index_xpay_googlepay.css?ver=82ae01a55d598816d438 HTTP/1.1" 200 693 "https://www.readytorun.it/?utm_source=ig&utm_medium=social&utm_content=link_in_bio&fbclid=PAZXh0bgNhZW0CMTEAc3J0YwZhcHBfaWQPMTI0MDI0NTc0Mjg3NDE0AAGnvgu4FtGg9mcwW297oGDJiT4bUgt2TJYQ_OnW-0OcOp4cOIwBhV9tgpfcg5w_aem_UK3QsdT6TqXFwdURbI5YpA" "Mozilla/5.0 (iPhone; CPU iPhone OS 18_7 like Mac OS X) AppleWebKit/605.1.15 (KHTML, like Gecko) Mobile/22H20 Instagram 410.0.0.29.70 (iPhone14,8; iOS 18_7; it_IT; it; scale=3.00; 1284x2778; IABMV/1; 843189213) Safari/604.1"
78.211.37.7 - - [21/Dec/2025:01:29:19 +0100] "GET /wp-content/plugins/nexi-xpay-build/build/index_xpay_fastcheckout.css?ver=7f112896ff826c3a384d HTTP/1.1" 200 693 "https://www.readytorun.it/?utm_source=ig&utm_medium=social&utm_content=link_in_bio&fbclid=PAZXh0bgNhZW0CMTEAc3J0YwZhcHBfaWQPMTI0MDI0NTc0Mjg3NDE0AAGnvgu4FtGg9mcwW297oGDJiT4bUgt2TJYQ_OnW-0OcOp4cOIwBhV9tgpfcg5w_aem_UK3QsdT6TqXFwdURbI5YpA" "Mozilla/5.0 (iPhone; CPU iPhone OS 18_7 like Mac OS X) AppleWebKit/605.1.15 (KHTML, like Gecko) Mobile/22H20 Instagram 410.0.0.29.70 (iPhone14,8; iOS 18_7; it_IT; it; scale=3.00; 1284x2778; IABMV/1; 843189213) Safari/604.1"
78.211.37.7 - - [21/Dec/2025:01:29:19 +0100] "GET /wp-content/plugins/woocommerce/assets/client/blocks/wc-blocks.css?ver=wc-10.3.3 HTTP/1.1" 200 3005 "https://www.readytorun.it/?utm_source=ig&utm_medium=social&utm_content=link_in_bio&fbclid=PAZXh0bgNhZW0CMTEAc3J0YwZhcHBfaWQPMTI0MDI0NTc0Mjg3NDE0AAGnvgu4FtGg9mcwW297oGDJiT4bUgt2TJYQ_OnW-0OcOp4cOIwBhV9tgpfcg5w_aem_UK3QsdT6TqXFwdURbI5YpA" "Mozilla/5.0 (iPhone; CPU iPhone OS 18_7 like Mac OS X) AppleWebKit/605.1.15 (KHTML, like Gecko) Mobile/22H20 Instagram 410.0.0.29.70 (iPhone14,8; iOS 18_7; it_IT; it; scale=3.00; 1284x2778; IABMV/1; 843189213) Safari/604.1"
78.211.37.7 - - [21/Dec/2025:01:29:19 +0100] "GET /wp-content/plugins/elementor/assets/css/widget-social-icons.min.css?ver=3.33.6 HTTP/1.1" 200 1485 "https://www.readytorun.it/?utm_source=ig&utm_medium=social&utm_content=link_in_bio&fbclid=PAZXh0bgNhZW0CMTEAc3J0YwZhcHBfaWQPMTI0MDI0NTc0Mjg3NDE0AAGnvgu4FtGg9mcwW297oGDJiT4bUgt2TJYQ_OnW-0OcOp4cOIwBhV9tgpfcg5w_aem_UK3QsdT6TqXFwdURbI5YpA" "Mozilla/5.0 (iPhone; CPU iPhone OS 18_7 like Mac OS X) AppleWebKit/605.1.15 (KHTML, like Gecko) Mobile/22H20 Instagram 410.0.0.29.70 (iPhone14,8; iOS 18_7; it_IT; it; scale=3.00; 1284x2778; IABMV/1; 843189213) Safari/604.1"
78.211.37.7 - - [21/Dec/2025:01:29:19 +0100] "GET /wp-content/plugins/elementor/assets/css/conditionals/apple-webkit.min.css?ver=3.33.6 HTTP/1.1" 200 899 "https://www.readytorun.it/?utm_source=ig&utm_medium=social&utm_content=link_in_bio&fbclid=PAZXh0bgNhZW0CMTEAc3J0YwZhcHBfaWQPMTI0MDI0NTc0Mjg3NDE0AAGnvgu4FtGg9mcwW297oGDJiT4bUgt2TJYQ_OnW-0OcOp4cOIwBhV9tgpfcg5w_aem_UK3QsdT6TqXFwdURbI5YpA" "Mozilla/5.0 (iPhone; CPU iPhone OS 18_7 like Mac OS X) AppleWebKit/605.1.15 (KHTML, like Gecko) Mobile/22H20 Instagram 410.0.0.29.70 (iPhone14,8; iOS 18_7; it_IT; it; scale=3.00; 1284x2778; IABMV/1; 843189213) Safari/604.1"
78.211.37.7 - - [21/Dec/2025:01:29:19 +0100] "GET /wp-content/plugins/elementor/assets/css/widget-divider.min.css?ver=3.33.6 HTTP/1.1" 200 1083 "https://www.readytorun.it/?utm_source=ig&utm_medium=social&utm_content=link_in_bio&fbclid=PAZXh0bgNhZW0CMTEAc3J0YwZhcHBfaWQPMTI0MDI0NTc0Mjg3NDE0AAGnvgu4FtGg9mcwW297oGDJiT4bUgt2TJYQ_OnW-0OcOp4cOIwBhV9tgpfcg5w_aem_UK3QsdT6TqXFwdURbI5YpA" "Mozilla/5.0 (iPhone; CPU iPhone OS 18_7 like Mac OS X) AppleWebKit/605.1.15 (KHTML, like Gecko) Mobile/22H20 Instagram 410.0.0.29.70 (iPhone14,8; iOS 18_7; it_IT; it; scale=3.00; 1284x2778; IABMV/1; 843189213) Safari/604.1"
78.211.37.7 - - [21/Dec/2025:01:29:19 +0100] "GET /wp-content/plugins/elementor/assets/css/widget-image-gallery.min.css?ver=3.33.6 HTTP/1.1" 200 699 "https://www.readytorun.it/?utm_source=ig&utm_medium=social&utm_content=link_in_bio&fbclid=PAZXh0bgNhZW0CMTEAc3J0YwZhcHBfaWQPMTI0MDI0NTc0Mjg3NDE0AAGnvgu4FtGg9mcwW297oGDJiT4bUgt2TJYQ_OnW-0OcOp4cOIwBhV9tgpfcg5w_aem_UK3QsdT6TqXFwdURbI5YpA" "Mozilla/5.0 (iPhone; CPU iPhone OS 18_7 like Mac OS X) AppleWebKit/605.1.15 (KHTML, like Gecko) Mobile/22H20 Instagram 410.0.0.29.70 (iPhone14,8; iOS 18_7; it_IT; it; scale=3.00; 1284x2778; IABMV/1; 843189213) Safari/604.1"
78.211.37.7 - - [21/Dec/2025:01:29:19 +0100] "GET /wp-content/plugins/cookie-notice/js/front.min.js?ver=2.5.11 HTTP/1.1" 200 2670 "https://www.readytorun.it/?utm_source=ig&utm_medium=social&utm_content=link_in_bio&fbclid=PAZXh0bgNhZW0CMTEAc3J0YwZhcHBfaWQPMTI0MDI0NTc0Mjg3NDE0AAGnvgu4FtGg9mcwW297oGDJiT4bUgt2TJYQ_OnW-0OcOp4cOIwBhV9tgpfcg5w_aem_UK3QsdT6TqXFwdURbI5YpA" "Mozilla/5.0 (iPhone; CPU iPhone OS 18_7 like Mac OS X) AppleWebKit/605.1.15 (KHTML, like Gecko) Mobile/22H20 Instagram 410.0.0.29.70 (iPhone14,8; iOS 18_7; it_IT; it; scale=3.00; 1284x2778; IABMV/1; 843189213) Safari/604.1"
78.211.37.7 - - [21/Dec/2025:01:29:19 +0100] "GET /wp-content/plugins/duracelltomi-google-tag-manager/dist/js/gtm4wp-ecommerce-generic.js?ver=1.22.3 HTTP/1.1" 200 922 "https://www.readytorun.it/?utm_source=ig&utm_medium=social&utm_content=link_in_bio&fbclid=PAZXh0bgNhZW0CMTEAc3J0YwZhcHBfaWQPMTI0MDI0NTc0Mjg3NDE0AAGnvgu4FtGg9mcwW297oGDJiT4bUgt2TJYQ_OnW-0OcOp4cOIwBhV9tgpfcg5w_aem_UK3QsdT6TqXFwdURbI5YpA" "Mozilla/5.0 (iPhone; CPU iPhone OS 18_7 like Mac OS X) AppleWebKit/605.1.15 (KHTML, like Gecko) Mobile/22H20 Instagram 410.0.0.29.70 (iPhone14,8; iOS 18_7; it_IT; it; scale=3.00; 1284x2778; IABMV/1; 843189213) Safari/604.1"
78.211.37.7 - - [21/Dec/2025:01:29:19 +0100] "GET /wp-content/plugins/duracelltomi-google-tag-manager/dist/js/gtm4wp-woocommerce.js?ver=1.22.3 HTTP/1.1" 200 3417 "https://www.readytorun.it/?utm_source=ig&utm_medium=social&utm_content=link_in_bio&fbclid=PAZXh0bgNhZW0CMTEAc3J0YwZhcHBfaWQPMTI0MDI0NTc0Mjg3NDE0AAGnvgu4FtGg9mcwW297oGDJiT4bUgt2TJYQ_OnW-0OcOp4cOIwBhV9tgpfcg5w_aem_UK3QsdT6TqXFwdURbI5YpA" "Mozilla/5.0 (iPhone; CPU iPhone OS 18_7 like Mac OS X) AppleWebKit/605.1.15 (KHTML, like Gecko) Mobile/22H20 Instagram 410.0.0.29.70 (iPhone14,8; iOS 18_7; it_IT; it; scale=3.00; 1284x2778; IABMV/1; 843189213) Safari/604.1"
78.211.37.7 - - [21/Dec/2025:01:29:19 +0100] "GET /wp-content/plugins/woo-advanced-product-size-chart/public/js/size-chart-for-woocommerce-public.min.js?ver=2.4.7 HTTP/1.1" 200 995 "https://www.readytorun.it/?utm_source=ig&utm_medium=social&utm_content=link_in_bio&fbclid=PAZXh0bgNhZW0CMTEAc3J0YwZhcHBfaWQPMTI0MDI0NTc0Mjg3NDE0AAGnvgu4FtGg9mcwW297oGDJiT4bUgt2TJYQ_OnW-0OcOp4cOIwBhV9tgpfcg5w_aem_UK3QsdT6TqXFwdURbI5YpA" "Mozilla/5.0 (iPhone; CPU iPhone OS 18_7 like Mac OS X) AppleWebKit/605.1.15 (KHTML, like Gecko) Mobile/22H20 Instagram 410.0.0.29.70 (iPhone14,8; iOS 18_7; it_IT; it; scale=3.00; 1284x2778; IABMV/1; 843189213) Safari/604.1"
78.211.37.7 - - [21/Dec/2025:01:29:19 +0100] "GET /wp-includes/js/api-request.min.js?ver=6.9 HTTP/1.1" 200 945 "https://www.readytorun.it/?utm_source=ig&utm_medium=social&utm_content=link_in_bio&fbclid=PAZXh0bgNhZW0CMTEAc3J0YwZhcHBfaWQPMTI0MDI0NTc0Mjg3NDE0AAGnvgu4FtGg9mcwW297oGDJiT4bUgt2TJYQ_OnW-0OcOp4cOIwBhV9tgpfcg5w_aem_UK3QsdT6TqXFwdURbI5YpA" "Mozilla/5.0 (iPhone; CPU iPhone OS 18_7 like Mac OS X) AppleWebKit/605.1.15 (KHTML, like Gecko) Mobile/22H20 Instagram 410.0.0.29.70 (iPhone14,8; iOS 18_7; it_IT; it; scale=3.00; 1284x2778; IABMV/1; 843189213) Safari/604.1"
78.211.37.7 - - [21/Dec/2025:01:29:19 +0100] "GET /wp-includes/js/dist/hooks.min.js?ver=dd5603f07f9220ed27f1 HTTP/1.1" 200 2342 "https://www.readytorun.it/?utm_source=ig&utm_medium=social&utm_content=link_in_bio&fbclid=PAZXh0bgNhZW0CMTEAc3J0YwZhcHBfaWQPMTI0MDI0NTc0Mjg3NDE0AAGnvgu4FtGg9mcwW297oGDJiT4bUgt2TJYQ_OnW-0OcOp4cOIwBhV9tgpfcg5w_aem_UK3QsdT6TqXFwdURbI5YpA" "Mozilla/5.0 (iPhone; CPU iPhone OS 18_7 like Mac OS X) AppleWebKit/605.1.15 (KHTML, like Gecko) Mobile/22H20 Instagram 410.0.0.29.70 (iPhone14,8; iOS 18_7; it_IT; it; scale=3.00; 1284x2778; IABMV/1; 843189213) Safari/604.1"
78.211.37.7 - - [21/Dec/2025:01:29:19 +0100] "GET /wp-includes/js/dist/i18n.min.js?ver=c26c3dc7bed366793375 HTTP/1.1" 200 2630 "https://www.readytorun.it/?utm_source=ig&utm_medium=social&utm_content=link_in_bio&fbclid=PAZXh0bgNhZW0CMTEAc3J0YwZhcHBfaWQPMTI0MDI0NTc0Mjg3NDE0AAGnvgu4FtGg9mcwW297oGDJiT4bUgt2TJYQ_OnW-0OcOp4cOIwBhV9tgpfcg5w_aem_UK3QsdT6TqXFwdURbI5YpA" "Mozilla/5.0 (iPhone; CPU iPhone OS 18_7 like Mac OS X) AppleWebKit/605.1.15 (KHTML, like Gecko) Mobile/22H20 Instagram 410.0.0.29.70 (iPhone14,8; iOS 18_7; it_IT; it; scale=3.00; 1284x2778; IABMV/1; 843189213) Safari/604.1"
78.211.37.7 - - [21/Dec/2025:01:29:19 +0100] "GET /wp-includes/js/dist/url.min.js?ver=9e178c9516d1222dc834 HTTP/1.1" 200 4257 "https://www.readytorun.it/?utm_source=ig&utm_medium=social&utm_content=link_in_bio&fbclid=PAZXh0bgNhZW0CMTEAc3J0YwZhcHBfaWQPMTI0MDI0NTc0Mjg3NDE0AAGnvgu4FtGg9mcwW297oGDJiT4bUgt2TJYQ_OnW-0OcOp4cOIwBhV9tgpfcg5w_aem_UK3QsdT6TqXFwdURbI5YpA" "Mozilla/5.0 (iPhone; CPU iPhone OS 18_7 like Mac OS X) AppleWebKit/605.1.15 (KHTML, like Gecko) Mobile/22H20 Instagram 410.0.0.29.70 (iPhone14,8; iOS 18_7; it_IT; it; scale=3.00; 1284x2778; IABMV/1; 843189213) Safari/604.1"
78.211.37.7 - - [21/Dec/2025:01:29:19 +0100] "GET /wp-includes/js/dist/api-fetch.min.js?ver=3a4d9af2b423048b0dee HTTP/1.1" 200 2837 "https://www.readytorun.it/?utm_source=ig&utm_medium=social&utm_content=link_in_bio&fbclid=PAZXh0bgNhZW0CMTEAc3J0YwZhcHBfaWQPMTI0MDI0NTc0Mjg3NDE0AAGnvgu4FtGg9mcwW297oGDJiT4bUgt2TJYQ_OnW-0OcOp4cOIwBhV9tgpfcg5w_aem_UK3QsdT6TqXFwdURbI5YpA" "Mozilla/5.0 (iPhone; CPU iPhone OS 18_7 like Mac OS X) AppleWebKit/605.1.15 (KHTML, like Gecko) Mobile/22H20 Instagram 410.0.0.29.70 (iPhone14,8; iOS 18_7; it_IT; it; scale=3.00; 1284x2778; IABMV/1; 843189213) Safari/604.1"
78.211.37.7 - - [21/Dec/2025:01:29:19 +0100] "GET /wp-includes/js/dist/vendor/wp-polyfill.min.js?ver=3.15.0 HTTP/1.1" 200 12276 "https://www.readytorun.it/?utm_source=ig&utm_medium=social&utm_content=link_in_bio&fbclid=PAZXh0bgNhZW0CMTEAc3J0YwZhcHBfaWQPMTI0MDI0NTc0Mjg3NDE0AAGnvgu4FtGg9mcwW297oGDJiT4bUgt2TJYQ_OnW-0OcOp4cOIwBhV9tgpfcg5w_aem_UK3QsdT6TqXFwdURbI5YpA" "Mozilla/5.0 (iPhone; CPU iPhone OS 18_7 like Mac OS X) AppleWebKit/605.1.15 (KHTML, like Gecko) Mobile/22H20 Instagram 410.0.0.29.70 (iPhone14,8; iOS 18_7; it_IT; it; scale=3.00; 1284x2778; IABMV/1; 843189213) Safari/604.1"
78.211.37.7 - - [21/Dec/2025:01:29:19 +0100] "GET /wp-content/plugins/woo-variation-swatches/assets/js/frontend.min.js?ver=1762855689 HTTP/1.1" 200 5364 "https://www.readytorun.it/?utm_source=ig&utm_medium=social&utm_content=link_in_bio&fbclid=PAZXh0bgNhZW0CMTEAc3J0YwZhcHBfaWQPMTI0MDI0NTc0Mjg3NDE0AAGnvgu4FtGg9mcwW297oGDJiT4bUgt2TJYQ_OnW-0OcOp4cOIwBhV9tgpfcg5w_aem_UK3QsdT6TqXFwdURbI5YpA" "Mozilla/5.0 (iPhone; CPU iPhone OS 18_7 like Mac OS X) AppleWebKit/605.1.15 (KHTML, like Gecko) Mobile/22H20 Instagram 410.0.0.29.70 (iPhone14,8; iOS 18_7; it_IT; it; scale=3.00; 1284x2778; IABMV/1; 843189213) Safari/604.1"
78.211.37.7 - - [21/Dec/2025:01:29:19 +0100] "GET /wp-content/plugins/woocommerce/assets/js/frontend/order-attribution.min.js?ver=10.3.3 HTTP/1.1" 200 1484 "https://www.readytorun.it/?utm_source=ig&utm_medium=social&utm_content=link_in_bio&fbclid=PAZXh0bgNhZW0CMTEAc3J0YwZhcHBfaWQPMTI0MDI0NTc0Mjg3NDE0AAGnvgu4FtGg9mcwW297oGDJiT4bUgt2TJYQ_OnW-0OcOp4cOIwBhV9tgpfcg5w_aem_UK3QsdT6TqXFwdURbI5YpA" "Mozilla/5.0 (iPhone; CPU iPhone OS 18_7 like Mac OS X) AppleWebKit/605.1.15 (KHTML, like Gecko) Mobile/22H20 Instagram 410.0.0.29.70 (iPhone14,8; iOS 18_7; it_IT; it; scale=3.00; 1284x2778; IABMV/1; 843189213) Safari/604.1"
78.211.37.7 - - [21/Dec/2025:01:29:19 +0100] "GET /wp-content/plugins/woocommerce/assets/js/sourcebuster/sourcebuster.min.js?ver=10.3.3 HTTP/1.1" 200 5208 "https://www.readytorun.it/?utm_source=ig&utm_medium=social&utm_content=link_in_bio&fbclid=PAZXh0bgNhZW0CMTEAc3J0YwZhcHBfaWQPMTI0MDI0NTc0Mjg3NDE0AAGnvgu4FtGg9mcwW297oGDJiT4bUgt2TJYQ_OnW-0OcOp4cOIwBhV9tgpfcg5w_aem_UK3QsdT6TqXFwdURbI5YpA" "Mozilla/5.0 (iPhone; CPU iPhone OS 18_7 like Mac OS X) AppleWebKit/605.1.15 (KHTML, like Gecko) Mobile/22H20 Instagram 410.0.0.29.70 (iPhone14,8; iOS 18_7; it_IT; it; scale=3.00; 1284x2778; IABMV/1; 843189213) Safari/604.1"
78.211.37.7 - - [21/Dec/2025:01:29:19 +0100] "GET /wp-content/plugins/elementor/assets/js/webpack.runtime.min.js?ver=3.33.6 HTTP/1.1" 200 2883 "https://www.readytorun.it/?utm_source=ig&utm_medium=social&utm_content=link_in_bio&fbclid=PAZXh0bgNhZW0CMTEAc3J0YwZhcHBfaWQPMTI0MDI0NTc0Mjg3NDE0AAGnvgu4FtGg9mcwW297oGDJiT4bUgt2TJYQ_OnW-0OcOp4cOIwBhV9tgpfcg5w_aem_UK3QsdT6TqXFwdURbI5YpA" "Mozilla/5.0 (iPhone; CPU iPhone OS 18_7 like Mac OS X) AppleWebKit/605.1.15 (KHTML, like Gecko) Mobile/22H20 Instagram 410.0.0.29.70 (iPhone14,8; iOS 18_7; it_IT; it; scale=3.00; 1284x2778; IABMV/1; 843189213) Safari/604.1"
78.211.37.7 - - [21/Dec/2025:01:29:19 +0100] "GET /wp-content/plugins/contact-form-7/modules/recaptcha/index.js?ver=6.1.4 HTTP/1.1" 200 838 "https://www.readytorun.it/?utm_source=ig&utm_medium=social&utm_content=link_in_bio&fbclid=PAZXh0bgNhZW0CMTEAc3J0YwZhcHBfaWQPMTI0MDI0NTc0Mjg3NDE0AAGnvgu4FtGg9mcwW297oGDJiT4bUgt2TJYQ_OnW-0OcOp4cOIwBhV9tgpfcg5w_aem_UK3QsdT6TqXFwdURbI5YpA" "Mozilla/5.0 (iPhone; CPU iPhone OS 18_7 like Mac OS X) AppleWebKit/605.1.15 (KHTML, like Gecko) Mobile/22H20 Instagram 410.0.0.29.70 (iPhone14,8; iOS 18_7; it_IT; it; scale=3.00; 1284x2778; IABMV/1; 843189213) Safari/604.1"
78.211.37.7 - - [21/Dec/2025:01:29:19 +0100] "GET /wp-content/plugins/elementor/assets/js/frontend-modules.min.js?ver=3.33.6 HTTP/1.1" 200 25737 "https://www.readytorun.it/?utm_source=ig&utm_medium=social&utm_content=link_in_bio&fbclid=PAZXh0bgNhZW0CMTEAc3J0YwZhcHBfaWQPMTI0MDI0NTc0Mjg3NDE0AAGnvgu4FtGg9mcwW297oGDJiT4bUgt2TJYQ_OnW-0OcOp4cOIwBhV9tgpfcg5w_aem_UK3QsdT6TqXFwdURbI5YpA" "Mozilla/5.0 (iPhone; CPU iPhone OS 18_7 like Mac OS X) AppleWebKit/605.1.15 (KHTML, like Gecko) Mobile/22H20 Instagram 410.0.0.29.70 (iPhone14,8; iOS 18_7; it_IT; it; scale=3.00; 1284x2778; IABMV/1; 843189213) Safari/604.1"
78.211.37.7 - - [21/Dec/2025:01:29:19 +0100] "GET /wp-includes/js/jquery/ui/core.min.js?ver=1.13.3 HTTP/1.1" 200 7507 "https://www.readytorun.it/?utm_source=ig&utm_medium=social&utm_content=link_in_bio&fbclid=PAZXh0bgNhZW0CMTEAc3J0YwZhcHBfaWQPMTI0MDI0NTc0Mjg3NDE0AAGnvgu4FtGg9mcwW297oGDJiT4bUgt2TJYQ_OnW-0OcOp4cOIwBhV9tgpfcg5w_aem_UK3QsdT6TqXFwdURbI5YpA" "Mozilla/5.0 (iPhone; CPU iPhone OS 18_7 like Mac OS X) AppleWebKit/605.1.15 (KHTML, like Gecko) Mobile/22H20 Instagram 410.0.0.29.70 (iPhone14,8; iOS 18_7; it_IT; it; scale=3.00; 1284x2778; IABMV/1; 843189213) Safari/604.1"
78.211.37.7 - - [21/Dec/2025:01:29:19 +0100] "GET /wp-content/plugins/elementor/assets/js/frontend.min.js?ver=3.33.6 HTTP/1.1" 200 10749 "https://www.readytorun.it/?utm_source=ig&utm_medium=social&utm_content=link_in_bio&fbclid=PAZXh0bgNhZW0CMTEAc3J0YwZhcHBfaWQPMTI0MDI0NTc0Mjg3NDE0AAGnvgu4FtGg9mcwW297oGDJiT4bUgt2TJYQ_OnW-0OcOp4cOIwBhV9tgpfcg5w_aem_UK3QsdT6TqXFwdURbI5YpA" "Mozilla/5.0 (iPhone; CPU iPhone OS 18_7 like Mac OS X) AppleWebKit/605.1.15 (KHTML, like Gecko) Mobile/22H20 Instagram 410.0.0.29.70 (iPhone14,8; iOS 18_7; it_IT; it; scale=3.00; 1284x2778; IABMV/1; 843189213) Safari/604.1"
