47.128.59.150 - - [21/Dec/2025:05:08:27 +0100] "GET /wp-content/uploads/2022/03/ba5cbe7a-55a9-4511-a0a2-d41e6f924bbb-500x667.jpg HTTP/1.1" 206 4596 "https://www.readytorun.it/shop/page/65/" "Mozilla/5.0 (Linux; Android 5.0) AppleWebKit/537.36 (KHTML, like Gecko) Mobile Safari/537.36 (compatible; Bytespider; spider-feedback@bytedance.com)"
47.128.59.150 - - [21/Dec/2025:05:08:27 +0100] "GET /wp-content/uploads/2022/03/a8fba993-23b6-48c1-b27d-8b6c36310a7e-500x667.png HTTP/1.1" 206 840 "https://www.readytorun.it/shop/page/65/" "Mozilla/5.0 (Linux; Android 5.0) AppleWebKit/537.36 (KHTML, like Gecko) Mobile Safari/537.36 (compatible; Bytespider; spider-feedback@bytedance.com)"
47.128.59.150 - - [21/Dec/2025:05:08:27 +0100] "GET /wp-content/uploads/2022/10/e87f278c-af73-4039-9d91-8ccc1b7fd049-500x667.jpg HTTP/1.1" 206 1397 "https://www.readytorun.it/shop/page/65/" "Mozilla/5.0 (Linux; Android 5.0) AppleWebKit/537.36 (KHTML, like Gecko) Mobile Safari/537.36 (compatible; Bytespider; spider-feedback@bytedance.com)"
47.128.59.150 - - [21/Dec/2025:05:08:27 +0100] "GET /wp-content/uploads/2022/03/5210313a-b392-4456-8a99-721092e26ee3-500x667.jpg HTTP/1.1" 206 4596 "https://www.readytorun.it/shop/page/65/" "Mozilla/5.0 (Linux; Android 5.0) AppleWebKit/537.36 (KHTML, like Gecko) Mobile Safari/537.36 (compatible; Bytespider; spider-feedback@bytedance.com)"
47.128.59.150 - - [21/Dec/2025:05:08:27 +0100] "GET /wp-content/uploads/2022/03/a077b748-af6b-40cf-a3df-b452f46fd8f0-500x667.png HTTP/1.1" 206 4597 "https://www.readytorun.it/shop/page/65/" "Mozilla/5.0 (Linux; Android 5.0) AppleWebKit/537.36 (KHTML, like Gecko) Mobile Safari/537.36 (compatible; Bytespider; spider-feedback@bytedance.com)"
47.128.59.150 - - [21/Dec/2025:05:08:27 +0100] "GET /wp-content/uploads/2022/03/ff14fc94-800c-4409-8151-bdf71ca738ce-500x667.png HTTP/1.1" 206 840 "https://www.readytorun.it/shop/page/65/" "Mozilla/5.0 (Linux; Android 5.0) AppleWebKit/537.36 (KHTML, like Gecko) Mobile Safari/537.36 (compatible; Bytespider; spider-feedback@bytedance.com)"
47.128.59.150 - - [21/Dec/2025:05:08:27 +0100] "GET /wp-content/uploads/2022/03/0befca64-9547-407e-8d23-336ba2b989cb-500x667.jpg HTTP/1.1" 206 839 "https://www.readytorun.it/shop/page/65/" "Mozilla/5.0 (Linux; Android 5.0) AppleWebKit/537.36 (KHTML, like Gecko) Mobile Safari/537.36 (compatible; Bytespider; spider-feedback@bytedance.com)"
47.128.59.150 - - [21/Dec/2025:05:08:27 +0100] "GET /wp-content/uploads/2022/03/f335b197-d751-4fb8-b36d-d1385650668d-500x667.png HTTP/1.1" 206 840 "https://www.readytorun.it/shop/page/65/" "Mozilla/5.0 (Linux; Android 5.0) AppleWebKit/537.36 (KHTML, like Gecko) Mobile Safari/537.36 (compatible; Bytespider; spider-feedback@bytedance.com)"
47.128.59.150 - - [21/Dec/2025:05:08:28 +0100] "GET /wp-content/uploads/2024/10/3ad9bad2-7c3d-479a-99ab-55b7a42671f6-500x667.jpg HTTP/1.1" 206 839 "https://www.readytorun.it/shop/page/65/" "Mozilla/5.0 (Linux; Android 5.0) AppleWebKit/537.36 (KHTML, like Gecko) Mobile Safari/537.36 (compatible; Bytespider; spider-feedback@bytedance.com)"
47.128.59.150 - - [21/Dec/2025:05:08:28 +0100] "GET /wp-content/uploads/2022/03/c3464154-4067-471e-aa69-7c85ffea900a-500x667.png HTTP/1.1" 206 840 "https://www.readytorun.it/shop/page/65/" "Mozilla/5.0 (Linux; Android 5.0) AppleWebKit/537.36 (KHTML, like Gecko) Mobile Safari/537.36 (compatible; Bytespider; spider-feedback@bytedance.com)"
47.128.59.150 - - [21/Dec/2025:05:08:28 +0100] "GET /wp-content/uploads/2024/10/9f204dfa-7578-454e-bf7e-9bf2ef4144ff-500x667.jpg HTTP/1.1" 206 839 "https://www.readytorun.it/shop/page/65/" "Mozilla/5.0 (Linux; Android 5.0) AppleWebKit/537.36 (KHTML, like Gecko) Mobile Safari/537.36 (compatible; Bytespider; spider-feedback@bytedance.com)"
47.128.59.150 - - [21/Dec/2025:05:08:28 +0100] "GET /wp-content/uploads/2022/03/9eefac50-b44c-4d32-a986-7d4d7e65531c-500x667.png HTTP/1.1" 206 840 "https://www.readytorun.it/shop/page/65/" "Mozilla/5.0 (Linux; Android 5.0) AppleWebKit/537.36 (KHTML, like Gecko) Mobile Safari/537.36 (compatible; Bytespider; spider-feedback@bytedance.com)"
47.128.59.150 - - [21/Dec/2025:05:08:28 +0100] "GET /wp-content/uploads/2024/10/3a97346c-7ec1-4eeb-94b7-62348231d725-500x667.jpg HTTP/1.1" 206 839 "https://www.readytorun.it/shop/page/65/" "Mozilla/5.0 (Linux; Android 5.0) AppleWebKit/537.36 (KHTML, like Gecko) Mobile Safari/537.36 (compatible; Bytespider; spider-feedback@bytedance.com)"
47.128.59.150 - - [21/Dec/2025:05:08:28 +0100] "GET /wp-content/uploads/2022/03/7874cc81-2ef5-4519-b135-8b0636254b23-500x667.png HTTP/1.1" 206 840 "https://www.readytorun.it/shop/page/65/" "Mozilla/5.0 (Linux; Android 5.0) AppleWebKit/537.36 (KHTML, like Gecko) Mobile Safari/537.36 (compatible; Bytespider; spider-feedback@bytedance.com)"
47.128.59.150 - - [21/Dec/2025:05:08:28 +0100] "GET /wp-content/uploads/2024/10/357eeac5-293d-444f-9114-7a938460ffcb-500x667.jpg HTTP/1.1" 206 839 "https://www.readytorun.it/shop/page/65/" "Mozilla/5.0 (Linux; Android 5.0) AppleWebKit/537.36 (KHTML, like Gecko) Mobile Safari/537.36 (compatible; Bytespider; spider-feedback@bytedance.com)"
47.128.59.150 - - [21/Dec/2025:05:08:28 +0100] "GET /wp-content/uploads/2022/03/a816e10f-63ca-4ffd-aab8-abad54724870-500x667.png HTTP/1.1" 206 840 "https://www.readytorun.it/shop/page/65/" "Mozilla/5.0 (Linux; Android 5.0) AppleWebKit/537.36 (KHTML, like Gecko) Mobile Safari/537.36 (compatible; Bytespider; spider-feedback@bytedance.com)"
47.128.59.150 - - [21/Dec/2025:05:08:28 +0100] "GET /wp-content/uploads/2022/03/da0ac711-bd3b-4913-8462-0e54df2e2a62-500x667.jpg HTTP/1.1" 206 839 "https://www.readytorun.it/shop/page/65/" "Mozilla/5.0 (Linux; Android 5.0) AppleWebKit/537.36 (KHTML, like Gecko) Mobile Safari/537.36 (compatible; Bytespider; spider-feedback@bytedance.com)"
47.128.59.150 - - [21/Dec/2025:05:08:28 +0100] "GET /wp-content/uploads/2022/03/ae5e02c4-5468-4aa5-a6e7-930a51f98dff-500x667.jpg HTTP/1.1" 206 839 "https://www.readytorun.it/shop/page/65/" "Mozilla/5.0 (Linux; Android 5.0) AppleWebKit/537.36 (KHTML, like Gecko) Mobile Safari/537.36 (compatible; Bytespider; spider-feedback@bytedance.com)"
47.128.59.150 - - [21/Dec/2025:05:08:28 +0100] "GET /wp-content/uploads/2022/03/3373aeae-9018-47b7-9a64-db29bfbec0ff-500x667.jpg HTTP/1.1" 206 839 "https://www.readytorun.it/shop/page/65/" "Mozilla/5.0 (Linux; Android 5.0) AppleWebKit/537.36 (KHTML, like Gecko) Mobile Safari/537.36 (compatible; Bytespider; spider-feedback@bytedance.com)"
47.128.59.150 - - [21/Dec/2025:05:08:28 +0100] "GET /wp-content/uploads/2022/03/8644d03b-10cb-4d62-b21c-92a3a647693c-500x667.jpg HTTP/1.1" 206 839 "https://www.readytorun.it/shop/page/65/" "Mozilla/5.0 (Linux; Android 5.0) AppleWebKit/537.36 (KHTML, like Gecko) Mobile Safari/537.36 (compatible; Bytespider; spider-feedback@bytedance.com)"
47.128.59.150 - - [21/Dec/2025:05:08:28 +0100] "GET /wp-content/uploads/2022/03/295e372b-3aaf-484c-8a5d-c2ca1a62c717-500x667.png HTTP/1.1" 206 840 "https://www.readytorun.it/shop/page/65/" "Mozilla/5.0 (Linux; Android 5.0) AppleWebKit/537.36 (KHTML, like Gecko) Mobile Safari/537.36 (compatible; Bytespider; spider-feedback@bytedance.com)"
47.128.59.150 - - [21/Dec/2025:05:08:28 +0100] "GET /wp-content/uploads/2023/09/ff021794-111f-4a3f-b13a-3e91da721e21-500x667.jpg HTTP/1.1" 206 839 "https://www.readytorun.it/shop/page/65/" "Mozilla/5.0 (Linux; Android 5.0) AppleWebKit/537.36 (KHTML, like Gecko) Mobile Safari/537.36 (compatible; Bytespider; spider-feedback@bytedance.com)"
47.128.59.150 - - [21/Dec/2025:05:08:28 +0100] "GET /wp-content/uploads/2022/03/7c669f72-1e84-43bb-8ad9-70da8a7cc223-500x667.png HTTP/1.1" 206 840 "https://www.readytorun.it/shop/page/65/" "Mozilla/5.0 (Linux; Android 5.0) AppleWebKit/537.36 (KHTML, like Gecko) Mobile Safari/537.36 (compatible; Bytespider; spider-feedback@bytedance.com)"
47.128.59.150 - - [21/Dec/2025:05:08:28 +0100] "GET /wp-content/uploads/2022/02/7efb6c47-cfd1-4590-b096-5625f6f175bd-500x667.jpg HTTP/1.1" 206 839 "https://www.readytorun.it/shop/page/65/" "Mozilla/5.0 (Linux; Android 5.0) AppleWebKit/537.36 (KHTML, like Gecko) Mobile Safari/537.36 (compatible; Bytespider; spider-feedback@bytedance.com)"
47.128.59.150 - - [21/Dec/2025:05:08:28 +0100] "GET /wp-content/uploads/2022/02/6d0be65a-cdf4-4bdd-9e6d-d4c149a8dd83-500x667.png HTTP/1.1" 206 840 "https://www.readytorun.it/shop/page/65/" "Mozilla/5.0 (Linux; Android 5.0) AppleWebKit/537.36 (KHTML, like Gecko) Mobile Safari/537.36 (compatible; Bytespider; spider-feedback@bytedance.com)"
47.128.59.150 - - [21/Dec/2025:05:08:28 +0100] "GET /wp-content/uploads/2022/02/3573c6bf-7482-4212-991e-8168d6eb30b6-500x667.jpg HTTP/1.1" 206 839 "https://www.readytorun.it/shop/page/65/" "Mozilla/5.0 (Linux; Android 5.0) AppleWebKit/537.36 (KHTML, like Gecko) Mobile Safari/537.36 (compatible; Bytespider; spider-feedback@bytedance.com)"
47.128.59.150 - - [21/Dec/2025:05:08:28 +0100] "GET /wp-content/uploads/2022/02/948ff205-765d-4c0d-a061-837e31ed6c06-500x667.png HTTP/1.1" 206 840 "https://www.readytorun.it/shop/page/65/" "Mozilla/5.0 (Linux; Android 5.0) AppleWebKit/537.36 (KHTML, like Gecko) Mobile Safari/537.36 (compatible; Bytespider; spider-feedback@bytedance.com)"
216.244.66.238 - - [21/Dec/2025:05:08:31 +0100] "GET /brand/nike/feed/ HTTP/1.1" 200 14075 "-" "Mozilla/5.0 (compatible; DotBot/1.2; +https://opensiteexplorer.org/dotbot; help@moz.com)"
216.244.66.238 - - [21/Dec/2025:05:09:09 +0100] "GET /size/11/feed/ HTTP/1.1" 200 14310 "-" "Mozilla/5.0 (compatible; DotBot/1.2; +https://opensiteexplorer.org/dotbot; help@moz.com)"
51.38.211.120 - - [21/Dec/2025:05:09:14 +0100] "POST /wp-cron.php?doing_wp_cron=1766290154.9651629924774169921875 HTTP/1.1" 200 269 "-" "WordPress/6.9; https://www.readytorun.it"
101.53.147.194 - - [21/Dec/2025:05:09:29 +0100] "GET /wp-login.php HTTP/1.1" 200 9310 "-" "Mozilla/5.0 (Windows NT 10.0; Win64; x64) AppleWebKit/537.36 (KHTML, like Gecko) Chrome/65.0.3325.181 Safari/537.36 OPR/52.0.2871.64"
101.53.147.194 - - [21/Dec/2025:05:09:33 +0100] "POST /wp-login.php HTTP/1.1" 503 19651 "https://www.readytorun.it/wp-login.php" "Mozilla/5.0 (Windows NT 10.0; Win64; x64) AppleWebKit/537.36 (KHTML, like Gecko) Chrome/65.0.3325.181 Safari/537.36 OPR/52.0.2871.64"
114.119.148.165 - - [21/Dec/2025:05:09:37 +0100] "GET /calze-unisex-home/ HTTP/1.1" 200 47309 "https://www.readytorun.it/product_cat-sitemap.xml" "Mozilla/5.0 (Linux; Android 7.0;) AppleWebKit/537.36 (KHTML, like Gecko) Mobile Safari/537.36 (compatible; PetalBot;+https://webmaster.petalsearch.com/site/petalbot)"
51.38.211.120 - - [21/Dec/2025:05:09:43 +0100] "POST /wp-cron.php?doing_wp_cron=1766290183.0022270679473876953125 HTTP/1.1" 200 4069 "-" "WordPress/6.9; https://www.readytorun.it"
216.244.66.238 - - [21/Dec/2025:05:09:45 +0100] "GET /size/45-47/feed/ HTTP/1.1" 200 6436 "-" "Mozilla/5.0 (compatible; DotBot/1.2; +https://opensiteexplorer.org/dotbot; help@moz.com)"
40.77.167.48 - - [21/Dec/2025:05:10:22 +0100] "GET /wp-content/uploads/2021/12/09c99eed-70e7-4091-a672-20b6d6965d07-100x100.jpg HTTP/1.1" 200 5622 "-" "Mozilla/5.0 AppleWebKit/537.36 (KHTML, like Gecko; compatible; bingbot/2.0; +http://www.bing.com/bingbot.htm) Chrome/116.0.1938.76 Safari/537.36"
66.249.92.14 - - [21/Dec/2025:05:10:17 +0100] "GET /t-shirt-abbigliamento-donna-home/j2gac20120/ HTTP/1.1" 200 46877 "-" "Mozilla/5.0 (X11; Linux x86_64) AppleWebKit/537.36 (KHTML, like Gecko) Chrome/141.0.7390.122 Safari/537.36"
66.249.92.163 - - [21/Dec/2025:05:10:25 +0100] "GET /wp-includes/css/dist/block-library/style.min.css?ver=6.9 HTTP/1.1" 200 20104 "https://www.readytorun.it/t-shirt-abbigliamento-donna-home/j2gac20120/" "Mozilla/5.0 (X11; Linux x86_64) AppleWebKit/537.36 (KHTML, like Gecko) Chrome/141.0.7390.122 Safari/537.36"
216.244.66.238 - - [21/Dec/2025:05:10:20 +0100] "GET /size/9/feed/ HTTP/1.1" 200 14304 "-" "Mozilla/5.0 (compatible; DotBot/1.2; +https://opensiteexplorer.org/dotbot; help@moz.com)"
66.249.92.142 - - [21/Dec/2025:05:10:25 +0100] "GET /wp-content/plugins/nexi-xpay-build/assets/css/xpay.css?ver=7.6.2 HTTP/1.1" 200 5029 "https://www.readytorun.it/t-shirt-abbigliamento-donna-home/j2gac20120/" "Mozilla/5.0 (X11; Linux x86_64) AppleWebKit/537.36 (KHTML, like Gecko) Chrome/141.0.7390.122 Safari/537.36"
66.249.92.142 - - [21/Dec/2025:05:10:27 +0100] "GET /wp-content/plugins/elementor/assets/css/frontend.min.css?ver=3.33.6 HTTP/1.1" 200 7577 "https://www.readytorun.it/t-shirt-abbigliamento-donna-home/j2gac20120/" "Mozilla/5.0 (X11; Linux x86_64) AppleWebKit/537.36 (KHTML, like Gecko) Chrome/141.0.7390.122 Safari/537.36"
51.38.211.120 - - [21/Dec/2025:05:10:22 +0100] "POST /wp-cron.php?doing_wp_cron=1766290222.8187189102172851562500 HTTP/1.1" 200 4069 "-" "WordPress/6.9; https://www.readytorun.it"
66.249.92.163 - - [21/Dec/2025:05:10:29 +0100] "GET /wp-content/plugins/woo-advanced-product-size-chart/public/css/size-chart-for-woocommerce-public.css?ver=2.4.7 HTTP/1.1" 200 2977 "https://www.readytorun.it/t-shirt-abbigliamento-donna-home/j2gac20120/" "Mozilla/5.0 (X11; Linux x86_64) AppleWebKit/537.36 (KHTML, like Gecko) Chrome/141.0.7390.122 Safari/537.36"
66.249.92.141 - - [21/Dec/2025:05:10:31 +0100] "GET /wp-content/uploads/rey/hs-3e39b18e48.css?ver=3.1.9.1760372467 HTTP/1.1" 200 19386 "https://www.readytorun.it/t-shirt-abbigliamento-donna-home/j2gac20120/" "Mozilla/5.0 (X11; Linux x86_64) AppleWebKit/537.36 (KHTML, like Gecko) Chrome/141.0.7390.122 Safari/537.36"
40.77.167.48 - - [21/Dec/2025:05:10:32 +0100] "GET /wp-content/uploads/2022/02/414cd2da-4317-499c-b13a-6108e7001a99-150x150.jpg HTTP/1.1" 200 10974 "-" "Mozilla/5.0 AppleWebKit/537.36 (KHTML, like Gecko; compatible; bingbot/2.0; +http://www.bing.com/bingbot.htm) Chrome/116.0.1938.76 Safari/537.36"
66.249.92.199 - - [21/Dec/2025:05:10:33 +0100] "GET /wp-content/uploads/rey/ds-9b2adb32f8.css?ver=3.1.9.1760372467 HTTP/1.1" 200 30023 "https://www.readytorun.it/t-shirt-abbigliamento-donna-home/j2gac20120/" "Mozilla/5.0 (X11; Linux x86_64) AppleWebKit/537.36 (KHTML, like Gecko) Chrome/141.0.7390.122 Safari/537.36"
66.249.92.39 - - [21/Dec/2025:05:10:35 +0100] "GET /wp-content/plugins/woo-variation-swatches/assets/css/frontend.min.css?ver=1762855689 HTTP/1.1" 200 8621 "https://www.readytorun.it/t-shirt-abbigliamento-donna-home/j2gac20120/" "Mozilla/5.0 (X11; Linux x86_64) AppleWebKit/537.36 (KHTML, like Gecko) Chrome/141.0.7390.122 Safari/537.36"
66.249.92.163 - - [21/Dec/2025:05:10:37 +0100] "GET /wp-content/plugins/woocommerce-paypal-payments/modules/ppcp-button/assets/css/gateway.css?ver=3.3.1 HTTP/1.1" 200 4487 "https://www.readytorun.it/t-shirt-abbigliamento-donna-home/j2gac20120/" "Mozilla/5.0 (X11; Linux x86_64) AppleWebKit/537.36 (KHTML, like Gecko) Chrome/141.0.7390.122 Safari/537.36"
66.249.92.14 - - [21/Dec/2025:05:10:39 +0100] "GET /wp-includes/js/jquery/jquery.min.js?ver=3.7.1 HTTP/1.1" 200 34579 "https://www.readytorun.it/t-shirt-abbigliamento-donna-home/j2gac20120/" "Mozilla/5.0 (X11; Linux x86_64) AppleWebKit/537.36 (KHTML, like Gecko) Chrome/141.0.7390.122 Safari/537.36"
66.249.92.39 - - [21/Dec/2025:05:10:41 +0100] "GET /wp-content/uploads/2025/04/3ea3437b-f765-426b-9a38-a49b3dd5b23c-800x800.jpg HTTP/1.1" 200 54647 "https://www.readytorun.it/t-shirt-abbigliamento-donna-home/j2gac20120/" "Mozilla/5.0 (X11; Linux x86_64) AppleWebKit/537.36 (KHTML, like Gecko) Chrome/141.0.7390.122 Safari/537.36"
66.249.92.199 - - [21/Dec/2025:05:10:42 +0100] "GET /wp-content/plugins/nexi-xpay-build/assets/js/pagodil-sticker.min.js?v=7.6.2 HTTP/1.1" 200 19878 "https://www.readytorun.it/t-shirt-abbigliamento-donna-home/j2gac20120/" "Mozilla/5.0 (X11; Linux x86_64) AppleWebKit/537.36 (KHTML, like Gecko) Chrome/141.0.7390.122 Safari/537.36"
66.249.92.199 - - [21/Dec/2025:05:10:44 +0100] "GET /wp-content/plugins/cookie-notice/css/front.min.css?ver=2.5.11 HTTP/1.1" 200 1503 "https://www.readytorun.it/t-shirt-abbigliamento-donna-home/j2gac20120/" "Mozilla/5.0 (X11; Linux x86_64) AppleWebKit/537.36 (KHTML, like Gecko) Chrome/141.0.7390.122 Safari/537.36"
66.249.92.163 - - [21/Dec/2025:05:10:46 +0100] "GET /wp-content/uploads/2021/09/logo-simple-rgb-2x.png HTTP/1.1" 200 13594 "https://www.readytorun.it/t-shirt-abbigliamento-donna-home/j2gac20120/" "Mozilla/5.0 (X11; Linux x86_64) AppleWebKit/537.36 (KHTML, like Gecko) Chrome/141.0.7390.122 Safari/537.36"
66.249.92.199 - - [21/Dec/2025:05:10:48 +0100] "GET /wp-content/plugins/nexi-xpay-build/assets/js/xpay-build.js?ver=7.6.2 HTTP/1.1" 200 3461 "https://www.readytorun.it/t-shirt-abbigliamento-donna-home/j2gac20120/" "Mozilla/5.0 (X11; Linux x86_64) AppleWebKit/537.36 (KHTML, like Gecko) Chrome/141.0.7390.122 Safari/537.36"
66.249.92.199 - - [21/Dec/2025:05:10:50 +0100] "GET /wp-includes/js/jquery/jquery-migrate.min.js?ver=3.4.1 HTTP/1.1" 200 5273 "https://www.readytorun.it/t-shirt-abbigliamento-donna-home/j2gac20120/" "Mozilla/5.0 (X11; Linux x86_64) AppleWebKit/537.36 (KHTML, like Gecko) Chrome/141.0.7390.122 Safari/537.36"
66.249.92.199 - - [21/Dec/2025:05:10:52 +0100] "GET /wp-content/uploads/elementor/css/post-97.css?ver=1766268503 HTTP/1.1" 200 1153 "https://www.readytorun.it/t-shirt-abbigliamento-donna-home/j2gac20120/" "Mozilla/5.0 (X11; Linux x86_64) AppleWebKit/537.36 (KHTML, like Gecko) Chrome/141.0.7390.122 Safari/537.36"
66.249.92.14 - - [21/Dec/2025:05:10:54 +0100] "GET /wp-content/themes/rey-child/style.css?ver=6.9 HTTP/1.1" 200 7440 "https://www.readytorun.it/t-shirt-abbigliamento-donna-home/j2gac20120/" "Mozilla/5.0 (X11; Linux x86_64) AppleWebKit/537.36 (KHTML, like Gecko) Chrome/141.0.7390.122 Safari/537.36"
66.249.92.163 - - [21/Dec/2025:05:10:55 +0100] "GET /wp-content/uploads/2025/04/fe6f2fae-f5e1-46d6-a43b-1f110d33b401-800x800.jpg HTTP/1.1" 200 32164 "https://www.readytorun.it/t-shirt-abbigliamento-donna-home/j2gac20120/" "Mozilla/5.0 (X11; Linux x86_64) AppleWebKit/537.36 (KHTML, like Gecko) Chrome/141.0.7390.122 Safari/537.36"
66.249.92.39 - - [21/Dec/2025:05:10:57 +0100] "GET /wp-content/plugins/woocommerce/assets/js/jquery-blockui/jquery.blockUI.min.js?ver=2.7.0-wc.10.3.3 HTTP/1.1" 200 7680 "https://www.readytorun.it/t-shirt-abbigliamento-donna-home/j2gac20120/" "Mozilla/5.0 (X11; Linux x86_64) AppleWebKit/537.36 (KHTML, like Gecko) Chrome/141.0.7390.122 Safari/537.36"
66.249.92.199 - - [21/Dec/2025:05:10:59 +0100] "GET /wp-content/plugins/nexi-xpay-build/assets/js/xpay.js?ver=7.6.2 HTTP/1.1" 200 4785 "https://www.readytorun.it/t-shirt-abbigliamento-donna-home/j2gac20120/" "Mozilla/5.0 (X11; Linux x86_64) AppleWebKit/537.36 (KHTML, like Gecko) Chrome/141.0.7390.122 Safari/537.36"
216.244.66.238 - - [21/Dec/2025:05:10:53 +0100] "GET /size/m-l/feed/ HTTP/1.1" 200 7092 "-" "Mozilla/5.0 (compatible; DotBot/1.2; +https://opensiteexplorer.org/dotbot; help@moz.com)"
66.249.92.14 - - [21/Dec/2025:05:11:01 +0100] "GET /wp-content/uploads/2019/05/american-express-logo.svg HTTP/1.1" 200 13948 "https://www.readytorun.it/t-shirt-abbigliamento-donna-home/j2gac20120/" "Mozilla/5.0 (X11; Linux x86_64) AppleWebKit/537.36 (KHTML, like Gecko) Chrome/141.0.7390.122 Safari/537.36"
66.249.92.141 - - [21/Dec/2025:05:11:02 +0100] "GET /wp-content/plugins/nexi-xpay-build/build/index_xpay_build.css?ver=990856cfbde295b53445 HTTP/1.1" 200 4462 "https://www.readytorun.it/t-shirt-abbigliamento-donna-home/j2gac20120/" "Mozilla/5.0 (X11; Linux x86_64) AppleWebKit/537.36 (KHTML, like Gecko) Chrome/141.0.7390.122 Safari/537.36"
66.249.92.39 - - [21/Dec/2025:05:11:04 +0100] "GET /wp-content/plugins/nexi-xpay-build/build/index_xpay_applepay.css?ver=c8d190ad6ffecea1f88c HTTP/1.1" 200 4435 "https://www.readytorun.it/t-shirt-abbigliamento-donna-home/j2gac20120/" "Mozilla/5.0 (X11; Linux x86_64) AppleWebKit/537.36 (KHTML, like Gecko) Chrome/141.0.7390.122 Safari/537.36"
114.119.146.114 - - [21/Dec/2025:05:10:59 +0100] "GET /accessori-unisex-home/flrm25003/ HTTP/1.1" 200 46345 "https://www.readytorun.it/product-sitemap3.xml" "Mozilla/5.0 (Linux; Android 7.0;) AppleWebKit/537.36 (KHTML, like Gecko) Mobile Safari/537.36 (compatible; PetalBot;+https://webmaster.petalsearch.com/site/petalbot)"
157.55.39.197 - - [21/Dec/2025:05:11:05 +0100] "GET /wp-content/uploads/2022/03/8cce1448-22a0-4c96-a18a-acf229fa4624-300x204.jpg HTTP/1.1" 200 14006 "-" "Mozilla/5.0 AppleWebKit/537.36 (KHTML, like Gecko; compatible; bingbot/2.0; +http://www.bing.com/bingbot.htm) Chrome/116.0.1938.76 Safari/537.36"
66.249.92.141 - - [21/Dec/2025:05:11:06 +0100] "GET /wp-content/plugins/nexi-xpay-build/build/index_xpay_googlepay.css?ver=82ae01a55d598816d438 HTTP/1.1" 200 693 "https://www.readytorun.it/t-shirt-abbigliamento-donna-home/j2gac20120/" "Mozilla/5.0 (X11; Linux x86_64) AppleWebKit/537.36 (KHTML, like Gecko) Chrome/141.0.7390.122 Safari/537.36"
51.38.211.120 - - [21/Dec/2025:05:10:59 +0100] "POST /wp-cron.php?doing_wp_cron=1766290259.4091680049896240234375 HTTP/1.1" 200 269 "-" "WordPress/6.9; https://www.readytorun.it"
66.249.92.163 - - [21/Dec/2025:05:11:07 +0100] "GET /wp-content/plugins/nexi-xpay-build/build/index_xpay_fastcheckout.css?ver=7f112896ff826c3a384d HTTP/1.1" 200 4435 "https://www.readytorun.it/t-shirt-abbigliamento-donna-home/j2gac20120/" "Mozilla/5.0 (X11; Linux x86_64) AppleWebKit/537.36 (KHTML, like Gecko) Chrome/141.0.7390.122 Safari/537.36"
66.249.92.141 - - [21/Dec/2025:05:11:09 +0100] "GET /wp-content/plugins/woocommerce/assets/client/blocks/wc-blocks.css?ver=wc-10.3.3 HTTP/1.1" 200 3005 "https://www.readytorun.it/t-shirt-abbigliamento-donna-home/j2gac20120/" "Mozilla/5.0 (X11; Linux x86_64) AppleWebKit/537.36 (KHTML, like Gecko) Chrome/141.0.7390.122 Safari/537.36"
66.249.92.39 - - [21/Dec/2025:05:11:11 +0100] "GET /wp-content/plugins/elementor/assets/css/widget-image.min.css?ver=3.33.6 HTTP/1.1" 200 4217 "https://www.readytorun.it/t-shirt-abbigliamento-donna-home/j2gac20120/" "Mozilla/5.0 (X11; Linux x86_64) AppleWebKit/537.36 (KHTML, like Gecko) Chrome/141.0.7390.122 Safari/537.36"
17.241.75.35 - - [21/Dec/2025:05:11:12 +0100] "GET /wp-content/uploads/2021/10/giambattistarota_readytorun-819x1024.jpg HTTP/1.1" 200 63885 "-" "Mozilla/5.0 (Macintosh; Intel Mac OS X 10_15_7) AppleWebKit/605.1.15 (KHTML, like Gecko) Version/17.4 Safari/605.1.15 (Applebot/0.1; +http://www.apple.com/go/applebot)"
66.249.92.14 - - [21/Dec/2025:05:11:12 +0100] "GET /wp-content/plugins/elementor/assets/css/widget-social-icons.min.css?ver=3.33.6 HTTP/1.1" 200 5227 "https://www.readytorun.it/t-shirt-abbigliamento-donna-home/j2gac20120/" "Mozilla/5.0 (X11; Linux x86_64) AppleWebKit/537.36 (KHTML, like Gecko) Chrome/141.0.7390.122 Safari/537.36"
66.249.92.163 - - [21/Dec/2025:05:11:14 +0100] "GET /wp-content/plugins/elementor/assets/css/conditionals/apple-webkit.min.css?ver=3.33.6 HTTP/1.1" 200 4641 "https://www.readytorun.it/t-shirt-abbigliamento-donna-home/j2gac20120/" "Mozilla/5.0 (X11; Linux x86_64) AppleWebKit/537.36 (KHTML, like Gecko) Chrome/141.0.7390.122 Safari/537.36"
69.63.184.5 - - [21/Dec/2025:05:11:08 +0100] "GET /?wc-api=wc_facebook_get_feed_data_promotions&secret=4a2a76afde6cb1b478b212b39b43d4bf HTTP/1.1" 200 14095 "-" "facebookexternalhit/1.1 (+http://www.facebook.com/externalhit_uatext.php)"
66.249.92.39 - - [21/Dec/2025:05:11:16 +0100] "GET /wp-content/plugins/elementor/assets/css/widget-heading.min.css?ver=3.33.6 HTTP/1.1" 200 4243 "https://www.readytorun.it/t-shirt-abbigliamento-donna-home/j2gac20120/" "Mozilla/5.0 (X11; Linux x86_64) AppleWebKit/537.36 (KHTML, like Gecko) Chrome/141.0.7390.122 Safari/537.36"
157.55.39.197 - - [21/Dec/2025:05:11:17 +0100] "GET /wp-content/uploads/2023/08/3b927301-7f24-4f5e-b270-97e659a0f773-1024x1024.jpg HTTP/1.1" 200 55737 "-" "Mozilla/5.0 AppleWebKit/537.36 (KHTML, like Gecko; compatible; bingbot/2.0; +http://www.bing.com/bingbot.htm) Chrome/116.0.1938.76 Safari/537.36"
66.249.92.141 - - [21/Dec/2025:05:11:17 +0100] "GET /wp-content/plugins/elementor/assets/css/widget-divider.min.css?ver=3.33.6 HTTP/1.1" 200 4825 "https://www.readytorun.it/t-shirt-abbigliamento-donna-home/j2gac20120/" "Mozilla/5.0 (X11; Linux x86_64) AppleWebKit/537.36 (KHTML, like Gecko) Chrome/141.0.7390.122 Safari/537.36"
66.249.92.39 - - [21/Dec/2025:05:11:19 +0100] "GET /wp-content/plugins/elementor/assets/css/widget-image-gallery.min.css?ver=3.33.6 HTTP/1.1" 200 699 "https://www.readytorun.it/t-shirt-abbigliamento-donna-home/j2gac20120/" "Mozilla/5.0 (X11; Linux x86_64) AppleWebKit/537.36 (KHTML, like Gecko) Chrome/141.0.7390.122 Safari/537.36"
66.249.92.14 - - [21/Dec/2025:05:11:20 +0100] "GET /wp-content/uploads/elementor/css/post-8.css?ver=1766268503 HTTP/1.1" 200 4422 "https://www.readytorun.it/t-shirt-abbigliamento-donna-home/j2gac20120/" "Mozilla/5.0 (X11; Linux x86_64) AppleWebKit/537.36 (KHTML, like Gecko) Chrome/141.0.7390.122 Safari/537.36"
66.249.92.39 - - [21/Dec/2025:05:11:22 +0100] "GET /wp-content/plugins/elementor/assets/lib/font-awesome/css/all.min.css?ver=3.33.6 HTTP/1.1" 200 13279 "https://www.readytorun.it/t-shirt-abbigliamento-donna-home/j2gac20120/" "Mozilla/5.0 (X11; Linux x86_64) AppleWebKit/537.36 (KHTML, like Gecko) Chrome/141.0.7390.122 Safari/537.36"
66.249.92.141 - - [21/Dec/2025:05:11:23 +0100] "GET /wp-content/plugins/elementor/assets/lib/font-awesome/css/v4-shims.min.css?ver=3.33.6 HTTP/1.1" 200 8358 "https://www.readytorun.it/t-shirt-abbigliamento-donna-home/j2gac20120/" "Mozilla/5.0 (X11; Linux x86_64) AppleWebKit/537.36 (KHTML, like Gecko) Chrome/141.0.7390.122 Safari/537.36"
66.249.92.199 - - [21/Dec/2025:05:11:25 +0100] "GET /wp-content/plugins/cookie-notice/js/front.min.js?ver=2.5.11 HTTP/1.1" 200 6412 "https://www.readytorun.it/t-shirt-abbigliamento-donna-home/j2gac20120/" "Mozilla/5.0 (X11; Linux x86_64) AppleWebKit/537.36 (KHTML, like Gecko) Chrome/141.0.7390.122 Safari/537.36"
66.249.92.14 - - [21/Dec/2025:05:11:27 +0100] "GET /wp-content/plugins/duracelltomi-google-tag-manager/dist/js/gtm4wp-ecommerce-generic.js?ver=1.22.3 HTTP/1.1" 200 4664 "https://www.readytorun.it/t-shirt-abbigliamento-donna-home/j2gac20120/" "Mozilla/5.0 (X11; Linux x86_64) AppleWebKit/537.36 (KHTML, like Gecko) Chrome/141.0.7390.122 Safari/537.36"
66.249.92.141 - - [21/Dec/2025:05:11:28 +0100] "GET /wp-content/plugins/duracelltomi-google-tag-manager/dist/js/gtm4wp-woocommerce.js?ver=1.22.3 HTTP/1.1" 200 7159 "https://www.readytorun.it/t-shirt-abbigliamento-donna-home/j2gac20120/" "Mozilla/5.0 (X11; Linux x86_64) AppleWebKit/537.36 (KHTML, like Gecko) Chrome/141.0.7390.122 Safari/537.36"
66.249.92.39 - - [21/Dec/2025:05:11:30 +0100] "GET /wp-content/plugins/woo-advanced-product-size-chart/public/js/size-chart-for-woocommerce-public.min.js?ver=2.4.7 HTTP/1.1" 200 4737 "https://www.readytorun.it/t-shirt-abbigliamento-donna-home/j2gac20120/" "Mozilla/5.0 (X11; Linux x86_64) AppleWebKit/537.36 (KHTML, like Gecko) Chrome/141.0.7390.122 Safari/537.36"
66.249.92.141 - - [21/Dec/2025:05:11:31 +0100] "GET /wp-includes/js/underscore.min.js?ver=1.13.7 HTTP/1.1" 200 7718 "https://www.readytorun.it/t-shirt-abbigliamento-donna-home/j2gac20120/" "Mozilla/5.0 (X11; Linux x86_64) AppleWebKit/537.36 (KHTML, like Gecko) Chrome/141.0.7390.122 Safari/537.36"
66.249.92.14 - - [21/Dec/2025:05:11:33 +0100] "GET /wp-includes/js/wp-util.min.js?ver=6.9 HTTP/1.1" 200 4853 "https://www.readytorun.it/t-shirt-abbigliamento-donna-home/j2gac20120/" "Mozilla/5.0 (X11; Linux x86_64) AppleWebKit/537.36 (KHTML, like Gecko) Chrome/141.0.7390.122 Safari/537.36"
216.244.66.238 - - [21/Dec/2025:05:11:28 +0100] "GET /brand/pubblicarello/feed/ HTTP/1.1" 200 6348 "-" "Mozilla/5.0 (compatible; DotBot/1.2; +https://opensiteexplorer.org/dotbot; help@moz.com)"
66.249.92.163 - - [21/Dec/2025:05:11:34 +0100] "GET /wp-includes/js/api-request.min.js?ver=6.9 HTTP/1.1" 200 4687 "https://www.readytorun.it/t-shirt-abbigliamento-donna-home/j2gac20120/" "Mozilla/5.0 (X11; Linux x86_64) AppleWebKit/537.36 (KHTML, like Gecko) Chrome/141.0.7390.122 Safari/537.36"
66.249.92.39 - - [21/Dec/2025:05:11:35 +0100] "GET /wp-includes/js/dist/hooks.min.js?ver=dd5603f07f9220ed27f1 HTTP/1.1" 200 6084 "https://www.readytorun.it/t-shirt-abbigliamento-donna-home/j2gac20120/" "Mozilla/5.0 (X11; Linux x86_64) AppleWebKit/537.36 (KHTML, like Gecko) Chrome/141.0.7390.122 Safari/537.36"
66.249.92.141 - - [21/Dec/2025:05:11:37 +0100] "GET /wp-includes/js/dist/i18n.min.js?ver=c26c3dc7bed366793375 HTTP/1.1" 200 6372 "https://www.readytorun.it/t-shirt-abbigliamento-donna-home/j2gac20120/" "Mozilla/5.0 (X11; Linux x86_64) AppleWebKit/537.36 (KHTML, like Gecko) Chrome/141.0.7390.122 Safari/537.36"
66.249.92.39 - - [21/Dec/2025:05:11:38 +0100] "GET /wp-includes/js/dist/url.min.js?ver=9e178c9516d1222dc834 HTTP/1.1" 200 4257 "https://www.readytorun.it/t-shirt-abbigliamento-donna-home/j2gac20120/" "Mozilla/5.0 (X11; Linux x86_64) AppleWebKit/537.36 (KHTML, like Gecko) Chrome/141.0.7390.122 Safari/537.36"
66.249.92.14 - - [21/Dec/2025:05:11:40 +0100] "GET /wp-includes/js/dist/api-fetch.min.js?ver=3a4d9af2b423048b0dee HTTP/1.1" 200 6579 "https://www.readytorun.it/t-shirt-abbigliamento-donna-home/j2gac20120/" "Mozilla/5.0 (X11; Linux x86_64) AppleWebKit/537.36 (KHTML, like Gecko) Chrome/141.0.7390.122 Safari/537.36"
66.249.92.39 - - [21/Dec/2025:05:11:41 +0100] "GET /wp-includes/js/dist/vendor/wp-polyfill.min.js?ver=3.15.0 HTTP/1.1" 200 12276 "https://www.readytorun.it/t-shirt-abbigliamento-donna-home/j2gac20120/" "Mozilla/5.0 (X11; Linux x86_64) AppleWebKit/537.36 (KHTML, like Gecko) Chrome/141.0.7390.122 Safari/537.36"
66.249.92.199 - - [21/Dec/2025:05:11:43 +0100] "GET /wp-content/plugins/woo-variation-swatches/assets/js/frontend.min.js?ver=1762855689 HTTP/1.1" 200 9106 "https://www.readytorun.it/t-shirt-abbigliamento-donna-home/j2gac20120/" "Mozilla/5.0 (X11; Linux x86_64) AppleWebKit/537.36 (KHTML, like Gecko) Chrome/141.0.7390.122 Safari/537.36"
66.249.92.141 - - [21/Dec/2025:05:11:44 +0100] "GET /wp-content/plugins/woocommerce-paypal-payments/modules/ppcp-button/assets/js/button.js?ver=3.3.1 HTTP/1.1" 200 71997 "https://www.readytorun.it/t-shirt-abbigliamento-donna-home/j2gac20120/" "Mozilla/5.0 (X11; Linux x86_64) AppleWebKit/537.36 (KHTML, like Gecko) Chrome/141.0.7390.122 Safari/537.36"
66.249.92.39 - - [21/Dec/2025:05:11:45 +0100] "GET /wp-content/plugins/woocommerce/assets/js/sourcebuster/sourcebuster.min.js?ver=10.3.3 HTTP/1.1" 200 8950 "https://www.readytorun.it/t-shirt-abbigliamento-donna-home/j2gac20120/" "Mozilla/5.0 (X11; Linux x86_64) AppleWebKit/537.36 (KHTML, like Gecko) Chrome/141.0.7390.122 Safari/537.36"
66.249.92.141 - - [21/Dec/2025:05:11:46 +0100] "GET /wp-content/plugins/woocommerce/assets/js/frontend/order-attribution.min.js?ver=10.3.3 HTTP/1.1" 200 1484 "https://www.readytorun.it/t-shirt-abbigliamento-donna-home/j2gac20120/" "Mozilla/5.0 (X11; Linux x86_64) AppleWebKit/537.36 (KHTML, like Gecko) Chrome/141.0.7390.122 Safari/537.36"
66.249.92.199 - - [21/Dec/2025:05:11:48 +0100] "GET /wp-content/plugins/rey-core/assets/js/lib/c-rey-template.js?ver=3.1.9 HTTP/1.1" 200 4978 "https://www.readytorun.it/t-shirt-abbigliamento-donna-home/j2gac20120/" "Mozilla/5.0 (X11; Linux x86_64) AppleWebKit/537.36 (KHTML, like Gecko) Chrome/141.0.7390.122 Safari/537.36"
66.249.92.14 - - [21/Dec/2025:05:11:49 +0100] "GET /wp-content/plugins/contact-form-7/modules/recaptcha/index.js?ver=6.1.4 HTTP/1.1" 200 4580 "https://www.readytorun.it/t-shirt-abbigliamento-donna-home/j2gac20120/" "Mozilla/5.0 (X11; Linux x86_64) AppleWebKit/537.36 (KHTML, like Gecko) Chrome/141.0.7390.122 Safari/537.36"
66.249.92.14 - - [21/Dec/2025:05:11:51 +0100] "GET /wp-content/plugins/elementor/assets/js/webpack.runtime.min.js?ver=3.33.6 HTTP/1.1" 200 2883 "https://www.readytorun.it/t-shirt-abbigliamento-donna-home/j2gac20120/" "Mozilla/5.0 (X11; Linux x86_64) AppleWebKit/537.36 (KHTML, like Gecko) Chrome/141.0.7390.122 Safari/537.36"
66.249.92.163 - - [21/Dec/2025:05:11:52 +0100] "GET /wp-content/plugins/elementor/assets/js/frontend-modules.min.js?ver=3.33.6 HTTP/1.1" 200 29479 "https://www.readytorun.it/t-shirt-abbigliamento-donna-home/j2gac20120/" "Mozilla/5.0 (X11; Linux x86_64) AppleWebKit/537.36 (KHTML, like Gecko) Chrome/141.0.7390.122 Safari/537.36"
66.249.92.199 - - [21/Dec/2025:05:11:53 +0100] "GET /wp-includes/js/jquery/ui/core.min.js?ver=1.13.3 HTTP/1.1" 200 11249 "https://www.readytorun.it/t-shirt-abbigliamento-donna-home/j2gac20120/" "Mozilla/5.0 (X11; Linux x86_64) AppleWebKit/537.36 (KHTML, like Gecko) Chrome/141.0.7390.122 Safari/537.36"
66.249.92.14 - - [21/Dec/2025:05:11:54 +0100] "GET /wp-content/plugins/elementor/assets/js/frontend.min.js?ver=3.33.6 HTTP/1.1" 200 10749 "https://www.readytorun.it/t-shirt-abbigliamento-donna-home/j2gac20120/" "Mozilla/5.0 (X11; Linux x86_64) AppleWebKit/537.36 (KHTML, like Gecko) Chrome/141.0.7390.122 Safari/537.36"
66.249.92.14 - - [21/Dec/2025:05:11:56 +0100] "GET /wp-content/plugins/elementor/assets/lib/font-awesome/js/v4-shims.min.js?ver=3.33.6 HTTP/1.1" 200 4610 "https://www.readytorun.it/t-shirt-abbigliamento-donna-home/j2gac20120/" "Mozilla/5.0 (X11; Linux x86_64) AppleWebKit/537.36 (KHTML, like Gecko) Chrome/141.0.7390.122 Safari/537.36"
66.249.92.141 - - [21/Dec/2025:05:11:57 +0100] "GET /wp-content/plugins/woocommerce/assets/js/frontend/add-to-cart.min.js?ver=10.3.3 HTTP/1.1" 200 5466 "https://www.readytorun.it/t-shirt-abbigliamento-donna-home/j2gac20120/" "Mozilla/5.0 (X11; Linux x86_64) AppleWebKit/537.36 (KHTML, like Gecko) Chrome/141.0.7390.122 Safari/537.36"
66.249.92.39 - - [21/Dec/2025:05:11:58 +0100] "GET /wp-content/plugins/woocommerce/assets/js/js-cookie/js.cookie.min.js?ver=2.1.4-wc.10.3.3 HTTP/1.1" 200 4930 "https://www.readytorun.it/t-shirt-abbigliamento-donna-home/j2gac20120/" "Mozilla/5.0 (X11; Linux x86_64) AppleWebKit/537.36 (KHTML, like Gecko) Chrome/141.0.7390.122 Safari/537.36"
66.249.92.14 - - [21/Dec/2025:05:11:59 +0100] "GET /wp-content/plugins/woocommerce/assets/js/frontend/woocommerce.min.js?ver=10.3.3 HTTP/1.1" 200 1830 "https://www.readytorun.it/t-shirt-abbigliamento-donna-home/j2gac20120/" "Mozilla/5.0 (X11; Linux x86_64) AppleWebKit/537.36 (KHTML, like Gecko) Chrome/141.0.7390.122 Safari/537.36"
66.249.92.199 - - [21/Dec/2025:05:12:01 +0100] "GET /wp-content/uploads/2019/05/logo_footer_ico.png HTTP/1.1" 200 6888 "https://www.readytorun.it/t-shirt-abbigliamento-donna-home/j2gac20120/" "Mozilla/5.0 (X11; Linux x86_64) AppleWebKit/537.36 (KHTML, like Gecko) Chrome/141.0.7390.122 Safari/537.36"
66.249.92.14 - - [21/Dec/2025:05:12:02 +0100] "GET /wp-content/uploads/2019/05/master-card-logo.svg HTTP/1.1" 200 9442 "https://www.readytorun.it/t-shirt-abbigliamento-donna-home/j2gac20120/" "Mozilla/5.0 (X11; Linux x86_64) AppleWebKit/537.36 (KHTML, like Gecko) Chrome/141.0.7390.122 Safari/537.36"
66.249.92.14 - - [21/Dec/2025:05:12:03 +0100] "GET /wp-content/uploads/2019/05/paypal-logo.svg HTTP/1.1" 200 6971 "https://www.readytorun.it/t-shirt-abbigliamento-donna-home/j2gac20120/" "Mozilla/5.0 (X11; Linux x86_64) AppleWebKit/537.36 (KHTML, like Gecko) Chrome/141.0.7390.122 Safari/537.36"
66.249.92.199 - - [21/Dec/2025:05:12:04 +0100] "GET /wp-content/plugins/woo-advanced-product-size-chart/admin/images/default-chart/mens-shoes-size-chart.png HTTP/1.1" 200 11347 "https://www.readytorun.it/t-shirt-abbigliamento-donna-home/j2gac20120/" "Mozilla/5.0 (X11; Linux x86_64) AppleWebKit/537.36 (KHTML, like Gecko) Chrome/141.0.7390.122 Safari/537.36"
216.244.66.238 - - [21/Dec/2025:05:12:00 +0100] "GET /calzini-tecnici-abbigliamento-unisex-home/feed/ HTTP/1.1" 200 3049 "-" "Mozilla/5.0 (compatible; DotBot/1.2; +https://opensiteexplorer.org/dotbot; help@moz.com)"
66.249.92.163 - - [21/Dec/2025:05:12:06 +0100] "GET /wp-content/plugins/rey-core/assets/js/woocommerce/wc-single-product.js?ver=3.1.9 HTTP/1.1" 200 4839 "https://www.readytorun.it/t-shirt-abbigliamento-donna-home/j2gac20120/" "Mozilla/5.0 (X11; Linux x86_64) AppleWebKit/537.36 (KHTML, like Gecko) Chrome/141.0.7390.122 Safari/537.36"
66.249.92.39 - - [21/Dec/2025:05:12:07 +0100] "GET /wp-content/plugins/rey-core/assets/js/woocommerce/blockui.js?ver=3.1.9 HTTP/1.1" 200 4485 "https://www.readytorun.it/t-shirt-abbigliamento-donna-home/j2gac20120/" "Mozilla/5.0 (X11; Linux x86_64) AppleWebKit/537.36 (KHTML, like Gecko) Chrome/141.0.7390.122 Safari/537.36"
66.249.92.163 - - [21/Dec/2025:05:12:08 +0100] "GET /wp-content/plugins/rey-core/assets/js/woocommerce/add-to-cart-variation.js?ver=3.1.9 HTTP/1.1" 200 4268 "https://www.readytorun.it/t-shirt-abbigliamento-donna-home/j2gac20120/" "Mozilla/5.0 (X11; Linux x86_64) AppleWebKit/537.36 (KHTML, like Gecko) Chrome/141.0.7390.122 Safari/537.36"
66.249.92.163 - - [21/Dec/2025:05:12:09 +0100] "GET /wp-content/plugins/rey-core/assets/js/woocommerce/cart-fragments.js?ver=10.3.3 HTTP/1.1" 200 1458 "https://www.readytorun.it/t-shirt-abbigliamento-donna-home/j2gac20120/" "Mozilla/5.0 (X11; Linux x86_64) AppleWebKit/537.36 (KHTML, like Gecko) Chrome/141.0.7390.122 Safari/537.36"
51.38.211.120 - - [21/Dec/2025:05:12:03 +0100] "POST /wp-cron.php?doing_wp_cron=1766290323.9441270828247070312500 HTTP/1.1" 200 269 "-" "WordPress/6.9; https://www.readytorun.it"
66.249.92.163 - - [21/Dec/2025:05:12:10 +0100] "GET /wp-content/uploads/rey/scripts-24a133d85a.js?ver=3.1.9.1760372467 HTTP/1.1" 200 51722 "https://www.readytorun.it/t-shirt-abbigliamento-donna-home/j2gac20120/" "Mozilla/5.0 (X11; Linux x86_64) AppleWebKit/537.36 (KHTML, like Gecko) Chrome/141.0.7390.122 Safari/537.36"
66.249.92.199 - - [21/Dec/2025:05:12:12 +0100] "GET /wp-content/uploads/elementor/css/post-293.css?ver=1766268503 HTTP/1.1" 200 5414 "https://www.readytorun.it/t-shirt-abbigliamento-donna-home/j2gac20120/" "Mozilla/5.0 (X11; Linux x86_64) AppleWebKit/537.36 (KHTML, like Gecko) Chrome/141.0.7390.122 Safari/537.36"
66.249.92.163 - - [21/Dec/2025:05:12:13 +0100] "GET /wp-content/fonts/lato/f704e418cc654764 HTTP/1.1" 200 30232 "https://www.readytorun.it/t-shirt-abbigliamento-donna-home/j2gac20120/" "Mozilla/5.0 (X11; Linux x86_64) AppleWebKit/537.36 (KHTML, like Gecko) Chrome/141.0.7390.122 Safari/537.36"
66.249.92.39 - - [21/Dec/2025:05:12:14 +0100] "GET /wp-content/plugins/elementor/assets/lib/font-awesome/webfonts/fa-brands-400.woff2 HTTP/1.1" 200 85759 "https://www.readytorun.it/wp-content/plugins/elementor/assets/lib/font-awesome/css/all.min.css?ver=3.33.6" "Mozilla/5.0 (X11; Linux x86_64) AppleWebKit/537.36 (KHTML, like Gecko) Chrome/141.0.7390.122 Safari/537.36"
66.249.92.39 - - [21/Dec/2025:05:12:15 +0100] "GET /wp-content/fonts/lato/21036405bec9936b HTTP/1.1" 200 28356 "https://www.readytorun.it/t-shirt-abbigliamento-donna-home/j2gac20120/" "Mozilla/5.0 (X11; Linux x86_64) AppleWebKit/537.36 (KHTML, like Gecko) Chrome/141.0.7390.122 Safari/537.36"
66.249.92.163 - - [21/Dec/2025:05:12:16 +0100] "GET /wp-content/fonts/lato/ccd4b308bd92713c HTTP/1.1" 200 30176 "https://www.readytorun.it/t-shirt-abbigliamento-donna-home/j2gac20120/" "Mozilla/5.0 (X11; Linux x86_64) AppleWebKit/537.36 (KHTML, like Gecko) Chrome/141.0.7390.122 Safari/537.36"
66.249.92.163 - - [21/Dec/2025:05:12:17 +0100] "GET /wp-content/fonts/lato/b8958a3e56550838 HTTP/1.1" 200 28960 "https://www.readytorun.it/t-shirt-abbigliamento-donna-home/j2gac20120/" "Mozilla/5.0 (X11; Linux x86_64) AppleWebKit/537.36 (KHTML, like Gecko) Chrome/141.0.7390.122 Safari/537.36"
17.246.19.102 - - [21/Dec/2025:05:12:22 +0100] "GET /wp-content/uploads/2025/12/1750b275-b8ea-4e68-bd20-fa1c15112461-500x667.jpg HTTP/1.1" 200 52236 "-" "Mozilla/5.0 (Macintosh; Intel Mac OS X 10_15_7) AppleWebKit/605.1.15 (KHTML, like Gecko) Version/17.4 Safari/605.1.15 (Applebot/0.1; +http://www.apple.com/go/applebot)"
66.249.92.39 - - [21/Dec/2025:05:12:18 +0100] "POST /?wc-ajax=ppc-simulate-cart HTTP/1.1" 200 696 "https://www.readytorun.it/t-shirt-abbigliamento-donna-home/j2gac20120/" "Mozilla/5.0 (X11; Linux x86_64) AppleWebKit/537.36 (KHTML, like Gecko) Chrome/141.0.7390.122 Safari/537.36"
66.249.92.163 - - [21/Dec/2025:05:12:23 +0100] "GET /wp-content/plugins/elementor/assets/js/section-frontend-handlers.d85ab872da118940910d.bundle.min.js HTTP/1.1" 200 4366 "https://www.readytorun.it/t-shirt-abbigliamento-donna-home/j2gac20120/" "Mozilla/5.0 (X11; Linux x86_64) AppleWebKit/537.36 (KHTML, like Gecko) Chrome/141.0.7390.122 Safari/537.36"
66.249.92.199 - - [21/Dec/2025:05:12:24 +0100] "GET /wp-content/plugins/elementor/assets/js/shared-frontend-handlers.03caa53373b56d3bab67.bundle.min.js HTTP/1.1" 200 6787 "https://www.readytorun.it/t-shirt-abbigliamento-donna-home/j2gac20120/" "Mozilla/5.0 (X11; Linux x86_64) AppleWebKit/537.36 (KHTML, like Gecko) Chrome/141.0.7390.122 Safari/537.36"
66.249.92.141 - - [21/Dec/2025:05:12:25 +0100] "GET /wp-content/plugins/elementor/assets/js/text-editor.45609661e409413f1cef.bundle.min.js HTTP/1.1" 200 4745 "https://www.readytorun.it/t-shirt-abbigliamento-donna-home/j2gac20120/" "Mozilla/5.0 (X11; Linux x86_64) AppleWebKit/537.36 (KHTML, like Gecko) Chrome/141.0.7390.122 Safari/537.36"
114.119.159.148 - - [21/Dec/2025:05:12:23 +0100] "GET /accessori-unisex-home/ HTTP/1.1" 200 47202 "https://www.readytorun.it/product_cat-sitemap.xml" "Mozilla/5.0 (Linux; Android 7.0;) AppleWebKit/537.36 (KHTML, like Gecko) Mobile Safari/537.36 (compatible; PetalBot;+https://webmaster.petalsearch.com/site/petalbot)"
66.249.92.163 - - [21/Dec/2025:05:12:30 +0100] "POST /?reycore-ajax=related_products HTTP/1.1" 200 7453 "https://www.readytorun.it/t-shirt-abbigliamento-donna-home/j2gac20120/" "Mozilla/5.0 (X11; Linux x86_64) AppleWebKit/537.36 (KHTML, like Gecko) Chrome/141.0.7390.122 Safari/537.36"
216.244.66.238 - - [21/Dec/2025:05:12:31 +0100] "GET /color/grigio/page/2/ HTTP/1.1" 200 239996 "-" "Mozilla/5.0 (compatible; DotBot/1.2; +https://opensiteexplorer.org/dotbot; help@moz.com)"
66.249.92.141 - - [21/Dec/2025:05:12:36 +0100] "GET /wp-content/plugins/rey-core/assets/js/woocommerce/loop-equalize.js?ver=1cfc317a897c HTTP/1.1" 200 4771 "https://www.readytorun.it/t-shirt-abbigliamento-donna-home/j2gac20120/" "Mozilla/5.0 (X11; Linux x86_64) AppleWebKit/537.36 (KHTML, like Gecko) Chrome/141.0.7390.122 Safari/537.36"
66.249.92.163 - - [21/Dec/2025:05:12:37 +0100] "GET /wp-content/themes/rey/assets/js/components/c-animate-items.js?ver=1cfc317a897c HTTP/1.1" 200 741 "https://www.readytorun.it/t-shirt-abbigliamento-donna-home/j2gac20120/" "Mozilla/5.0 (X11; Linux x86_64) AppleWebKit/537.36 (KHTML, like Gecko) Chrome/141.0.7390.122 Safari/537.36"
66.249.92.163 - - [21/Dec/2025:05:12:38 +0100] "GET /wp-content/plugins/rey-core/assets/css/woocommerce-components/page-loop/grid-mobile-list-view/style.css?ver=1cfc317a897c HTTP/1.1" 200 762 "https://www.readytorun.it/t-shirt-abbigliamento-donna-home/j2gac20120/" "Mozilla/5.0 (X11; Linux x86_64) AppleWebKit/537.36 (KHTML, like Gecko) Chrome/141.0.7390.122 Safari/537.36"
66.249.92.141 - - [21/Dec/2025:05:12:39 +0100] "GET /wp-content/plugins/rey-core/assets/css/woocommerce-components/page-loop/general/style.css?ver=1cfc317a897c HTTP/1.1" 200 3346 "https://www.readytorun.it/t-shirt-abbigliamento-donna-home/j2gac20120/" "Mozilla/5.0 (X11; Linux x86_64) AppleWebKit/537.36 (KHTML, like Gecko) Chrome/141.0.7390.122 Safari/537.36"
66.249.92.14 - - [21/Dec/2025:05:12:39 +0100] "GET /wp-content/plugins/rey-core/assets/js/woocommerce/loop-grids.js?ver=1cfc317a897c HTTP/1.1" 200 5325 "https://www.readytorun.it/t-shirt-abbigliamento-donna-home/j2gac20120/" "Mozilla/5.0 (X11; Linux x86_64) AppleWebKit/537.36 (KHTML, like Gecko) Chrome/141.0.7390.122 Safari/537.36"
66.249.92.14 - - [21/Dec/2025:05:12:40 +0100] "GET /wp-content/uploads/2021/11/f9cbad93-eea0-468b-b7e8-f2652060acde-scaled-500x667.jpg HTTP/1.1" 200 45262 "https://www.readytorun.it/t-shirt-abbigliamento-donna-home/j2gac20120/" "Mozilla/5.0 (X11; Linux x86_64) AppleWebKit/537.36 (KHTML, like Gecko) Chrome/141.0.7390.122 Safari/537.36"
66.249.92.141 - - [21/Dec/2025:05:12:41 +0100] "GET /wp-content/uploads/2021/11/4bc7f34c-dd0b-4fc6-9b46-302d56f13cc4-scaled-500x667.jpg HTTP/1.1" 200 46008 "https://www.readytorun.it/t-shirt-abbigliamento-donna-home/j2gac20120/" "Mozilla/5.0 (X11; Linux x86_64) AppleWebKit/537.36 (KHTML, like Gecko) Chrome/141.0.7390.122 Safari/537.36"
157.55.39.197 - - [21/Dec/2025:05:12:56 +0100] "GET /wp-content/uploads/2021/12/584f4d94-63bf-4e91-a6db-8fdf565c4e29-1024x1024.jpg HTTP/1.1" 200 64264 "-" "Mozilla/5.0 AppleWebKit/537.36 (KHTML, like Gecko; compatible; bingbot/2.0; +http://www.bing.com/bingbot.htm) Chrome/116.0.1938.76 Safari/537.36"
216.244.66.238 - - [21/Dec/2025:05:13:00 +0100] "GET /size/8-5-2/page/4/ HTTP/1.1" 200 250222 "-" "Mozilla/5.0 (compatible; DotBot/1.2; +https://opensiteexplorer.org/dotbot; help@moz.com)"
51.38.211.120 - - [21/Dec/2025:05:13:05 +0100] "POST /wp-cron.php?doing_wp_cron=1766290385.7296199798583984375000 HTTP/1.1" 200 269 "-" "WordPress/6.9; https://www.readytorun.it"
40.77.167.7 - - [21/Dec/2025:05:13:18 +0100] "GET /wp-content/uploads/2023/05/61ca7443-8535-4828-b683-e37e64742eaf-748x1024.jpg HTTP/1.1" 200 83030 "-" "Mozilla/5.0 AppleWebKit/537.36 (KHTML, like Gecko; compatible; bingbot/2.0; +http://www.bing.com/bingbot.htm) Chrome/116.0.1938.76 Safari/537.36"
157.55.39.197 - - [21/Dec/2025:05:13:27 +0100] "GET /wp-content/uploads/2022/06/f3725060-69ee-4abd-8a4f-3476a7ad4d6e-768x768.jpg HTTP/1.1" 200 32752 "-" "Mozilla/5.0 AppleWebKit/537.36 (KHTML, like Gecko; compatible; bingbot/2.0; +http://www.bing.com/bingbot.htm) Chrome/116.0.1938.76 Safari/537.36"
216.73.216.188 - - [21/Dec/2025:05:13:29 +0100] "GET /sitemap_index.xml HTTP/1.1" 200 4522 "-" "Mozilla/5.0 AppleWebKit/537.36 (KHTML, like Gecko; compatible; ClaudeBot/1.0; +claudebot@anthropic.com)"
216.244.66.238 - - [21/Dec/2025:05:13:31 +0100] "GET /brand/x-bionic/page/2/ HTTP/1.1" 200 224245 "-" "Mozilla/5.0 (compatible; DotBot/1.2; +https://opensiteexplorer.org/dotbot; help@moz.com)"
114.119.146.215 - - [21/Dec/2025:05:13:47 +0100] "GET /abbigliamento-uomo-home/ke2280/ HTTP/1.1" 200 46690 "https://www.readytorun.it/product-sitemap3.xml" "Mozilla/5.0 (Linux; Android 7.0;) AppleWebKit/537.36 (KHTML, like Gecko) Mobile Safari/537.36 (compatible; PetalBot;+https://webmaster.petalsearch.com/site/petalbot)"
51.38.211.120 - - [21/Dec/2025:05:13:51 +0100] "POST /wp-cron.php?doing_wp_cron=1766290431.5926799774169921875000 HTTP/1.1" 200 4069 "-" "WordPress/6.9; https://www.readytorun.it"
40.77.167.75 - - [21/Dec/2025:05:14:03 +0100] "GET /wp-content/uploads/2022/07/b4a460b4-b267-4671-bb34-d524f09475e3-768x768.jpg HTTP/1.1" 200 71886 "-" "Mozilla/5.0 AppleWebKit/537.36 (KHTML, like Gecko; compatible; bingbot/2.0; +http://www.bing.com/bingbot.htm) Chrome/116.0.1938.76 Safari/537.36"
216.244.66.238 - - [21/Dec/2025:05:14:00 +0100] "GET /shop/page/60/ HTTP/1.1" 200 279921 "-" "Mozilla/5.0 (compatible; DotBot/1.2; +https://opensiteexplorer.org/dotbot; help@moz.com)"
216.244.66.238 - - [21/Dec/2025:05:14:38 +0100] "GET /wp-content/uploads/2023/01/09e9fd84-35c4-4151-859c-7f4cc733cdb5.jpg HTTP/1.1" 200 69278 "-" "Mozilla/5.0 (compatible; DotBot/1.2; +https://opensiteexplorer.org/dotbot; help@moz.com)"
40.77.167.75 - - [21/Dec/2025:05:14:42 +0100] "GET /wp-content/uploads/2022/02/802fee87-60ef-4b7c-ad7e-ffb5ede4ca63-150x150.jpg HTTP/1.1" 200 7673 "-" "Mozilla/5.0 AppleWebKit/537.36 (KHTML, like Gecko; compatible; bingbot/2.0; +http://www.bing.com/bingbot.htm) Chrome/116.0.1938.76 Safari/537.36"
216.244.66.238 - - [21/Dec/2025:05:15:08 +0100] "GET /wp-content/uploads/2024/01/0520ad1b-5e67-4230-a7ee-ff4482b20fe6.jpg HTTP/1.1" 200 167622 "-" "Mozilla/5.0 (compatible; DotBot/1.2; +https://opensiteexplorer.org/dotbot; help@moz.com)"
114.119.157.118 - - [21/Dec/2025:05:15:10 +0100] "GET /abbigliamento-uomo-home/1me10253542/ HTTP/1.1" 200 45988 "https://www.readytorun.it/product-sitemap3.xml" "Mozilla/5.0 (Linux; Android 7.0;) AppleWebKit/537.36 (KHTML, like Gecko) Mobile Safari/537.36 (compatible; PetalBot;+https://webmaster.petalsearch.com/site/petalbot)"
20.4.55.181 - - [21/Dec/2025:05:15:08 +0100] "GET /wp-json/wc/v2/taxes HTTP/1.1" 200 4903 "-" "-"
20.4.55.181 - - [21/Dec/2025:05:15:15 +0100] "GET /wp-json/wc/v2/orders?after=2025-12-16%2004:15:15&per_page=100 HTTP/1.1" 200 5760 "-" "-"
51.38.211.120 - - [21/Dec/2025:05:15:14 +0100] "POST /wp-cron.php?doing_wp_cron=1766290514.4123969078063964843750 HTTP/1.1" 200 4069 "-" "WordPress/6.9; https://www.readytorun.it"
185.191.171.15 - - [21/Dec/2025:05:15:24 +0100] "GET /abbigliamento-donna-home/1382438731/ HTTP/1.1" 200 42460 "-" "Mozilla/5.0 (compatible; SemrushBot/7~bl; +http://www.semrush.com/bot.html)"
216.244.66.238 - - [21/Dec/2025:05:15:37 +0100] "GET /wp-content/uploads/2024/07/0bf63dad-1246-40c1-882c-0c84fc776415.jpg HTTP/1.1" 200 91725 "-" "Mozilla/5.0 (compatible; DotBot/1.2; +https://opensiteexplorer.org/dotbot; help@moz.com)"
40.77.167.75 - - [21/Dec/2025:05:16:03 +0100] "GET /wp-content/uploads/2022/02/cb8ba852-6b3a-433b-8f30-6b768a732493-300x300.jpg HTTP/1.1" 200 10984 "-" "Mozilla/5.0 AppleWebKit/537.36 (KHTML, like Gecko; compatible; bingbot/2.0; +http://www.bing.com/bingbot.htm) Chrome/116.0.1938.76 Safari/537.36"
66.249.66.77 - - [21/Dec/2025:05:16:03 +0100] "GET /wp-content/uploads/2023/08/a62fdb78-cadb-4e6e-ba4e-c335c3fb4ab4.jpg HTTP/1.1" 200 98078 "-" "Googlebot-Image/1.0"
40.77.167.75 - - [21/Dec/2025:05:16:03 +0100] "GET /wp-content/uploads/2021/12/35ed7511-27ce-48d1-bdd2-ed25133a0563-224x300.jpeg HTTP/1.1" 200 14804 "-" "Mozilla/5.0 AppleWebKit/537.36 (KHTML, like Gecko; compatible; bingbot/2.0; +http://www.bing.com/bingbot.htm) Chrome/116.0.1938.76 Safari/537.36"
216.244.66.238 - - [21/Dec/2025:05:16:04 +0100] "GET /wp-content/uploads/2024/09/7c2c5479-c746-4bc9-8900-d78aa5bf512e.jpg HTTP/1.1" 200 93357 "-" "Mozilla/5.0 (compatible; DotBot/1.2; +https://opensiteexplorer.org/dotbot; help@moz.com)"
40.77.167.7 - - [21/Dec/2025:05:16:18 +0100] "GET /wp-content/uploads/2023/11/30afb5fb-6fe5-46fd-a292-e9bc6dba2de6-500x667.jpg HTTP/1.1" 200 48663 "-" "Mozilla/5.0 AppleWebKit/537.36 (KHTML, like Gecko; compatible; bingbot/2.0; +http://www.bing.com/bingbot.htm) Chrome/116.0.1938.76 Safari/537.36"
