78.211.37.7 - - [21/Dec/2025:01:40:28 +0100] "GET /wp-content/uploads/2024/08/37fe3f45-2dd3-444b-8afb-146a00c6d62f-500x667.jpg HTTP/1.1" 200 20414 "https://www.readytorun.it/home/page/11/?product-cato=633" "Mozilla/5.0 (iPhone; CPU iPhone OS 18_7 like Mac OS X) AppleWebKit/605.1.15 (KHTML, like Gecko) Version/18.7 Mobile/15E148 Safari/604.1"
78.211.37.7 - - [21/Dec/2025:01:40:28 +0100] "GET /wp-content/uploads/2024/08/338b141d-a73b-4383-abdd-0dd44c669cd0-500x667.jpg HTTP/1.1" 200 21496 "https://www.readytorun.it/home/page/11/?product-cato=633" "Mozilla/5.0 (iPhone; CPU iPhone OS 18_7 like Mac OS X) AppleWebKit/605.1.15 (KHTML, like Gecko) Version/18.7 Mobile/15E148 Safari/604.1"
78.211.37.7 - - [21/Dec/2025:01:40:28 +0100] "GET /wp-content/uploads/2024/08/103c8473-253f-4fa3-a6b1-dc2d6edc74bc-500x667.png HTTP/1.1" 200 135689 "https://www.readytorun.it/home/page/11/?product-cato=633" "Mozilla/5.0 (iPhone; CPU iPhone OS 18_7 like Mac OS X) AppleWebKit/605.1.15 (KHTML, like Gecko) Version/18.7 Mobile/15E148 Safari/604.1"
78.211.37.7 - - [21/Dec/2025:01:40:28 +0100] "GET /wp-content/uploads/2024/08/febd4ae4-b5da-4187-b503-052cb36909fc-500x667.jpg HTTP/1.1" 200 41710 "https://www.readytorun.it/home/page/11/?product-cato=633" "Mozilla/5.0 (iPhone; CPU iPhone OS 18_7 like Mac OS X) AppleWebKit/605.1.15 (KHTML, like Gecko) Version/18.7 Mobile/15E148 Safari/604.1"
78.211.37.7 - - [21/Dec/2025:01:40:28 +0100] "GET /wp-content/uploads/2024/08/410abfc5-bbe9-4e56-a9ea-be6c0f7fd18a-500x667.jpg HTTP/1.1" 200 20321 "https://www.readytorun.it/home/page/11/?product-cato=633" "Mozilla/5.0 (iPhone; CPU iPhone OS 18_7 like Mac OS X) AppleWebKit/605.1.15 (KHTML, like Gecko) Version/18.7 Mobile/15E148 Safari/604.1"
78.211.37.7 - - [21/Dec/2025:01:40:28 +0100] "GET /wp-content/uploads/2024/07/8de9506d-4590-4c68-84bd-4fc805afca69-500x667.jpg HTTP/1.1" 200 11464 "https://www.readytorun.it/home/page/11/?product-cato=633" "Mozilla/5.0 (iPhone; CPU iPhone OS 18_7 like Mac OS X) AppleWebKit/605.1.15 (KHTML, like Gecko) Version/18.7 Mobile/15E148 Safari/604.1"
78.211.37.7 - - [21/Dec/2025:01:40:28 +0100] "GET /wp-content/uploads/2024/07/3f2a3b63-703d-4fd2-aa14-70844c251cd5-500x667.jpg HTTP/1.1" 200 11914 "https://www.readytorun.it/home/page/11/?product-cato=633" "Mozilla/5.0 (iPhone; CPU iPhone OS 18_7 like Mac OS X) AppleWebKit/605.1.15 (KHTML, like Gecko) Version/18.7 Mobile/15E148 Safari/604.1"
78.211.37.7 - - [21/Dec/2025:01:40:28 +0100] "GET /wp-content/uploads/2024/07/6e7bc598-4fe4-4c52-a7e2-d81a9dc3e257.jpg HTTP/1.1" 200 124986 "https://www.readytorun.it/home/page/11/?product-cato=633" "Mozilla/5.0 (iPhone; CPU iPhone OS 18_7 like Mac OS X) AppleWebKit/605.1.15 (KHTML, like Gecko) Version/18.7 Mobile/15E148 Safari/604.1"
78.211.37.7 - - [21/Dec/2025:01:40:28 +0100] "GET /wp-content/uploads/2024/07/88ee710b-d940-4e7a-b991-356a22fb23d3-500x667.jpg HTTP/1.1" 200 15800 "https://www.readytorun.it/home/page/11/?product-cato=633" "Mozilla/5.0 (iPhone; CPU iPhone OS 18_7 like Mac OS X) AppleWebKit/605.1.15 (KHTML, like Gecko) Version/18.7 Mobile/15E148 Safari/604.1"
78.211.37.7 - - [21/Dec/2025:01:40:28 +0100] "GET /wp-content/uploads/2024/07/bf34f550-48eb-428c-9236-39c96e5b6c3a.jpg HTTP/1.1" 200 124986 "https://www.readytorun.it/home/page/11/?product-cato=633" "Mozilla/5.0 (iPhone; CPU iPhone OS 18_7 like Mac OS X) AppleWebKit/605.1.15 (KHTML, like Gecko) Version/18.7 Mobile/15E148 Safari/604.1"
78.211.37.7 - - [21/Dec/2025:01:40:28 +0100] "GET /wp-content/uploads/2024/07/6cc67bc5-cd62-4ae4-aac9-d61bc42c88fd-500x667.jpg HTTP/1.1" 200 16193 "https://www.readytorun.it/home/page/11/?product-cato=633" "Mozilla/5.0 (iPhone; CPU iPhone OS 18_7 like Mac OS X) AppleWebKit/605.1.15 (KHTML, like Gecko) Version/18.7 Mobile/15E148 Safari/604.1"
78.211.37.7 - - [21/Dec/2025:01:40:28 +0100] "GET /wp-content/uploads/2024/07/e7e54735-b467-4b1b-b7ea-3fef72d47d31-500x667.jpg HTTP/1.1" 200 41716 "https://www.readytorun.it/home/page/11/?product-cato=633" "Mozilla/5.0 (iPhone; CPU iPhone OS 18_7 like Mac OS X) AppleWebKit/605.1.15 (KHTML, like Gecko) Version/18.7 Mobile/15E148 Safari/604.1"
78.211.37.7 - - [21/Dec/2025:01:40:28 +0100] "GET /wp-content/uploads/2024/07/8521d3cd-7fbf-491d-bf5c-48488b537a3f-500x667.jpg HTTP/1.1" 200 18619 "https://www.readytorun.it/home/page/11/?product-cato=633" "Mozilla/5.0 (iPhone; CPU iPhone OS 18_7 like Mac OS X) AppleWebKit/605.1.15 (KHTML, like Gecko) Version/18.7 Mobile/15E148 Safari/604.1"
78.211.37.7 - - [21/Dec/2025:01:40:28 +0100] "GET /wp-content/uploads/2024/07/bf1d41f4-4698-4b4f-9206-3d424325597a-500x667.jpg HTTP/1.1" 200 44291 "https://www.readytorun.it/home/page/11/?product-cato=633" "Mozilla/5.0 (iPhone; CPU iPhone OS 18_7 like Mac OS X) AppleWebKit/605.1.15 (KHTML, like Gecko) Version/18.7 Mobile/15E148 Safari/604.1"
78.211.37.7 - - [21/Dec/2025:01:40:28 +0100] "GET /wp-content/uploads/2024/07/372b7797-7090-45e2-9983-49e67320c342-500x667.jpg HTTP/1.1" 200 22573 "https://www.readytorun.it/home/page/11/?product-cato=633" "Mozilla/5.0 (iPhone; CPU iPhone OS 18_7 like Mac OS X) AppleWebKit/605.1.15 (KHTML, like Gecko) Version/18.7 Mobile/15E148 Safari/604.1"
78.211.37.7 - - [21/Dec/2025:01:40:28 +0100] "GET /wp-content/uploads/2024/07/0ce1c8dd-0793-4b92-adee-0466f0cdd37e-500x667.jpg HTTP/1.1" 200 43885 "https://www.readytorun.it/home/page/11/?product-cato=633" "Mozilla/5.0 (iPhone; CPU iPhone OS 18_7 like Mac OS X) AppleWebKit/605.1.15 (KHTML, like Gecko) Version/18.7 Mobile/15E148 Safari/604.1"
78.211.37.7 - - [21/Dec/2025:01:40:28 +0100] "GET /wp-content/uploads/2024/07/d89ac816-192d-4b79-b117-104329b084da-500x667.jpg HTTP/1.1" 200 22797 "https://www.readytorun.it/home/page/11/?product-cato=633" "Mozilla/5.0 (iPhone; CPU iPhone OS 18_7 like Mac OS X) AppleWebKit/605.1.15 (KHTML, like Gecko) Version/18.7 Mobile/15E148 Safari/604.1"
78.211.37.7 - - [21/Dec/2025:01:40:28 +0100] "GET /wp-content/uploads/2024/07/4678883c-a12e-44b1-98a4-d0f89b9f1431-500x667.jpg HTTP/1.1" 200 45168 "https://www.readytorun.it/home/page/11/?product-cato=633" "Mozilla/5.0 (iPhone; CPU iPhone OS 18_7 like Mac OS X) AppleWebKit/605.1.15 (KHTML, like Gecko) Version/18.7 Mobile/15E148 Safari/604.1"
78.211.37.7 - - [21/Dec/2025:01:40:28 +0100] "GET /wp-content/uploads/2024/07/e73b0bf5-e9d1-4d73-b831-ea7eb5b2cc3b-500x667.jpg HTTP/1.1" 200 25963 "https://www.readytorun.it/home/page/11/?product-cato=633" "Mozilla/5.0 (iPhone; CPU iPhone OS 18_7 like Mac OS X) AppleWebKit/605.1.15 (KHTML, like Gecko) Version/18.7 Mobile/15E148 Safari/604.1"
78.211.37.7 - - [21/Dec/2025:01:40:28 +0100] "GET /wp-content/uploads/2024/07/fbd96875-0dda-4b92-bb47-e6786f7510f5-500x667.jpg HTTP/1.1" 200 43608 "https://www.readytorun.it/home/page/11/?product-cato=633" "Mozilla/5.0 (iPhone; CPU iPhone OS 18_7 like Mac OS X) AppleWebKit/605.1.15 (KHTML, like Gecko) Version/18.7 Mobile/15E148 Safari/604.1"
78.211.37.7 - - [21/Dec/2025:01:40:28 +0100] "GET /wp-content/uploads/2024/07/bfc2cee6-b793-42be-8eb0-e8fb2422d06c-500x667.jpg HTTP/1.1" 200 20212 "https://www.readytorun.it/home/page/11/?product-cato=633" "Mozilla/5.0 (iPhone; CPU iPhone OS 18_7 like Mac OS X) AppleWebKit/605.1.15 (KHTML, like Gecko) Version/18.7 Mobile/15E148 Safari/604.1"
78.211.37.7 - - [21/Dec/2025:01:40:28 +0100] "GET /wp-content/uploads/2024/06/a24c97c1-d597-40a7-961f-0e3e2d5d6306-500x667.jpg HTTP/1.1" 200 44045 "https://www.readytorun.it/home/page/11/?product-cato=633" "Mozilla/5.0 (iPhone; CPU iPhone OS 18_7 like Mac OS X) AppleWebKit/605.1.15 (KHTML, like Gecko) Version/18.7 Mobile/15E148 Safari/604.1"
78.211.37.7 - - [21/Dec/2025:01:40:28 +0100] "GET /wp-content/uploads/2024/06/cd70ac0d-d480-4480-861e-549d7c5c834f-500x667.jpg HTTP/1.1" 200 23236 "https://www.readytorun.it/home/page/11/?product-cato=633" "Mozilla/5.0 (iPhone; CPU iPhone OS 18_7 like Mac OS X) AppleWebKit/605.1.15 (KHTML, like Gecko) Version/18.7 Mobile/15E148 Safari/604.1"
78.211.37.7 - - [21/Dec/2025:01:40:28 +0100] "GET /wp-content/uploads/2024/06/e8c66e58-fd3a-46e4-ad1a-ef9260d06713-500x667.png HTTP/1.1" 200 96614 "https://www.readytorun.it/home/page/11/?product-cato=633" "Mozilla/5.0 (iPhone; CPU iPhone OS 18_7 like Mac OS X) AppleWebKit/605.1.15 (KHTML, like Gecko) Version/18.7 Mobile/15E148 Safari/604.1"
78.211.37.7 - - [21/Dec/2025:01:40:28 +0100] "GET /wp-content/uploads/2024/06/85833a28-852e-4846-bd79-2c89a8905837-500x667.jpg HTTP/1.1" 200 15039 "https://www.readytorun.it/home/page/11/?product-cato=633" "Mozilla/5.0 (iPhone; CPU iPhone OS 18_7 like Mac OS X) AppleWebKit/605.1.15 (KHTML, like Gecko) Version/18.7 Mobile/15E148 Safari/604.1"
78.211.37.7 - - [21/Dec/2025:01:40:43 +0100] "GET /wp-content/uploads/2024/08/16d9d83a-c5fa-44b9-9301-bc44ef0328ca-800x800.jpg HTTP/1.1" 200 17120 "https://www.readytorun.it/abbigliamento-bambino-home/52575244/" "Mozilla/5.0 (iPhone; CPU iPhone OS 18_7 like Mac OS X) AppleWebKit/605.1.15 (KHTML, like Gecko) Version/18.7 Mobile/15E148 Safari/604.1"
78.211.37.7 - - [21/Dec/2025:01:40:43 +0100] "GET /wp-content/uploads/2024/08/16d9d83a-c5fa-44b9-9301-bc44ef0328ca.jpg HTTP/1.1" 200 33284 "https://www.readytorun.it/abbigliamento-bambino-home/52575244/" "Mozilla/5.0 (iPhone; CPU iPhone OS 18_7 like Mac OS X) AppleWebKit/605.1.15 (KHTML, like Gecko) Version/18.7 Mobile/15E148 Safari/604.1"
78.211.37.7 - - [21/Dec/2025:01:40:43 +0100] "GET /wp-content/uploads/2024/08/3581354d-af9d-4310-beb8-bfbd0300dc81-1536x1536.jpg HTTP/1.1" 200 40845 "https://www.readytorun.it/abbigliamento-bambino-home/52575244/" "Mozilla/5.0 (iPhone; CPU iPhone OS 18_7 like Mac OS X) AppleWebKit/605.1.15 (KHTML, like Gecko) Version/18.7 Mobile/15E148 Safari/604.1"
78.211.37.7 - - [21/Dec/2025:01:40:43 +0100] "GET /wp-content/uploads/2024/08/d6a51272-dc44-4b4b-bda1-56840b51a5c5-1536x1536.jpg HTTP/1.1" 200 194509 "https://www.readytorun.it/abbigliamento-bambino-home/52575244/" "Mozilla/5.0 (iPhone; CPU iPhone OS 18_7 like Mac OS X) AppleWebKit/605.1.15 (KHTML, like Gecko) Version/18.7 Mobile/15E148 Safari/604.1"
78.211.37.7 - - [21/Dec/2025:01:40:37 +0100] "GET /abbigliamento-bambino-home/52575244/ HTTP/1.1" 200 46854 "https://www.readytorun.it/home/page/11/?product-cato=633" "Mozilla/5.0 (iPhone; CPU iPhone OS 18_7 like Mac OS X) AppleWebKit/605.1.15 (KHTML, like Gecko) Version/18.7 Mobile/15E148 Safari/604.1"
78.211.37.7 - - [21/Dec/2025:01:40:44 +0100] "POST /?wc-ajax=ppc-simulate-cart HTTP/1.1" 200 696 "https://www.readytorun.it/abbigliamento-bambino-home/52575244/" "Mozilla/5.0 (iPhone; CPU iPhone OS 18_7 like Mac OS X) AppleWebKit/605.1.15 (KHTML, like Gecko) Version/18.7 Mobile/15E148 Safari/604.1"
51.38.211.120 - - [21/Dec/2025:01:40:42 +0100] "POST /wp-cron.php?doing_wp_cron=1766277642.7397010326385498046875 HTTP/1.1" 200 4069 "-" "WordPress/6.9; https://www.readytorun.it"
114.119.154.124 - - [21/Dec/2025:01:40:47 +0100] "GET /chiodate-scarpe-unisex-home/100039308/ HTTP/1.1" 200 48120 "https://www.readytorun.it/product-sitemap3.xml" "Mozilla/5.0 (Linux; Android 7.0;) AppleWebKit/537.36 (KHTML, like Gecko) Mobile Safari/537.36 (compatible; PetalBot;+https://webmaster.petalsearch.com/site/petalbot)"
78.211.37.7 - - [21/Dec/2025:01:40:49 +0100] "POST /?wc-ajax=get_refreshed_fragments HTTP/1.1" 200 3882 "https://www.readytorun.it/home/page/11/?product-cato=633" "Mozilla/5.0 (iPhone; CPU iPhone OS 18_7 like Mac OS X) AppleWebKit/605.1.15 (KHTML, like Gecko) Version/18.7 Mobile/15E148 Safari/604.1"
78.211.37.7 - - [21/Dec/2025:01:40:52 +0100] "GET /culotte-pantaloncino-abbigliamento-donna-home/iy5534/ HTTP/1.1" 200 47101 "https://www.readytorun.it/home/page/11/?product-cato=633" "Mozilla/5.0 (iPhone; CPU iPhone OS 18_7 like Mac OS X) AppleWebKit/605.1.15 (KHTML, like Gecko) Version/18.7 Mobile/15E148 Safari/604.1"
78.211.37.7 - - [21/Dec/2025:01:40:58 +0100] "GET /wp-content/uploads/2024/07/88ee710b-d940-4e7a-b991-356a22fb23d3.jpg HTTP/1.1" 200 49781 "https://www.readytorun.it/culotte-pantaloncino-abbigliamento-donna-home/iy5534/" "Mozilla/5.0 (iPhone; CPU iPhone OS 18_7 like Mac OS X) AppleWebKit/605.1.15 (KHTML, like Gecko) Version/18.7 Mobile/15E148 Safari/604.1"
78.211.37.7 - - [21/Dec/2025:01:40:58 +0100] "GET /wp-content/uploads/2024/07/88ee710b-d940-4e7a-b991-356a22fb23d3-800x800.jpg HTTP/1.1" 200 25820 "https://www.readytorun.it/culotte-pantaloncino-abbigliamento-donna-home/iy5534/" "Mozilla/5.0 (iPhone; CPU iPhone OS 18_7 like Mac OS X) AppleWebKit/605.1.15 (KHTML, like Gecko) Version/18.7 Mobile/15E148 Safari/604.1"
78.211.37.7 - - [21/Dec/2025:01:40:58 +0100] "GET /wp-content/uploads/2024/07/0aac7b43-5c10-4a4e-857d-930a8f2b4430.jpg HTTP/1.1" 200 142218 "https://www.readytorun.it/culotte-pantaloncino-abbigliamento-donna-home/iy5534/" "Mozilla/5.0 (iPhone; CPU iPhone OS 18_7 like Mac OS X) AppleWebKit/605.1.15 (KHTML, like Gecko) Version/18.7 Mobile/15E148 Safari/604.1"
78.211.37.7 - - [21/Dec/2025:01:40:58 +0100] "GET /wp-content/uploads/2024/07/c19b491e-7ee6-4807-b00c-7d6404efd9df.jpg HTTP/1.1" 200 157029 "https://www.readytorun.it/culotte-pantaloncino-abbigliamento-donna-home/iy5534/" "Mozilla/5.0 (iPhone; CPU iPhone OS 18_7 like Mac OS X) AppleWebKit/605.1.15 (KHTML, like Gecko) Version/18.7 Mobile/15E148 Safari/604.1"
78.211.37.7 - - [21/Dec/2025:01:40:59 +0100] "POST /?wc-ajax=ppc-simulate-cart HTTP/1.1" 200 696 "https://www.readytorun.it/culotte-pantaloncino-abbigliamento-donna-home/iy5534/" "Mozilla/5.0 (iPhone; CPU iPhone OS 18_7 like Mac OS X) AppleWebKit/605.1.15 (KHTML, like Gecko) Version/18.7 Mobile/15E148 Safari/604.1"
52.167.144.203 - - [21/Dec/2025:01:41:42 +0100] "GET /wp-content/uploads/2022/10/ccc99a60-abd5-4488-95cd-94cd85a73069-1-50x50.png HTTP/1.1" 200 6327 "-" "Mozilla/5.0 AppleWebKit/537.36 (KHTML, like Gecko; compatible; bingbot/2.0; +http://www.bing.com/bingbot.htm) Chrome/116.0.1938.76 Safari/537.36"
52.167.144.203 - - [21/Dec/2025:01:41:58 +0100] "GET /wp-content/uploads/2022/01/011be09f-24a9-4778-aa89-12ecfc186480-scaled-500x667.jpg HTTP/1.1" 200 47396 "-" "Mozilla/5.0 AppleWebKit/537.36 (KHTML, like Gecko; compatible; bingbot/2.0; +http://www.bing.com/bingbot.htm) Chrome/116.0.1938.76 Safari/537.36"
52.167.144.215 - - [21/Dec/2025:01:42:06 +0100] "GET /wp-content/uploads/2022/04/e1cf5d6f-7189-45d2-a456-e441ee0eff43-223x300.jpg HTTP/1.1" 200 19070 "-" "Mozilla/5.0 AppleWebKit/537.36 (KHTML, like Gecko; compatible; bingbot/2.0; +http://www.bing.com/bingbot.htm) Chrome/116.0.1938.76 Safari/537.36"
114.119.157.118 - - [21/Dec/2025:01:42:10 +0100] "GET /calze-unisex-home/62-230561/ HTTP/1.1" 200 45907 "https://www.readytorun.it/product-sitemap3.xml" "Mozilla/5.0 (Linux; Android 7.0;) AppleWebKit/537.36 (KHTML, like Gecko) Mobile Safari/537.36 (compatible; PetalBot;+https://webmaster.petalsearch.com/site/petalbot)"
51.38.211.120 - - [21/Dec/2025:01:42:14 +0100] "POST /wp-cron.php?doing_wp_cron=1766277734.9641609191894531250000 HTTP/1.1" 200 4069 "-" "WordPress/6.9; https://www.readytorun.it"
52.167.144.203 - - [21/Dec/2025:01:42:53 +0100] "GET /shop/scarpe-unisex-home/page/6/ HTTP/1.1" 404 50061 "-" "Mozilla/5.0 AppleWebKit/537.36 (KHTML, like Gecko; compatible; bingbot/2.0; +http://www.bing.com/bingbot.htm) Chrome/116.0.1938.76 Safari/537.36"
51.38.211.120 - - [21/Dec/2025:01:42:57 +0100] "POST /wp-cron.php?doing_wp_cron=1766277777.7418680191040039062500 HTTP/1.1" 200 4069 "-" "WordPress/6.9; https://www.readytorun.it"
40.77.167.48 - - [21/Dec/2025:01:43:11 +0100] "GET /wp-content/uploads/2022/02/86d60a4b-2be6-4351-b91b-6dbe889b0a79-800x290.jpg HTTP/1.1" 200 34795 "-" "Mozilla/5.0 AppleWebKit/537.36 (KHTML, like Gecko; compatible; bingbot/2.0; +http://www.bing.com/bingbot.htm) Chrome/116.0.1938.76 Safari/537.36"
40.77.167.11 - - [21/Dec/2025:01:43:18 +0100] "GET /wp-content/uploads/2022/01/263d9b3e-bb47-48ab-bda2-858702ee2393-50x50.jpg HTTP/1.1" 200 4953 "-" "Mozilla/5.0 AppleWebKit/537.36 (KHTML, like Gecko; compatible; bingbot/2.0; +http://www.bing.com/bingbot.htm) Chrome/116.0.1938.76 Safari/537.36"
3.252.81.217 - - [21/Dec/2025:01:43:27 +0100] "GET /robots.txt HTTP/1.1" 200 4167 "-" "IDG/IT (http://spaziodati.eu/)"
3.252.81.217 - - [21/Dec/2025:01:43:31 +0100] "GET /chi-siamo/ HTTP/1.1" 200 34940 "-" "IDG/IT (http://spaziodati.eu/)"
114.119.148.165 - - [21/Dec/2025:01:43:34 +0100] "GET /accessori-unisex-home/flrm25003/ HTTP/1.1" 200 46347 "https://www.readytorun.it/product-sitemap3.xml" "Mozilla/5.0 (Linux; Android 7.0;) AppleWebKit/537.36 (KHTML, like Gecko) Mobile Safari/537.36 (compatible; PetalBot;+https://webmaster.petalsearch.com/site/petalbot)"
114.119.133.204 - - [21/Dec/2025:01:44:57 +0100] "GET /abbigliamento-uomo-home/ke2280/ HTTP/1.1" 200 46698 "https://www.readytorun.it/product-sitemap3.xml" "Mozilla/5.0 (Linux; Android 7.0;) AppleWebKit/537.36 (KHTML, like Gecko) Mobile Safari/537.36 (compatible; PetalBot;+https://webmaster.petalsearch.com/site/petalbot)"
17.241.75.67 - - [21/Dec/2025:01:45:08 +0100] "GET /wp-content/uploads/2022/10/25b93684-15f3-4274-b4ec-edb546772c25.jpg HTTP/1.1" 200 254955 "-" "Mozilla/5.0 (Macintosh; Intel Mac OS X 10_15_7) AppleWebKit/605.1.15 (KHTML, like Gecko) Version/17.4 Safari/605.1.15 (Applebot/0.1; +http://www.apple.com/go/applebot)"
51.38.211.120 - - [21/Dec/2025:01:45:03 +0100] "POST /wp-cron.php?doing_wp_cron=1766277903.9509680271148681640625 HTTP/1.1" 200 4069 "-" "WordPress/6.9; https://www.readytorun.it"
20.4.55.181 - - [21/Dec/2025:01:45:08 +0100] "GET /wp-json/wc/v2/taxes HTTP/1.1" 200 4903 "-" "-"
20.4.55.181 - - [21/Dec/2025:01:45:13 +0100] "GET /wp-json/wc/v2/orders?after=2025-12-16%2000:45:13&per_page=100 HTTP/1.1" 200 5760 "-" "-"
40.77.167.48 - - [21/Dec/2025:01:45:22 +0100] "GET /wp-content/uploads/2022/03/3478f305-f723-46bb-b906-2bc6ff50202b-800x1076.png HTTP/1.1" 200 1051714 "-" "Mozilla/5.0 AppleWebKit/537.36 (KHTML, like Gecko; compatible; bingbot/2.0; +http://www.bing.com/bingbot.htm) Chrome/116.0.1938.76 Safari/537.36"
40.77.167.48 - - [21/Dec/2025:01:45:23 +0100] "GET /wp-content/uploads/2022/02/89a25738-d6f1-4eda-98f7-0803e5a94e89.jpg HTTP/1.1" 200 118100 "-" "Mozilla/5.0 AppleWebKit/537.36 (KHTML, like Gecko; compatible; bingbot/2.0; +http://www.bing.com/bingbot.htm) Chrome/116.0.1938.76 Safari/537.36"
51.38.211.120 - - [21/Dec/2025:01:45:19 +0100] "POST /wp-cron.php?doing_wp_cron=1766277919.1160159111022949218750 HTTP/1.1" 200 4069 "-" "WordPress/6.9; https://www.readytorun.it"
185.191.171.2 - - [21/Dec/2025:01:45:31 +0100] "GET /a3-massimo-ammortizzamento-scarpe-bambino-home/1014a346/ HTTP/1.1" 200 45636 "-" "Mozilla/5.0 (compatible; SemrushBot/7~bl; +http://www.semrush.com/bot.html)"
52.167.144.228 - - [21/Dec/2025:01:46:07 +0100] "GET /wp-content/uploads/2022/03/f335b197-d751-4fb8-b36d-d1385650668d-764x1024.png HTTP/1.1" 200 986838 "-" "Mozilla/5.0 AppleWebKit/537.36 (KHTML, like Gecko; compatible; bingbot/2.0; +http://www.bing.com/bingbot.htm) Chrome/116.0.1938.76 Safari/537.36"
40.77.167.48 - - [21/Dec/2025:01:46:22 +0100] "GET /wp-content/uploads/2023/11/85211095-6516-47af-8b0f-120283b2a1fc-800x800.jpg HTTP/1.1" 200 27268 "-" "Mozilla/5.0 AppleWebKit/537.36 (KHTML, like Gecko; compatible; bingbot/2.0; +http://www.bing.com/bingbot.htm) Chrome/116.0.1938.76 Safari/537.36"
114.119.157.118 - - [21/Dec/2025:01:46:19 +0100] "GET /abbigliamento-uomo-home/1me10253542/ HTTP/1.1" 200 45990 "https://www.readytorun.it/product-sitemap3.xml" "Mozilla/5.0 (Linux; Android 7.0;) AppleWebKit/537.36 (KHTML, like Gecko) Mobile Safari/537.36 (compatible; PetalBot;+https://webmaster.petalsearch.com/site/petalbot)"
51.38.211.120 - - [21/Dec/2025:01:46:23 +0100] "POST /wp-cron.php?doing_wp_cron=1766277983.7348389625549316406250 HTTP/1.1" 200 4069 "-" "WordPress/6.9; https://www.readytorun.it"
17.246.23.231 - - [21/Dec/2025:01:46:42 +0100] "GET /wp-content/uploads/2024/02/cbf754cf-a8b6-4222-8306-208a2b066cc1.png HTTP/1.1" 200 145870 "-" "Mozilla/5.0 (Macintosh; Intel Mac OS X 10_15_7) AppleWebKit/605.1.15 (KHTML, like Gecko) Version/17.4 Safari/605.1.15 (Applebot/0.1; +http://www.apple.com/go/applebot)"
34.138.212.53 - - [21/Dec/2025:01:46:36 +0100] "GET /feed/ HTTP/1.0" 200 6243 "-" "ZoominfoBot (zoominfobot at zoominfo dot com)"
51.38.211.120 - - [21/Dec/2025:01:46:42 +0100] "POST /wp-cron.php?doing_wp_cron=1766278002.1434869766235351562500 HTTP/1.1" 200 4069 "-" "WordPress/6.9; https://www.readytorun.it"
77.238.120.100 - - [21/Dec/2025:01:47:03 +0100] "POST /xmlrpc.php HTTP/1.1" 503 23228 "-" "Mozilla/5.0 (Windows NT 6.1; WOW64; Trident/7.0; MDDRJS; rv:11.0) like Gecko"
114.119.154.124 - - [21/Dec/2025:01:47:43 +0100] "GET /abbigliamento-donna-home/1we10333538/ HTTP/1.1" 200 45953 "https://www.readytorun.it/product-sitemap3.xml" "Mozilla/5.0 (Linux; Android 7.0;) AppleWebKit/537.36 (KHTML, like Gecko) Mobile Safari/537.36 (compatible; PetalBot;+https://webmaster.petalsearch.com/site/petalbot)"
51.38.211.120 - - [21/Dec/2025:01:47:50 +0100] "POST /wp-cron.php?doing_wp_cron=1766278070.0210869312286376953125 HTTP/1.1" 200 4069 "-" "WordPress/6.9; https://www.readytorun.it"
40.77.167.48 - - [21/Dec/2025:01:48:02 +0100] "GET /wp-content/uploads/2022/07/c7e166a0-34c5-4c6b-90a4-1eaf5d514436-100x100.jpg HTTP/1.1" 200 5988 "-" "Mozilla/5.0 AppleWebKit/537.36 (KHTML, like Gecko; compatible; bingbot/2.0; +http://www.bing.com/bingbot.htm) Chrome/116.0.1938.76 Safari/537.36"
40.77.167.11 - - [21/Dec/2025:01:48:18 +0100] "GET /wp-content/uploads/2024/01/9521bb2c-31b5-49c5-a500-9cf9a205b595-1536x1536.jpg HTTP/1.1" 200 130851 "-" "Mozilla/5.0 AppleWebKit/537.36 (KHTML, like Gecko; compatible; bingbot/2.0; +http://www.bing.com/bingbot.htm) Chrome/116.0.1938.76 Safari/537.36"
185.191.171.18 - - [21/Dec/2025:01:48:15 +0100] "GET /brand/flocky/ HTTP/1.1" 200 41875 "-" "Mozilla/5.0 (compatible; SemrushBot/7~bl; +http://www.semrush.com/bot.html)"
3.252.81.217 - - [21/Dec/2025:01:49:01 +0100] "GET /chi-siamo HTTP/1.1" 301 3846 "-" "IDG/IT (http://spaziodati.eu/)"
51.38.211.120 - - [21/Dec/2025:01:49:06 +0100] "POST /wp-cron.php?doing_wp_cron=1766278146.3375709056854248046875 HTTP/1.1" 200 4069 "-" "WordPress/6.9; https://www.readytorun.it"
114.119.148.165 - - [21/Dec/2025:01:49:08 +0100] "GET /abbigliamento-donna-home/102-18233420009/ HTTP/1.1" 200 46274 "https://www.readytorun.it/product-sitemap3.xml" "Mozilla/5.0 (Linux; Android 7.0;) AppleWebKit/537.36 (KHTML, like Gecko) Mobile Safari/537.36 (compatible; PetalBot;+https://webmaster.petalsearch.com/site/petalbot)"
3.252.81.217 - - [21/Dec/2025:01:49:07 +0100] "GET /chi-siamo/ HTTP/1.1" 200 34939 "-" "IDG/IT (http://spaziodati.eu/)"
40.77.167.48 - - [21/Dec/2025:01:49:22 +0100] "GET /wp-content/uploads/2021/12/ce7f566e-9369-4eba-8459-fa821660f1c9-1-1024x1024.jpg HTTP/1.1" 200 47811 "-" "Mozilla/5.0 AppleWebKit/537.36 (KHTML, like Gecko; compatible; bingbot/2.0; +http://www.bing.com/bingbot.htm) Chrome/116.0.1938.76 Safari/537.36"
40.77.167.11 - - [21/Dec/2025:01:49:48 +0100] "GET /wp-content/uploads/2023/04/77e09efa-89e7-46bb-a0ae-8d153be15fc0-800x800.jpg HTTP/1.1" 200 36613 "-" "Mozilla/5.0 AppleWebKit/537.36 (KHTML, like Gecko; compatible; bingbot/2.0; +http://www.bing.com/bingbot.htm) Chrome/116.0.1938.76 Safari/537.36"
66.249.66.78 - - [21/Dec/2025:01:49:52 +0100] "GET /pa_sottocategoria-sitemap.xml HTTP/1.1" 200 5150 "-" "Mozilla/5.0 (compatible; Googlebot/2.1; +http://www.google.com/bot.html)"
51.38.211.120 - - [21/Dec/2025:01:49:58 +0100] "POST /wp-cron.php?doing_wp_cron=1766278198.6251571178436279296875 HTTP/1.1" 200 4069 "-" "WordPress/6.9; https://www.readytorun.it"
216.73.216.188 - - [21/Dec/2025:01:50:02 +0100] "GET /a3-massimo-ammortizzamento-scarpe-donna-home/120409497 HTTP/1.1" 301 888 "-" "Mozilla/5.0 AppleWebKit/537.36 (KHTML, like Gecko; compatible; ClaudeBot/1.0; +claudebot@anthropic.com)"
216.73.216.188 - - [21/Dec/2025:01:50:02 +0100] "GET /t-shirt-abbigliamento-uomo-home/52498938 HTTP/1.1" 301 4089 "-" "Mozilla/5.0 AppleWebKit/537.36 (KHTML, like Gecko; compatible; ClaudeBot/1.0; +claudebot@anthropic.com)"
149.102.145.35 - - [21/Dec/2025:01:50:07 +0100] "GET / HTTP/1.1" 301 3960 "-" "Mozilla/5.0 (Macintosh; U; Intel Mac OS X 10_6_8; es-es) AppleWebKit/533.21.1 (KHTML, like Gecko) Version/5.0.5 Safari/533.21.1"
216.73.216.188 - - [21/Dec/2025:01:50:07 +0100] "GET /t-shirt-abbigliamento-uomo-home/52498938/ HTTP/1.1" 200 43485 "https://www.readytorun.it/t-shirt-abbigliamento-uomo-home/52498938" "Mozilla/5.0 AppleWebKit/537.36 (KHTML, like Gecko; compatible; ClaudeBot/1.0; +claudebot@anthropic.com)"
216.73.216.188 - - [21/Dec/2025:01:50:07 +0100] "GET /a3-massimo-ammortizzamento-scarpe-donna-home/120409497/ HTTP/1.1" 200 32394 "https://www.readytorun.it/a3-massimo-ammortizzamento-scarpe-donna-home/120409497" "Mozilla/5.0 AppleWebKit/537.36 (KHTML, like Gecko; compatible; ClaudeBot/1.0; +claudebot@anthropic.com)"
51.38.211.120 - - [21/Dec/2025:01:50:14 +0100] "POST /wp-cron.php?doing_wp_cron=1766278214.1538279056549072265625 HTTP/1.1" 200 4069 "-" "WordPress/6.9; https://www.readytorun.it"
114.119.146.215 - - [21/Dec/2025:01:50:31 +0100] "GET /abbigliamento-bambino-home/211516167/ HTTP/1.1" 200 43573 "https://www.readytorun.it/product-sitemap3.xml" "Mozilla/5.0 (Linux; Android 7.0;) AppleWebKit/537.36 (KHTML, like Gecko) Mobile Safari/537.36 (compatible; PetalBot;+https://webmaster.petalsearch.com/site/petalbot)"
52.167.144.228 - - [21/Dec/2025:01:50:46 +0100] "GET /wp-content/uploads/2023/09/04459a6e-5093-4a8e-8fda-e5038202023c-768x408.jpg HTTP/1.1" 200 24609 "-" "Mozilla/5.0 AppleWebKit/537.36 (KHTML, like Gecko; compatible; bingbot/2.0; +http://www.bing.com/bingbot.htm) Chrome/116.0.1938.76 Safari/537.36"
114.119.148.165 - - [21/Dec/2025:01:51:53 +0100] "GET /a4-massimo-ammortizzamento-stabili-scarpe-uomo-home/jq5907/ HTTP/1.1" 200 48801 "https://www.readytorun.it/product-sitemap3.xml" "Mozilla/5.0 (Linux; Android 7.0;) AppleWebKit/537.36 (KHTML, like Gecko) Mobile Safari/537.36 (compatible; PetalBot;+https://webmaster.petalsearch.com/site/petalbot)"
51.38.211.120 - - [21/Dec/2025:01:51:58 +0100] "POST /wp-cron.php?doing_wp_cron=1766278318.9114880561828613281250 HTTP/1.1" 200 4069 "-" "WordPress/6.9; https://www.readytorun.it"
2.45.231.124 - - [21/Dec/2025:01:52:41 +0100] "GET /wp-includes/css/dist/block-library/style.min.css?ver=6.9 HTTP/1.1" 200 16920 "https://www.readytorun.it/a2-intermedie-scarpe-unisex-home/3ue30012929/" "Mozilla/5.0 (Linux; Android 10; K) AppleWebKit/537.36 (KHTML, like Gecko) Chrome/143.0.0.0 Mobile Safari/537.36"
2.45.231.124 - - [21/Dec/2025:01:52:41 +0100] "GET /wp-content/plugins/cookie-notice/css/front.min.css?ver=2.5.11 HTTP/1.1" 200 2061 "https://www.readytorun.it/a2-intermedie-scarpe-unisex-home/3ue30012929/" "Mozilla/5.0 (Linux; Android 10; K) AppleWebKit/537.36 (KHTML, like Gecko) Chrome/143.0.0.0 Mobile Safari/537.36"
2.45.231.124 - - [21/Dec/2025:01:52:41 +0100] "GET /wp-content/plugins/nexi-xpay-build/assets/css/xpay.css?ver=7.6.2 HTTP/1.1" 200 5044 "https://www.readytorun.it/a2-intermedie-scarpe-unisex-home/3ue30012929/" "Mozilla/5.0 (Linux; Android 10; K) AppleWebKit/537.36 (KHTML, like Gecko) Chrome/143.0.0.0 Mobile Safari/537.36"
2.45.231.124 - - [21/Dec/2025:01:52:41 +0100] "GET /wp-content/plugins/woo-advanced-product-size-chart/public/css/size-chart-for-woocommerce-public.css?ver=2.4.7 HTTP/1.1" 200 6734 "https://www.readytorun.it/a2-intermedie-scarpe-unisex-home/3ue30012929/" "Mozilla/5.0 (Linux; Android 10; K) AppleWebKit/537.36 (KHTML, like Gecko) Chrome/143.0.0.0 Mobile Safari/537.36"
2.45.231.124 - - [21/Dec/2025:01:52:41 +0100] "GET /wp-content/plugins/woo-variation-swatches/assets/css/frontend.min.css?ver=1762855689 HTTP/1.1" 200 8636 "https://www.readytorun.it/a2-intermedie-scarpe-unisex-home/3ue30012929/" "Mozilla/5.0 (Linux; Android 10; K) AppleWebKit/537.36 (KHTML, like Gecko) Chrome/143.0.0.0 Mobile Safari/537.36"
2.45.231.124 - - [21/Dec/2025:01:52:41 +0100] "GET /wp-content/plugins/woocommerce-paypal-payments/modules/ppcp-button/assets/css/gateway.css?ver=3.3.1 HTTP/1.1" 200 745 "https://www.readytorun.it/a2-intermedie-scarpe-unisex-home/3ue30012929/" "Mozilla/5.0 (Linux; Android 10; K) AppleWebKit/537.36 (KHTML, like Gecko) Chrome/143.0.0.0 Mobile Safari/537.36"
2.45.231.124 - - [21/Dec/2025:01:52:41 +0100] "GET /wp-content/plugins/elementor/assets/css/frontend.min.css?ver=3.33.6 HTTP/1.1" 200 7577 "https://www.readytorun.it/a2-intermedie-scarpe-unisex-home/3ue30012929/" "Mozilla/5.0 (Linux; Android 10; K) AppleWebKit/537.36 (KHTML, like Gecko) Chrome/143.0.0.0 Mobile Safari/537.36"
2.45.231.124 - - [21/Dec/2025:01:52:41 +0100] "GET /wp-content/uploads/rey/hs-3e39b18e48.css?ver=3.1.9.1760372467 HTTP/1.1" 200 15644 "https://www.readytorun.it/a2-intermedie-scarpe-unisex-home/3ue30012929/" "Mozilla/5.0 (Linux; Android 10; K) AppleWebKit/537.36 (KHTML, like Gecko) Chrome/143.0.0.0 Mobile Safari/537.36"
2.45.231.124 - - [21/Dec/2025:01:52:41 +0100] "GET /wp-content/uploads/rey/ds-9b2adb32f8.css?ver=3.1.9.1760372467 HTTP/1.1" 200 26281 "https://www.readytorun.it/a2-intermedie-scarpe-unisex-home/3ue30012929/" "Mozilla/5.0 (Linux; Android 10; K) AppleWebKit/537.36 (KHTML, like Gecko) Chrome/143.0.0.0 Mobile Safari/537.36"
2.45.231.124 - - [21/Dec/2025:01:52:41 +0100] "GET /wp-content/uploads/elementor/css/post-97.css?ver=1766268503 HTTP/1.1" 200 1153 "https://www.readytorun.it/a2-intermedie-scarpe-unisex-home/3ue30012929/" "Mozilla/5.0 (Linux; Android 10; K) AppleWebKit/537.36 (KHTML, like Gecko) Chrome/143.0.0.0 Mobile Safari/537.36"
2.45.231.124 - - [21/Dec/2025:01:52:41 +0100] "GET /wp-content/themes/rey-child/style.css?ver=6.9 HTTP/1.1" 200 3698 "https://www.readytorun.it/a2-intermedie-scarpe-unisex-home/3ue30012929/" "Mozilla/5.0 (Linux; Android 10; K) AppleWebKit/537.36 (KHTML, like Gecko) Chrome/143.0.0.0 Mobile Safari/537.36"
2.45.231.124 - - [21/Dec/2025:01:52:41 +0100] "GET /wp-includes/js/jquery/jquery.min.js?ver=3.7.1 HTTP/1.1" 200 30837 "https://www.readytorun.it/a2-intermedie-scarpe-unisex-home/3ue30012929/" "Mozilla/5.0 (Linux; Android 10; K) AppleWebKit/537.36 (KHTML, like Gecko) Chrome/143.0.0.0 Mobile Safari/537.36"
2.45.231.124 - - [21/Dec/2025:01:52:41 +0100] "GET /wp-includes/js/jquery/jquery-migrate.min.js?ver=3.4.1 HTTP/1.1" 200 5273 "https://www.readytorun.it/a2-intermedie-scarpe-unisex-home/3ue30012929/" "Mozilla/5.0 (Linux; Android 10; K) AppleWebKit/537.36 (KHTML, like Gecko) Chrome/143.0.0.0 Mobile Safari/537.36"
2.45.231.124 - - [21/Dec/2025:01:52:41 +0100] "GET /wp-content/plugins/woocommerce/assets/js/jquery-blockui/jquery.blockUI.min.js?ver=2.7.0-wc.10.3.3 HTTP/1.1" 200 3938 "https://www.readytorun.it/a2-intermedie-scarpe-unisex-home/3ue30012929/" "Mozilla/5.0 (Linux; Android 10; K) AppleWebKit/537.36 (KHTML, like Gecko) Chrome/143.0.0.0 Mobile Safari/537.36"
2.45.231.124 - - [21/Dec/2025:01:52:41 +0100] "GET /wp-content/plugins/nexi-xpay-build/assets/js/xpay.js?ver=7.6.2 HTTP/1.1" 200 1043 "https://www.readytorun.it/a2-intermedie-scarpe-unisex-home/3ue30012929/" "Mozilla/5.0 (Linux; Android 10; K) AppleWebKit/537.36 (KHTML, like Gecko) Chrome/143.0.0.0 Mobile Safari/537.36"
2.45.231.124 - - [21/Dec/2025:01:52:41 +0100] "GET /wp-content/plugins/nexi-xpay-build/assets/js/xpay-build.js?ver=7.6.2 HTTP/1.1" 200 3461 "https://www.readytorun.it/a2-intermedie-scarpe-unisex-home/3ue30012929/" "Mozilla/5.0 (Linux; Android 10; K) AppleWebKit/537.36 (KHTML, like Gecko) Chrome/143.0.0.0 Mobile Safari/537.36"
2.45.231.124 - - [21/Dec/2025:01:52:41 +0100] "GET /wp-content/uploads/2025/09/308886db-a1f5-4e34-915d-1f5f7357a8bd.jpg HTTP/1.1" 200 49472 "https://www.readytorun.it/a2-intermedie-scarpe-unisex-home/3ue30012929/" "Mozilla/5.0 (Linux; Android 10; K) AppleWebKit/537.36 (KHTML, like Gecko) Chrome/143.0.0.0 Mobile Safari/537.36"
2.45.231.124 - - [21/Dec/2025:01:52:41 +0100] "GET /wp-content/plugins/nexi-xpay-build/assets/js/pagodil-sticker.min.js?v=7.6.2 HTTP/1.1" 200 16136 "https://www.readytorun.it/a2-intermedie-scarpe-unisex-home/3ue30012929/" "Mozilla/5.0 (Linux; Android 10; K) AppleWebKit/537.36 (KHTML, like Gecko) Chrome/143.0.0.0 Mobile Safari/537.36"
2.45.231.124 - - [21/Dec/2025:01:52:41 +0100] "GET /wp-content/uploads/2021/09/logo-simple-rgb-2x.png HTTP/1.1" 200 9852 "https://www.readytorun.it/a2-intermedie-scarpe-unisex-home/3ue30012929/" "Mozilla/5.0 (Linux; Android 10; K) AppleWebKit/537.36 (KHTML, like Gecko) Chrome/143.0.0.0 Mobile Safari/537.36"
2.45.231.124 - - [21/Dec/2025:01:52:41 +0100] "GET /wp-content/uploads/2025/09/24724a21-dbb7-4f44-8373-182540e0e3fd.jpg HTTP/1.1" 200 112912 "https://www.readytorun.it/a2-intermedie-scarpe-unisex-home/3ue30012929/" "Mozilla/5.0 (Linux; Android 10; K) AppleWebKit/537.36 (KHTML, like Gecko) Chrome/143.0.0.0 Mobile Safari/537.36"
2.45.231.124 - - [21/Dec/2025:01:52:42 +0100] "GET /wp-content/uploads/2025/09/9a848472-6c1e-420c-ab2d-f323ebcd47fe-1.jpg HTTP/1.1" 200 81559 "https://www.readytorun.it/a2-intermedie-scarpe-unisex-home/3ue30012929/" "Mozilla/5.0 (Linux; Android 10; K) AppleWebKit/537.36 (KHTML, like Gecko) Chrome/143.0.0.0 Mobile Safari/537.36"
2.45.231.124 - - [21/Dec/2025:01:52:42 +0100] "GET /wp-content/plugins/woocommerce/assets/js/frontend/add-to-cart.min.js?ver=10.3.3 HTTP/1.1" 200 1724 "https://www.readytorun.it/a2-intermedie-scarpe-unisex-home/3ue30012929/" "Mozilla/5.0 (Linux; Android 10; K) AppleWebKit/537.36 (KHTML, like Gecko) Chrome/143.0.0.0 Mobile Safari/537.36"
2.45.231.124 - - [21/Dec/2025:01:52:42 +0100] "GET /wp-content/plugins/woocommerce/assets/js/js-cookie/js.cookie.min.js?ver=2.1.4-wc.10.3.3 HTTP/1.1" 200 1188 "https://www.readytorun.it/a2-intermedie-scarpe-unisex-home/3ue30012929/" "Mozilla/5.0 (Linux; Android 10; K) AppleWebKit/537.36 (KHTML, like Gecko) Chrome/143.0.0.0 Mobile Safari/537.36"
2.45.231.124 - - [21/Dec/2025:01:52:42 +0100] "GET /wp-content/plugins/woocommerce/assets/js/frontend/woocommerce.min.js?ver=10.3.3 HTTP/1.1" 200 1830 "https://www.readytorun.it/a2-intermedie-scarpe-unisex-home/3ue30012929/" "Mozilla/5.0 (Linux; Android 10; K) AppleWebKit/537.36 (KHTML, like Gecko) Chrome/143.0.0.0 Mobile Safari/537.36"
2.45.231.124 - - [21/Dec/2025:01:52:42 +0100] "GET /wp-content/fonts/lato/b8958a3e56550838 HTTP/1.1" 200 29518 "https://www.readytorun.it/a2-intermedie-scarpe-unisex-home/3ue30012929/" "Mozilla/5.0 (Linux; Android 10; K) AppleWebKit/537.36 (KHTML, like Gecko) Chrome/143.0.0.0 Mobile Safari/537.36"
2.45.231.124 - - [21/Dec/2025:01:52:42 +0100] "GET /wp-content/fonts/lato/ccd4b308bd92713c HTTP/1.1" 200 30734 "https://www.readytorun.it/a2-intermedie-scarpe-unisex-home/3ue30012929/" "Mozilla/5.0 (Linux; Android 10; K) AppleWebKit/537.36 (KHTML, like Gecko) Chrome/143.0.0.0 Mobile Safari/537.36"
2.45.231.124 - - [21/Dec/2025:01:52:42 +0100] "GET /wp-content/fonts/lato/f704e418cc654764 HTTP/1.1" 200 33989 "https://www.readytorun.it/a2-intermedie-scarpe-unisex-home/3ue30012929/" "Mozilla/5.0 (Linux; Android 10; K) AppleWebKit/537.36 (KHTML, like Gecko) Chrome/143.0.0.0 Mobile Safari/537.36"
2.45.231.124 - - [21/Dec/2025:01:52:42 +0100] "GET /wp-content/fonts/lato/21036405bec9936b HTTP/1.1" 200 32113 "https://www.readytorun.it/a2-intermedie-scarpe-unisex-home/3ue30012929/" "Mozilla/5.0 (Linux; Android 10; K) AppleWebKit/537.36 (KHTML, like Gecko) Chrome/143.0.0.0 Mobile Safari/537.36"
2.45.231.124 - - [21/Dec/2025:01:52:42 +0100] "GET /wp-content/uploads/2025/09/308886db-a1f5-4e34-915d-1f5f7357a8bd-800x800.jpg HTTP/1.1" 200 24681 "https://www.readytorun.it/a2-intermedie-scarpe-unisex-home/3ue30012929/" "Mozilla/5.0 (Linux; Android 10; K) AppleWebKit/537.36 (KHTML, like Gecko) Chrome/143.0.0.0 Mobile Safari/537.36"
2.45.231.124 - - [21/Dec/2025:01:52:42 +0100] "GET /wp-content/uploads/2019/05/master-card-logo.svg HTTP/1.1" 200 9442 "https://www.readytorun.it/a2-intermedie-scarpe-unisex-home/3ue30012929/" "Mozilla/5.0 (Linux; Android 10; K) AppleWebKit/537.36 (KHTML, like Gecko) Chrome/143.0.0.0 Mobile Safari/537.36"
2.45.231.124 - - [21/Dec/2025:01:52:42 +0100] "GET /wp-content/uploads/2019/05/logo_footer_ico.png HTTP/1.1" 200 3146 "https://www.readytorun.it/a2-intermedie-scarpe-unisex-home/3ue30012929/" "Mozilla/5.0 (Linux; Android 10; K) AppleWebKit/537.36 (KHTML, like Gecko) Chrome/143.0.0.0 Mobile Safari/537.36"
2.45.231.124 - - [21/Dec/2025:01:52:42 +0100] "GET /wp-content/uploads/2019/05/american-express-logo.svg HTTP/1.1" 200 10206 "https://www.readytorun.it/a2-intermedie-scarpe-unisex-home/3ue30012929/" "Mozilla/5.0 (Linux; Android 10; K) AppleWebKit/537.36 (KHTML, like Gecko) Chrome/143.0.0.0 Mobile Safari/537.36"
2.45.231.124 - - [21/Dec/2025:01:52:42 +0100] "GET /wp-content/uploads/2019/05/paypal-logo.svg HTTP/1.1" 200 6971 "https://www.readytorun.it/a2-intermedie-scarpe-unisex-home/3ue30012929/" "Mozilla/5.0 (Linux; Android 10; K) AppleWebKit/537.36 (KHTML, like Gecko) Chrome/143.0.0.0 Mobile Safari/537.36"
2.45.231.124 - - [21/Dec/2025:01:52:42 +0100] "GET /wp-content/uploads/elementor/css/post-293.css?ver=1766268503 HTTP/1.1" 200 1672 "https://www.readytorun.it/a2-intermedie-scarpe-unisex-home/3ue30012929/" "Mozilla/5.0 (Linux; Android 10; K) AppleWebKit/537.36 (KHTML, like Gecko) Chrome/143.0.0.0 Mobile Safari/537.36"
2.45.231.124 - - [21/Dec/2025:01:52:36 +0100] "GET /a2-intermedie-scarpe-unisex-home/3ue30012929/ HTTP/1.1" 200 47626 "android-app://com.google.android.googlequicksearchbox/" "Mozilla/5.0 (Linux; Android 10; K) AppleWebKit/537.36 (KHTML, like Gecko) Chrome/143.0.0.0 Mobile Safari/537.36"
2.45.231.124 - - [21/Dec/2025:01:52:42 +0100] "GET /wp-content/plugins/nexi-xpay-build/build/index_xpay_build.css?ver=990856cfbde295b53445 HTTP/1.1" 200 720 "https://www.readytorun.it/a2-intermedie-scarpe-unisex-home/3ue30012929/" "Mozilla/5.0 (Linux; Android 10; K) AppleWebKit/537.36 (KHTML, like Gecko) Chrome/143.0.0.0 Mobile Safari/537.36"
2.45.231.124 - - [21/Dec/2025:01:52:42 +0100] "GET /wp-content/plugins/nexi-xpay-build/build/index_xpay_applepay.css?ver=c8d190ad6ffecea1f88c HTTP/1.1" 200 693 "https://www.readytorun.it/a2-intermedie-scarpe-unisex-home/3ue30012929/" "Mozilla/5.0 (Linux; Android 10; K) AppleWebKit/537.36 (KHTML, like Gecko) Chrome/143.0.0.0 Mobile Safari/537.36"
2.45.231.124 - - [21/Dec/2025:01:52:42 +0100] "GET /wp-content/plugins/nexi-xpay-build/build/index_xpay_googlepay.css?ver=82ae01a55d598816d438 HTTP/1.1" 200 693 "https://www.readytorun.it/a2-intermedie-scarpe-unisex-home/3ue30012929/" "Mozilla/5.0 (Linux; Android 10; K) AppleWebKit/537.36 (KHTML, like Gecko) Chrome/143.0.0.0 Mobile Safari/537.36"
2.45.231.124 - - [21/Dec/2025:01:52:42 +0100] "GET /wp-content/plugins/nexi-xpay-build/build/index_xpay_fastcheckout.css?ver=7f112896ff826c3a384d HTTP/1.1" 200 693 "https://www.readytorun.it/a2-intermedie-scarpe-unisex-home/3ue30012929/" "Mozilla/5.0 (Linux; Android 10; K) AppleWebKit/537.36 (KHTML, like Gecko) Chrome/143.0.0.0 Mobile Safari/537.36"
2.45.231.124 - - [21/Dec/2025:01:52:42 +0100] "GET /wp-content/plugins/woocommerce/assets/client/blocks/wc-blocks.css?ver=wc-10.3.3 HTTP/1.1" 200 3005 "https://www.readytorun.it/a2-intermedie-scarpe-unisex-home/3ue30012929/" "Mozilla/5.0 (Linux; Android 10; K) AppleWebKit/537.36 (KHTML, like Gecko) Chrome/143.0.0.0 Mobile Safari/537.36"
2.45.231.124 - - [21/Dec/2025:01:52:42 +0100] "GET /wp-content/plugins/elementor/assets/css/widget-image.min.css?ver=3.33.6 HTTP/1.1" 200 475 "https://www.readytorun.it/a2-intermedie-scarpe-unisex-home/3ue30012929/" "Mozilla/5.0 (Linux; Android 10; K) AppleWebKit/537.36 (KHTML, like Gecko) Chrome/143.0.0.0 Mobile Safari/537.36"
2.45.231.124 - - [21/Dec/2025:01:52:42 +0100] "GET /wp-content/plugins/elementor/assets/css/widget-social-icons.min.css?ver=3.33.6 HTTP/1.1" 200 1485 "https://www.readytorun.it/a2-intermedie-scarpe-unisex-home/3ue30012929/" "Mozilla/5.0 (Linux; Android 10; K) AppleWebKit/537.36 (KHTML, like Gecko) Chrome/143.0.0.0 Mobile Safari/537.36"
2.45.231.124 - - [21/Dec/2025:01:52:42 +0100] "GET /wp-content/plugins/elementor/assets/css/conditionals/apple-webkit.min.css?ver=3.33.6 HTTP/1.1" 200 899 "https://www.readytorun.it/a2-intermedie-scarpe-unisex-home/3ue30012929/" "Mozilla/5.0 (Linux; Android 10; K) AppleWebKit/537.36 (KHTML, like Gecko) Chrome/143.0.0.0 Mobile Safari/537.36"
2.45.231.124 - - [21/Dec/2025:01:52:42 +0100] "GET /wp-content/plugins/elementor/assets/css/widget-heading.min.css?ver=3.33.6 HTTP/1.1" 200 501 "https://www.readytorun.it/a2-intermedie-scarpe-unisex-home/3ue30012929/" "Mozilla/5.0 (Linux; Android 10; K) AppleWebKit/537.36 (KHTML, like Gecko) Chrome/143.0.0.0 Mobile Safari/537.36"
2.45.231.124 - - [21/Dec/2025:01:52:42 +0100] "GET /wp-content/plugins/elementor/assets/css/widget-divider.min.css?ver=3.33.6 HTTP/1.1" 200 1083 "https://www.readytorun.it/a2-intermedie-scarpe-unisex-home/3ue30012929/" "Mozilla/5.0 (Linux; Android 10; K) AppleWebKit/537.36 (KHTML, like Gecko) Chrome/143.0.0.0 Mobile Safari/537.36"
2.45.231.124 - - [21/Dec/2025:01:52:42 +0100] "GET /wp-content/plugins/elementor/assets/css/widget-image-gallery.min.css?ver=3.33.6 HTTP/1.1" 200 699 "https://www.readytorun.it/a2-intermedie-scarpe-unisex-home/3ue30012929/" "Mozilla/5.0 (Linux; Android 10; K) AppleWebKit/537.36 (KHTML, like Gecko) Chrome/143.0.0.0 Mobile Safari/537.36"
2.45.231.124 - - [21/Dec/2025:01:52:42 +0100] "GET /wp-content/uploads/elementor/css/post-8.css?ver=1766268503 HTTP/1.1" 200 1238 "https://www.readytorun.it/a2-intermedie-scarpe-unisex-home/3ue30012929/" "Mozilla/5.0 (Linux; Android 10; K) AppleWebKit/537.36 (KHTML, like Gecko) Chrome/143.0.0.0 Mobile Safari/537.36"
2.45.231.124 - - [21/Dec/2025:01:52:42 +0100] "GET /wp-content/plugins/elementor/assets/lib/font-awesome/css/v4-shims.min.css?ver=3.33.6 HTTP/1.1" 200 4616 "https://www.readytorun.it/a2-intermedie-scarpe-unisex-home/3ue30012929/" "Mozilla/5.0 (Linux; Android 10; K) AppleWebKit/537.36 (KHTML, like Gecko) Chrome/143.0.0.0 Mobile Safari/537.36"
2.45.231.124 - - [21/Dec/2025:01:52:42 +0100] "GET /wp-content/plugins/duracelltomi-google-tag-manager/dist/js/gtm4wp-ecommerce-generic.js?ver=1.22.3 HTTP/1.1" 200 922 "https://www.readytorun.it/a2-intermedie-scarpe-unisex-home/3ue30012929/" "Mozilla/5.0 (Linux; Android 10; K) AppleWebKit/537.36 (KHTML, like Gecko) Chrome/143.0.0.0 Mobile Safari/537.36"
2.45.231.124 - - [21/Dec/2025:01:52:42 +0100] "GET /wp-content/plugins/cookie-notice/js/front.min.js?ver=2.5.11 HTTP/1.1" 200 2670 "https://www.readytorun.it/a2-intermedie-scarpe-unisex-home/3ue30012929/" "Mozilla/5.0 (Linux; Android 10; K) AppleWebKit/537.36 (KHTML, like Gecko) Chrome/143.0.0.0 Mobile Safari/537.36"
2.45.231.124 - - [21/Dec/2025:01:52:42 +0100] "GET /wp-content/plugins/elementor/assets/lib/font-awesome/css/all.min.css?ver=3.33.6 HTTP/1.1" 200 13279 "https://www.readytorun.it/a2-intermedie-scarpe-unisex-home/3ue30012929/" "Mozilla/5.0 (Linux; Android 10; K) AppleWebKit/537.36 (KHTML, like Gecko) Chrome/143.0.0.0 Mobile Safari/537.36"
2.45.231.124 - - [21/Dec/2025:01:52:42 +0100] "GET /wp-content/plugins/duracelltomi-google-tag-manager/dist/js/gtm4wp-woocommerce.js?ver=1.22.3 HTTP/1.1" 200 3417 "https://www.readytorun.it/a2-intermedie-scarpe-unisex-home/3ue30012929/" "Mozilla/5.0 (Linux; Android 10; K) AppleWebKit/537.36 (KHTML, like Gecko) Chrome/143.0.0.0 Mobile Safari/537.36"
2.45.231.124 - - [21/Dec/2025:01:52:42 +0100] "GET /wp-content/plugins/woo-advanced-product-size-chart/public/js/size-chart-for-woocommerce-public.min.js?ver=2.4.7 HTTP/1.1" 200 995 "https://www.readytorun.it/a2-intermedie-scarpe-unisex-home/3ue30012929/" "Mozilla/5.0 (Linux; Android 10; K) AppleWebKit/537.36 (KHTML, like Gecko) Chrome/143.0.0.0 Mobile Safari/537.36"
2.45.231.124 - - [21/Dec/2025:01:52:42 +0100] "GET /wp-includes/js/underscore.min.js?ver=1.13.7 HTTP/1.1" 200 7718 "https://www.readytorun.it/a2-intermedie-scarpe-unisex-home/3ue30012929/" "Mozilla/5.0 (Linux; Android 10; K) AppleWebKit/537.36 (KHTML, like Gecko) Chrome/143.0.0.0 Mobile Safari/537.36"
2.45.231.124 - - [21/Dec/2025:01:52:42 +0100] "GET /wp-includes/js/wp-util.min.js?ver=6.9 HTTP/1.1" 200 1111 "https://www.readytorun.it/a2-intermedie-scarpe-unisex-home/3ue30012929/" "Mozilla/5.0 (Linux; Android 10; K) AppleWebKit/537.36 (KHTML, like Gecko) Chrome/143.0.0.0 Mobile Safari/537.36"
2.45.231.124 - - [21/Dec/2025:01:52:42 +0100] "GET /wp-includes/js/api-request.min.js?ver=6.9 HTTP/1.1" 200 945 "https://www.readytorun.it/a2-intermedie-scarpe-unisex-home/3ue30012929/" "Mozilla/5.0 (Linux; Android 10; K) AppleWebKit/537.36 (KHTML, like Gecko) Chrome/143.0.0.0 Mobile Safari/537.36"
2.45.231.124 - - [21/Dec/2025:01:52:42 +0100] "GET /wp-includes/js/dist/hooks.min.js?ver=dd5603f07f9220ed27f1 HTTP/1.1" 200 2342 "https://www.readytorun.it/a2-intermedie-scarpe-unisex-home/3ue30012929/" "Mozilla/5.0 (Linux; Android 10; K) AppleWebKit/537.36 (KHTML, like Gecko) Chrome/143.0.0.0 Mobile Safari/537.36"
2.45.231.124 - - [21/Dec/2025:01:52:42 +0100] "GET /wp-includes/js/dist/i18n.min.js?ver=c26c3dc7bed366793375 HTTP/1.1" 200 2630 "https://www.readytorun.it/a2-intermedie-scarpe-unisex-home/3ue30012929/" "Mozilla/5.0 (Linux; Android 10; K) AppleWebKit/537.36 (KHTML, like Gecko) Chrome/143.0.0.0 Mobile Safari/537.36"
2.45.231.124 - - [21/Dec/2025:01:52:42 +0100] "GET /wp-includes/js/dist/url.min.js?ver=9e178c9516d1222dc834 HTTP/1.1" 200 4257 "https://www.readytorun.it/a2-intermedie-scarpe-unisex-home/3ue30012929/" "Mozilla/5.0 (Linux; Android 10; K) AppleWebKit/537.36 (KHTML, like Gecko) Chrome/143.0.0.0 Mobile Safari/537.36"
2.45.231.124 - - [21/Dec/2025:01:52:43 +0100] "GET /wp-content/plugins/elementor/assets/lib/font-awesome/webfonts/fa-brands-400.woff2 HTTP/1.1" 200 82017 "https://www.readytorun.it/wp-content/plugins/elementor/assets/lib/font-awesome/css/all.min.css?ver=3.33.6" "Mozilla/5.0 (Linux; Android 10; K) AppleWebKit/537.36 (KHTML, like Gecko) Chrome/143.0.0.0 Mobile Safari/537.36"
2.45.231.124 - - [21/Dec/2025:01:52:43 +0100] "GET /wp-includes/js/dist/api-fetch.min.js?ver=3a4d9af2b423048b0dee HTTP/1.1" 200 2837 "https://www.readytorun.it/a2-intermedie-scarpe-unisex-home/3ue30012929/" "Mozilla/5.0 (Linux; Android 10; K) AppleWebKit/537.36 (KHTML, like Gecko) Chrome/143.0.0.0 Mobile Safari/537.36"
2.45.231.124 - - [21/Dec/2025:01:52:43 +0100] "GET /wp-content/plugins/woo-variation-swatches/assets/js/frontend.min.js?ver=1762855689 HTTP/1.1" 200 5364 "https://www.readytorun.it/a2-intermedie-scarpe-unisex-home/3ue30012929/" "Mozilla/5.0 (Linux; Android 10; K) AppleWebKit/537.36 (KHTML, like Gecko) Chrome/143.0.0.0 Mobile Safari/537.36"
2.45.231.124 - - [21/Dec/2025:01:52:43 +0100] "GET /wp-includes/js/dist/vendor/wp-polyfill.min.js?ver=3.15.0 HTTP/1.1" 200 12276 "https://www.readytorun.it/a2-intermedie-scarpe-unisex-home/3ue30012929/" "Mozilla/5.0 (Linux; Android 10; K) AppleWebKit/537.36 (KHTML, like Gecko) Chrome/143.0.0.0 Mobile Safari/537.36"
2.45.231.124 - - [21/Dec/2025:01:52:43 +0100] "GET /wp-content/plugins/woocommerce/assets/js/sourcebuster/sourcebuster.min.js?ver=10.3.3 HTTP/1.1" 200 5208 "https://www.readytorun.it/a2-intermedie-scarpe-unisex-home/3ue30012929/" "Mozilla/5.0 (Linux; Android 10; K) AppleWebKit/537.36 (KHTML, like Gecko) Chrome/143.0.0.0 Mobile Safari/537.36"
2.45.231.124 - - [21/Dec/2025:01:52:43 +0100] "GET /wp-content/plugins/woocommerce-paypal-payments/modules/ppcp-button/assets/js/button.js?ver=3.3.1 HTTP/1.1" 200 68255 "https://www.readytorun.it/a2-intermedie-scarpe-unisex-home/3ue30012929/" "Mozilla/5.0 (Linux; Android 10; K) AppleWebKit/537.36 (KHTML, like Gecko) Chrome/143.0.0.0 Mobile Safari/537.36"
2.45.231.124 - - [21/Dec/2025:01:52:43 +0100] "GET /wp-content/plugins/woocommerce/assets/js/frontend/order-attribution.min.js?ver=10.3.3 HTTP/1.1" 200 1484 "https://www.readytorun.it/a2-intermedie-scarpe-unisex-home/3ue30012929/" "Mozilla/5.0 (Linux; Android 10; K) AppleWebKit/537.36 (KHTML, like Gecko) Chrome/143.0.0.0 Mobile Safari/537.36"
2.45.231.124 - - [21/Dec/2025:01:52:43 +0100] "GET /wp-content/plugins/rey-core/assets/js/lib/c-rey-template.js?ver=3.1.9 HTTP/1.1" 200 1236 "https://www.readytorun.it/a2-intermedie-scarpe-unisex-home/3ue30012929/" "Mozilla/5.0 (Linux; Android 10; K) AppleWebKit/537.36 (KHTML, like Gecko) Chrome/143.0.0.0 Mobile Safari/537.36"
2.45.231.124 - - [21/Dec/2025:01:52:43 +0100] "GET /wp-content/plugins/contact-form-7/modules/recaptcha/index.js?ver=6.1.4 HTTP/1.1" 200 838 "https://www.readytorun.it/a2-intermedie-scarpe-unisex-home/3ue30012929/" "Mozilla/5.0 (Linux; Android 10; K) AppleWebKit/537.36 (KHTML, like Gecko) Chrome/143.0.0.0 Mobile Safari/537.36"
2.45.231.124 - - [21/Dec/2025:01:52:43 +0100] "GET /wp-content/plugins/elementor/assets/js/webpack.runtime.min.js?ver=3.33.6 HTTP/1.1" 200 2883 "https://www.readytorun.it/a2-intermedie-scarpe-unisex-home/3ue30012929/" "Mozilla/5.0 (Linux; Android 10; K) AppleWebKit/537.36 (KHTML, like Gecko) Chrome/143.0.0.0 Mobile Safari/537.36"
2.45.231.124 - - [21/Dec/2025:01:52:43 +0100] "GET /wp-content/plugins/elementor/assets/js/frontend-modules.min.js?ver=3.33.6 HTTP/1.1" 200 25737 "https://www.readytorun.it/a2-intermedie-scarpe-unisex-home/3ue30012929/" "Mozilla/5.0 (Linux; Android 10; K) AppleWebKit/537.36 (KHTML, like Gecko) Chrome/143.0.0.0 Mobile Safari/537.36"
2.45.231.124 - - [21/Dec/2025:01:52:43 +0100] "GET /wp-includes/js/jquery/ui/core.min.js?ver=1.13.3 HTTP/1.1" 200 7507 "https://www.readytorun.it/a2-intermedie-scarpe-unisex-home/3ue30012929/" "Mozilla/5.0 (Linux; Android 10; K) AppleWebKit/537.36 (KHTML, like Gecko) Chrome/143.0.0.0 Mobile Safari/537.36"
2.45.231.124 - - [21/Dec/2025:01:52:43 +0100] "GET /wp-content/plugins/elementor/assets/lib/font-awesome/js/v4-shims.min.js?ver=3.33.6 HTTP/1.1" 200 4610 "https://www.readytorun.it/a2-intermedie-scarpe-unisex-home/3ue30012929/" "Mozilla/5.0 (Linux; Android 10; K) AppleWebKit/537.36 (KHTML, like Gecko) Chrome/143.0.0.0 Mobile Safari/537.36"
