40.77.167.56 - - [21/Dec/2025:00:42:16 +0100] "GET /wp-content/uploads/2022/01/96757968-d9c8-4912-a8ba-4a47a28b41fb-1024x1024.jpg HTTP/1.1" 200 76475 "-" "Mozilla/5.0 AppleWebKit/537.36 (KHTML, like Gecko; compatible; bingbot/2.0; +http://www.bing.com/bingbot.htm) Chrome/116.0.1938.76 Safari/537.36"
114.119.133.204 - - [21/Dec/2025:00:42:15 +0100] "GET /color/nero/page/20 HTTP/1.1" 301 4059 "-" "Mozilla/5.0 (Linux; Android 7.0;) AppleWebKit/537.36 (KHTML, like Gecko) Mobile Safari/537.36 (compatible; PetalBot;+https://webmaster.petalsearch.com/site/petalbot)"
51.38.211.120 - - [21/Dec/2025:00:42:20 +0100] "POST /wp-cron.php?doing_wp_cron=1766274140.4327769279479980468750 HTTP/1.1" 200 4069 "-" "WordPress/6.9; https://www.readytorun.it"
114.119.133.204 - - [21/Dec/2025:00:42:21 +0100] "GET /color/nero/page/20/ HTTP/1.1" 200 47376 "-" "Mozilla/5.0 (Linux; Android 7.0;) AppleWebKit/537.36 (KHTML, like Gecko) Mobile Safari/537.36 (compatible; PetalBot;+https://webmaster.petalsearch.com/site/petalbot)"
185.191.171.2 - - [21/Dec/2025:00:42:30 +0100] "GET /a3-massimo-ammortizzamento-scarpe-donna-home/j1gd230971/ HTTP/1.1" 200 42913 "-" "Mozilla/5.0 (compatible; SemrushBot/7~bl; +http://www.semrush.com/bot.html)"
52.167.144.212 - - [21/Dec/2025:00:42:41 +0100] "GET /wp-content/uploads/2022/03/cb456e5b-7a20-4e24-93d3-de21aca4bf94-768x768.png HTTP/1.1" 200 365701 "-" "Mozilla/5.0 AppleWebKit/537.36 (KHTML, like Gecko; compatible; bingbot/2.0; +http://www.bing.com/bingbot.htm) Chrome/116.0.1938.76 Safari/537.36"
216.244.66.238 - - [21/Dec/2025:00:42:41 +0100] "GET /wp-content/uploads/2024/11/91858cf6-ed20-4a51-9c1e-3bfc3fc1efbb.png HTTP/1.1" 200 525361 "-" "Mozilla/5.0 (compatible; DotBot/1.2; +https://opensiteexplorer.org/dotbot; help@moz.com)"
40.77.167.56 - - [21/Dec/2025:00:42:45 +0100] "GET /wp-content/uploads/2025/01/ee005986-5f10-4f9c-927d-401439d29e55-500x667.jpg HTTP/1.1" 200 28291 "-" "Mozilla/5.0 AppleWebKit/537.36 (KHTML, like Gecko; compatible; bingbot/2.0; +http://www.bing.com/bingbot.htm) Chrome/116.0.1938.76 Safari/537.36"
103.178.231.51 - - [21/Dec/2025:00:43:14 +0100] "GET /wp-login.php HTTP/1.1" 200 9310 "-" "Mozilla/5.0 (Windows NT 10.0; Win64; x64) AppleWebKit/537.36 (KHTML, like Gecko) Chrome/64.0.3282.186 Safari/537.36 OPR/51.0.2830.55"
51.38.211.120 - - [21/Dec/2025:00:43:18 +0100] "POST /wp-cron.php?doing_wp_cron=1766274198.8132629394531250000000 HTTP/1.1" 200 4069 "-" "WordPress/6.9; https://www.readytorun.it"
103.178.231.51 - - [21/Dec/2025:00:43:20 +0100] "POST /wp-login.php HTTP/1.1" 503 19653 "https://www.readytorun.it/wp-login.php" "Mozilla/5.0 (Windows NT 10.0; Win64; x64) AppleWebKit/537.36 (KHTML, like Gecko) Chrome/64.0.3282.186 Safari/537.36 OPR/51.0.2830.55"
114.119.154.124 - - [21/Dec/2025:00:43:39 +0100] "GET /color/nero/page/2 HTTP/1.1" 301 4058 "https://www.readytorun.it/color/nero" "Mozilla/5.0 (Linux; Android 7.0;) AppleWebKit/537.36 (KHTML, like Gecko) Mobile Safari/537.36 (compatible; PetalBot;+https://webmaster.petalsearch.com/site/petalbot)"
51.38.211.120 - - [21/Dec/2025:00:43:43 +0100] "POST /wp-cron.php?doing_wp_cron=1766274223.3798429965972900390625 HTTP/1.1" 200 4069 "-" "WordPress/6.9; https://www.readytorun.it"
114.119.154.124 - - [21/Dec/2025:00:43:45 +0100] "GET /color/nero/page/2/ HTTP/1.1" 200 47385 "https://www.readytorun.it/color/nero" "Mozilla/5.0 (Linux; Android 7.0;) AppleWebKit/537.36 (KHTML, like Gecko) Mobile Safari/537.36 (compatible; PetalBot;+https://webmaster.petalsearch.com/site/petalbot)"
52.167.144.212 - - [21/Dec/2025:00:44:12 +0100] "GET /wp-content/uploads/2022/01/9d44c695-174f-4278-910f-5ac0a60108a4-300x142.jpg HTTP/1.1" 200 14278 "-" "Mozilla/5.0 AppleWebKit/537.36 (KHTML, like Gecko; compatible; bingbot/2.0; +http://www.bing.com/bingbot.htm) Chrome/116.0.1938.76 Safari/537.36"
52.167.144.169 - - [21/Dec/2025:00:44:42 +0100] "GET /wp-content/uploads/2023/11/eda9c5d3-1d12-49ca-8d88-6e28f3c2930d.jpg HTTP/1.1" 200 59872 "-" "Mozilla/5.0 AppleWebKit/537.36 (KHTML, like Gecko; compatible; bingbot/2.0; +http://www.bing.com/bingbot.htm) Chrome/116.0.1938.76 Safari/537.36"
34.138.212.53 - - [21/Dec/2025:00:44:42 +0100] "GET /news/ HTTP/1.0" 200 37670 "-" "ZoominfoBot (zoominfobot at zoominfo dot com)"
213.35.111.53 - - [21/Dec/2025:00:44:45 +0100] "GET / HTTP/1.1" 301 292 "-" "Mozilla/5.0 (Windows NT 10.0; Win64; x64) AppleWebKit/537.36 (KHTML, like Gecko) Chrome/88.0.4240.193 Safari/537.36"
51.38.211.120 - - [21/Dec/2025:00:44:48 +0100] "POST /wp-cron.php?doing_wp_cron=1766274288.0321381092071533203125 HTTP/1.1" 200 4069 "-" "WordPress/6.9; https://www.readytorun.it"
114.119.154.124 - - [21/Dec/2025:00:45:03 +0100] "GET /color/nero/page/19/ HTTP/1.1" 200 47385 "https://www.readytorun.it/color/nero/" "Mozilla/5.0 (Linux; Android 7.0;) AppleWebKit/537.36 (KHTML, like Gecko) Mobile Safari/537.36 (compatible; PetalBot;+https://webmaster.petalsearch.com/site/petalbot)"
20.4.55.181 - - [21/Dec/2025:00:45:07 +0100] "GET /wp-json/wc/v2/taxes HTTP/1.1" 200 4903 "-" "-"
20.4.55.181 - - [21/Dec/2025:00:45:12 +0100] "GET /wp-json/wc/v2/orders?after=2025-12-15%2023:45:12&per_page=100 HTTP/1.1" 200 5760 "-" "-"
51.38.211.120 - - [21/Dec/2025:00:45:18 +0100] "POST /wp-cron.php?doing_wp_cron=1766274318.6729340553283691406250 HTTP/1.1" 200 4069 "-" "WordPress/6.9; https://www.readytorun.it"
17.241.227.140 - - [21/Dec/2025:00:45:36 +0100] "GET /wp-content/uploads/2022/09/1af33de5-f1cb-4850-a3d7-d5cf5e4896f7.png HTTP/1.1" 200 248143 "-" "Mozilla/5.0 (Macintosh; Intel Mac OS X 10_15_7) AppleWebKit/605.1.15 (KHTML, like Gecko) Version/17.4 Safari/605.1.15 (Applebot/0.1; +http://www.apple.com/go/applebot)"
40.77.167.56 - - [21/Dec/2025:00:46:06 +0100] "GET /wp-content/uploads/2022/10/9eb85737-617c-48c0-a813-bac29fe293eb-768x670.jpg HTTP/1.1" 200 46406 "-" "Mozilla/5.0 AppleWebKit/537.36 (KHTML, like Gecko; compatible; bingbot/2.0; +http://www.bing.com/bingbot.htm) Chrome/116.0.1938.76 Safari/537.36"
114.119.157.118 - - [21/Dec/2025:00:46:26 +0100] "GET /color/nero/page/13/ HTTP/1.1" 200 47398 "https://www.readytorun.it/color/nero/page/13/" "Mozilla/5.0 (Linux; Android 7.0;) AppleWebKit/537.36 (KHTML, like Gecko) Mobile Safari/537.36 (compatible; PetalBot;+https://webmaster.petalsearch.com/site/petalbot)"
51.38.211.120 - - [21/Dec/2025:00:46:32 +0100] "POST /wp-cron.php?doing_wp_cron=1766274392.7638161182403564453125 HTTP/1.1" 200 4069 "-" "WordPress/6.9; https://www.readytorun.it"
114.119.133.204 - - [21/Dec/2025:00:47:50 +0100] "GET /color/nero/page/12/ HTTP/1.1" 200 47397 "https://www.readytorun.it/color/nero/page/12/" "Mozilla/5.0 (Linux; Android 7.0;) AppleWebKit/537.36 (KHTML, like Gecko) Mobile Safari/537.36 (compatible; PetalBot;+https://webmaster.petalsearch.com/site/petalbot)"
51.38.211.120 - - [21/Dec/2025:00:47:56 +0100] "POST /wp-cron.php?doing_wp_cron=1766274476.2382841110229492187500 HTTP/1.1" 200 4069 "-" "WordPress/6.9; https://www.readytorun.it"
40.77.167.25 - - [21/Dec/2025:00:48:06 +0100] "GET /wp-content/uploads/2022/04/0a58af3b-f4c9-4368-88e6-514e03850bbc-800x801.jpg HTTP/1.1" 200 36311 "-" "Mozilla/5.0 AppleWebKit/537.36 (KHTML, like Gecko; compatible; bingbot/2.0; +http://www.bing.com/bingbot.htm) Chrome/116.0.1938.76 Safari/537.36"
40.77.167.158 - - [21/Dec/2025:00:48:41 +0100] "GET /wp-content/uploads/2022/08/199d1830-1400-4e19-8d04-e8cf657415f2-50x50.jpg HTTP/1.1" 200 5495 "-" "Mozilla/5.0 AppleWebKit/537.36 (KHTML, like Gecko; compatible; bingbot/2.0; +http://www.bing.com/bingbot.htm) Chrome/116.0.1938.76 Safari/537.36"
114.119.146.215 - - [21/Dec/2025:00:49:14 +0100] "GET /color/nero/page/11 HTTP/1.1" 301 4059 "-" "Mozilla/5.0 (Linux; Android 7.0;) AppleWebKit/537.36 (KHTML, like Gecko) Mobile Safari/537.36 (compatible; PetalBot;+https://webmaster.petalsearch.com/site/petalbot)"
51.38.211.120 - - [21/Dec/2025:00:49:18 +0100] "POST /wp-cron.php?doing_wp_cron=1766274558.2360820770263671875000 HTTP/1.1" 200 4069 "-" "WordPress/6.9; https://www.readytorun.it"
114.119.146.215 - - [21/Dec/2025:00:49:20 +0100] "GET /color/nero/page/11/ HTTP/1.1" 200 47387 "-" "Mozilla/5.0 (Linux; Android 7.0;) AppleWebKit/537.36 (KHTML, like Gecko) Mobile Safari/537.36 (compatible; PetalBot;+https://webmaster.petalsearch.com/site/petalbot)"
40.77.167.158 - - [21/Dec/2025:00:50:02 +0100] "GET /wp-content/uploads/2022/10/5d68c05e-51d4-4e25-b09f-9ee6c2b2dc2b-150x150.jpg HTTP/1.1" 200 6748 "-" "Mozilla/5.0 AppleWebKit/537.36 (KHTML, like Gecko; compatible; bingbot/2.0; +http://www.bing.com/bingbot.htm) Chrome/116.0.1938.76 Safari/537.36"
40.77.167.25 - - [21/Dec/2025:00:50:06 +0100] "GET /wp-content/uploads/2022/02/c45eb7c6-b3ed-4da1-b0e8-ced10a3658c9-100x100.jpg HTTP/1.1" 200 6221 "-" "Mozilla/5.0 AppleWebKit/537.36 (KHTML, like Gecko; compatible; bingbot/2.0; +http://www.bing.com/bingbot.htm) Chrome/116.0.1938.76 Safari/537.36"
114.119.131.211 - - [21/Dec/2025:00:50:38 +0100] "GET /color/grigio/page/6/ HTTP/1.1" 200 44817 "https://www.readytorun.it/color/grigio/page/6" "Mozilla/5.0 (Linux; Android 7.0;) AppleWebKit/537.36 (KHTML, like Gecko) Mobile Safari/537.36 (compatible; PetalBot;+https://webmaster.petalsearch.com/site/petalbot)"
51.38.211.120 - - [21/Dec/2025:00:50:45 +0100] "POST /wp-cron.php?doing_wp_cron=1766274645.0054430961608886718750 HTTP/1.1" 200 4069 "-" "WordPress/6.9; https://www.readytorun.it"
66.249.66.201 - - [21/Dec/2025:00:50:44 +0100] "GET /a2-intermedie-scarpe-donna-home/at8241005/ HTTP/1.1" 200 46898 "-" "Mozilla/5.0 (Linux; Android 6.0.1; Nexus 5X Build/MMB29P) AppleWebKit/537.36 (KHTML, like Gecko) Chrome/141.0.7390.122 Mobile Safari/537.36 (compatible; Googlebot/2.1; +http://www.google.com/bot.html)"
66.249.66.14 - - [21/Dec/2025:00:50:52 +0100] "GET /a2-intermedie-scarpe-donna-home/at8241005/ HTTP/1.1" 200 46897 "-" "Mozilla/5.0 (compatible; Googlebot/2.1; +http://www.google.com/bot.html)"
66.249.66.165 - - [21/Dec/2025:00:51:58 +0100] "GET /wp-content/uploads/2023/03/hoka-parete-immagine-scaled.jpg HTTP/1.1" 304 3913 "-" "Googlebot-Image/1.0"
114.119.148.165 - - [21/Dec/2025:00:52:01 +0100] "GET /color/grigio/page/6 HTTP/1.1" 301 4060 "https://www.readytorun.it/color/grigio" "Mozilla/5.0 (Linux; Android 7.0;) AppleWebKit/537.36 (KHTML, like Gecko) Mobile Safari/537.36 (compatible; PetalBot;+https://webmaster.petalsearch.com/site/petalbot)"
40.77.167.23 - - [21/Dec/2025:00:52:11 +0100] "GET /wp-content/uploads/2022/01/c8f47e59-54e7-491b-88e9-e56e6559a78b-2-1024x1024.jpg HTTP/1.1" 200 51266 "-" "Mozilla/5.0 AppleWebKit/537.36 (KHTML, like Gecko; compatible; bingbot/2.0; +http://www.bing.com/bingbot.htm) Chrome/116.0.1938.76 Safari/537.36"
51.38.211.120 - - [21/Dec/2025:00:52:07 +0100] "POST /wp-cron.php?doing_wp_cron=1766274727.1715700626373291015625 HTTP/1.1" 200 4069 "-" "WordPress/6.9; https://www.readytorun.it"
85.208.96.200 - - [21/Dec/2025:00:52:07 +0100] "GET /size/xl/ HTTP/1.1" 200 46048 "-" "Mozilla/5.0 (compatible; SemrushBot/7~bl; +http://www.semrush.com/bot.html)"
114.119.148.165 - - [21/Dec/2025:00:52:08 +0100] "GET /color/grigio/page/6/ HTTP/1.1" 200 44814 "https://www.readytorun.it/color/grigio" "Mozilla/5.0 (Linux; Android 7.0;) AppleWebKit/537.36 (KHTML, like Gecko) Mobile Safari/537.36 (compatible; PetalBot;+https://webmaster.petalsearch.com/site/petalbot)"
40.77.177.107 - - [21/Dec/2025:00:52:29 +0100] "GET /wp-content/plugins/duracelltomi-google-tag-manager/dist/js/gtm4wp-ecommerce-generic.js?ver=1.22.2 HTTP/1.1" 200 5004 "-" "Mozilla/5.0 AppleWebKit/537.36 (KHTML, like Gecko; compatible; bingbot/2.0; +http://www.bing.com/bingbot.htm) Chrome/100.0.4896.127 Safari/537.36"
40.77.178.166 - - [21/Dec/2025:00:52:30 +0100] "GET /wp-content/uploads/elementor/css/post-8.css?ver=1764842913 HTTP/1.1" 200 4619 "-" "Mozilla/5.0 AppleWebKit/537.36 (KHTML, like Gecko; compatible; bingbot/2.0; +http://www.bing.com/bingbot.htm) Chrome/100.0.4896.127 Safari/537.36"
65.55.210.187 - - [21/Dec/2025:00:52:31 +0100] "GET /wp-content/uploads/elementor/css/post-97.css?ver=1764842913 HTTP/1.1" 200 8402 "-" "Mozilla/5.0 AppleWebKit/537.36 (KHTML, like Gecko; compatible; bingbot/2.0; +http://www.bing.com/bingbot.htm) Chrome/100.0.4896.127 Safari/537.36"
34.138.212.53 - - [21/Dec/2025:00:52:29 +0100] "GET /chi-siamo/ HTTP/1.0" 200 36207 "-" "ZoominfoBot (zoominfobot at zoominfo dot com)"
114.119.133.204 - - [21/Dec/2025:00:53:27 +0100] "GET /color/grigio/page/4 HTTP/1.1" 301 4060 "https://www.readytorun.it/color/grigio" "Mozilla/5.0 (Linux; Android 7.0;) AppleWebKit/537.36 (KHTML, like Gecko) Mobile Safari/537.36 (compatible; PetalBot;+https://webmaster.petalsearch.com/site/petalbot)"
51.38.211.120 - - [21/Dec/2025:00:53:33 +0100] "POST /wp-cron.php?doing_wp_cron=1766274813.2569119930267333984375 HTTP/1.1" 200 4069 "-" "WordPress/6.9; https://www.readytorun.it"
114.119.133.204 - - [21/Dec/2025:00:53:35 +0100] "GET /color/grigio/page/4/ HTTP/1.1" 200 44805 "https://www.readytorun.it/color/grigio" "Mozilla/5.0 (Linux; Android 7.0;) AppleWebKit/537.36 (KHTML, like Gecko) Mobile Safari/537.36 (compatible; PetalBot;+https://webmaster.petalsearch.com/site/petalbot)"
103.140.136.88 - - [21/Dec/2025:00:54:13 +0100] "GET /wp-login.php HTTP/1.1" 200 9310 "-" "Mozilla/5.0 (Windows NT 10.0; WOW64; Trident/7.0; MATMJS; rv:11.0) like Gecko"
51.38.211.120 - - [21/Dec/2025:00:54:19 +0100] "POST /wp-cron.php?doing_wp_cron=1766274859.2758250236511230468750 HTTP/1.1" 200 4069 "-" "WordPress/6.9; https://www.readytorun.it"
40.77.167.23 - - [21/Dec/2025:00:54:41 +0100] "GET /wp-content/uploads/2022/04/92506ce9-3105-4283-845f-4f2f5cb9ccef-1024x1024.jpg HTTP/1.1" 200 136808 "-" "Mozilla/5.0 AppleWebKit/537.36 (KHTML, like Gecko; compatible; bingbot/2.0; +http://www.bing.com/bingbot.htm) Chrome/116.0.1938.76 Safari/537.36"
114.119.131.211 - - [21/Dec/2025:00:54:47 +0100] "GET /color/grigio/page/1/ HTTP/1.1" 200 44871 "https://www.readytorun.it/color/grigio/page/1/" "Mozilla/5.0 (Linux; Android 7.0;) AppleWebKit/537.36 (KHTML, like Gecko) Mobile Safari/537.36 (compatible; PetalBot;+https://webmaster.petalsearch.com/site/petalbot)"
51.38.211.120 - - [21/Dec/2025:00:54:53 +0100] "POST /wp-cron.php?doing_wp_cron=1766274893.4824509620666503906250 HTTP/1.1" 200 4069 "-" "WordPress/6.9; https://www.readytorun.it"
40.77.167.23 - - [21/Dec/2025:00:55:11 +0100] "GET /wp-content/uploads/2022/02/65d7abc0-718d-43df-84e9-61deb6367a1f.png HTTP/1.1" 200 1748075 "-" "Mozilla/5.0 AppleWebKit/537.36 (KHTML, like Gecko; compatible; bingbot/2.0; +http://www.bing.com/bingbot.htm) Chrome/116.0.1938.76 Safari/537.36"
40.77.167.23 - - [21/Dec/2025:00:55:12 +0100] "GET /wp-content/uploads/2022/03/339a93db-0c1b-4729-b352-a5f80dae1af9-100x100.jpg HTTP/1.1" 200 1846 "-" "Mozilla/5.0 AppleWebKit/537.36 (KHTML, like Gecko; compatible; bingbot/2.0; +http://www.bing.com/bingbot.htm) Chrome/116.0.1938.76 Safari/537.36"
40.77.167.158 - - [21/Dec/2025:00:55:54 +0100] "GET /wp-content/uploads/2024/09/15c1f133-dc3c-43bc-adea-4f7d8b30794e-500x667.jpg HTTP/1.1" 200 14329 "-" "Mozilla/5.0 AppleWebKit/537.36 (KHTML, like Gecko; compatible; bingbot/2.0; +http://www.bing.com/bingbot.htm) Chrome/116.0.1938.76 Safari/537.36"
114.119.146.114 - - [21/Dec/2025:00:56:12 +0100] "GET /trail-scarpe-uomo-home/n2ztrg1001/ HTTP/1.1" 200 48832 "https://www.readytorun.it/product-sitemap3.xml" "Mozilla/5.0 (Linux; Android 7.0;) AppleWebKit/537.36 (KHTML, like Gecko) Mobile Safari/537.36 (compatible; PetalBot;+https://webmaster.petalsearch.com/site/petalbot)"
51.38.211.120 - - [21/Dec/2025:00:56:16 +0100] "POST /wp-cron.php?doing_wp_cron=1766274976.2630620002746582031250 HTTP/1.1" 200 4069 "-" "WordPress/6.9; https://www.readytorun.it"
5.252.188.75 - - [21/Dec/2025:00:56:45 +0100] "GET /brand/adidas/feed HTTP/1.1" 301 4208 "-" "Mozilla/5.0 (Macintosh; Intel Mac OS X 10_15_7) AppleWebKit/537.36 (KHTML, like Gecko) Chrome/123.0.0.0 Safari/537.36"
5.252.188.75 - - [21/Dec/2025:00:56:51 +0100] "GET /brand/adidas/feed/ HTTP/1.1" 200 3448 "-" "Mozilla/5.0 (Macintosh; Intel Mac OS X 10_15_7) AppleWebKit/537.36 (KHTML, like Gecko) Chrome/123.0.0.0 Safari/537.36"
51.38.211.120 - - [21/Dec/2025:00:56:49 +0100] "POST /wp-cron.php?doing_wp_cron=1766275009.8497259616851806640625 HTTP/1.1" 200 4069 "-" "WordPress/6.9; https://www.readytorun.it"
45.192.33.179 - - [21/Dec/2025:00:56:59 +0100] "GET /feed/atom HTTP/1.1" 301 4201 "-" "Mozilla/5.0 (Macintosh; Intel Mac OS X 10_15_7) AppleWebKit/537.36 (KHTML, like Gecko) Chrome/123.0.0.0 Safari/537.36"
45.192.33.179 - - [21/Dec/2025:00:57:05 +0100] "GET /feed/atom/ HTTP/1.1" 200 12656 "-" "Mozilla/5.0 (Macintosh; Intel Mac OS X 10_15_7) AppleWebKit/537.36 (KHTML, like Gecko) Chrome/123.0.0.0 Safari/537.36"
166.1.254.85 - - [21/Dec/2025:00:57:13 +0100] "GET /home/feed HTTP/1.1" 301 4200 "-" "Mozilla/5.0 (Macintosh; Intel Mac OS X 10_15_7) AppleWebKit/537.36 (KHTML, like Gecko) Chrome/123.0.0.0 Safari/537.36"
166.1.254.85 - - [21/Dec/2025:00:57:17 +0100] "GET /home/feed/ HTTP/1.1" 200 3614 "-" "Mozilla/5.0 (Macintosh; Intel Mac OS X 10_15_7) AppleWebKit/537.36 (KHTML, like Gecko) Chrome/123.0.0.0 Safari/537.36"
45.192.33.179 - - [21/Dec/2025:00:57:24 +0100] "GET /blog/feed/atom HTTP/1.1" 301 4206 "-" "Mozilla/5.0 (Macintosh; Intel Mac OS X 10_15_7) AppleWebKit/537.36 (KHTML, like Gecko) Chrome/123.0.0.0 Safari/537.36"
45.192.33.179 - - [21/Dec/2025:00:57:29 +0100] "GET /blog/feed/atom/ HTTP/1.1" 200 12729 "-" "Mozilla/5.0 (Macintosh; Intel Mac OS X 10_15_7) AppleWebKit/537.36 (KHTML, like Gecko) Chrome/123.0.0.0 Safari/537.36"
114.119.146.215 - - [21/Dec/2025:00:57:38 +0100] "GET /trail-scarpe-uomo-home/mthiere9e9/ HTTP/1.1" 200 48824 "https://www.readytorun.it/product-sitemap3.xml" "Mozilla/5.0 (Linux; Android 7.0;) AppleWebKit/537.36 (KHTML, like Gecko) Mobile Safari/537.36 (compatible; PetalBot;+https://webmaster.petalsearch.com/site/petalbot)"
95.214.83.148 - - [21/Dec/2025:00:57:37 +0100] "GET /brand/maurten/feed HTTP/1.1" 301 4209 "-" "Mozilla/5.0 (Macintosh; Intel Mac OS X 10_15_7) AppleWebKit/537.36 (KHTML, like Gecko) Chrome/123.0.0.0 Safari/537.36"
95.214.83.148 - - [21/Dec/2025:00:57:43 +0100] "GET /brand/maurten/feed/ HTTP/1.1" 200 1915 "-" "Mozilla/5.0 (Macintosh; Intel Mac OS X 10_15_7) AppleWebKit/537.36 (KHTML, like Gecko) Chrome/123.0.0.0 Safari/537.36"
51.38.211.120 - - [21/Dec/2025:00:57:42 +0100] "POST /wp-cron.php?doing_wp_cron=1766275062.0563919544219970703125 HTTP/1.1" 200 4069 "-" "WordPress/6.9; https://www.readytorun.it"
40.77.167.158 - - [21/Dec/2025:00:57:54 +0100] "GET /wp-content/uploads/2024/03/b044c911-8a07-4737-9f91-a97e1c1ed723-756x1024.jpg HTTP/1.1" 200 85802 "-" "Mozilla/5.0 AppleWebKit/537.36 (KHTML, like Gecko; compatible; bingbot/2.0; +http://www.bing.com/bingbot.htm) Chrome/116.0.1938.76 Safari/537.36"
66.249.66.163 - - [21/Dec/2025:00:58:53 +0100] "GET /a3-massimo-ammortizzamento-scarpe-donna-home/120383137/ HTTP/1.1" 200 47797 "-" "Mozilla/5.0 (Linux; Android 6.0.1; Nexus 5X Build/MMB29P) AppleWebKit/537.36 (KHTML, like Gecko) Chrome/141.0.7390.122 Mobile Safari/537.36 (compatible; Googlebot/2.1; +http://www.google.com/bot.html)"
51.38.211.120 - - [21/Dec/2025:00:58:59 +0100] "POST /wp-cron.php?doing_wp_cron=1766275139.3167240619659423828125 HTTP/1.1" 200 4069 "-" "WordPress/6.9; https://www.readytorun.it"
114.119.133.204 - - [21/Dec/2025:00:58:58 +0100] "GET /t-shirt-scarpe-donna-home/a2gaa75216/ HTTP/1.1" 200 47224 "https://www.readytorun.it/product-sitemap3.xml" "Mozilla/5.0 (Linux; Android 7.0;) AppleWebKit/537.36 (KHTML, like Gecko) Mobile Safari/537.36 (compatible; PetalBot;+https://webmaster.petalsearch.com/site/petalbot)"
66.249.66.199 - - [21/Dec/2025:00:59:02 +0100] "GET /a3-massimo-ammortizzamento-scarpe-donna-home/120383137/ HTTP/1.1" 200 47796 "-" "Mozilla/5.0 (Linux; Android 6.0.1; Nexus 5X Build/MMB29P) AppleWebKit/537.36 (KHTML, like Gecko) Chrome/141.0.7390.122 Mobile Safari/537.36 (compatible; Googlebot/2.1; +http://www.google.com/bot.html)"
20.4.55.181 - - [21/Dec/2025:01:00:13 +0100] "GET /wp-json/wc/v2/taxes HTTP/1.1" 200 4903 "-" "-"
52.167.144.23 - - [21/Dec/2025:01:00:23 +0100] "GET /wp-content/uploads/2022/12/20e5323d-a2ba-49fc-9945-a561eeecd2cd-768x768.jpg HTTP/1.1" 200 38655 "-" "Mozilla/5.0 AppleWebKit/537.36 (KHTML, like Gecko; compatible; bingbot/2.0; +http://www.bing.com/bingbot.htm) Chrome/116.0.1938.76 Safari/537.36"
51.38.211.120 - - [21/Dec/2025:01:00:18 +0100] "POST /wp-cron.php?doing_wp_cron=1766275218.7928140163421630859375 HTTP/1.1" 200 4069 "-" "WordPress/6.9; https://www.readytorun.it"
20.4.55.181 - - [21/Dec/2025:01:00:19 +0100] "GET /wp-json/wc/v2/orders?after=2025-12-16%2000:00:19&per_page=100 HTTP/1.1" 200 5760 "-" "-"
114.119.159.148 - - [21/Dec/2025:01:00:23 +0100] "GET /t-shirt-abbigliamento-uomo-home/52316101/ HTTP/1.1" 200 43719 "https://www.readytorun.it/product-sitemap3.xml" "Mozilla/5.0 (Linux; Android 7.0;) AppleWebKit/537.36 (KHTML, like Gecko) Mobile Safari/537.36 (compatible; PetalBot;+https://webmaster.petalsearch.com/site/petalbot)"
185.191.171.2 - - [21/Dec/2025:01:01:17 +0100] "GET /testimonials/enrico-riccobon/ HTTP/1.1" 200 36343 "-" "Mozilla/5.0 (compatible; SemrushBot/7~bl; +http://www.semrush.com/bot.html)"
40.77.167.77 - - [21/Dec/2025:01:01:24 +0100] "GET /wp-content/uploads/2023/03/5d319315-f69b-49d6-ae76-0d5a7975c546-768x768.jpg HTTP/1.1" 200 30325 "-" "Mozilla/5.0 AppleWebKit/537.36 (KHTML, like Gecko; compatible; bingbot/2.0; +http://www.bing.com/bingbot.htm) Chrome/116.0.1938.76 Safari/537.36"
51.38.211.120 - - [21/Dec/2025:01:01:23 +0100] "POST /wp-cron.php?doing_wp_cron=1766275283.3981959819793701171875 HTTP/1.1" 200 4069 "-" "WordPress/6.9; https://www.readytorun.it"
114.119.146.215 - - [21/Dec/2025:01:01:45 +0100] "GET /t-shirt-abbigliamento-uomo-home/102-18255080013/ HTTP/1.1" 200 46539 "https://www.readytorun.it/product-sitemap3.xml" "Mozilla/5.0 (Linux; Android 7.0;) AppleWebKit/537.36 (KHTML, like Gecko) Mobile Safari/537.36 (compatible; PetalBot;+https://webmaster.petalsearch.com/site/petalbot)"
52.167.144.23 - - [21/Dec/2025:01:01:53 +0100] "GET /wp-content/uploads/2024/02/209475e0-dadd-4fcd-8d9d-359ddfd74e43-50x50.jpg HTTP/1.1" 200 4759 "-" "Mozilla/5.0 AppleWebKit/537.36 (KHTML, like Gecko; compatible; bingbot/2.0; +http://www.bing.com/bingbot.htm) Chrome/116.0.1938.76 Safari/537.36"
51.38.211.120 - - [21/Dec/2025:01:01:51 +0100] "POST /wp-cron.php?doing_wp_cron=1766275311.0912721157073974609375 HTTP/1.1" 200 4069 "-" "WordPress/6.9; https://www.readytorun.it"
3.109.246.212 - - [21/Dec/2025:01:02:19 +0100] "GET /wp-login.php HTTP/1.1" 200 9310 "-" "Mozilla/5.0 (Windows NT 6.1; WOW64; Trident/7.0; MATP; rv:11.0) like Gecko"
114.119.159.148 - - [21/Dec/2025:01:03:09 +0100] "GET /t-shirt-abbigliamento-donna-home/jw9651/ HTTP/1.1" 200 47195 "https://www.readytorun.it/product-sitemap3.xml" "Mozilla/5.0 (Linux; Android 7.0;) AppleWebKit/537.36 (KHTML, like Gecko) Mobile Safari/537.36 (compatible; PetalBot;+https://webmaster.petalsearch.com/site/petalbot)"
51.38.211.120 - - [21/Dec/2025:01:03:14 +0100] "POST /wp-cron.php?doing_wp_cron=1766275394.1190259456634521484375 HTTP/1.1" 200 4069 "-" "WordPress/6.9; https://www.readytorun.it"
52.167.144.23 - - [21/Dec/2025:01:03:33 +0100] "GET /wp-content/uploads/2022/10/1b75ec56-f758-46de-91dd-d78fe4088850-768x768.jpg HTTP/1.1" 200 37436 "-" "Mozilla/5.0 AppleWebKit/537.36 (KHTML, like Gecko; compatible; bingbot/2.0; +http://www.bing.com/bingbot.htm) Chrome/116.0.1938.76 Safari/537.36"
52.167.144.23 - - [21/Dec/2025:01:04:03 +0100] "GET /wp-content/uploads/2024/03/0d91d5f8-a161-4ed2-aa1e-ce6d5d4e89a7-500x667.jpg HTTP/1.1" 200 28732 "-" "Mozilla/5.0 AppleWebKit/537.36 (KHTML, like Gecko; compatible; bingbot/2.0; +http://www.bing.com/bingbot.htm) Chrome/116.0.1938.76 Safari/537.36"
114.119.159.148 - - [21/Dec/2025:01:04:32 +0100] "GET /t-shirt-abbigliamento-donna-home/102-18254580013/ HTTP/1.1" 200 46509 "https://www.readytorun.it/product-sitemap3.xml" "Mozilla/5.0 (Linux; Android 7.0;) AppleWebKit/537.36 (KHTML, like Gecko) Mobile Safari/537.36 (compatible; PetalBot;+https://webmaster.petalsearch.com/site/petalbot)"
51.38.211.120 - - [21/Dec/2025:01:04:37 +0100] "POST /wp-cron.php?doing_wp_cron=1766275477.0193579196929931640625 HTTP/1.1" 200 4069 "-" "WordPress/6.9; https://www.readytorun.it"
52.167.144.23 - - [21/Dec/2025:01:05:03 +0100] "GET /wp-content/uploads/2022/09/c5b1cd30-a3f4-46c3-ba8b-007fc838e99f-800x800.jpg HTTP/1.1" 200 32315 "-" "Mozilla/5.0 AppleWebKit/537.36 (KHTML, like Gecko; compatible; bingbot/2.0; +http://www.bing.com/bingbot.htm) Chrome/116.0.1938.76 Safari/537.36"
52.167.144.23 - - [21/Dec/2025:01:06:03 +0100] "GET /wp-content/uploads/2023/01/cc3b9745-5c20-4e42-a608-559e4f707f66-50x50.jpg HTTP/1.1" 200 5009 "-" "Mozilla/5.0 AppleWebKit/537.36 (KHTML, like Gecko; compatible; bingbot/2.0; +http://www.bing.com/bingbot.htm) Chrome/116.0.1938.76 Safari/537.36"
114.119.131.211 - - [21/Dec/2025:01:05:56 +0100] "GET /shop/ HTTP/1.1" 200 49250 "https://www.readytorun.it/product-sitemap.xml" "Mozilla/5.0 (Linux; Android 7.0;) AppleWebKit/537.36 (KHTML, like Gecko) Mobile Safari/537.36 (compatible; PetalBot;+https://webmaster.petalsearch.com/site/petalbot)"
51.38.211.120 - - [21/Dec/2025:01:06:03 +0100] "POST /wp-cron.php?doing_wp_cron=1766275563.3034079074859619140625 HTTP/1.1" 200 4069 "-" "WordPress/6.9; https://www.readytorun.it"
69.171.234.44 - - [21/Dec/2025:01:06:13 +0100] "GET /?wc-api=wc_facebook_get_feed_data_promotions&secret=4a2a76afde6cb1b478b212b39b43d4bf HTTP/1.1" 200 14095 "-" "facebookexternalhit/1.1 (+http://www.facebook.com/externalhit_uatext.php)"
40.77.167.77 - - [21/Dec/2025:01:06:35 +0100] "GET /wp-content/uploads/2023/11/2a0bbd05-9273-4190-862a-74e5e8c4c699-50x50.jpg HTTP/1.1" 200 5108 "-" "Mozilla/5.0 AppleWebKit/537.36 (KHTML, like Gecko; compatible; bingbot/2.0; +http://www.bing.com/bingbot.htm) Chrome/116.0.1938.76 Safari/537.36"
40.77.167.77 - - [21/Dec/2025:01:07:03 +0100] "GET /wp-content/uploads/2023/02/a3c2af79-10fd-4fb2-939a-5f6aba86c65b-100x100.jpg HTTP/1.1" 200 6267 "-" "Mozilla/5.0 AppleWebKit/537.36 (KHTML, like Gecko; compatible; bingbot/2.0; +http://www.bing.com/bingbot.htm) Chrome/116.0.1938.76 Safari/537.36"
20.215.214.26 - - [21/Dec/2025:01:07:17 +0100] "GET /news/elementor-48676/ HTTP/1.1" 200 37112 "-" "Mozilla/5.0 AppleWebKit/537.36 (KHTML, like Gecko); compatible; ChatGPT-User/1.0; +https://openai.com/bot"
114.119.146.114 - - [21/Dec/2025:01:07:20 +0100] "GET /scarpe-uomo-home/j2gbc50195/ HTTP/1.1" 200 46265 "https://www.readytorun.it/product-sitemap3.xml" "Mozilla/5.0 (Linux; Android 7.0;) AppleWebKit/537.36 (KHTML, like Gecko) Mobile Safari/537.36 (compatible; PetalBot;+https://webmaster.petalsearch.com/site/petalbot)"
51.38.211.120 - - [21/Dec/2025:01:07:22 +0100] "POST /wp-cron.php?doing_wp_cron=1766275642.7902369499206542968750 HTTP/1.1" 200 4069 "-" "WordPress/6.9; https://www.readytorun.it"
193.122.100.159 - - [21/Dec/2025:01:07:29 +0100] "POST /xmlrpc.php HTTP/1.1" 503 23228 "-" "Mozilla/5.0 (Windows NT 6.3; Win64; x64; Trident/7.0; rv:11.0) like Gecko"
193.122.100.159 - - [21/Dec/2025:01:07:43 +0100] "POST /xmlrpc.php HTTP/1.1" 503 22273 "-" "Mozilla/5.0 (Windows NT 6.3; Win64; x64; Trident/7.0; rv:11.0) like Gecko"
40.77.167.77 - - [21/Dec/2025:01:07:55 +0100] "GET /wp-content/uploads/2022/02/76cfbeac-8138-4edb-867f-d7ef541e48d7-100x100.jpg HTTP/1.1" 200 7373 "-" "Mozilla/5.0 AppleWebKit/537.36 (KHTML, like Gecko; compatible; bingbot/2.0; +http://www.bing.com/bingbot.htm) Chrome/116.0.1938.76 Safari/537.36"
52.167.144.23 - - [21/Dec/2025:01:08:23 +0100] "GET /wp-content/uploads/2021/12/5dccd64c-7b96-4342-a2ce-a7aeb238c460-1024x1024.jpeg HTTP/1.1" 200 86355 "-" "Mozilla/5.0 AppleWebKit/537.36 (KHTML, like Gecko; compatible; bingbot/2.0; +http://www.bing.com/bingbot.htm) Chrome/116.0.1938.76 Safari/537.36"
40.77.167.77 - - [21/Dec/2025:01:08:45 +0100] "GET /wp-content/uploads/2024/02/c307d9ef-da16-4b30-a87f-2e04d2719b06-800x800.jpg HTTP/1.1" 200 39549 "-" "Mozilla/5.0 AppleWebKit/537.36 (KHTML, like Gecko; compatible; bingbot/2.0; +http://www.bing.com/bingbot.htm) Chrome/116.0.1938.76 Safari/537.36"
114.119.159.148 - - [21/Dec/2025:01:08:43 +0100] "GET /scarpe-unisex-home/ig9906/ HTTP/1.1" 200 47711 "https://www.readytorun.it/product-sitemap3.xml" "Mozilla/5.0 (Linux; Android 7.0;) AppleWebKit/537.36 (KHTML, like Gecko) Mobile Safari/537.36 (compatible; PetalBot;+https://webmaster.petalsearch.com/site/petalbot)"
52.167.144.23 - - [21/Dec/2025:01:08:53 +0100] "GET /wp-content/uploads/2023/02/915ce0a9-f44a-40dd-a1a3-d10847a550e8-100x100.jpg HTTP/1.1" 200 5732 "-" "Mozilla/5.0 AppleWebKit/537.36 (KHTML, like Gecko; compatible; bingbot/2.0; +http://www.bing.com/bingbot.htm) Chrome/116.0.1938.76 Safari/537.36"
51.38.211.120 - - [21/Dec/2025:01:08:48 +0100] "POST /?wordfence_syncAttackData=1766275728.5276 HTTP/1.1" 200 3981 "-" "WordPress/6.9; https://www.readytorun.it"
51.38.211.120 - - [21/Dec/2025:01:08:49 +0100] "POST /wp-cron.php?doing_wp_cron=1766275729.9249339103698730468750 HTTP/1.1" 200 4069 "-" "WordPress/6.9; https://www.readytorun.it"
40.77.167.77 - - [21/Dec/2025:01:09:05 +0100] "GET /wp-content/uploads/2022/09/0db88130-52eb-45e3-ae6f-7805d4d08758-224x300.jpg HTTP/1.1" 200 19316 "-" "Mozilla/5.0 AppleWebKit/537.36 (KHTML, like Gecko; compatible; bingbot/2.0; +http://www.bing.com/bingbot.htm) Chrome/116.0.1938.76 Safari/537.36"
114.119.159.148 - - [21/Dec/2025:01:10:07 +0100] "GET /scarpe-donna-home/j2gcc70106/ HTTP/1.1" 200 46729 "https://www.readytorun.it/product-sitemap3.xml" "Mozilla/5.0 (Linux; Android 7.0;) AppleWebKit/537.36 (KHTML, like Gecko) Mobile Safari/537.36 (compatible; PetalBot;+https://webmaster.petalsearch.com/site/petalbot)"
51.38.211.120 - - [21/Dec/2025:01:10:12 +0100] "POST /wp-cron.php?doing_wp_cron=1766275812.0781829357147216796875 HTTP/1.1" 200 4069 "-" "WordPress/6.9; https://www.readytorun.it"
40.77.167.74 - - [21/Dec/2025:01:10:45 +0100] "GET /wp-content/uploads/2022/02/d814bc22-66be-464e-9c5b-ad3e9b866393-800x1051.png HTTP/1.1" 200 320287 "-" "Mozilla/5.0 AppleWebKit/537.36 (KHTML, like Gecko; compatible; bingbot/2.0; +http://www.bing.com/bingbot.htm) Chrome/116.0.1938.76 Safari/537.36"
40.77.167.74 - - [21/Dec/2025:01:10:46 +0100] "GET /wp-content/uploads/2022/03/1e0d0451-d817-4cb8-9aa0-9b8650179793-150x150.png HTTP/1.1" 200 17620 "-" "Mozilla/5.0 AppleWebKit/537.36 (KHTML, like Gecko; compatible; bingbot/2.0; +http://www.bing.com/bingbot.htm) Chrome/116.0.1938.76 Safari/537.36"
216.244.66.238 - - [21/Dec/2025:01:10:56 +0100] "GET /robots.txt HTTP/1.1" 200 897 "-" "Mozilla/5.0 (compatible; DotBot/1.2; +https://opensiteexplorer.org/dotbot; help@moz.com)"
40.77.167.74 - - [21/Dec/2025:01:11:05 +0100] "GET /wp-content/uploads/2022/10/d72d0fbc-708b-469c-ba83-f59350d23ce0-1-1024x1024.jpg HTTP/1.1" 200 49096 "-" "Mozilla/5.0 AppleWebKit/537.36 (KHTML, like Gecko; compatible; bingbot/2.0; +http://www.bing.com/bingbot.htm) Chrome/116.0.1938.76 Safari/537.36"
51.38.211.120 - - [21/Dec/2025:01:11:00 +0100] "POST /wp-cron.php?doing_wp_cron=1766275860.7440071105957031250000 HTTP/1.1" 200 269 "-" "WordPress/6.9; https://www.readytorun.it"
40.77.167.70 - - [21/Dec/2025:01:11:20 +0100] "GET /wp-content/uploads/2024/03/f9b8e6ad-aa65-41fc-a1c3-c1a54c8f44a5-1025x1536.jpg HTTP/1.1" 200 77745 "-" "Mozilla/5.0 AppleWebKit/537.36 (KHTML, like Gecko; compatible; bingbot/2.0; +http://www.bing.com/bingbot.htm) Chrome/116.0.1938.76 Safari/537.36"
114.119.154.124 - - [21/Dec/2025:01:11:31 +0100] "GET /orologi-accessori-unisex-home/010-02562-1010/ HTTP/1.1" 200 47098 "https://www.readytorun.it/product-sitemap3.xml" "Mozilla/5.0 (Linux; Android 7.0;) AppleWebKit/537.36 (KHTML, like Gecko) Mobile Safari/537.36 (compatible; PetalBot;+https://webmaster.petalsearch.com/site/petalbot)"
66.249.66.163 - - [21/Dec/2025:01:11:36 +0100] "GET /maglietta-manica-lunga-scarpe-donna-home/ HTTP/1.1" 200 43424 "-" "Mozilla/5.0 (Linux; Android 6.0.1; Nexus 5X Build/MMB29P) AppleWebKit/537.36 (KHTML, like Gecko) Chrome/141.0.7390.122 Mobile Safari/537.36 (compatible; Googlebot/2.1; +http://www.google.com/bot.html)"
40.77.167.74 - - [21/Dec/2025:01:12:26 +0100] "GET /wp-content/uploads/2025/02/465171451_1120614240068100_1212820781486279563_n-1.jpg HTTP/1.1" 200 706110 "-" "Mozilla/5.0 AppleWebKit/537.36 (KHTML, like Gecko; compatible; bingbot/2.0; +http://www.bing.com/bingbot.htm) Chrome/116.0.1938.76 Safari/537.36"
40.77.167.70 - - [21/Dec/2025:01:12:59 +0100] "GET /wp-content/uploads/2023/05/060504b4-7984-4689-984d-11d7b4b438ba-150x150.jpg HTTP/1.1" 200 7147 "-" "Mozilla/5.0 AppleWebKit/537.36 (KHTML, like Gecko; compatible; bingbot/2.0; +http://www.bing.com/bingbot.htm) Chrome/116.0.1938.76 Safari/537.36"
114.119.146.215 - - [21/Dec/2025:01:12:54 +0100] "GET /linea/trail/ HTTP/1.1" 200 45250 "https://www.readytorun.it/pa_linea-sitemap.xml" "Mozilla/5.0 (Linux; Android 7.0;) AppleWebKit/537.36 (KHTML, like Gecko) Mobile Safari/537.36 (compatible; PetalBot;+https://webmaster.petalsearch.com/site/petalbot)"
216.244.66.238 - - [21/Dec/2025:01:13:01 +0100] "GET /?start=48 HTTP/1.1" 301 257 "-" "Mozilla/5.0 (compatible; DotBot/1.2; +https://opensiteexplorer.org/dotbot; help@moz.com)"
51.38.211.120 - - [21/Dec/2025:01:13:01 +0100] "POST /wp-cron.php?doing_wp_cron=1766275980.9705960750579833984375 HTTP/1.1" 200 4069 "-" "WordPress/6.9; https://www.readytorun.it"
40.77.167.74 - - [21/Dec/2025:01:13:24 +0100] "GET /wp-content/uploads/2022/07/e0024b32-ebad-47fe-a38f-20e612ce7c3f-768x1028.jpg HTTP/1.1" 200 95875 "-" "Mozilla/5.0 AppleWebKit/537.36 (KHTML, like Gecko; compatible; bingbot/2.0; +http://www.bing.com/bingbot.htm) Chrome/116.0.1938.76 Safari/537.36"
216.244.66.238 - - [21/Dec/2025:01:13:23 +0100] "GET /?start=40 HTTP/1.1" 301 257 "-" "Mozilla/5.0 (compatible; DotBot/1.2; +https://opensiteexplorer.org/dotbot; help@moz.com)"
40.77.167.70 - - [21/Dec/2025:01:13:39 +0100] "GET /wp-content/uploads/2024/12/9521c9ab-f5b4-45b9-82e9-9446a6258312-150x150.jpg HTTP/1.1" 200 6918 "-" "Mozilla/5.0 AppleWebKit/537.36 (KHTML, like Gecko; compatible; bingbot/2.0; +http://www.bing.com/bingbot.htm) Chrome/116.0.1938.76 Safari/537.36"
160.30.160.240 - - [21/Dec/2025:01:13:42 +0100] "GET /wp-login.php HTTP/1.1" 200 9310 "-" "Mozilla/5.0 (Windows NT 6.3; Win64; x64) AppleWebKit/537.36 (KHTML, like Gecko) Chrome/67.0.3396.79 Safari/537.36"
216.244.66.238 - - [21/Dec/2025:01:13:44 +0100] "GET /a1-superleggere-scarpe-donna-home/ HTTP/1.1" 200 214508 "-" "Mozilla/5.0 (compatible; DotBot/1.2; +https://opensiteexplorer.org/dotbot; help@moz.com)"
51.38.211.120 - - [21/Dec/2025:01:13:46 +0100] "POST /wp-cron.php?doing_wp_cron=1766276026.6378920078277587890625 HTTP/1.1" 200 4069 "-" "WordPress/6.9; https://www.readytorun.it"
160.30.160.240 - - [21/Dec/2025:01:13:52 +0100] "POST /wp-login.php HTTP/1.1" 503 19651 "https://www.readytorun.it/wp-login.php" "Mozilla/5.0 (Windows NT 6.3; Win64; x64) AppleWebKit/537.36 (KHTML, like Gecko) Chrome/67.0.3396.79 Safari/537.36"
85.208.96.203 - - [21/Dec/2025:01:14:00 +0100] "GET /robots.txt HTTP/1.1" 200 4371 "-" "Mozilla/5.0 (compatible; SemrushBot/7~bl; +http://www.semrush.com/bot.html)"
185.191.171.7 - - [21/Dec/2025:01:14:05 +0100] "GET /abbigliamento-bambino-home/1380870/ HTTP/1.1" 200 42309 "-" "Mozilla/5.0 (compatible; SemrushBot/7~bl; +http://www.semrush.com/bot.html)"
66.249.66.77 - - [21/Dec/2025:01:14:11 +0100] "GET /abbigliamento-uomo-home/j2gec00102/ HTTP/1.1" 200 46823 "-" "Mozilla/5.0 (Linux; Android 6.0.1; Nexus 5X Build/MMB29P) AppleWebKit/537.36 (KHTML, like Gecko) Chrome/141.0.7390.122 Mobile Safari/537.36 (compatible; Googlebot/2.1; +http://www.google.com/bot.html)"
216.244.66.238 - - [21/Dec/2025:01:14:14 +0100] "GET /size/12-5/ HTTP/1.1" 200 267162 "-" "Mozilla/5.0 (compatible; DotBot/1.2; +https://opensiteexplorer.org/dotbot; help@moz.com)"
114.119.146.114 - - [21/Dec/2025:01:14:18 +0100] "GET /linea/pista/ HTTP/1.1" 200 45632 "https://www.readytorun.it/pa_linea-sitemap.xml" "Mozilla/5.0 (Linux; Android 7.0;) AppleWebKit/537.36 (KHTML, like Gecko) Mobile Safari/537.36 (compatible; PetalBot;+https://webmaster.petalsearch.com/site/petalbot)"
137.184.56.210 - - [21/Dec/2025:01:14:49 +0100] "GET /wp-content/uploads/2021/10/ilaria-luzzana-collaboratore.jpg HTTP/1.1" 200 73126 "https://www.readytorun.it/wp-content/uploads/2021/10/ilaria-luzzana-collaboratore.jpg" "Mozilla/5.0 (Windows NT 10.0; Win64; x64) AppleWebKit/537.36 (KHTML, like Gecko) Chrome/105.0.0.0 Safari/537.3"
20.4.55.181 - - [21/Dec/2025:01:15:09 +0100] "GET /wp-json/wc/v2/taxes HTTP/1.1" 200 4903 "-" "-"
51.38.211.120 - - [21/Dec/2025:01:15:16 +0100] "POST /wp-cron.php?doing_wp_cron=1766276116.3561260700225830078125 HTTP/1.1" 200 4069 "-" "WordPress/6.9; https://www.readytorun.it"
20.4.55.181 - - [21/Dec/2025:01:15:17 +0100] "GET /wp-json/wc/v2/orders?after=2025-12-16%2000:15:17&per_page=100 HTTP/1.1" 200 5760 "-" "-"
138.122.71.215 - - [21/Dec/2025:01:15:29 +0100] "POST /xmlrpc.php HTTP/1.1" 503 23228 "-" "Mozilla/5.0 (Windows NT 6.1; WOW64; Trident/7.0; Ypkch32; rv:11.0) like Gecko"
114.119.154.124 - - [21/Dec/2025:01:15:43 +0100] "GET /linea/multisport/ HTTP/1.1" 200 44458 "https://www.readytorun.it/pa_linea-sitemap.xml" "Mozilla/5.0 (Linux; Android 7.0;) AppleWebKit/537.36 (KHTML, like Gecko) Mobile Safari/537.36 (compatible; PetalBot;+https://webmaster.petalsearch.com/site/petalbot)"
162.120.188.11 - - [21/Dec/2025:01:15:45 +0100] "GET /news/elementor-40687/ HTTP/1.1" 200 36705 "https://www.google.com/" "Mozilla/5.0 (Linux; Android 10; K) AppleWebKit/537.36 (KHTML, like Gecko) Chrome/143.0.0.0 Mobile Safari/537.36"
51.38.211.120 - - [21/Dec/2025:01:15:49 +0100] "POST /wp-cron.php?doing_wp_cron=1766276149.8084549903869628906250 HTTP/1.1" 200 4069 "-" "WordPress/6.9; https://www.readytorun.it"
216.244.66.238 - - [21/Dec/2025:01:16:06 +0100] "GET /a3-massimo-ammortizzamento-scarpe-uomo-home/1011b257001/ HTTP/1.1" 200 184915 "-" "Mozilla/5.0 (compatible; DotBot/1.2; +https://opensiteexplorer.org/dotbot; help@moz.com)"
51.38.211.120 - - [21/Dec/2025:01:16:11 +0100] "POST /wp-cron.php?doing_wp_cron=1766276171.2773180007934570312500 HTTP/1.1" 200 269 "-" "WordPress/6.9; https://www.readytorun.it"
114.119.157.118 - - [21/Dec/2025:01:17:05 +0100] "GET /linea/cross/ HTTP/1.1" 200 41940 "https://www.readytorun.it/pa_linea-sitemap.xml" "Mozilla/5.0 (Linux; Android 7.0;) AppleWebKit/537.36 (KHTML, like Gecko) Mobile Safari/537.36 (compatible; PetalBot;+https://webmaster.petalsearch.com/site/petalbot)"
51.38.211.120 - - [21/Dec/2025:01:17:09 +0100] "POST /wp-cron.php?doing_wp_cron=1766276229.7223660945892333984375 HTTP/1.1" 200 4069 "-" "WordPress/6.9; https://www.readytorun.it"
51.38.211.120 - - [21/Dec/2025:01:17:50 +0100] "POST /wp-cron.php?doing_wp_cron=1766276270.2421491146087646484375 HTTP/1.1" 200 269 "-" "WordPress/6.9; https://www.readytorun.it"
216.244.66.238 - - [21/Dec/2025:01:17:45 +0100] "GET /abbigliamento-uomo-home/j2gca50112/ HTTP/1.1" 200 166360 "-" "Mozilla/5.0 (compatible; DotBot/1.2; +https://opensiteexplorer.org/dotbot; help@moz.com)"
216.244.66.238 - - [21/Dec/2025:01:18:29 +0100] "GET /wp-content/uploads/2023/11/84b623f2-4015-400d-beef-ffe33812d1ae.jpg HTTP/1.1" 200 53836 "-" "Mozilla/5.0 (compatible; DotBot/1.2; +https://opensiteexplorer.org/dotbot; help@moz.com)"
114.119.146.215 - - [21/Dec/2025:01:18:29 +0100] "GET /linea/corsa/ HTTP/1.1" 200 48333 "https://www.readytorun.it/pa_linea-sitemap.xml" "Mozilla/5.0 (Linux; Android 7.0;) AppleWebKit/537.36 (KHTML, like Gecko) Mobile Safari/537.36 (compatible; PetalBot;+https://webmaster.petalsearch.com/site/petalbot)"
52.167.144.195 - - [21/Dec/2025:01:18:47 +0100] "GET /super-offerta/287820/ HTTP/1.1" 200 47952 "-" "Mozilla/5.0 AppleWebKit/537.36 (KHTML, like Gecko; compatible; bingbot/2.0; +http://www.bing.com/bingbot.htm) Chrome/116.0.1938.76 Safari/537.36"
51.38.211.120 - - [21/Dec/2025:01:18:51 +0100] "POST /wp-cron.php?doing_wp_cron=1766276331.0037670135498046875000 HTTP/1.1" 200 4069 "-" "WordPress/6.9; https://www.readytorun.it"
216.244.66.238 - - [21/Dec/2025:01:18:58 +0100] "GET /contatti HTTP/1.1" 301 256 "-" "Mozilla/5.0 (compatible; DotBot/1.2; +https://opensiteexplorer.org/dotbot; help@moz.com)"
4.210.246.247 - - [21/Dec/2025:01:19:08 +0100] "GET /wp-login.php HTTP/1.1" 302 245 "-" "GRequests/0.10"
4.210.246.247 - - [21/Dec/2025:01:19:16 +0100] "GET /wp-admin/ HTTP/1.1" 302 4164 "http://readytorun.it/wp-login.php" "GRequests/0.10"
4.210.246.247 - - [21/Dec/2025:01:19:21 +0100] "GET /wp-login.php?redirect_to=https%3A%2F%2Fwww.readytorun.it%2Fwp-admin%2F&reauth=1 HTTP/1.1" 200 6354 "https://www.readytorun.it/wp-admin/" "GRequests/0.10"
4.210.246.247 - - [21/Dec/2025:01:19:27 +0100] "POST /wp-login.php HTTP/1.1" 302 245 "-" "GRequests/0.10"
216.244.66.238 - - [21/Dec/2025:01:19:31 +0100] "GET /maglietta-manica-lunga-abbigliamento-donna-home/il4118/ HTTP/1.1" 200 177333 "-" "Mozilla/5.0 (compatible; DotBot/1.2; +https://opensiteexplorer.org/dotbot; help@moz.com)"
4.210.246.247 - - [21/Dec/2025:01:19:37 +0100] "GET /wp-admin/ HTTP/1.1" 302 4164 "http://readytorun.it/wp-login.php" "GRequests/0.10"
51.38.211.120 - - [21/Dec/2025:01:19:43 +0100] "POST /wp-cron.php?doing_wp_cron=1766276383.0303459167480468750000 HTTP/1.1" 200 4069 "-" "WordPress/6.9; https://www.readytorun.it"
4.210.246.247 - - [21/Dec/2025:01:19:44 +0100] "GET /wp-login.php?redirect_to=https%3A%2F%2Fwww.readytorun.it%2Fwp-admin%2F&reauth=1 HTTP/1.1" 200 6354 "https://www.readytorun.it/wp-admin/" "GRequests/0.10"
4.210.246.247 - - [21/Dec/2025:01:19:49 +0100] "GET /wp-admin/ HTTP/1.1" 302 353 "-" "GRequests/0.10"
66.249.66.14 - - [21/Dec/2025:01:19:57 +0100] "GET /wp-content/uploads/2022/11/036d5e1a-847d-4164-b091-4da80460fd11.jpg HTTP/1.1" 200 117474 "-" "Googlebot-Image/1.0"
114.119.133.204 - - [21/Dec/2025:01:19:52 +0100] "GET /linea/_/ HTTP/1.1" 200 45530 "https://www.readytorun.it/pa_linea-sitemap.xml" "Mozilla/5.0 (Linux; Android 7.0;) AppleWebKit/537.36 (KHTML, like Gecko) Mobile Safari/537.36 (compatible; PetalBot;+https://webmaster.petalsearch.com/site/petalbot)"
52.167.144.195 - - [21/Dec/2025:01:19:55 +0100] "GET /a3-massimo-ammortizzamento-scarpe-donna-home/1155113nnn/ HTTP/1.1" 200 47663 "-" "Mozilla/5.0 AppleWebKit/537.36 (KHTML, like Gecko; compatible; bingbot/2.0; +http://www.bing.com/bingbot.htm) Chrome/116.0.1938.76 Safari/537.36"
4.210.246.247 - - [21/Dec/2025:01:20:00 +0100] "GET /wp-admin/ HTTP/1.1" 302 4128 "http://readytorun.it/wp-admin/" "GRequests/0.10"
4.210.246.247 - - [21/Dec/2025:01:20:04 +0100] "GET /wp-login.php?redirect_to=https%3A%2F%2Freadytorun.it%2Fwp-admin%2F&reauth=1 HTTP/1.1" 200 10109 "https://readytorun.it/wp-admin/" "GRequests/0.10"
216.244.66.238 - - [21/Dec/2025:01:20:07 +0100] "GET /size/11/page/15/ HTTP/1.1" 200 273094 "-" "Mozilla/5.0 (compatible; DotBot/1.2; +https://opensiteexplorer.org/dotbot; help@moz.com)"
216.244.66.238 - - [21/Dec/2025:01:20:46 +0100] "GET /size/12-5/page/11/ HTTP/1.1" 200 266886 "-" "Mozilla/5.0 (compatible; DotBot/1.2; +https://opensiteexplorer.org/dotbot; help@moz.com)"
206.84.81.12 - - [21/Dec/2025:01:20:45 +0100] "GET /senza-categoria/it1822 HTTP/1.1" 301 4056 "https://www.readytorun.it/" "Mozilla/5.0 (Macintosh; Intel Mac OS X 10_15_7) AppleWebKit/537.36 (KHTML, like Gecko) Chrome/135.0.0.0 Safari/537.36"
51.38.211.120 - - [21/Dec/2025:01:20:50 +0100] "POST /wp-cron.php?doing_wp_cron=1766276450.8277239799499511718750 HTTP/1.1" 200 4069 "-" "WordPress/6.9; https://www.readytorun.it"
38.159.61.231 - - [21/Dec/2025:01:20:55 +0100] "GET /senza-categoria/it1822/ HTTP/1.1" 200 43713 "https://www.readytorun.it/" "Mozilla/5.0 (Macintosh; Intel Mac OS X 10_15_7) AppleWebKit/537.36 (KHTML, like Gecko) Chrome/135.0.0.0 Safari/537.36"
52.167.144.218 - - [21/Dec/2025:01:21:05 +0100] "GET /wp-content/uploads/2021/12/ce26441b-643f-4ab8-9f8b-6eb16076deed-scaled-1024x1365.jpg HTTP/1.1" 200 141850 "-" "Mozilla/5.0 AppleWebKit/537.36 (KHTML, like Gecko; compatible; bingbot/2.0; +http://www.bing.com/bingbot.htm) Chrome/116.0.1938.76 Safari/537.36"
34.225.87.80 - - [21/Dec/2025:01:21:01 +0100] "GET /wp-json/wp/v2/product_cat/640 HTTP/1.1" 200 9553 "-" "Mozilla/5.0 AppleWebKit/537.36 (KHTML, like Gecko; compatible; Amazonbot/0.1; +https://developer.amazon.com/support/amazonbot) Chrome/119.0.6045.214 Safari/537.36"
54.235.172.108 - - [21/Dec/2025:01:21:05 +0100] "GET /wp-json/oembed/1.0/embed?url=https://www.readytorun.it/a3-massimo-ammortizzamento-scarpe-uomo-home/1011b621005/ HTTP/1.1" 404 3745 "-" "Mozilla/5.0 AppleWebKit/537.36 (KHTML, like Gecko; compatible; Amazonbot/0.1; +https://developer.amazon.com/support/amazonbot) Chrome/119.0.6045.214 Safari/537.36"
114.119.148.165 - - [21/Dec/2025:01:21:15 +0100] "GET /intimo-abbigliamento-uomo-home/102-18211170139/ HTTP/1.1" 200 46588 "https://www.readytorun.it/product-sitemap3.xml" "Mozilla/5.0 (Linux; Android 7.0;) AppleWebKit/537.36 (KHTML, like Gecko) Mobile Safari/537.36 (compatible; PetalBot;+https://webmaster.petalsearch.com/site/petalbot)"
51.38.211.120 - - [21/Dec/2025:01:21:21 +0100] "POST /wp-cron.php?doing_wp_cron=1766276481.5076329708099365234375 HTTP/1.1" 200 4069 "-" "WordPress/6.9; https://www.readytorun.it"
216.244.66.238 - - [21/Dec/2025:01:21:22 +0100] "GET /size/12-5/page/18/ HTTP/1.1" 200 266886 "-" "Mozilla/5.0 (compatible; DotBot/1.2; +https://opensiteexplorer.org/dotbot; help@moz.com)"
52.167.144.211 - - [21/Dec/2025:01:22:00 +0100] "GET /wp-content/uploads/2023/02/a3c2af79-10fd-4fb2-939a-5f6aba86c65b-50x50.jpg HTTP/1.1" 200 5119 "-" "Mozilla/5.0 AppleWebKit/537.36 (KHTML, like Gecko; compatible; bingbot/2.0; +http://www.bing.com/bingbot.htm) Chrome/116.0.1938.76 Safari/537.36"
216.244.66.238 - - [21/Dec/2025:01:21:57 +0100] "GET /size/13/page/14/ HTTP/1.1" 200 271063 "-" "Mozilla/5.0 (compatible; DotBot/1.2; +https://opensiteexplorer.org/dotbot; help@moz.com)"
51.38.211.120 - - [21/Dec/2025:01:22:01 +0100] "POST /wp-cron.php?doing_wp_cron=1766276521.7275550365447998046875 HTTP/1.1" 200 269 "-" "WordPress/6.9; https://www.readytorun.it"
216.244.66.238 - - [21/Dec/2025:01:22:31 +0100] "GET /size/14/page/6/ HTTP/1.1" 200 268074 "-" "Mozilla/5.0 (compatible; DotBot/1.2; +https://opensiteexplorer.org/dotbot; help@moz.com)"
114.119.148.165 - - [21/Dec/2025:01:22:43 +0100] "GET /intimo-abbigliamento-donna-home/a2ga175309/ HTTP/1.1" 200 47396 "https://www.readytorun.it/product-sitemap3.xml" "Mozilla/5.0 (Linux; Android 7.0;) AppleWebKit/537.36 (KHTML, like Gecko) Mobile Safari/537.36 (compatible; PetalBot;+https://webmaster.petalsearch.com/site/petalbot)"
166.1.254.85 - - [21/Dec/2025:01:22:42 +0100] "GET /linea/pista/feed HTTP/1.1" 301 4207 "-" "Mozilla/5.0 (Macintosh; Intel Mac OS X 10_15_7) AppleWebKit/537.36 (KHTML, like Gecko) Chrome/123.0.0.0 Safari/537.36"
51.38.211.120 - - [21/Dec/2025:01:22:47 +0100] "POST /wp-cron.php?doing_wp_cron=1766276567.3711369037628173828125 HTTP/1.1" 200 4069 "-" "WordPress/6.9; https://www.readytorun.it"
166.1.254.85 - - [21/Dec/2025:01:22:48 +0100] "GET /linea/pista/feed/ HTTP/1.1" 200 3186 "-" "Mozilla/5.0 (Macintosh; Intel Mac OS X 10_15_7) AppleWebKit/537.36 (KHTML, like Gecko) Chrome/123.0.0.0 Safari/537.36"
45.159.124.95 - - [21/Dec/2025:01:22:54 +0100] "GET /feed HTTP/1.1" 301 4195 "-" "Mozilla/5.0 (Macintosh; Intel Mac OS X 10_15_7) AppleWebKit/537.36 (KHTML, like Gecko) Chrome/123.0.0.0 Safari/537.36"
45.159.124.95 - - [21/Dec/2025:01:22:59 +0100] "GET /feed/ HTTP/1.1" 200 2538 "-" "Mozilla/5.0 (Macintosh; Intel Mac OS X 10_15_7) AppleWebKit/537.36 (KHTML, like Gecko) Chrome/123.0.0.0 Safari/537.36"
52.167.144.211 - - [21/Dec/2025:01:23:11 +0100] "GET /wp-content/uploads/2022/02/92d28ac6-6d79-46b5-a9f9-d45ef4ee7786.jpg HTTP/1.1" 200 106056 "-" "Mozilla/5.0 AppleWebKit/537.36 (KHTML, like Gecko; compatible; bingbot/2.0; +http://www.bing.com/bingbot.htm) Chrome/116.0.1938.76 Safari/537.36"
216.244.66.238 - - [21/Dec/2025:01:23:11 +0100] "GET /size/15/page/16/ HTTP/1.1" 200 268077 "-" "Mozilla/5.0 (compatible; DotBot/1.2; +https://opensiteexplorer.org/dotbot; help@moz.com)"
185.98.41.131 - - [21/Dec/2025:01:23:07 +0100] "GET /brand/asics/feed HTTP/1.1" 301 4207 "-" "Mozilla/5.0 (Macintosh; Intel Mac OS X 10_15_7) AppleWebKit/537.36 (KHTML, like Gecko) Chrome/123.0.0.0 Safari/537.36"
95.214.83.148 - - [21/Dec/2025:01:23:33 +0100] "GET /brand/asics/feed HTTP/1.1" 301 4207 "-" "Mozilla/5.0 (Macintosh; Intel Mac OS X 10_15_7) AppleWebKit/537.36 (KHTML, like Gecko) Chrome/123.0.0.0 Safari/537.36"
95.214.83.148 - - [21/Dec/2025:01:23:39 +0100] "GET /brand/asics/feed/ HTTP/1.1" 200 3898 "-" "Mozilla/5.0 (Macintosh; Intel Mac OS X 10_15_7) AppleWebKit/537.36 (KHTML, like Gecko) Chrome/123.0.0.0 Safari/537.36"
51.38.211.120 - - [21/Dec/2025:01:23:45 +0100] "POST /wp-cron.php?doing_wp_cron=1766276625.7552568912506103515625 HTTP/1.1" 200 4069 "-" "WordPress/6.9; https://www.readytorun.it"
216.244.66.238 - - [21/Dec/2025:01:23:51 +0100] "GET /size/4/page/25/ HTTP/1.1" 200 273099 "-" "Mozilla/5.0 (compatible; DotBot/1.2; +https://opensiteexplorer.org/dotbot; help@moz.com)"
17.22.245.197 - - [21/Dec/2025:01:24:02 +0100] "GET /wp-content/uploads/2023/07/3aa54b11-45f5-44fb-a3c4-89abc80a469f.jpg HTTP/1.1" 200 293216 "-" "Mozilla/5.0 (Macintosh; Intel Mac OS X 10_15_7) AppleWebKit/605.1.15 (KHTML, like Gecko) Version/17.4 Safari/605.1.15 (Applebot/0.1; +http://www.apple.com/go/applebot)"
114.119.159.148 - - [21/Dec/2025:01:24:03 +0100] "GET /chiodate-scarpe-uomo-home/ih5801/ HTTP/1.1" 200 48011 "https://www.readytorun.it/product-sitemap3.xml" "Mozilla/5.0 (Linux; Android 7.0;) AppleWebKit/537.36 (KHTML, like Gecko) Mobile Safari/537.36 (compatible; PetalBot;+https://webmaster.petalsearch.com/site/petalbot)"
66.249.66.165 - - [21/Dec/2025:01:24:08 +0100] "GET /senza-categoria/120380431/ HTTP/1.1" 200 44349 "-" "Mozilla/5.0 (Linux; Android 6.0.1; Nexus 5X Build/MMB29P) AppleWebKit/537.36 (KHTML, like Gecko) Chrome/141.0.7390.122 Mobile Safari/537.36 (compatible; Googlebot/2.1; +http://www.google.com/bot.html)"
