84.253.141.63 - - [21/Dec/2025:02:37:55 +0100] "GET /wp-content/fonts/lato/b8958a3e56550838 HTTP/1.1" 304 187 "https://www.readytorun.it/?utm_source=ig&utm_medium=social&utm_content=link_in_bio&fbclid=PAZXh0bgNhZW0CMTEAc3J0YwZhcHBfaWQPMTI0MDI0NTc0Mjg3NDE0AAGnsdmsZYeGwLeXploGwrBTU8YcymsSyaVAsNf7hvoiaFEli87bf1wLWVwX7J4_aem_S3-elncdaKygAL3geg93wg" "Mozilla/5.0 (iPhone; CPU iPhone OS 18_6_2 like Mac OS X) AppleWebKit/605.1.15 (KHTML, like Gecko) Mobile/22G100 Instagram 410.0.0.29.70 (iPhone14,5; iOS 18_6_2; en_GB; en-GB; scale=3.00; 1170x2532; IABMV/1; 843189213) Safari/604.1"
84.253.141.63 - - [21/Dec/2025:02:37:55 +0100] "GET /wp-content/uploads/2021/09/logo-simple-rgb-2x.png HTTP/1.1" 304 187 "https://www.readytorun.it/?utm_source=ig&utm_medium=social&utm_content=link_in_bio&fbclid=PAZXh0bgNhZW0CMTEAc3J0YwZhcHBfaWQPMTI0MDI0NTc0Mjg3NDE0AAGnsdmsZYeGwLeXploGwrBTU8YcymsSyaVAsNf7hvoiaFEli87bf1wLWVwX7J4_aem_S3-elncdaKygAL3geg93wg" "Mozilla/5.0 (iPhone; CPU iPhone OS 18_6_2 like Mac OS X) AppleWebKit/605.1.15 (KHTML, like Gecko) Mobile/22G100 Instagram 410.0.0.29.70 (iPhone14,5; iOS 18_6_2; en_GB; en-GB; scale=3.00; 1170x2532; IABMV/1; 843189213) Safari/604.1"
84.253.141.63 - - [21/Dec/2025:02:37:55 +0100] "GET /wp-content/uploads/2019/05/american-express-logo.svg HTTP/1.1" 304 187 "https://www.readytorun.it/?utm_source=ig&utm_medium=social&utm_content=link_in_bio&fbclid=PAZXh0bgNhZW0CMTEAc3J0YwZhcHBfaWQPMTI0MDI0NTc0Mjg3NDE0AAGnsdmsZYeGwLeXploGwrBTU8YcymsSyaVAsNf7hvoiaFEli87bf1wLWVwX7J4_aem_S3-elncdaKygAL3geg93wg" "Mozilla/5.0 (iPhone; CPU iPhone OS 18_6_2 like Mac OS X) AppleWebKit/605.1.15 (KHTML, like Gecko) Mobile/22G100 Instagram 410.0.0.29.70 (iPhone14,5; iOS 18_6_2; en_GB; en-GB; scale=3.00; 1170x2532; IABMV/1; 843189213) Safari/604.1"
84.253.141.63 - - [21/Dec/2025:02:37:55 +0100] "GET /wp-content/uploads/2019/05/logo_footer_ico.png HTTP/1.1" 304 186 "https://www.readytorun.it/?utm_source=ig&utm_medium=social&utm_content=link_in_bio&fbclid=PAZXh0bgNhZW0CMTEAc3J0YwZhcHBfaWQPMTI0MDI0NTc0Mjg3NDE0AAGnsdmsZYeGwLeXploGwrBTU8YcymsSyaVAsNf7hvoiaFEli87bf1wLWVwX7J4_aem_S3-elncdaKygAL3geg93wg" "Mozilla/5.0 (iPhone; CPU iPhone OS 18_6_2 like Mac OS X) AppleWebKit/605.1.15 (KHTML, like Gecko) Mobile/22G100 Instagram 410.0.0.29.70 (iPhone14,5; iOS 18_6_2; en_GB; en-GB; scale=3.00; 1170x2532; IABMV/1; 843189213) Safari/604.1"
84.253.141.63 - - [21/Dec/2025:02:37:55 +0100] "GET /wp-content/uploads/2024/12/638131-64da56c10f000-1536x1024.jpg HTTP/1.1" 304 188 "https://www.readytorun.it/?utm_source=ig&utm_medium=social&utm_content=link_in_bio&fbclid=PAZXh0bgNhZW0CMTEAc3J0YwZhcHBfaWQPMTI0MDI0NTc0Mjg3NDE0AAGnsdmsZYeGwLeXploGwrBTU8YcymsSyaVAsNf7hvoiaFEli87bf1wLWVwX7J4_aem_S3-elncdaKygAL3geg93wg" "Mozilla/5.0 (iPhone; CPU iPhone OS 18_6_2 like Mac OS X) AppleWebKit/605.1.15 (KHTML, like Gecko) Mobile/22G100 Instagram 410.0.0.29.70 (iPhone14,5; iOS 18_6_2; en_GB; en-GB; scale=3.00; 1170x2532; IABMV/1; 843189213) Safari/604.1"
84.253.141.63 - - [21/Dec/2025:02:37:55 +0100] "GET /wp-content/uploads/2025/11/asics_metaspeed_02.jpg HTTP/1.1" 304 188 "https://www.readytorun.it/?utm_source=ig&utm_medium=social&utm_content=link_in_bio&fbclid=PAZXh0bgNhZW0CMTEAc3J0YwZhcHBfaWQPMTI0MDI0NTc0Mjg3NDE0AAGnsdmsZYeGwLeXploGwrBTU8YcymsSyaVAsNf7hvoiaFEli87bf1wLWVwX7J4_aem_S3-elncdaKygAL3geg93wg" "Mozilla/5.0 (iPhone; CPU iPhone OS 18_6_2 like Mac OS X) AppleWebKit/605.1.15 (KHTML, like Gecko) Mobile/22G100 Instagram 410.0.0.29.70 (iPhone14,5; iOS 18_6_2; en_GB; en-GB; scale=3.00; 1170x2532; IABMV/1; 843189213) Safari/604.1"
84.253.141.63 - - [21/Dec/2025:02:37:55 +0100] "GET /wp-content/uploads/2019/05/master-card-logo.svg HTTP/1.1" 304 187 "https://www.readytorun.it/?utm_source=ig&utm_medium=social&utm_content=link_in_bio&fbclid=PAZXh0bgNhZW0CMTEAc3J0YwZhcHBfaWQPMTI0MDI0NTc0Mjg3NDE0AAGnsdmsZYeGwLeXploGwrBTU8YcymsSyaVAsNf7hvoiaFEli87bf1wLWVwX7J4_aem_S3-elncdaKygAL3geg93wg" "Mozilla/5.0 (iPhone; CPU iPhone OS 18_6_2 like Mac OS X) AppleWebKit/605.1.15 (KHTML, like Gecko) Mobile/22G100 Instagram 410.0.0.29.70 (iPhone14,5; iOS 18_6_2; en_GB; en-GB; scale=3.00; 1170x2532; IABMV/1; 843189213) Safari/604.1"
84.253.141.63 - - [21/Dec/2025:02:37:55 +0100] "GET /wp-content/uploads/2019/05/paypal-logo.svg HTTP/1.1" 304 187 "https://www.readytorun.it/?utm_source=ig&utm_medium=social&utm_content=link_in_bio&fbclid=PAZXh0bgNhZW0CMTEAc3J0YwZhcHBfaWQPMTI0MDI0NTc0Mjg3NDE0AAGnsdmsZYeGwLeXploGwrBTU8YcymsSyaVAsNf7hvoiaFEli87bf1wLWVwX7J4_aem_S3-elncdaKygAL3geg93wg" "Mozilla/5.0 (iPhone; CPU iPhone OS 18_6_2 like Mac OS X) AppleWebKit/605.1.15 (KHTML, like Gecko) Mobile/22G100 Instagram 410.0.0.29.70 (iPhone14,5; iOS 18_6_2; en_GB; en-GB; scale=3.00; 1170x2532; IABMV/1; 843189213) Safari/604.1"
84.253.141.63 - - [21/Dec/2025:02:37:55 +0100] "GET /wp-content/plugins/instagram-widget-by-wpzoom/dist/images/frontend/wpzoom-instagram-icons.svg HTTP/1.1" 304 186 "https://www.readytorun.it/?utm_source=ig&utm_medium=social&utm_content=link_in_bio&fbclid=PAZXh0bgNhZW0CMTEAc3J0YwZhcHBfaWQPMTI0MDI0NTc0Mjg3NDE0AAGnsdmsZYeGwLeXploGwrBTU8YcymsSyaVAsNf7hvoiaFEli87bf1wLWVwX7J4_aem_S3-elncdaKygAL3geg93wg" "Mozilla/5.0 (iPhone; CPU iPhone OS 18_6_2 like Mac OS X) AppleWebKit/605.1.15 (KHTML, like Gecko) Mobile/22G100 Instagram 410.0.0.29.70 (iPhone14,5; iOS 18_6_2; en_GB; en-GB; scale=3.00; 1170x2532; IABMV/1; 843189213) Safari/604.1"
84.253.141.63 - - [21/Dec/2025:02:37:55 +0100] "GET /wp-content/uploads/elementor/css/post-293.css?ver=1766268503 HTTP/1.1" 200 1672 "https://www.readytorun.it/?utm_source=ig&utm_medium=social&utm_content=link_in_bio&fbclid=PAZXh0bgNhZW0CMTEAc3J0YwZhcHBfaWQPMTI0MDI0NTc0Mjg3NDE0AAGnsdmsZYeGwLeXploGwrBTU8YcymsSyaVAsNf7hvoiaFEli87bf1wLWVwX7J4_aem_S3-elncdaKygAL3geg93wg" "Mozilla/5.0 (iPhone; CPU iPhone OS 18_6_2 like Mac OS X) AppleWebKit/605.1.15 (KHTML, like Gecko) Mobile/22G100 Instagram 410.0.0.29.70 (iPhone14,5; iOS 18_6_2; en_GB; en-GB; scale=3.00; 1170x2532; IABMV/1; 843189213) Safari/604.1"
84.253.141.63 - - [21/Dec/2025:02:37:55 +0100] "GET /wp-content/uploads/2023/03/hoka-parete-immagine-1536x822.jpg HTTP/1.1" 200 150582 "https://www.readytorun.it/?utm_source=ig&utm_medium=social&utm_content=link_in_bio&fbclid=PAZXh0bgNhZW0CMTEAc3J0YwZhcHBfaWQPMTI0MDI0NTc0Mjg3NDE0AAGnsdmsZYeGwLeXploGwrBTU8YcymsSyaVAsNf7hvoiaFEli87bf1wLWVwX7J4_aem_S3-elncdaKygAL3geg93wg" "Mozilla/5.0 (iPhone; CPU iPhone OS 18_6_2 like Mac OS X) AppleWebKit/605.1.15 (KHTML, like Gecko) Mobile/22G100 Instagram 410.0.0.29.70 (iPhone14,5; iOS 18_6_2; en_GB; en-GB; scale=3.00; 1170x2532; IABMV/1; 843189213) Safari/604.1"
84.253.141.63 - - [21/Dec/2025:02:37:55 +0100] "GET /wp-content/uploads/2025/11/Senza-titolo-1-3-500x667.jpg HTTP/1.1" 200 40728 "https://www.readytorun.it/?utm_source=ig&utm_medium=social&utm_content=link_in_bio&fbclid=PAZXh0bgNhZW0CMTEAc3J0YwZhcHBfaWQPMTI0MDI0NTc0Mjg3NDE0AAGnsdmsZYeGwLeXploGwrBTU8YcymsSyaVAsNf7hvoiaFEli87bf1wLWVwX7J4_aem_S3-elncdaKygAL3geg93wg" "Mozilla/5.0 (iPhone; CPU iPhone OS 18_6_2 like Mac OS X) AppleWebKit/605.1.15 (KHTML, like Gecko) Mobile/22G100 Instagram 410.0.0.29.70 (iPhone14,5; iOS 18_6_2; en_GB; en-GB; scale=3.00; 1170x2532; IABMV/1; 843189213) Safari/604.1"
84.253.141.63 - - [21/Dec/2025:02:37:55 +0100] "GET /wp-content/uploads/2024/12/638131-64da56c10f000-scaled.jpg HTTP/1.1" 304 188 "https://www.readytorun.it/?utm_source=ig&utm_medium=social&utm_content=link_in_bio&fbclid=PAZXh0bgNhZW0CMTEAc3J0YwZhcHBfaWQPMTI0MDI0NTc0Mjg3NDE0AAGnsdmsZYeGwLeXploGwrBTU8YcymsSyaVAsNf7hvoiaFEli87bf1wLWVwX7J4_aem_S3-elncdaKygAL3geg93wg" "Mozilla/5.0 (iPhone; CPU iPhone OS 18_6_2 like Mac OS X) AppleWebKit/605.1.15 (KHTML, like Gecko) Mobile/22G100 Instagram 410.0.0.29.70 (iPhone14,5; iOS 18_6_2; en_GB; en-GB; scale=3.00; 1170x2532; IABMV/1; 843189213) Safari/604.1"
84.253.141.63 - - [21/Dec/2025:02:37:55 +0100] "GET /wp-content/uploads/2022/04/readytorun-slider-wa.jpg HTTP/1.1" 304 188 "https://www.readytorun.it/?utm_source=ig&utm_medium=social&utm_content=link_in_bio&fbclid=PAZXh0bgNhZW0CMTEAc3J0YwZhcHBfaWQPMTI0MDI0NTc0Mjg3NDE0AAGnsdmsZYeGwLeXploGwrBTU8YcymsSyaVAsNf7hvoiaFEli87bf1wLWVwX7J4_aem_S3-elncdaKygAL3geg93wg" "Mozilla/5.0 (iPhone; CPU iPhone OS 18_6_2 like Mac OS X) AppleWebKit/605.1.15 (KHTML, like Gecko) Mobile/22G100 Instagram 410.0.0.29.70 (iPhone14,5; iOS 18_6_2; en_GB; en-GB; scale=3.00; 1170x2532; IABMV/1; 843189213) Safari/604.1"
84.253.141.63 - - [21/Dec/2025:02:37:55 +0100] "GET /wp-content/uploads/2023/03/hoka-parete-immagine-scaled.jpg HTTP/1.1" 200 373534 "https://www.readytorun.it/?utm_source=ig&utm_medium=social&utm_content=link_in_bio&fbclid=PAZXh0bgNhZW0CMTEAc3J0YwZhcHBfaWQPMTI0MDI0NTc0Mjg3NDE0AAGnsdmsZYeGwLeXploGwrBTU8YcymsSyaVAsNf7hvoiaFEli87bf1wLWVwX7J4_aem_S3-elncdaKygAL3geg93wg" "Mozilla/5.0 (iPhone; CPU iPhone OS 18_6_2 like Mac OS X) AppleWebKit/605.1.15 (KHTML, like Gecko) Mobile/22G100 Instagram 410.0.0.29.70 (iPhone14,5; iOS 18_6_2; en_GB; en-GB; scale=3.00; 1170x2532; IABMV/1; 843189213) Safari/604.1"
84.253.141.63 - - [21/Dec/2025:02:37:55 +0100] "GET /wp-content/plugins/elementor/assets/js/section-frontend-handlers.d85ab872da118940910d.bundle.min.js HTTP/1.1" 200 624 "https://www.readytorun.it/?utm_source=ig&utm_medium=social&utm_content=link_in_bio&fbclid=PAZXh0bgNhZW0CMTEAc3J0YwZhcHBfaWQPMTI0MDI0NTc0Mjg3NDE0AAGnsdmsZYeGwLeXploGwrBTU8YcymsSyaVAsNf7hvoiaFEli87bf1wLWVwX7J4_aem_S3-elncdaKygAL3geg93wg" "Mozilla/5.0 (iPhone; CPU iPhone OS 18_6_2 like Mac OS X) AppleWebKit/605.1.15 (KHTML, like Gecko) Mobile/22G100 Instagram 410.0.0.29.70 (iPhone14,5; iOS 18_6_2; en_GB; en-GB; scale=3.00; 1170x2532; IABMV/1; 843189213) Safari/604.1"
84.253.141.63 - - [21/Dec/2025:02:37:55 +0100] "GET /wp-content/plugins/elementor/assets/js/text-editor.45609661e409413f1cef.bundle.min.js HTTP/1.1" 200 1003 "https://www.readytorun.it/?utm_source=ig&utm_medium=social&utm_content=link_in_bio&fbclid=PAZXh0bgNhZW0CMTEAc3J0YwZhcHBfaWQPMTI0MDI0NTc0Mjg3NDE0AAGnsdmsZYeGwLeXploGwrBTU8YcymsSyaVAsNf7hvoiaFEli87bf1wLWVwX7J4_aem_S3-elncdaKygAL3geg93wg" "Mozilla/5.0 (iPhone; CPU iPhone OS 18_6_2 like Mac OS X) AppleWebKit/605.1.15 (KHTML, like Gecko) Mobile/22G100 Instagram 410.0.0.29.70 (iPhone14,5; iOS 18_6_2; en_GB; en-GB; scale=3.00; 1170x2532; IABMV/1; 843189213) Safari/604.1"
84.253.141.63 - - [21/Dec/2025:02:37:55 +0100] "GET /wp-content/plugins/elementor/assets/js/shared-frontend-handlers.03caa53373b56d3bab67.bundle.min.js HTTP/1.1" 200 3045 "https://www.readytorun.it/?utm_source=ig&utm_medium=social&utm_content=link_in_bio&fbclid=PAZXh0bgNhZW0CMTEAc3J0YwZhcHBfaWQPMTI0MDI0NTc0Mjg3NDE0AAGnsdmsZYeGwLeXploGwrBTU8YcymsSyaVAsNf7hvoiaFEli87bf1wLWVwX7J4_aem_S3-elncdaKygAL3geg93wg" "Mozilla/5.0 (iPhone; CPU iPhone OS 18_6_2 like Mac OS X) AppleWebKit/605.1.15 (KHTML, like Gecko) Mobile/22G100 Instagram 410.0.0.29.70 (iPhone14,5; iOS 18_6_2; en_GB; en-GB; scale=3.00; 1170x2532; IABMV/1; 843189213) Safari/604.1"
84.253.141.63 - - [21/Dec/2025:02:37:56 +0100] "GET /wp-content/uploads/2025/11/Senza-titolo-1-Recuperato-1.jpg HTTP/1.1" 200 216779 "https://www.readytorun.it/?utm_source=ig&utm_medium=social&utm_content=link_in_bio&fbclid=PAZXh0bgNhZW0CMTEAc3J0YwZhcHBfaWQPMTI0MDI0NTc0Mjg3NDE0AAGnsdmsZYeGwLeXploGwrBTU8YcymsSyaVAsNf7hvoiaFEli87bf1wLWVwX7J4_aem_S3-elncdaKygAL3geg93wg" "Mozilla/5.0 (iPhone; CPU iPhone OS 18_6_2 like Mac OS X) AppleWebKit/605.1.15 (KHTML, like Gecko) Mobile/22G100 Instagram 410.0.0.29.70 (iPhone14,5; iOS 18_6_2; en_GB; en-GB; scale=3.00; 1170x2532; IABMV/1; 843189213) Safari/604.1"
84.253.141.63 - - [21/Dec/2025:02:37:57 +0100] "GET /wp-content/uploads/2025/11/Senza-titolo-1-5.jpg HTTP/1.1" 200 139841 "https://www.readytorun.it/?utm_source=ig&utm_medium=social&utm_content=link_in_bio&fbclid=PAZXh0bgNhZW0CMTEAc3J0YwZhcHBfaWQPMTI0MDI0NTc0Mjg3NDE0AAGnsdmsZYeGwLeXploGwrBTU8YcymsSyaVAsNf7hvoiaFEli87bf1wLWVwX7J4_aem_S3-elncdaKygAL3geg93wg" "Mozilla/5.0 (iPhone; CPU iPhone OS 18_6_2 like Mac OS X) AppleWebKit/605.1.15 (KHTML, like Gecko) Mobile/22G100 Instagram 410.0.0.29.70 (iPhone14,5; iOS 18_6_2; en_GB; en-GB; scale=3.00; 1170x2532; IABMV/1; 843189213) Safari/604.1"
84.253.141.63 - - [21/Dec/2025:02:38:04 +0100] "GET /home/ HTTP/1.1" 200 49907 "https://www.readytorun.it/?utm_source=ig&utm_medium=social&utm_content=link_in_bio&fbclid=PAZXh0bgNhZW0CMTEAc3J0YwZhcHBfaWQPMTI0MDI0NTc0Mjg3NDE0AAGnsdmsZYeGwLeXploGwrBTU8YcymsSyaVAsNf7hvoiaFEli87bf1wLWVwX7J4_aem_S3-elncdaKygAL3geg93wg" "Mozilla/5.0 (iPhone; CPU iPhone OS 18_6_2 like Mac OS X) AppleWebKit/605.1.15 (KHTML, like Gecko) Mobile/22G100 Instagram 410.0.0.29.70 (iPhone14,5; iOS 18_6_2; en_GB; en-GB; scale=3.00; 1170x2532; IABMV/1; 843189213) Safari/604.1"
84.253.141.63 - - [21/Dec/2025:02:38:06 +0100] "GET /chi-siamo/ HTTP/1.1" 200 36397 "https://www.readytorun.it/?utm_source=ig&utm_medium=social&utm_content=link_in_bio&fbclid=PAZXh0bgNhZW0CMTEAc3J0YwZhcHBfaWQPMTI0MDI0NTc0Mjg3NDE0AAGnsdmsZYeGwLeXploGwrBTU8YcymsSyaVAsNf7hvoiaFEli87bf1wLWVwX7J4_aem_S3-elncdaKygAL3geg93wg" "Mozilla/5.0 (iPhone; CPU iPhone OS 18_6_2 like Mac OS X) AppleWebKit/605.1.15 (KHTML, like Gecko) Mobile/22G100 Instagram 410.0.0.29.70 (iPhone14,5; iOS 18_6_2; en_GB; en-GB; scale=3.00; 1170x2532; IABMV/1; 843189213) Safari/604.1"
84.253.141.63 - - [21/Dec/2025:02:38:13 +0100] "GET /wp-content/uploads/rey/hs-06795df270.css?ver=3.1.9.1760373803 HTTP/1.1" 200 8116 "https://www.readytorun.it/chi-siamo/" "Mozilla/5.0 (iPhone; CPU iPhone OS 18_6_2 like Mac OS X) AppleWebKit/605.1.15 (KHTML, like Gecko) Mobile/22G100 Instagram 410.0.0.29.70 (iPhone14,5; iOS 18_6_2; en_GB; en-GB; scale=3.00; 1170x2532; IABMV/1; 843189213) Safari/604.1"
84.253.141.63 - - [21/Dec/2025:02:38:13 +0100] "GET /wp-content/uploads/rey/ds-7e586c0f41.css?ver=3.1.9.1760373751 HTTP/1.1" 200 21131 "https://www.readytorun.it/chi-siamo/" "Mozilla/5.0 (iPhone; CPU iPhone OS 18_6_2 like Mac OS X) AppleWebKit/605.1.15 (KHTML, like Gecko) Mobile/22G100 Instagram 410.0.0.29.70 (iPhone14,5; iOS 18_6_2; en_GB; en-GB; scale=3.00; 1170x2532; IABMV/1; 843189213) Safari/604.1"
84.253.141.63 - - [21/Dec/2025:02:38:13 +0100] "GET /wp-content/uploads/elementor/css/post-1032.css?ver=1766274754 HTTP/1.1" 200 5520 "https://www.readytorun.it/chi-siamo/" "Mozilla/5.0 (iPhone; CPU iPhone OS 18_6_2 like Mac OS X) AppleWebKit/605.1.15 (KHTML, like Gecko) Mobile/22G100 Instagram 410.0.0.29.70 (iPhone14,5; iOS 18_6_2; en_GB; en-GB; scale=3.00; 1170x2532; IABMV/1; 843189213) Safari/604.1"
84.253.141.63 - - [21/Dec/2025:02:38:13 +0100] "GET /wp-content/uploads/2021/10/r2r-negozio.jpg HTTP/1.1" 200 119227 "https://www.readytorun.it/chi-siamo/" "Mozilla/5.0 (iPhone; CPU iPhone OS 18_6_2 like Mac OS X) AppleWebKit/605.1.15 (KHTML, like Gecko) Mobile/22G100 Instagram 410.0.0.29.70 (iPhone14,5; iOS 18_6_2; en_GB; en-GB; scale=3.00; 1170x2532; IABMV/1; 843189213) Safari/604.1"
84.253.141.63 - - [21/Dec/2025:02:38:13 +0100] "GET /wp-content/uploads/rey/scripts-e9593d2d75.js?ver=3.1.9.1760373803 HTTP/1.1" 200 36516 "https://www.readytorun.it/chi-siamo/" "Mozilla/5.0 (iPhone; CPU iPhone OS 18_6_2 like Mac OS X) AppleWebKit/605.1.15 (KHTML, like Gecko) Mobile/22G100 Instagram 410.0.0.29.70 (iPhone14,5; iOS 18_6_2; en_GB; en-GB; scale=3.00; 1170x2532; IABMV/1; 843189213) Safari/604.1"
84.253.141.63 - - [21/Dec/2025:02:38:13 +0100] "GET /wp-content/uploads/2021/10/negozio-readytorun.jpg HTTP/1.1" 200 111647 "https://www.readytorun.it/chi-siamo/" "Mozilla/5.0 (iPhone; CPU iPhone OS 18_6_2 like Mac OS X) AppleWebKit/605.1.15 (KHTML, like Gecko) Mobile/22G100 Instagram 410.0.0.29.70 (iPhone14,5; iOS 18_6_2; en_GB; en-GB; scale=3.00; 1170x2532; IABMV/1; 843189213) Safari/604.1"
84.253.141.63 - - [21/Dec/2025:02:38:13 +0100] "GET /wp-content/uploads/2021/09/LuigiFerraris_readytorun.jpg HTTP/1.1" 200 51297 "https://www.readytorun.it/chi-siamo/" "Mozilla/5.0 (iPhone; CPU iPhone OS 18_6_2 like Mac OS X) AppleWebKit/605.1.15 (KHTML, like Gecko) Mobile/22G100 Instagram 410.0.0.29.70 (iPhone14,5; iOS 18_6_2; en_GB; en-GB; scale=3.00; 1170x2532; IABMV/1; 843189213) Safari/604.1"
84.253.141.63 - - [21/Dec/2025:02:38:14 +0100] "GET /wp-content/uploads/2019/05/signature.svg HTTP/1.1" 200 6797 "https://www.readytorun.it/chi-siamo/" "Mozilla/5.0 (iPhone; CPU iPhone OS 18_6_2 like Mac OS X) AppleWebKit/605.1.15 (KHTML, like Gecko) Mobile/22G100 Instagram 410.0.0.29.70 (iPhone14,5; iOS 18_6_2; en_GB; en-GB; scale=3.00; 1170x2532; IABMV/1; 843189213) Safari/604.1"
84.253.141.63 - - [21/Dec/2025:02:38:21 +0100] "GET /wp-content/uploads/2021/09/DanieleValle_readytorun.jpg HTTP/1.1" 200 47236 "https://www.readytorun.it/chi-siamo/" "Mozilla/5.0 (iPhone; CPU iPhone OS 18_6_2 like Mac OS X) AppleWebKit/605.1.15 (KHTML, like Gecko) Mobile/22G100 Instagram 410.0.0.29.70 (iPhone14,5; iOS 18_6_2; en_GB; en-GB; scale=3.00; 1170x2532; IABMV/1; 843189213) Safari/604.1"
84.253.141.63 - - [21/Dec/2025:02:38:28 +0100] "GET /wp-content/uploads/2021/10/ilaria-luzzana-collaboratore.jpg HTTP/1.1" 200 73178 "https://www.readytorun.it/chi-siamo/" "Mozilla/5.0 (iPhone; CPU iPhone OS 18_6_2 like Mac OS X) AppleWebKit/605.1.15 (KHTML, like Gecko) Mobile/22G100 Instagram 410.0.0.29.70 (iPhone14,5; iOS 18_6_2; en_GB; en-GB; scale=3.00; 1170x2532; IABMV/1; 843189213) Safari/604.1"
40.77.167.54 - - [21/Dec/2025:02:38:36 +0100] "GET /pa_stagione-sitemap.xml HTTP/1.1" 200 4668 "-" "Mozilla/5.0 AppleWebKit/537.36 (KHTML, like Gecko; compatible; bingbot/2.0; +http://www.bing.com/bingbot.htm) Chrome/116.0.1938.76 Safari/537.36"
40.77.167.54 - - [21/Dec/2025:02:38:47 +0100] "GET /wp-content/uploads/2022/07/e3096eec-d98a-4084-bf9d-06109848b3fe-221x300.jpg HTTP/1.1" 200 18811 "-" "Mozilla/5.0 AppleWebKit/537.36 (KHTML, like Gecko; compatible; bingbot/2.0; +http://www.bing.com/bingbot.htm) Chrome/116.0.1938.76 Safari/537.36"
20.15.133.184 - - [21/Dec/2025:02:38:48 +0100] "GET /wp-content/uploads/2022/07/e3096eec-d98a-4084-bf9d-06109848b3fe-221x300.jpg HTTP/1.1" 200 18826 "-" "Mozilla/5.0 AppleWebKit/537.36 (KHTML, like Gecko; compatible; bingbot/2.0; +http://www.bing.com/bingbot.htm) Chrome/116.0.1938.76 Safari/537.36"
40.77.167.54 - - [21/Dec/2025:02:38:57 +0100] "GET /product-sitemap.xml HTTP/1.1" 200 45764 "-" "Mozilla/5.0 AppleWebKit/537.36 (KHTML, like Gecko; compatible; bingbot/2.0; +http://www.bing.com/bingbot.htm) Chrome/116.0.1938.76 Safari/537.36"
51.38.211.120 - - [21/Dec/2025:02:39:02 +0100] "POST /wp-cron.php?doing_wp_cron=1766281142.5656459331512451171875 HTTP/1.1" 200 4069 "-" "WordPress/6.9; https://www.readytorun.it"
146.174.182.31 - - [21/Dec/2025:02:39:22 +0100] "GET /news/tutorial-come-utilizzare-le-funzioni-gps-del-garmin-capitolo-2/ HTTP/1.1" 200 34622 "-" "Mozilla/5.0 (Macintosh; U; PPC Mac OS X; en) AppleWebKit/412.6.2 (KHTML, like Gecko) Safari/412.2.2"
51.38.211.120 - - [21/Dec/2025:02:39:26 +0100] "POST /wp-cron.php?doing_wp_cron=1766281166.3991420269012451171875 HTTP/1.1" 200 4069 "-" "WordPress/6.9; https://www.readytorun.it"
114.119.140.48 - - [21/Dec/2025:02:39:30 +0100] "GET /pa_color-sitemap.xml HTTP/1.1" 200 4682 "-" "Mozilla/5.0 (Linux; Android 7.0;) AppleWebKit/537.36 (KHTML, like Gecko) Mobile Safari/537.36 (compatible; PetalBot;+https://webmaster.petalsearch.com/site/petalbot)"
40.77.167.63 - - [21/Dec/2025:02:40:02 +0100] "GET /wp-content/uploads/2024/01/49d66129-4895-4cae-aa5f-a4d4e9148e58-768x768.png HTTP/1.1" 200 84631 "-" "Mozilla/5.0 AppleWebKit/537.36 (KHTML, like Gecko; compatible; bingbot/2.0; +http://www.bing.com/bingbot.htm) Chrome/116.0.1938.76 Safari/537.36"
114.119.137.64 - - [21/Dec/2025:02:39:57 +0100] "GET /pa_sottocategoria-sitemap.xml HTTP/1.1" 200 5161 "-" "Mozilla/5.0 (Linux; Android 7.0;) AppleWebKit/537.36 (KHTML, like Gecko) Mobile Safari/537.36 (compatible; PetalBot;+https://webmaster.petalsearch.com/site/petalbot)"
51.38.211.120 - - [21/Dec/2025:02:40:03 +0100] "POST /wp-cron.php?doing_wp_cron=1766281203.0340199470520019531250 HTTP/1.1" 200 4069 "-" "WordPress/6.9; https://www.readytorun.it"
40.77.167.65 - - [21/Dec/2025:02:40:06 +0100] "GET /pa_color-sitemap.xml HTTP/1.1" 200 4771 "-" "Mozilla/5.0 AppleWebKit/537.36 (KHTML, like Gecko; compatible; bingbot/2.0; +http://www.bing.com/bingbot.htm) Chrome/116.0.1938.76 Safari/537.36"
114.119.154.124 - - [21/Dec/2025:02:40:39 +0100] "GET /uomo-home/page/8 HTTP/1.1" 301 4057 "https://www.readytorun.it/uomo-home/page/6" "Mozilla/5.0 (Linux; Android 7.0;) AppleWebKit/537.36 (KHTML, like Gecko) Mobile Safari/537.36 (compatible; PetalBot;+https://webmaster.petalsearch.com/site/petalbot)"
66.249.66.41 - - [21/Dec/2025:02:40:46 +0100] "GET /wp-content/uploads/2021/11/08c4fb4c-9359-4eda-9888-ffeffbc9db48-1.jpg HTTP/1.1" 200 80367 "https://www.icc.rio.br/" "Mozilla/5.0 AppleWebKit/537.36 (KHTML, like Gecko; compatible; GoogleOther) Chrome/141.0.7390.122 Safari/537.36"
51.38.211.120 - - [21/Dec/2025:02:40:43 +0100] "POST /wp-cron.php?doing_wp_cron=1766281243.0377340316772460937500 HTTP/1.1" 200 4069 "-" "WordPress/6.9; https://www.readytorun.it"
114.119.154.124 - - [21/Dec/2025:02:40:45 +0100] "GET /uomo-home/page/8/ HTTP/1.1" 200 48819 "https://www.readytorun.it/uomo-home/page/6" "Mozilla/5.0 (Linux; Android 7.0;) AppleWebKit/537.36 (KHTML, like Gecko) Mobile Safari/537.36 (compatible; PetalBot;+https://webmaster.petalsearch.com/site/petalbot)"
216.244.66.238 - - [21/Dec/2025:02:40:48 +0100] "GET /robots.txt HTTP/1.1" 200 897 "-" "Mozilla/5.0 (compatible; DotBot/1.2; +https://opensiteexplorer.org/dotbot; help@moz.com)"
92.204.236.147 - - [21/Dec/2025:02:41:47 +0100] "GET /wp-login.php HTTP/1.1" 200 9310 "-" "Mozilla/5.0 (Macintosh; Intel Mac OS X 10_10_5) AppleWebKit/603.3.8 (KHTML, like Gecko) Version/10.1.2 Safari/603.3.8"
51.38.211.120 - - [21/Dec/2025:02:41:53 +0100] "POST /wp-cron.php?doing_wp_cron=1766281313.6933689117431640625000 HTTP/1.1" 200 4069 "-" "WordPress/6.9; https://www.readytorun.it"
92.204.236.147 - - [21/Dec/2025:02:41:58 +0100] "POST /wp-login.php HTTP/1.1" 503 19651 "https://www.readytorun.it/wp-login.php" "Mozilla/5.0 (Macintosh; Intel Mac OS X 10_10_5) AppleWebKit/603.3.8 (KHTML, like Gecko) Version/10.1.2 Safari/603.3.8"
40.77.167.63 - - [21/Dec/2025:02:42:03 +0100] "GET /wp-content/uploads/2022/03/6b4408c8-2c94-463b-8073-f27c0a1e1341-300x300.jpg HTTP/1.1" 200 12245 "-" "Mozilla/5.0 AppleWebKit/537.36 (KHTML, like Gecko; compatible; bingbot/2.0; +http://www.bing.com/bingbot.htm) Chrome/116.0.1938.76 Safari/537.36"
114.119.159.148 - - [21/Dec/2025:02:42:02 +0100] "GET /shop/page/54?filter_catid=24 HTTP/1.1" 301 4069 "https://www.readytorun.it/shop/page/55?filter_catid=24" "Mozilla/5.0 (Linux; Android 7.0;) AppleWebKit/537.36 (KHTML, like Gecko) Mobile Safari/537.36 (compatible; PetalBot;+https://webmaster.petalsearch.com/site/petalbot)"
114.119.159.148 - - [21/Dec/2025:02:42:07 +0100] "GET /shop/page/54/?filter_catid=24 HTTP/1.1" 200 48829 "https://www.readytorun.it/shop/page/55?filter_catid=24" "Mozilla/5.0 (Linux; Android 7.0;) AppleWebKit/537.36 (KHTML, like Gecko) Mobile Safari/537.36 (compatible; PetalBot;+https://webmaster.petalsearch.com/site/petalbot)"
216.244.66.238 - - [21/Dec/2025:02:42:45 +0100] "GET /contatti/ HTTP/1.1" 200 133906 "-" "Mozilla/5.0 (compatible; DotBot/1.2; +https://opensiteexplorer.org/dotbot; help@moz.com)"
51.38.211.120 - - [21/Dec/2025:02:42:52 +0100] "POST /wp-cron.php?doing_wp_cron=1766281372.4136910438537597656250 HTTP/1.1" 200 269 "-" "WordPress/6.9; https://www.readytorun.it"
52.167.144.188 - - [21/Dec/2025:02:42:54 +0100] "GET /trail-scarpe-donna-home/120363425/ HTTP/1.1" 200 44550 "-" "Mozilla/5.0 AppleWebKit/537.36 (KHTML, like Gecko; compatible; bingbot/2.0; +http://www.bing.com/bingbot.htm) Chrome/116.0.1938.76 Safari/537.36"
40.77.167.54 - - [21/Dec/2025:02:42:59 +0100] "GET /pa_linea-sitemap.xml HTTP/1.1" 200 4612 "-" "Mozilla/5.0 AppleWebKit/537.36 (KHTML, like Gecko; compatible; bingbot/2.0; +http://www.bing.com/bingbot.htm) Chrome/116.0.1938.76 Safari/537.36"
40.77.167.65 - - [21/Dec/2025:02:43:27 +0100] "GET /wp-content/uploads/2022/04/648c93ad-3406-488d-a20a-eadb039dc293-150x150.png HTTP/1.1" 200 20190 "-" "Mozilla/5.0 AppleWebKit/537.36 (KHTML, like Gecko; compatible; bingbot/2.0; +http://www.bing.com/bingbot.htm) Chrome/116.0.1938.76 Safari/537.36"
40.77.167.65 - - [21/Dec/2025:02:43:22 +0100] "GET /pa_brand-sitemap.xml HTTP/1.1" 200 4921 "-" "Mozilla/5.0 AppleWebKit/537.36 (KHTML, like Gecko; compatible; bingbot/2.0; +http://www.bing.com/bingbot.htm) Chrome/116.0.1938.76 Safari/537.36"
114.119.146.215 - - [21/Dec/2025:02:43:27 +0100] "GET /shop/chiodate-scarpe-unisex-home/ao0808800/ HTTP/1.1" 200 43347 "https://www.readytorun.it/shop/chiodate-scarpe-unisex-home/ao0808800/" "Mozilla/5.0 (Linux; Android 7.0;) AppleWebKit/537.36 (KHTML, like Gecko) Mobile Safari/537.36 (compatible; PetalBot;+https://webmaster.petalsearch.com/site/petalbot)"
85.208.96.204 - - [21/Dec/2025:02:44:10 +0100] "GET /a2-intermedie-scarpe-uomo-home/j1gc233054/ HTTP/1.1" 200 45626 "-" "Mozilla/5.0 (compatible; SemrushBot/7~bl; +http://www.semrush.com/bot.html)"
51.38.211.120 - - [21/Dec/2025:02:44:15 +0100] "POST /wp-cron.php?doing_wp_cron=1766281455.1384129524230957031250 HTTP/1.1" 200 4069 "-" "WordPress/6.9; https://www.readytorun.it"
40.77.167.65 - - [21/Dec/2025:02:44:32 +0100] "GET /product-sitemap3.xml HTTP/1.1" 200 21590 "-" "Mozilla/5.0 AppleWebKit/537.36 (KHTML, like Gecko; compatible; bingbot/2.0; +http://www.bing.com/bingbot.htm) Chrome/116.0.1938.76 Safari/537.36"
66.249.66.14 - - [21/Dec/2025:02:44:49 +0100] "GET /trail-scarpe-donna-home/wthiga8/ HTTP/1.1" 200 47361 "-" "Mozilla/5.0 (Linux; Android 6.0.1; Nexus 5X Build/MMB29P) AppleWebKit/537.36 (KHTML, like Gecko) Chrome/141.0.7390.122 Mobile Safari/537.36 (compatible; Googlebot/2.1; +http://www.google.com/bot.html)"
114.119.157.118 - - [21/Dec/2025:02:44:51 +0100] "GET /color/grigio HTTP/1.1" 301 4053 "https://www.readytorun.it/sottocategoria/jacket" "Mozilla/5.0 (Linux; Android 7.0;) AppleWebKit/537.36 (KHTML, like Gecko) Mobile Safari/537.36 (compatible; PetalBot;+https://webmaster.petalsearch.com/site/petalbot)"
51.38.211.120 - - [21/Dec/2025:02:44:54 +0100] "POST /wp-cron.php?doing_wp_cron=1766281494.9185910224914550781250 HTTP/1.1" 200 4069 "-" "WordPress/6.9; https://www.readytorun.it"
114.119.157.118 - - [21/Dec/2025:02:44:56 +0100] "GET /color/grigio/ HTTP/1.1" 200 44882 "https://www.readytorun.it/sottocategoria/jacket" "Mozilla/5.0 (Linux; Android 7.0;) AppleWebKit/537.36 (KHTML, like Gecko) Mobile Safari/537.36 (compatible; PetalBot;+https://webmaster.petalsearch.com/site/petalbot)"
66.249.66.15 - - [21/Dec/2025:02:45:05 +0100] "POST /?reycore-ajax=related_products HTTP/1.1" 200 7571 "https://www.readytorun.it/trail-scarpe-donna-home/wthiga8/" "Mozilla/5.0 (Linux; Android 6.0.1; Nexus 5X Build/MMB29P) AppleWebKit/537.36 (KHTML, like Gecko) Chrome/141.0.7390.122 Mobile Safari/537.36 (compatible; Googlebot/2.1; +http://www.google.com/bot.html)"
20.4.55.181 - - [21/Dec/2025:02:45:08 +0100] "GET /wp-json/wc/v2/taxes HTTP/1.1" 200 4903 "-" "-"
216.244.66.238 - - [21/Dec/2025:02:45:10 +0100] "GET /felpe-abbigliamento-unisex-home/cv3332/ HTTP/1.1" 200 173066 "-" "Mozilla/5.0 (compatible; DotBot/1.2; +https://opensiteexplorer.org/dotbot; help@moz.com)"
51.38.211.120 - - [21/Dec/2025:02:45:13 +0100] "POST /wp-cron.php?doing_wp_cron=1766281513.3726639747619628906250 HTTP/1.1" 200 4069 "-" "WordPress/6.9; https://www.readytorun.it"
20.4.55.181 - - [21/Dec/2025:02:45:14 +0100] "GET /wp-json/wc/v2/orders?after=2025-12-16%2001:45:14&per_page=100 HTTP/1.1" 200 5760 "-" "-"
185.191.171.5 - - [21/Dec/2025:02:45:22 +0100] "GET /chiodate-scarpe-unisex-home/1093a206/ HTTP/1.1" 200 43043 "-" "Mozilla/5.0 (compatible; SemrushBot/7~bl; +http://www.semrush.com/bot.html)"
40.77.167.65 - - [21/Dec/2025:02:46:03 +0100] "GET /wp-content/uploads/2023/01/98d1d75f-93ca-4504-bb42-dfd4eacaeebe-100x100.jpg HTTP/1.1" 200 6291 "-" "Mozilla/5.0 AppleWebKit/537.36 (KHTML, like Gecko; compatible; bingbot/2.0; +http://www.bing.com/bingbot.htm) Chrome/116.0.1938.76 Safari/537.36"
216.244.66.238 - - [21/Dec/2025:02:46:00 +0100] "GET /super-offerta/f200333/ HTTP/1.1" 200 192222 "-" "Mozilla/5.0 (compatible; DotBot/1.2; +https://opensiteexplorer.org/dotbot; help@moz.com)"
51.38.211.120 - - [21/Dec/2025:02:46:05 +0100] "POST /wp-cron.php?doing_wp_cron=1766281565.7882399559020996093750 HTTP/1.1" 200 269 "-" "WordPress/6.9; https://www.readytorun.it"
114.119.133.204 - - [21/Dec/2025:02:46:13 +0100] "GET /stagione/primavera-estate-2026/ HTTP/1.1" 200 44549 "https://www.readytorun.it/pa_stagione-sitemap.xml" "Mozilla/5.0 (Linux; Android 7.0;) AppleWebKit/537.36 (KHTML, like Gecko) Mobile Safari/537.36 (compatible; PetalBot;+https://webmaster.petalsearch.com/site/petalbot)"
40.77.167.54 - - [21/Dec/2025:02:46:22 +0100] "GET /wp-content/uploads/2022/07/b5f1aba0-dac9-4774-b662-643e51559bec-800x800.jpg HTTP/1.1" 200 30360 "-" "Mozilla/5.0 AppleWebKit/537.36 (KHTML, like Gecko; compatible; bingbot/2.0; +http://www.bing.com/bingbot.htm) Chrome/116.0.1938.76 Safari/537.36"
40.77.167.54 - - [21/Dec/2025:02:46:17 +0100] "GET /product_cat-sitemap.xml HTTP/1.1" 200 6343 "-" "Mozilla/5.0 AppleWebKit/537.36 (KHTML, like Gecko; compatible; bingbot/2.0; +http://www.bing.com/bingbot.htm) Chrome/116.0.1938.76 Safari/537.36"
17.22.245.31 - - [21/Dec/2025:02:46:25 +0100] "GET /wp-content/uploads/2024/09/b102f288-8413-4013-b30b-c1286b9fb888.jpg HTTP/1.1" 200 103535 "-" "Mozilla/5.0 (Macintosh; Intel Mac OS X 10_15_7) AppleWebKit/605.1.15 (KHTML, like Gecko) Version/17.4 Safari/605.1.15 (Applebot/0.1; +http://www.apple.com/go/applebot)"
216.244.66.238 - - [21/Dec/2025:02:46:31 +0100] "GET /a3-massimo-ammortizzamento-scarpe-donna-home/37617102/ HTTP/1.1" 200 191492 "-" "Mozilla/5.0 (compatible; DotBot/1.2; +https://opensiteexplorer.org/dotbot; help@moz.com)"
223.29.13.114 - - [21/Dec/2025:02:46:40 +0100] "GET /wp-content/uploads/2021/12/30ef55e6-6103-4838-a63a-39bcabab3bb5.jpg HTTP/1.1" 200 65344 "https://www.google.com/" "Mozilla/5.0 (Linux; Android 10; K) AppleWebKit/537.36 (KHTML, like Gecko) Chrome/143.0.0.0 Mobile Safari/537.36"
185.191.171.14 - - [21/Dec/2025:02:46:43 +0100] "GET /abbigliamento-bambino-home/a2gaa552/ HTTP/1.1" 200 41998 "-" "Mozilla/5.0 (compatible; SemrushBot/7~bl; +http://www.semrush.com/bot.html)"
51.38.211.120 - - [21/Dec/2025:02:46:48 +0100] "POST /wp-cron.php?doing_wp_cron=1766281608.7368350028991699218750 HTTP/1.1" 200 4069 "-" "WordPress/6.9; https://www.readytorun.it"
216.244.66.238 - - [21/Dec/2025:02:47:09 +0100] "GET /abbigliamento-donna-home/32gfa85009/ HTTP/1.1" 200 177989 "-" "Mozilla/5.0 (compatible; DotBot/1.2; +https://opensiteexplorer.org/dotbot; help@moz.com)"
51.38.211.120 - - [21/Dec/2025:02:47:13 +0100] "POST /wp-cron.php?doing_wp_cron=1766281633.3817670345306396484375 HTTP/1.1" 200 269 "-" "WordPress/6.9; https://www.readytorun.it"
45.154.149.4 - - [21/Dec/2025:02:47:23 +0100] "GET /news/elementor-40974/ HTTP/1.1" 200 36489 "-" "Mozilla/5.0 (Macintosh; Intel Mac OS X 10_15_7) AppleWebKit/537.36 (KHTML, like Gecko) Chrome/142.0.0.0 Safari/537.36"
114.119.154.124 - - [21/Dec/2025:02:47:40 +0100] "GET /stagione/primavera-estate-2025/ HTTP/1.1" 200 45164 "https://www.readytorun.it/pa_stagione-sitemap.xml" "Mozilla/5.0 (Linux; Android 7.0;) AppleWebKit/537.36 (KHTML, like Gecko) Mobile Safari/537.36 (compatible; PetalBot;+https://webmaster.petalsearch.com/site/petalbot)"
216.244.66.238 - - [21/Dec/2025:02:47:44 +0100] "GET /occhiali-abbigliamento-unisex-home/i52205-0303/ HTTP/1.1" 200 176181 "-" "Mozilla/5.0 (compatible; DotBot/1.2; +https://opensiteexplorer.org/dotbot; help@moz.com)"
51.38.211.120 - - [21/Dec/2025:02:47:47 +0100] "POST /wp-cron.php?doing_wp_cron=1766281667.3865950107574462890625 HTTP/1.1" 200 4069 "-" "WordPress/6.9; https://www.readytorun.it"
216.244.66.238 - - [21/Dec/2025:02:48:22 +0100] "GET /senza-categoria/110395405/ HTTP/1.1" 200 199728 "-" "Mozilla/5.0 (compatible; DotBot/1.2; +https://opensiteexplorer.org/dotbot; help@moz.com)"
216.244.66.238 - - [21/Dec/2025:02:48:57 +0100] "GET /trail-scarpe-uomo-home/279762/ HTTP/1.1" 200 187005 "-" "Mozilla/5.0 (compatible; DotBot/1.2; +https://opensiteexplorer.org/dotbot; help@moz.com)"
51.38.211.120 - - [21/Dec/2025:02:49:00 +0100] "POST /wp-cron.php?doing_wp_cron=1766281740.8605959415435791015625 HTTP/1.1" 200 269 "-" "WordPress/6.9; https://www.readytorun.it"
114.119.154.124 - - [21/Dec/2025:02:49:01 +0100] "GET /stagione/primavera-estate-2024/ HTTP/1.1" 200 46465 "https://www.readytorun.it/pa_stagione-sitemap.xml" "Mozilla/5.0 (Linux; Android 7.0;) AppleWebKit/537.36 (KHTML, like Gecko) Mobile Safari/537.36 (compatible; PetalBot;+https://webmaster.petalsearch.com/site/petalbot)"
193.186.4.22 - - [21/Dec/2025:02:49:23 +0100] "GET /news/elementor-40687/ HTTP/1.1" 200 36697 "https://www.google.com/" "Mozilla/5.0 (Linux; Android 10; K) AppleWebKit/537.36 (KHTML, like Gecko) Chrome/143.0.0.0 Mobile Safari/537.36"
216.244.66.238 - - [21/Dec/2025:02:49:30 +0100] "GET /uncategorized/ig2022/ HTTP/1.1" 200 225096 "-" "Mozilla/5.0 (compatible; DotBot/1.2; +https://opensiteexplorer.org/dotbot; help@moz.com)"
40.77.167.144 - - [21/Dec/2025:02:49:44 +0100] "GET /wp-content/uploads/2022/06/0b8f5e98-eb4f-471e-b955-fc2bea391266-768x768.jpg HTTP/1.1" 200 108066 "-" "Mozilla/5.0 AppleWebKit/537.36 (KHTML, like Gecko; compatible; bingbot/2.0; +http://www.bing.com/bingbot.htm) Chrome/116.0.1938.76 Safari/537.36"
52.167.144.149 - - [21/Dec/2025:02:49:49 +0100] "GET /wp-content/uploads/2023/02/c7073cdb-e5e3-495b-8281-eec75ac76431-768x768.jpg HTTP/1.1" 200 32701 "-" "Mozilla/5.0 AppleWebKit/537.36 (KHTML, like Gecko; compatible; bingbot/2.0; +http://www.bing.com/bingbot.htm) Chrome/116.0.1938.76 Safari/537.36"
66.249.66.163 - - [21/Dec/2025:02:49:57 +0100] "GET /wp-content/uploads/2022/11/513d1f59-0baf-4a64-a952-8340511d88be-800x1059.jpg HTTP/1.1" 200 85380 "-" "Googlebot-Image/1.0"
216.244.66.238 - - [21/Dec/2025:02:50:03 +0100] "GET /occhiali-accessori-unisex-home/5220453/ HTTP/1.1" 200 177930 "-" "Mozilla/5.0 (compatible; DotBot/1.2; +https://opensiteexplorer.org/dotbot; help@moz.com)"
51.38.211.120 - - [21/Dec/2025:02:50:08 +0100] "POST /wp-cron.php?doing_wp_cron=1766281808.4315979480743408203125 HTTP/1.1" 200 269 "-" "WordPress/6.9; https://www.readytorun.it"
114.119.159.148 - - [21/Dec/2025:02:50:25 +0100] "GET /stagione/primavera-estate-2023/ HTTP/1.1" 200 46570 "https://www.readytorun.it/pa_stagione-sitemap.xml" "Mozilla/5.0 (Linux; Android 7.0;) AppleWebKit/537.36 (KHTML, like Gecko) Mobile Safari/537.36 (compatible; PetalBot;+https://webmaster.petalsearch.com/site/petalbot)"
216.244.66.238 - - [21/Dec/2025:02:50:36 +0100] "GET /orologi-accessori-unisex-home/010-02562-1010/ HTTP/1.1" 200 181387 "-" "Mozilla/5.0 (compatible; DotBot/1.2; +https://opensiteexplorer.org/dotbot; help@moz.com)"
51.38.211.120 - - [21/Dec/2025:02:50:42 +0100] "POST /wp-cron.php?doing_wp_cron=1766281842.1753599643707275390625 HTTP/1.1" 200 269 "-" "WordPress/6.9; https://www.readytorun.it"
185.191.171.7 - - [21/Dec/2025:02:50:59 +0100] "GET /chiodate-scarpe-unisex-home/cv0400800/ HTTP/1.1" 200 42471 "-" "Mozilla/5.0 (compatible; SemrushBot/7~bl; +http://www.semrush.com/bot.html)"
216.244.66.238 - - [21/Dec/2025:02:51:13 +0100] "GET /wp-content/uploads/2023/02/ccbc7967-0d69-4db1-8bea-0b009e5906f7.jpg HTTP/1.1" 200 75022 "-" "Mozilla/5.0 (compatible; DotBot/1.2; +https://opensiteexplorer.org/dotbot; help@moz.com)"
66.249.66.163 - - [21/Dec/2025:02:51:15 +0100] "GET /home/page/34/?product-cato=628 HTTP/1.1" 404 61930 "-" "Mozilla/5.0 (Linux; Android 6.0.1; Nexus 5X Build/MMB29P) AppleWebKit/537.36 (KHTML, like Gecko) Chrome/141.0.7390.122 Mobile Safari/537.36 (compatible; Googlebot/2.1; +http://www.google.com/bot.html)"
92.205.49.84 - - [21/Dec/2025:02:51:41 +0100] "POST /xmlrpc.php HTTP/1.1" 503 23228 "-" "Mozilla/5.0 (Windows NT 6.2; Win64; x64) AppleWebKit/537.36 (KHTML, like Gecko) Chrome/66.0.3359.181 Safari/537.36"
216.244.66.238 - - [21/Dec/2025:02:51:44 +0100] "GET /color/bianco/page/1/ HTTP/1.1" 200 258409 "-" "Mozilla/5.0 (compatible; DotBot/1.2; +https://opensiteexplorer.org/dotbot; help@moz.com)"
207.46.13.14 - - [21/Dec/2025:02:51:49 +0100] "GET /wp-content/uploads/2022/03/3f3cc46a-e4fb-41cf-b4c2-882302ad41a5-768x1013.png HTTP/1.1" 200 875080 "-" "Mozilla/5.0 AppleWebKit/537.36 (KHTML, like Gecko; compatible; bingbot/2.0; +http://www.bing.com/bingbot.htm) Chrome/116.0.1938.76 Safari/537.36"
51.38.211.120 - - [21/Dec/2025:02:51:47 +0100] "POST /wp-cron.php?doing_wp_cron=1766281907.1089510917663574218750 HTTP/1.1" 200 4069 "-" "WordPress/6.9; https://www.readytorun.it"
114.119.146.114 - - [21/Dec/2025:02:51:47 +0100] "GET /stagione/primavera-estate-2022/ HTTP/1.1" 200 46813 "https://www.readytorun.it/pa_stagione-sitemap.xml" "Mozilla/5.0 (Linux; Android 7.0;) AppleWebKit/537.36 (KHTML, like Gecko) Mobile Safari/537.36 (compatible; PetalBot;+https://webmaster.petalsearch.com/site/petalbot)"
40.77.167.144 - - [21/Dec/2025:02:51:53 +0100] "GET /wp-content/uploads/2022/07/bcfd5bc9-15fe-48e3-aecc-f0564cd655a1-711x1024.jpg HTTP/1.1" 200 134917 "-" "Mozilla/5.0 AppleWebKit/537.36 (KHTML, like Gecko; compatible; bingbot/2.0; +http://www.bing.com/bingbot.htm) Chrome/116.0.1938.76 Safari/537.36"
92.205.49.84 - - [21/Dec/2025:02:52:00 +0100] "POST /xmlrpc.php HTTP/1.1" 503 22273 "-" "Mozilla/5.0 (Windows NT 6.2; Win64; x64) AppleWebKit/537.36 (KHTML, like Gecko) Chrome/66.0.3359.181 Safari/537.36"
92.205.49.84 - - [21/Dec/2025:02:52:17 +0100] "POST /xmlrpc.php HTTP/1.1" 503 22273 "-" "Mozilla/5.0 (Windows NT 6.2; Win64; x64) AppleWebKit/537.36 (KHTML, like Gecko) Chrome/66.0.3359.181 Safari/537.36"
216.244.66.238 - - [21/Dec/2025:02:52:21 +0100] "GET /size/12/page/24/ HTTP/1.1" 200 273094 "-" "Mozilla/5.0 (compatible; DotBot/1.2; +https://opensiteexplorer.org/dotbot; help@moz.com)"
51.38.211.120 - - [21/Dec/2025:02:52:26 +0100] "POST /?wordfence_syncAttackData=1766281946.3122 HTTP/1.1" 200 3981 "-" "WordPress/6.9; https://www.readytorun.it"
51.38.211.120 - - [21/Dec/2025:02:52:27 +0100] "POST /wp-cron.php?doing_wp_cron=1766281947.9492120742797851562500 HTTP/1.1" 200 269 "-" "WordPress/6.9; https://www.readytorun.it"
40.77.167.144 - - [21/Dec/2025:02:52:34 +0100] "GET /pa_size-sitemap.xml HTTP/1.1" 200 4876 "-" "Mozilla/5.0 AppleWebKit/537.36 (KHTML, like Gecko; compatible; bingbot/2.0; +http://www.bing.com/bingbot.htm) Chrome/116.0.1938.76 Safari/537.36"
40.77.167.144 - - [21/Dec/2025:02:52:44 +0100] "GET /wp-content/uploads/2022/02/84248f7c-1ebe-44e6-99d6-98441c0b74f0-150x150.jpg HTTP/1.1" 200 5356 "-" "Mozilla/5.0 AppleWebKit/537.36 (KHTML, like Gecko; compatible; bingbot/2.0; +http://www.bing.com/bingbot.htm) Chrome/116.0.1938.76 Safari/537.36"
216.244.66.238 - - [21/Dec/2025:02:52:59 +0100] "GET /size/14/page/1/ HTTP/1.1" 200 268368 "-" "Mozilla/5.0 (compatible; DotBot/1.2; +https://opensiteexplorer.org/dotbot; help@moz.com)"
85.208.96.209 - - [21/Dec/2025:02:52:57 +0100] "GET /super-offerta/j1gd210387/ HTTP/1.1" 200 45471 "-" "Mozilla/5.0 (compatible; SemrushBot/7~bl; +http://www.semrush.com/bot.html)"
51.38.211.120 - - [21/Dec/2025:02:53:03 +0100] "POST /wp-cron.php?doing_wp_cron=1766281983.7889409065246582031250 HTTP/1.1" 200 4069 "-" "WordPress/6.9; https://www.readytorun.it"
114.119.154.124 - - [21/Dec/2025:02:53:15 +0100] "GET /stagione/autunno-inverno-2025/ HTTP/1.1" 200 45955 "https://www.readytorun.it/pa_stagione-sitemap.xml" "Mozilla/5.0 (Linux; Android 7.0;) AppleWebKit/537.36 (KHTML, like Gecko) Mobile Safari/537.36 (compatible; PetalBot;+https://webmaster.petalsearch.com/site/petalbot)"
85.208.96.210 - - [21/Dec/2025:02:53:20 +0100] "GET /senza-categoria/2012c389500/ HTTP/1.1" 200 42282 "-" "Mozilla/5.0 (compatible; SemrushBot/7~bl; +http://www.semrush.com/bot.html)"
216.244.66.238 - - [21/Dec/2025:02:53:34 +0100] "GET /size/4-5/page/16/ HTTP/1.1" 200 271680 "-" "Mozilla/5.0 (compatible; DotBot/1.2; +https://opensiteexplorer.org/dotbot; help@moz.com)"
85.208.96.202 - - [21/Dec/2025:02:53:56 +0100] "GET /chiodate-uomo-home/100047488/ HTTP/1.1" 200 46497 "-" "Mozilla/5.0 (compatible; SemrushBot/7~bl; +http://www.semrush.com/bot.html)"
51.38.211.120 - - [21/Dec/2025:02:54:02 +0100] "POST /wp-cron.php?doing_wp_cron=1766282042.1522550582885742187500 HTTP/1.1" 200 4069 "-" "WordPress/6.9; https://www.readytorun.it"
216.244.66.238 - - [21/Dec/2025:02:54:16 +0100] "GET /size/5/page/38/ HTTP/1.1" 200 273705 "-" "Mozilla/5.0 (compatible; DotBot/1.2; +https://opensiteexplorer.org/dotbot; help@moz.com)"
114.119.131.211 - - [21/Dec/2025:02:54:35 +0100] "GET /stagione/autunno-inverno-2024/ HTTP/1.1" 200 46665 "https://www.readytorun.it/pa_stagione-sitemap.xml" "Mozilla/5.0 (Linux; Android 7.0;) AppleWebKit/537.36 (KHTML, like Gecko) Mobile Safari/537.36 (compatible; PetalBot;+https://webmaster.petalsearch.com/site/petalbot)"
51.38.211.120 - - [21/Dec/2025:02:54:42 +0100] "POST /wp-cron.php?doing_wp_cron=1766282082.0393409729003906250000 HTTP/1.1" 200 4069 "-" "WordPress/6.9; https://www.readytorun.it"
216.244.66.238 - - [21/Dec/2025:02:54:51 +0100] "GET /size/6-5/page/15/ HTTP/1.1" 200 271680 "-" "Mozilla/5.0 (compatible; DotBot/1.2; +https://opensiteexplorer.org/dotbot; help@moz.com)"
113.20.31.55 - - [21/Dec/2025:02:55:20 +0100] "GET /wp-login.php HTTP/1.1" 200 9310 "-" "Mozilla/5.0 (Windows NT 10.0; WOW64) AppleWebKit/537.36 (KHTML, like Gecko) Chrome/66.0.3359.117 Safari/537.36"
51.38.211.120 - - [21/Dec/2025:02:55:25 +0100] "POST /wp-cron.php?doing_wp_cron=1766282125.0035018920898437500000 HTTP/1.1" 200 4069 "-" "WordPress/6.9; https://www.readytorun.it"
207.46.13.14 - - [21/Dec/2025:02:55:30 +0100] "GET /a3-massimo-ammortizzamento-scarpe-uomo-home/mvr/ HTTP/1.1" 200 48327 "-" "Mozilla/5.0 AppleWebKit/537.36 (KHTML, like Gecko; compatible; bingbot/2.0; +http://www.bing.com/bingbot.htm) Chrome/116.0.1938.76 Safari/537.36"
216.244.66.238 - - [21/Dec/2025:02:55:29 +0100] "GET /size/6-5/page/9/ HTTP/1.1" 200 271677 "-" "Mozilla/5.0 (compatible; DotBot/1.2; +https://opensiteexplorer.org/dotbot; help@moz.com)"
40.77.167.144 - - [21/Dec/2025:02:55:35 +0100] "GET /wp-content/uploads/2022/06/1c99dddd-eba3-4176-9358-7054ff3e6b49-1024x1024.jpg HTTP/1.1" 200 97981 "-" "Mozilla/5.0 AppleWebKit/537.36 (KHTML, like Gecko; compatible; bingbot/2.0; +http://www.bing.com/bingbot.htm) Chrome/116.0.1938.76 Safari/537.36"
113.20.31.55 - - [21/Dec/2025:02:55:53 +0100] "GET /wp-login.php HTTP/1.1" 200 9310 "-" "Mozilla/5.0 (Windows NT 10.0; WOW64) AppleWebKit/537.36 (KHTML, like Gecko) Chrome/66.0.3359.117 Safari/537.36"
51.38.211.120 - - [21/Dec/2025:02:55:58 +0100] "POST /wp-cron.php?doing_wp_cron=1766282158.4429409503936767578125 HTTP/1.1" 200 4069 "-" "WordPress/6.9; https://www.readytorun.it"
114.119.157.118 - - [21/Dec/2025:02:55:59 +0100] "GET /stagione/autunno-inverno-2023/ HTTP/1.1" 200 46345 "https://www.readytorun.it/pa_stagione-sitemap.xml" "Mozilla/5.0 (Linux; Android 7.0;) AppleWebKit/537.36 (KHTML, like Gecko) Mobile Safari/537.36 (compatible; PetalBot;+https://webmaster.petalsearch.com/site/petalbot)"
216.244.66.238 - - [21/Dec/2025:02:56:04 +0100] "GET /size/6/page/35/ HTTP/1.1" 200 273705 "-" "Mozilla/5.0 (compatible; DotBot/1.2; +https://opensiteexplorer.org/dotbot; help@moz.com)"
216.244.66.238 - - [21/Dec/2025:02:56:42 +0100] "GET /size/7/page/38/ HTTP/1.1" 200 273705 "-" "Mozilla/5.0 (compatible; DotBot/1.2; +https://opensiteexplorer.org/dotbot; help@moz.com)"
51.38.211.120 - - [21/Dec/2025:02:56:48 +0100] "POST /wp-cron.php?doing_wp_cron=1766282208.1586680412292480468750 HTTP/1.1" 200 269 "-" "WordPress/6.9; https://www.readytorun.it"
52.167.144.149 - - [21/Dec/2025:02:57:08 +0100] "GET /wp-content/uploads/2023/11/432aa7a6-bd79-4de3-9a26-e6678cda0f38-800x800.jpg HTTP/1.1" 200 29736 "-" "Mozilla/5.0 AppleWebKit/537.36 (KHTML, like Gecko; compatible; bingbot/2.0; +http://www.bing.com/bingbot.htm) Chrome/116.0.1938.76 Safari/537.36"
216.244.66.238 - - [21/Dec/2025:02:57:18 +0100] "GET /size/9-5/page/20/ HTTP/1.1" 200 271680 "-" "Mozilla/5.0 (compatible; DotBot/1.2; +https://opensiteexplorer.org/dotbot; help@moz.com)"
114.119.148.165 - - [21/Dec/2025:02:57:22 +0100] "GET /stagione/autunno-inverno-2022/ HTTP/1.1" 200 46498 "https://www.readytorun.it/pa_stagione-sitemap.xml" "Mozilla/5.0 (Linux; Android 7.0;) AppleWebKit/537.36 (KHTML, like Gecko) Mobile Safari/537.36 (compatible; PetalBot;+https://webmaster.petalsearch.com/site/petalbot)"
185.191.171.8 - - [21/Dec/2025:02:57:35 +0100] "GET /senza-categoria/1168724cepr/ HTTP/1.1" 200 46194 "-" "Mozilla/5.0 (compatible; SemrushBot/7~bl; +http://www.semrush.com/bot.html)"
216.244.66.238 - - [21/Dec/2025:02:57:54 +0100] "GET /size/9/page/20/ HTTP/1.1" 200 273070 "-" "Mozilla/5.0 (compatible; DotBot/1.2; +https://opensiteexplorer.org/dotbot; help@moz.com)"
51.38.211.120 - - [21/Dec/2025:02:57:59 +0100] "POST /wp-cron.php?doing_wp_cron=1766282279.6929399967193603515625 HTTP/1.1" 200 269 "-" "WordPress/6.9; https://www.readytorun.it"
35.171.117.160 - - [21/Dec/2025:02:58:01 +0100] "GET /wp-json/wp/v2/product/27282 HTTP/1.1" 200 16355 "-" "Mozilla/5.0 AppleWebKit/537.36 (KHTML, like Gecko; compatible; Amazonbot/0.1; +https://developer.amazon.com/support/amazonbot) Chrome/119.0.6045.214 Safari/537.36"
98.84.200.43 - - [21/Dec/2025:02:58:05 +0100] "GET /wp-json/wp/v2/product/49258 HTTP/1.1" 200 17535 "-" "Mozilla/5.0 AppleWebKit/537.36 (KHTML, like Gecko; compatible; Amazonbot/0.1; +https://developer.amazon.com/support/amazonbot) Chrome/119.0.6045.214 Safari/537.36"
3.252.81.217 - - [21/Dec/2025:02:58:23 +0100] "GET /contatti/ HTTP/1.1" 200 32760 "-" "IDG/IT (http://spaziodati.eu/)"
216.244.66.238 - - [21/Dec/2025:02:58:28 +0100] "GET /size/m/page/6/ HTTP/1.1" 200 256211 "-" "Mozilla/5.0 (compatible; DotBot/1.2; +https://opensiteexplorer.org/dotbot; help@moz.com)"
192.210.150.229 - - [21/Dec/2025:02:58:39 +0100] "GET /contatti/ HTTP/1.0" 200 137819 "http://www.readytorun.it/contatti/" "Mozilla/5.0 (Windows NT 6.2; Win64; x64) AppleWebKit/537.36 (KHTML, like Gecko) Chrome/103.0.0.0 Safari/537.36"
51.38.211.120 - - [21/Dec/2025:02:58:44 +0100] "POST /wp-cron.php?doing_wp_cron=1766282324.4686379432678222656250 HTTP/1.1" 200 269 "-" "WordPress/6.9; https://www.readytorun.it"
192.210.150.229 - - [21/Dec/2025:02:58:46 +0100] "GET /contatti/ HTTP/1.0" 200 141805 "https://www.readytorun.it/contatti/" "Mozilla/5.0 (Windows NT 6.2; Win64; x64) AppleWebKit/537.36 (KHTML, like Gecko) Chrome/103.0.0.0 Safari/537.36"
114.119.159.148 - - [21/Dec/2025:02:58:45 +0100] "GET /stagione/autunno-inverno-2021/ HTTP/1.1" 200 46502 "https://www.readytorun.it/pa_stagione-sitemap.xml" "Mozilla/5.0 (Linux; Android 7.0;) AppleWebKit/537.36 (KHTML, like Gecko) Mobile Safari/537.36 (compatible; PetalBot;+https://webmaster.petalsearch.com/site/petalbot)"
192.250.235.34 - - [21/Dec/2025:02:58:52 +0100] "GET /wp-login.php HTTP/1.1" 200 9310 "-" "Mozilla/5.0 (Windows NT 6.3; Win64; x64; Trident/7.0; Touch; MATBJS; rv:11.0) like Gecko"
192.250.235.34 - - [21/Dec/2025:02:58:57 +0100] "POST /wp-login.php HTTP/1.1" 503 19651 "https://www.readytorun.it/wp-login.php" "Mozilla/5.0 (Windows NT 6.3; Win64; x64; Trident/7.0; Touch; MATBJS; rv:11.0) like Gecko"
216.244.66.238 - - [21/Dec/2025:02:59:06 +0100] "GET /wp-content/uploads/2022/07/7cb34783-8af2-4e69-8a07-8ec12f9df871.jpg HTTP/1.1" 200 286883 "-" "Mozilla/5.0 (compatible; DotBot/1.2; +https://opensiteexplorer.org/dotbot; help@moz.com)"
66.249.66.64 - - [21/Dec/2025:02:59:02 +0100] "GET /size/15/ HTTP/1.1" 200 47031 "-" "Mozilla/5.0 (Linux; Android 6.0.1; Nexus 5X Build/MMB29P) AppleWebKit/537.36 (KHTML, like Gecko) Chrome/141.0.7390.122 Mobile Safari/537.36 (compatible; Googlebot/2.1; +http://www.google.com/bot.html)"
66.249.66.39 - - [21/Dec/2025:02:59:17 +0100] "GET /wp-content/uploads/rey/ds-ebf59119f8.css?ver=3.1.9.1760372676 HTTP/1.1" 200 28786 "https://www.readytorun.it/size/15/" "Mozilla/5.0 (Linux; Android 6.0.1; Nexus 5X Build/MMB29P) AppleWebKit/537.36 (KHTML, like Gecko) Chrome/141.0.7390.122 Mobile Safari/537.36 (compatible; Googlebot/2.1; +http://www.google.com/bot.html)"
216.244.66.238 - - [21/Dec/2025:02:59:36 +0100] "GET /cappellino-accessori-unisex-home/feed/ HTTP/1.1" 200 1784 "-" "Mozilla/5.0 (compatible; DotBot/1.2; +https://opensiteexplorer.org/dotbot; help@moz.com)"
51.38.211.120 - - [21/Dec/2025:02:59:42 +0100] "POST /wp-cron.php?doing_wp_cron=1766282382.7006800174713134765625 HTTP/1.1" 200 269 "-" "WordPress/6.9; https://www.readytorun.it"
114.119.154.124 - - [21/Dec/2025:03:00:09 +0100] "GET /sottocategoria/vest/ HTTP/1.1" 200 39793 "https://www.readytorun.it/pa_sottocategoria-sitemap.xml" "Mozilla/5.0 (Linux; Android 7.0;) AppleWebKit/537.36 (KHTML, like Gecko) Mobile Safari/537.36 (compatible; PetalBot;+https://webmaster.petalsearch.com/site/petalbot)"
109.176.207.108 - - [21/Dec/2025:03:00:08 +0100] "POST /xmlrpc.php HTTP/1.1" 503 23228 "-" "Mozilla/5.0 (Windows NT 6.1) AppleWebKit/537.36 (KHTML, like Gecko) Chrome/65.0.3325.146 Safari/537.36"
20.4.55.181 - - [21/Dec/2025:03:00:09 +0100] "GET /wp-json/wc/v2/taxes HTTP/1.1" 200 4903 "-" "-"
216.244.66.238 - - [21/Dec/2025:03:00:14 +0100] "GET /brand/garmin/feed/ HTTP/1.1" 200 11189 "-" "Mozilla/5.0 (compatible; DotBot/1.2; +https://opensiteexplorer.org/dotbot; help@moz.com)"
51.38.211.120 - - [21/Dec/2025:03:00:13 +0100] "POST /wp-cron.php?doing_wp_cron=1766282413.4656510353088378906250 HTTP/1.1" 200 4069 "-" "WordPress/6.9; https://www.readytorun.it"
20.4.55.181 - - [21/Dec/2025:03:00:14 +0100] "GET /wp-json/wc/v2/orders?after=2025-12-16%2002:00:14&per_page=100 HTTP/1.1" 200 5760 "-" "-"
40.77.167.27 - - [21/Dec/2025:03:00:41 +0100] "GET /wp-content/uploads/2023/05/3b1b3f25-7158-4b08-befd-8cb107869a18-50x50.jpg HTTP/1.1" 200 4876 "-" "Mozilla/5.0 AppleWebKit/537.36 (KHTML, like Gecko; compatible; bingbot/2.0; +http://www.bing.com/bingbot.htm) Chrome/116.0.1938.76 Safari/537.36"
