47.128.63.218 - - [21/Dec/2025:04:36:31 +0100] "GET /home/page/68/ HTTP/1.1" 200 50005 "-" "Mozilla/5.0 (Linux; Android 5.0) AppleWebKit/537.36 (KHTML, like Gecko) Mobile Safari/537.36 (compatible; Bytespider; spider-feedback@bytedance.com)"
47.128.63.218 - - [21/Dec/2025:04:36:39 +0100] "GET /wp-content/uploads/elementor/css/post-11949.css?ver=1766272051 HTTP/1.1" 200 654 "https://www.readytorun.it/home/page/68/" "Mozilla/5.0 (Linux; Android 5.0) AppleWebKit/537.36 (KHTML, like Gecko) Mobile Safari/537.36 (compatible; Bytespider; spider-feedback@bytedance.com)"
47.128.63.218 - - [21/Dec/2025:04:36:39 +0100] "GET /wp-content/uploads/elementor/google-fonts/css/sourcesanspro.css?ver=1742249332 HTTP/1.1" 200 1587 "https://www.readytorun.it/home/page/68/" "Mozilla/5.0 (Linux; Android 5.0) AppleWebKit/537.36 (KHTML, like Gecko) Mobile Safari/537.36 (compatible; Bytespider; spider-feedback@bytedance.com)"
47.128.63.218 - - [21/Dec/2025:04:36:39 +0100] "GET /wp-content/uploads/2021/12/59a49e97-5cd5-499a-9a4f-966a02391c04-500x667.jpg HTTP/1.1" 206 839 "https://www.readytorun.it/home/page/68/" "Mozilla/5.0 (Linux; Android 5.0) AppleWebKit/537.36 (KHTML, like Gecko) Mobile Safari/537.36 (compatible; Bytespider; spider-feedback@bytedance.com)"
47.128.63.218 - - [21/Dec/2025:04:36:39 +0100] "GET /wp-content/uploads/2021/12/f19fa80e-901e-4b29-9875-043b0be960bf-scaled-500x667.jpg HTTP/1.1" 206 1397 "https://www.readytorun.it/home/page/68/" "Mozilla/5.0 (Linux; Android 5.0) AppleWebKit/537.36 (KHTML, like Gecko) Mobile Safari/537.36 (compatible; Bytespider; spider-feedback@bytedance.com)"
47.128.63.218 - - [21/Dec/2025:04:36:39 +0100] "GET /wp-content/uploads/2021/12/29329d8a-2ac1-4b57-8e50-82ff2a25efcc-500x667.jpg HTTP/1.1" 206 1397 "https://www.readytorun.it/home/page/68/" "Mozilla/5.0 (Linux; Android 5.0) AppleWebKit/537.36 (KHTML, like Gecko) Mobile Safari/537.36 (compatible; Bytespider; spider-feedback@bytedance.com)"
47.128.63.218 - - [21/Dec/2025:04:36:39 +0100] "GET /wp-content/uploads/2021/12/0d088380-8063-4f77-8a61-53d7b791171c-500x667.jpg HTTP/1.1" 206 839 "https://www.readytorun.it/home/page/68/" "Mozilla/5.0 (Linux; Android 5.0) AppleWebKit/537.36 (KHTML, like Gecko) Mobile Safari/537.36 (compatible; Bytespider; spider-feedback@bytedance.com)"
47.128.63.218 - - [21/Dec/2025:04:36:40 +0100] "GET /wp-content/uploads/2021/12/7cfff50a-fd0d-4e76-8031-4c77518f29a5-scaled-500x667.jpg HTTP/1.1" 206 4596 "https://www.readytorun.it/home/page/68/" "Mozilla/5.0 (Linux; Android 5.0) AppleWebKit/537.36 (KHTML, like Gecko) Mobile Safari/537.36 (compatible; Bytespider; spider-feedback@bytedance.com)"
47.128.63.218 - - [21/Dec/2025:04:36:40 +0100] "GET /wp-content/uploads/2021/12/fa2ae2a4-374f-4d14-b192-fb813c82f0c6-500x667.jpg HTTP/1.1" 206 839 "https://www.readytorun.it/home/page/68/" "Mozilla/5.0 (Linux; Android 5.0) AppleWebKit/537.36 (KHTML, like Gecko) Mobile Safari/537.36 (compatible; Bytespider; spider-feedback@bytedance.com)"
47.128.63.218 - - [21/Dec/2025:04:36:40 +0100] "GET /wp-content/uploads/2021/12/5ba34a06-97fd-4fc7-a65c-daaf848fa835-500x667.jpg HTTP/1.1" 206 4596 "https://www.readytorun.it/home/page/68/" "Mozilla/5.0 (Linux; Android 5.0) AppleWebKit/537.36 (KHTML, like Gecko) Mobile Safari/537.36 (compatible; Bytespider; spider-feedback@bytedance.com)"
47.128.63.218 - - [21/Dec/2025:04:36:40 +0100] "GET /wp-content/uploads/2021/12/6e0da6d1-2a17-4382-95b5-d484d2f807a0-500x667.jpg HTTP/1.1" 206 839 "https://www.readytorun.it/home/page/68/" "Mozilla/5.0 (Linux; Android 5.0) AppleWebKit/537.36 (KHTML, like Gecko) Mobile Safari/537.36 (compatible; Bytespider; spider-feedback@bytedance.com)"
47.128.63.218 - - [21/Dec/2025:04:36:40 +0100] "GET /wp-content/uploads/2021/12/1229bf30-2f42-49d5-a5c8-4b255831ef92-500x667.jpg HTTP/1.1" 206 839 "https://www.readytorun.it/home/page/68/" "Mozilla/5.0 (Linux; Android 5.0) AppleWebKit/537.36 (KHTML, like Gecko) Mobile Safari/537.36 (compatible; Bytespider; spider-feedback@bytedance.com)"
47.128.63.218 - - [21/Dec/2025:04:36:40 +0100] "GET /wp-content/uploads/2021/12/7bd31d29-23a1-48bb-9949-c27bd72bd870-scaled-500x667.jpg HTTP/1.1" 206 839 "https://www.readytorun.it/home/page/68/" "Mozilla/5.0 (Linux; Android 5.0) AppleWebKit/537.36 (KHTML, like Gecko) Mobile Safari/537.36 (compatible; Bytespider; spider-feedback@bytedance.com)"
47.128.63.218 - - [21/Dec/2025:04:36:40 +0100] "GET /wp-content/uploads/2021/12/1ae2e2f6-6e26-400c-8884-4294962fe10b-500x667.jpg HTTP/1.1" 206 839 "https://www.readytorun.it/home/page/68/" "Mozilla/5.0 (Linux; Android 5.0) AppleWebKit/537.36 (KHTML, like Gecko) Mobile Safari/537.36 (compatible; Bytespider; spider-feedback@bytedance.com)"
47.128.63.218 - - [21/Dec/2025:04:36:40 +0100] "GET /wp-content/uploads/2021/12/9d4327f9-df76-465c-beb0-98b7af210f2e-scaled-500x667.jpg HTTP/1.1" 206 839 "https://www.readytorun.it/home/page/68/" "Mozilla/5.0 (Linux; Android 5.0) AppleWebKit/537.36 (KHTML, like Gecko) Mobile Safari/537.36 (compatible; Bytespider; spider-feedback@bytedance.com)"
47.128.63.218 - - [21/Dec/2025:04:36:40 +0100] "GET /wp-content/uploads/2021/12/069685f3-398c-4731-9b31-eebff25654b3-500x667.jpg HTTP/1.1" 206 839 "https://www.readytorun.it/home/page/68/" "Mozilla/5.0 (Linux; Android 5.0) AppleWebKit/537.36 (KHTML, like Gecko) Mobile Safari/537.36 (compatible; Bytespider; spider-feedback@bytedance.com)"
47.128.63.218 - - [21/Dec/2025:04:36:40 +0100] "GET /wp-content/uploads/2021/12/2798b5b4-2c1d-41c2-bd44-0fdb8a757360-500x667.jpg HTTP/1.1" 206 839 "https://www.readytorun.it/home/page/68/" "Mozilla/5.0 (Linux; Android 5.0) AppleWebKit/537.36 (KHTML, like Gecko) Mobile Safari/537.36 (compatible; Bytespider; spider-feedback@bytedance.com)"
47.128.63.218 - - [21/Dec/2025:04:36:40 +0100] "GET /wp-content/uploads/2021/12/f6292409-e3bb-48d0-9bb8-65f646b84675-scaled-500x667.jpg HTTP/1.1" 206 839 "https://www.readytorun.it/home/page/68/" "Mozilla/5.0 (Linux; Android 5.0) AppleWebKit/537.36 (KHTML, like Gecko) Mobile Safari/537.36 (compatible; Bytespider; spider-feedback@bytedance.com)"
47.128.63.218 - - [21/Dec/2025:04:36:40 +0100] "GET /wp-content/uploads/2021/12/3d9ef8e7-bc64-4395-a7a7-94905a1c43be-scaled-500x667.jpg HTTP/1.1" 206 839 "https://www.readytorun.it/home/page/68/" "Mozilla/5.0 (Linux; Android 5.0) AppleWebKit/537.36 (KHTML, like Gecko) Mobile Safari/537.36 (compatible; Bytespider; spider-feedback@bytedance.com)"
47.128.63.218 - - [21/Dec/2025:04:36:40 +0100] "GET /wp-content/uploads/2023/11/a7354709-70ac-4bd7-b076-69de93f818a1-500x667.png HTTP/1.1" 206 838 "https://www.readytorun.it/home/page/68/" "Mozilla/5.0 (Linux; Android 5.0) AppleWebKit/537.36 (KHTML, like Gecko) Mobile Safari/537.36 (compatible; Bytespider; spider-feedback@bytedance.com)"
47.128.63.218 - - [21/Dec/2025:04:36:40 +0100] "GET /wp-content/uploads/2021/11/dd6e3c72-9d1d-4565-82ec-d11a575769b8-1-500x667.jpg HTTP/1.1" 206 839 "https://www.readytorun.it/home/page/68/" "Mozilla/5.0 (Linux; Android 5.0) AppleWebKit/537.36 (KHTML, like Gecko) Mobile Safari/537.36 (compatible; Bytespider; spider-feedback@bytedance.com)"
47.128.63.218 - - [21/Dec/2025:04:36:40 +0100] "GET /wp-content/uploads/2021/11/a2af291c-6799-45f3-9528-07af0b9561c2-500x667.jpg HTTP/1.1" 206 839 "https://www.readytorun.it/home/page/68/" "Mozilla/5.0 (Linux; Android 5.0) AppleWebKit/537.36 (KHTML, like Gecko) Mobile Safari/537.36 (compatible; Bytespider; spider-feedback@bytedance.com)"
47.128.63.218 - - [21/Dec/2025:04:36:40 +0100] "GET /wp-content/uploads/2021/11/ed382044-dbea-4bf6-aa5b-8594afe9de4f-1-500x667.jpg HTTP/1.1" 206 839 "https://www.readytorun.it/home/page/68/" "Mozilla/5.0 (Linux; Android 5.0) AppleWebKit/537.36 (KHTML, like Gecko) Mobile Safari/537.36 (compatible; Bytespider; spider-feedback@bytedance.com)"
47.128.63.218 - - [21/Dec/2025:04:36:40 +0100] "GET /wp-content/uploads/2023/11/817284f7-0510-4c0c-bd13-27656c4e571c-500x667.jpg HTTP/1.1" 206 1397 "https://www.readytorun.it/home/page/68/" "Mozilla/5.0 (Linux; Android 5.0) AppleWebKit/537.36 (KHTML, like Gecko) Mobile Safari/537.36 (compatible; Bytespider; spider-feedback@bytedance.com)"
47.128.63.218 - - [21/Dec/2025:04:36:40 +0100] "GET /wp-content/uploads/2021/11/6a8d6057-3b48-42da-9a39-3ee9d989af41-scaled-500x667.jpg HTTP/1.1" 206 839 "https://www.readytorun.it/home/page/68/" "Mozilla/5.0 (Linux; Android 5.0) AppleWebKit/537.36 (KHTML, like Gecko) Mobile Safari/537.36 (compatible; Bytespider; spider-feedback@bytedance.com)"
47.128.63.218 - - [21/Dec/2025:04:36:40 +0100] "GET /wp-content/uploads/2021/11/b63db249-a2fb-4482-b289-44c90462dd8c-1-500x667.jpg HTTP/1.1" 206 839 "https://www.readytorun.it/home/page/68/" "Mozilla/5.0 (Linux; Android 5.0) AppleWebKit/537.36 (KHTML, like Gecko) Mobile Safari/537.36 (compatible; Bytespider; spider-feedback@bytedance.com)"
47.128.63.218 - - [21/Dec/2025:04:36:40 +0100] "GET /wp-content/uploads/2021/11/e0541bbf-1499-4a9b-8c1c-6174ccdc001c-1-scaled-500x667.jpg HTTP/1.1" 206 839 "https://www.readytorun.it/home/page/68/" "Mozilla/5.0 (Linux; Android 5.0) AppleWebKit/537.36 (KHTML, like Gecko) Mobile Safari/537.36 (compatible; Bytespider; spider-feedback@bytedance.com)"
47.128.63.218 - - [21/Dec/2025:04:36:41 +0100] "GET /wp-content/uploads/2021/11/60057bc1-0320-4338-a879-b64e5135892f-1-500x667.jpg HTTP/1.1" 206 839 "https://www.readytorun.it/home/page/68/" "Mozilla/5.0 (Linux; Android 5.0) AppleWebKit/537.36 (KHTML, like Gecko) Mobile Safari/537.36 (compatible; Bytespider; spider-feedback@bytedance.com)"
47.128.63.218 - - [21/Dec/2025:04:36:41 +0100] "GET /wp-content/uploads/2021/11/8c5201af-fa4b-4f86-b4c5-a5fe688cbbd4-1-500x667.jpg HTTP/1.1" 206 839 "https://www.readytorun.it/home/page/68/" "Mozilla/5.0 (Linux; Android 5.0) AppleWebKit/537.36 (KHTML, like Gecko) Mobile Safari/537.36 (compatible; Bytespider; spider-feedback@bytedance.com)"
47.128.63.218 - - [21/Dec/2025:04:36:41 +0100] "GET /wp-content/uploads/2021/11/5853fbd3-430e-44a1-b558-68185574a431-1-500x667.jpg HTTP/1.1" 206 839 "https://www.readytorun.it/home/page/68/" "Mozilla/5.0 (Linux; Android 5.0) AppleWebKit/537.36 (KHTML, like Gecko) Mobile Safari/537.36 (compatible; Bytespider; spider-feedback@bytedance.com)"
47.128.63.218 - - [21/Dec/2025:04:36:41 +0100] "GET /wp-content/uploads/2021/11/6cb1de04-51a7-430b-a447-63a32a9d577f-1-500x667.jpg HTTP/1.1" 206 839 "https://www.readytorun.it/home/page/68/" "Mozilla/5.0 (Linux; Android 5.0) AppleWebKit/537.36 (KHTML, like Gecko) Mobile Safari/537.36 (compatible; Bytespider; spider-feedback@bytedance.com)"
47.128.63.218 - - [21/Dec/2025:04:36:41 +0100] "GET /wp-content/uploads/2021/11/c130fcee-d7a5-4750-bc5e-56e5a9fd18d9-500x667.jpg HTTP/1.1" 206 839 "https://www.readytorun.it/home/page/68/" "Mozilla/5.0 (Linux; Android 5.0) AppleWebKit/537.36 (KHTML, like Gecko) Mobile Safari/537.36 (compatible; Bytespider; spider-feedback@bytedance.com)"
47.128.63.218 - - [21/Dec/2025:04:36:41 +0100] "GET /wp-content/uploads/2021/11/de5114f9-0ec3-499a-ac15-91957726e2b4-500x667.jpg HTTP/1.1" 206 839 "https://www.readytorun.it/home/page/68/" "Mozilla/5.0 (Linux; Android 5.0) AppleWebKit/537.36 (KHTML, like Gecko) Mobile Safari/537.36 (compatible; Bytespider; spider-feedback@bytedance.com)"
47.128.63.218 - - [21/Dec/2025:04:36:41 +0100] "GET /wp-content/uploads/2021/11/73492524-899e-4524-9d52-ae3911940e9e-scaled-500x667.jpg HTTP/1.1" 206 839 "https://www.readytorun.it/home/page/68/" "Mozilla/5.0 (Linux; Android 5.0) AppleWebKit/537.36 (KHTML, like Gecko) Mobile Safari/537.36 (compatible; Bytespider; spider-feedback@bytedance.com)"
47.128.63.218 - - [21/Dec/2025:04:36:41 +0100] "GET /wp-content/uploads/2021/11/dcf34a58-6aca-4c5e-afb5-3c1d2a40de6d-500x667.jpg HTTP/1.1" 206 839 "https://www.readytorun.it/home/page/68/" "Mozilla/5.0 (Linux; Android 5.0) AppleWebKit/537.36 (KHTML, like Gecko) Mobile Safari/537.36 (compatible; Bytespider; spider-feedback@bytedance.com)"
185.191.171.14 - - [21/Dec/2025:04:36:41 +0100] "GET /robots.txt HTTP/1.1" 200 4371 "-" "Mozilla/5.0 (compatible; SemrushBot/7~bl; +http://www.semrush.com/bot.html)"
51.38.211.120 - - [21/Dec/2025:04:36:47 +0100] "POST /wp-cron.php?doing_wp_cron=1766288207.2402319908142089843750 HTTP/1.1" 200 4069 "-" "WordPress/6.9; https://www.readytorun.it"
92.205.49.84 - - [21/Dec/2025:04:36:48 +0100] "POST /xmlrpc.php HTTP/1.1" 503 23228 "-" "Mozilla/4.0 (compatible; MSIE 7.0; Windows NT 6.3; WOW64; Trident/7.0; Touch; .NET4.0E; .NET4.0C; .NET CLR 3.5.30729; .NET CLR 2.0.50727; .NET CLR 3.0.30729; Tablet PC 2.0)"
185.191.171.4 - - [21/Dec/2025:04:36:51 +0100] "GET /super-offerta/287827/ HTTP/1.1" 200 43115 "-" "Mozilla/5.0 (compatible; SemrushBot/7~bl; +http://www.semrush.com/bot.html)"
51.38.211.120 - - [21/Dec/2025:04:36:56 +0100] "POST /wp-cron.php?doing_wp_cron=1766288216.7054109573364257812500 HTTP/1.1" 200 4069 "-" "WordPress/6.9; https://www.readytorun.it"
40.77.167.247 - - [21/Dec/2025:04:37:14 +0100] "GET /wp-content/uploads/2022/09/ac8df453-fe3e-4560-bcec-3e41525d4960.jpg HTTP/1.1" 200 213121 "-" "Mozilla/5.0 AppleWebKit/537.36 (KHTML, like Gecko; compatible; bingbot/2.0; +http://www.bing.com/bingbot.htm) Chrome/116.0.1938.76 Safari/537.36"
114.119.146.215 - - [21/Dec/2025:04:37:36 +0100] "GET /maglietta-manica-lunga-abbigliamento-uomo-home/ HTTP/1.1" 200 44357 "https://www.readytorun.it/product_cat-sitemap.xml" "Mozilla/5.0 (Linux; Android 7.0;) AppleWebKit/537.36 (KHTML, like Gecko) Mobile Safari/537.36 (compatible; PetalBot;+https://webmaster.petalsearch.com/site/petalbot)"
51.38.211.120 - - [21/Dec/2025:04:37:42 +0100] "POST /wp-cron.php?doing_wp_cron=1766288262.9126570224761962890625 HTTP/1.1" 200 4069 "-" "WordPress/6.9; https://www.readytorun.it"
216.73.216.188 - - [21/Dec/2025:04:37:50 +0100] "GET /sitemap_index.xml HTTP/1.1" 200 4522 "-" "Mozilla/5.0 AppleWebKit/537.36 (KHTML, like Gecko; compatible; ClaudeBot/1.0; +claudebot@anthropic.com)"
40.77.167.56 - - [21/Dec/2025:04:38:48 +0100] "GET /wp-content/uploads/2022/08/0399bc4c-7f88-4adb-870a-16e80958c78d-50x50.jpg HTTP/1.1" 200 6021 "-" "Mozilla/5.0 AppleWebKit/537.36 (KHTML, like Gecko; compatible; bingbot/2.0; +http://www.bing.com/bingbot.htm) Chrome/116.0.1938.76 Safari/537.36"
114.119.146.114 - - [21/Dec/2025:04:39:01 +0100] "GET /intimo-abbigliamento-uomo-home/102-18211170139/ HTTP/1.1" 200 46586 "https://www.readytorun.it/product-sitemap3.xml" "Mozilla/5.0 (Linux; Android 7.0;) AppleWebKit/537.36 (KHTML, like Gecko) Mobile Safari/537.36 (compatible; PetalBot;+https://webmaster.petalsearch.com/site/petalbot)"
51.38.211.120 - - [21/Dec/2025:04:39:05 +0100] "POST /wp-cron.php?doing_wp_cron=1766288345.6892940998077392578125 HTTP/1.1" 200 4069 "-" "WordPress/6.9; https://www.readytorun.it"
17.241.227.186 - - [21/Dec/2025:04:39:17 +0100] "GET /wp-content/uploads/2022/06/8dd3feb6-8673-4161-ab6e-9ac16490bdde.jpg HTTP/1.1" 200 121365 "-" "Mozilla/5.0 (Macintosh; Intel Mac OS X 10_15_7) AppleWebKit/605.1.15 (KHTML, like Gecko) Version/17.4 Safari/605.1.15 (Applebot/0.1; +http://www.apple.com/go/applebot)"
114.119.157.118 - - [21/Dec/2025:04:40:24 +0100] "GET /intimo-abbigliamento-uomo-home/ HTTP/1.1" 200 46670 "https://www.readytorun.it/product_cat-sitemap.xml" "Mozilla/5.0 (Linux; Android 7.0;) AppleWebKit/537.36 (KHTML, like Gecko) Mobile Safari/537.36 (compatible; PetalBot;+https://webmaster.petalsearch.com/site/petalbot)"
51.38.211.120 - - [21/Dec/2025:04:40:29 +0100] "POST /wp-cron.php?doing_wp_cron=1766288429.2261950969696044921875 HTTP/1.1" 200 4069 "-" "WordPress/6.9; https://www.readytorun.it"
40.77.167.2 - - [21/Dec/2025:04:40:38 +0100] "GET /wp-content/uploads/2021/11/566c6868-b07a-4362-86ee-b1c59c3044aa-1-768x768.jpg HTTP/1.1" 200 42403 "-" "Mozilla/5.0 AppleWebKit/537.36 (KHTML, like Gecko; compatible; bingbot/2.0; +http://www.bing.com/bingbot.htm) Chrome/116.0.1938.76 Safari/537.36"
157.55.39.11 - - [21/Dec/2025:04:40:46 +0100] "GET /wp-content/uploads/2022/04/5acb8318-0ffc-428d-9de4-db92fdefd562-100x100.jpg HTTP/1.1" 200 5640 "-" "Mozilla/5.0 AppleWebKit/537.36 (KHTML, like Gecko; compatible; bingbot/2.0; +http://www.bing.com/bingbot.htm) Chrome/116.0.1938.76 Safari/537.36"
52.167.144.172 - - [21/Dec/2025:04:40:52 +0100] "GET /a3-massimo-ammortizzamento-abbigliamento-bambino-home/1014a311402/ HTTP/1.1" 200 46950 "-" "Mozilla/5.0 AppleWebKit/537.36 (KHTML, like Gecko; compatible; bingbot/2.0; +http://www.bing.com/bingbot.htm) Chrome/116.0.1938.76 Safari/537.36"
52.167.144.172 - - [21/Dec/2025:04:41:02 +0100] "GET /wp-content/uploads/2021/12/752a21af-4002-40dc-9f25-68c271712675-1-800x800.jpg HTTP/1.1" 200 23320 "-" "Mozilla/5.0 AppleWebKit/537.36 (KHTML, like Gecko; compatible; bingbot/2.0; +http://www.bing.com/bingbot.htm) Chrome/116.0.1938.76 Safari/537.36"
51.38.211.120 - - [21/Dec/2025:04:40:59 +0100] "POST /wp-cron.php?doing_wp_cron=1766288459.3834850788116455078125 HTTP/1.1" 200 4069 "-" "WordPress/6.9; https://www.readytorun.it"
185.191.171.19 - - [21/Dec/2025:04:41:30 +0100] "GET /boraccia-accessori-unisex-home/n1awf01001/ HTTP/1.1" 200 44669 "-" "Mozilla/5.0 (compatible; SemrushBot/7~bl; +http://www.semrush.com/bot.html)"
186.194.144.118 - - [21/Dec/2025:04:41:35 +0100] "GET /senza-categoria/120395492 HTTP/1.1" 301 4059 "https://www.readytorun.it/" "Mozilla/5.0 (X11; CrOS x86_64 14541.0.0) AppleWebKit/537.36 (KHTML, like Gecko) Chrome/132.0.0.0 Safari/537.36"
143.208.138.76 - - [21/Dec/2025:04:41:41 +0100] "GET /senza-categoria/120395492/ HTTP/1.1" 200 44294 "https://www.readytorun.it/" "Mozilla/5.0 (X11; CrOS x86_64 14541.0.0) AppleWebKit/537.36 (KHTML, like Gecko) Chrome/132.0.0.0 Safari/537.36"
51.38.211.120 - - [21/Dec/2025:04:41:45 +0100] "POST /wp-cron.php?doing_wp_cron=1766288505.5271949768066406250000 HTTP/1.1" 200 4069 "-" "WordPress/6.9; https://www.readytorun.it"
114.119.157.118 - - [21/Dec/2025:04:41:45 +0100] "GET /intimo-abbigliamento-donna-home/a2ga175309/ HTTP/1.1" 200 47394 "https://www.readytorun.it/product-sitemap3.xml" "Mozilla/5.0 (Linux; Android 7.0;) AppleWebKit/537.36 (KHTML, like Gecko) Mobile Safari/537.36 (compatible; PetalBot;+https://webmaster.petalsearch.com/site/petalbot)"
157.55.39.11 - - [21/Dec/2025:04:42:05 +0100] "GET /wp-content/uploads/2022/10/15ab2a36-5398-4371-8c33-0b5047b1cdcf-100x100.jpg HTTP/1.1" 200 7495 "-" "Mozilla/5.0 AppleWebKit/537.36 (KHTML, like Gecko; compatible; bingbot/2.0; +http://www.bing.com/bingbot.htm) Chrome/116.0.1938.76 Safari/537.36"
34.138.212.53 - - [21/Dec/2025:04:42:29 +0100] "GET /home/?product-cato=633 HTTP/1.0" 200 48249 "-" "ZoominfoBot (zoominfobot at zoominfo dot com)"
51.38.211.120 - - [21/Dec/2025:04:42:34 +0100] "POST /wp-cron.php?doing_wp_cron=1766288554.8390529155731201171875 HTTP/1.1" 200 4069 "-" "WordPress/6.9; https://www.readytorun.it"
114.119.157.118 - - [21/Dec/2025:04:43:11 +0100] "GET /intimo-abbigliamento-donna-home/ HTTP/1.1" 200 44389 "https://www.readytorun.it/product_cat-sitemap.xml" "Mozilla/5.0 (Linux; Android 7.0;) AppleWebKit/537.36 (KHTML, like Gecko) Mobile Safari/537.36 (compatible; PetalBot;+https://webmaster.petalsearch.com/site/petalbot)"
49.51.72.76 - - [21/Dec/2025:04:43:16 +0100] "GET / HTTP/1.1" 301 255 "-" "Mozilla/5.0 (iPhone; CPU iPhone OS 13_2_3 like Mac OS X) AppleWebKit/605.1.15 (KHTML, like Gecko) Version/13.0.3 Mobile/15E148 Safari/604.1"
51.38.211.120 - - [21/Dec/2025:04:43:17 +0100] "POST /wp-cron.php?doing_wp_cron=1766288597.7788031101226806640625 HTTP/1.1" 200 4069 "-" "WordPress/6.9; https://www.readytorun.it"
49.51.72.76 - - [21/Dec/2025:04:43:23 +0100] "GET / HTTP/1.1" 200 61425 "http://readytorun.it" "Mozilla/5.0 (iPhone; CPU iPhone OS 13_2_3 like Mac OS X) AppleWebKit/605.1.15 (KHTML, like Gecko) Version/13.0.3 Mobile/15E148 Safari/604.1"
114.119.146.114 - - [21/Dec/2025:04:44:33 +0100] "GET /home/ HTTP/1.1" 200 49900 "https://www.readytorun.it/product_cat-sitemap.xml" "Mozilla/5.0 (Linux; Android 7.0;) AppleWebKit/537.36 (KHTML, like Gecko) Mobile Safari/537.36 (compatible; PetalBot;+https://webmaster.petalsearch.com/site/petalbot)"
51.38.211.120 - - [21/Dec/2025:04:44:37 +0100] "POST /wp-cron.php?doing_wp_cron=1766288677.7730300426483154296875 HTTP/1.1" 200 4069 "-" "WordPress/6.9; https://www.readytorun.it"
20.4.55.181 - - [21/Dec/2025:04:45:08 +0100] "GET /wp-json/wc/v2/taxes HTTP/1.1" 200 4903 "-" "-"
51.38.211.120 - - [21/Dec/2025:04:45:14 +0100] "POST /wp-cron.php?doing_wp_cron=1766288714.4601941108703613281250 HTTP/1.1" 200 4069 "-" "WordPress/6.9; https://www.readytorun.it"
20.4.55.181 - - [21/Dec/2025:04:45:15 +0100] "GET /wp-json/wc/v2/orders?after=2025-12-16%2003:45:15&per_page=100 HTTP/1.1" 200 5760 "-" "-"
157.55.39.11 - - [21/Dec/2025:04:45:43 +0100] "GET /wp-content/uploads/2023/03/05f8f141-442d-42de-ba43-80ea58eaf4c1-800x800.jpg HTTP/1.1" 200 63353 "-" "Mozilla/5.0 AppleWebKit/537.36 (KHTML, like Gecko; compatible; bingbot/2.0; +http://www.bing.com/bingbot.htm) Chrome/116.0.1938.76 Safari/537.36"
157.55.39.11 - - [21/Dec/2025:04:45:43 +0100] "GET /wp-content/uploads/2022/10/fb2bfd31-e643-4ee9-b2ad-b35f68036720-800x698.jpg HTTP/1.1" 200 31385 "-" "Mozilla/5.0 AppleWebKit/537.36 (KHTML, like Gecko; compatible; bingbot/2.0; +http://www.bing.com/bingbot.htm) Chrome/116.0.1938.76 Safari/537.36"
66.249.66.64 - - [21/Dec/2025:04:45:46 +0100] "GET /uncategorized/3mf10301752/ HTTP/1.1" 200 47920 "-" "Mozilla/5.0 (Linux; Android 6.0.1; Nexus 5X Build/MMB29P) AppleWebKit/537.36 (KHTML, like Gecko) Chrome/141.0.7390.122 Mobile Safari/537.36 (compatible; Googlebot/2.1; +http://www.google.com/bot.html)"
157.55.39.11 - - [21/Dec/2025:04:45:53 +0100] "GET /wp-content/uploads/2023/03/a293b13d-6232-4867-86fe-1df378ab31d4-300x300.jpg HTTP/1.1" 200 10227 "-" "Mozilla/5.0 AppleWebKit/537.36 (KHTML, like Gecko; compatible; bingbot/2.0; +http://www.bing.com/bingbot.htm) Chrome/116.0.1938.76 Safari/537.36"
66.249.66.39 - - [21/Dec/2025:04:45:56 +0100] "GET /wp-content/uploads/rey/ds-9b2adb32f8.css?ver=3.1.9.1760372467 HTTP/1.1" 200 30023 "https://www.readytorun.it/uncategorized/3mf10301752/" "Mozilla/5.0 (Linux; Android 6.0.1; Nexus 5X Build/MMB29P) AppleWebKit/537.36 (KHTML, like Gecko) Chrome/141.0.7390.122 Mobile Safari/537.36 (compatible; Googlebot/2.1; +http://www.google.com/bot.html)"
51.38.211.120 - - [21/Dec/2025:04:45:51 +0100] "POST /wp-cron.php?doing_wp_cron=1766288751.2442209720611572265625 HTTP/1.1" 200 4069 "-" "WordPress/6.9; https://www.readytorun.it"
51.254.204.161 - - [21/Dec/2025:04:45:54 +0100] "GET / HTTP/1.1" 301 3960 "-" "Mozilla/5.0"
114.119.146.114 - - [21/Dec/2025:04:45:56 +0100] "GET /donna-home/ HTTP/1.1" 200 48725 "https://www.readytorun.it/product_cat-sitemap.xml" "Mozilla/5.0 (Linux; Android 7.0;) AppleWebKit/537.36 (KHTML, like Gecko) Mobile Safari/537.36 (compatible; PetalBot;+https://webmaster.petalsearch.com/site/petalbot)"
66.249.66.14 - - [21/Dec/2025:04:46:02 +0100] "GET /wp-content/plugins/elementor/assets/css/widget-image.min.css?ver=3.33.6 HTTP/1.1" 200 4217 "https://www.readytorun.it/uncategorized/3mf10301752/" "Mozilla/5.0 (Linux; Android 6.0.1; Nexus 5X Build/MMB29P) AppleWebKit/537.36 (KHTML, like Gecko) Chrome/141.0.7390.122 Mobile Safari/537.36 (compatible; Googlebot/2.1; +http://www.google.com/bot.html)"
51.254.204.161 - - [21/Dec/2025:04:45:59 +0100] "GET / HTTP/1.1" 301 3960 "-" "Mozilla/5.0"
34.138.212.53 - - [21/Dec/2025:04:46:00 +0100] "GET /contatti/ HTTP/1.0" 200 33980 "-" "ZoominfoBot (zoominfobot at zoominfo dot com)"
66.249.66.15 - - [21/Dec/2025:04:46:07 +0100] "POST /?reycore-ajax=related_products HTTP/1.1" 200 7576 "https://www.readytorun.it/uncategorized/3mf10301752/" "Mozilla/5.0 (Linux; Android 6.0.1; Nexus 5X Build/MMB29P) AppleWebKit/537.36 (KHTML, like Gecko) Chrome/141.0.7390.122 Mobile Safari/537.36 (compatible; Googlebot/2.1; +http://www.google.com/bot.html)"
40.77.167.2 - - [21/Dec/2025:04:46:15 +0100] "GET /wp-content/uploads/2023/05/f24d1138-bf5c-4ee8-b644-4b49482e6bb2-768x758.png HTTP/1.1" 200 73128 "-" "Mozilla/5.0 AppleWebKit/537.36 (KHTML, like Gecko; compatible; bingbot/2.0; +http://www.bing.com/bingbot.htm) Chrome/116.0.1938.76 Safari/537.36"
178.239.147.98 - - [21/Dec/2025:04:46:31 +0100] "GET /wp-login.php HTTP/1.1" 200 9310 "-" "Mozilla/5.0 (Windows NT 6.0; Win64; x64) AppleWebKit/537.36 (KHTML, like Gecko) Chrome/66.0.3359.117 Safari/537.36"
34.138.212.53 - - [21/Dec/2025:04:46:35 +0100] "GET /linea/corsa/ HTTP/1.0" 200 48035 "-" "ZoominfoBot (zoominfobot at zoominfo dot com)"
40.77.167.2 - - [21/Dec/2025:04:47:05 +0100] "GET /wp-content/uploads/2023/11/432aa7a6-bd79-4de3-9a26-e6678cda0f38-100x100.jpg HTTP/1.1" 200 5522 "-" "Mozilla/5.0 AppleWebKit/537.36 (KHTML, like Gecko; compatible; bingbot/2.0; +http://www.bing.com/bingbot.htm) Chrome/116.0.1938.76 Safari/537.36"
80.241.214.201 - - [21/Dec/2025:04:47:00 +0100] "POST /xmlrpc.php HTTP/1.1" 503 23228 "-" "Mozilla/5.0 (Windows NT 6.2; Win64; x64; rv:60.0) Gecko/20100101 Firefox/60.0"
51.38.211.120 - - [21/Dec/2025:04:47:05 +0100] "POST /wp-cron.php?doing_wp_cron=1766288825.3330349922180175781250 HTTP/1.1" 200 4069 "-" "WordPress/6.9; https://www.readytorun.it"
114.119.159.148 - - [21/Dec/2025:04:47:20 +0100] "GET /chiodate-scarpe-uomo-home/ih5801/ HTTP/1.1" 200 48007 "https://www.readytorun.it/product-sitemap3.xml" "Mozilla/5.0 (Linux; Android 7.0;) AppleWebKit/537.36 (KHTML, like Gecko) Mobile Safari/537.36 (compatible; PetalBot;+https://webmaster.petalsearch.com/site/petalbot)"
157.55.39.11 - - [21/Dec/2025:04:48:03 +0100] "GET /wp-content/uploads/2022/06/5d401fcf-06af-47e2-af0c-aeb99b1c9ab1-100x100.jpg HTTP/1.1" 200 6626 "-" "Mozilla/5.0 AppleWebKit/537.36 (KHTML, like Gecko; compatible; bingbot/2.0; +http://www.bing.com/bingbot.htm) Chrome/116.0.1938.76 Safari/537.36"
114.119.154.124 - - [21/Dec/2025:04:48:45 +0100] "GET /chiodate-scarpe-uomo-home/ig2022/ HTTP/1.1" 200 48906 "https://www.readytorun.it/product-sitemap3.xml" "Mozilla/5.0 (Linux; Android 7.0;) AppleWebKit/537.36 (KHTML, like Gecko) Mobile Safari/537.36 (compatible; PetalBot;+https://webmaster.petalsearch.com/site/petalbot)"
51.38.211.120 - - [21/Dec/2025:04:48:49 +0100] "POST /wp-cron.php?doing_wp_cron=1766288929.4931209087371826171875 HTTP/1.1" 200 4069 "-" "WordPress/6.9; https://www.readytorun.it"
54.83.56.1 - - [21/Dec/2025:04:49:54 +0100] "GET /wp-json/oembed/1.0/embed?url=https://www.readytorun.it/a3-massimo-ammortizzamento-scarpe-donna-home/id3688/ HTTP/1.1" 404 3745 "-" "Mozilla/5.0 AppleWebKit/537.36 (KHTML, like Gecko; compatible; Amazonbot/0.1; +https://developer.amazon.com/support/amazonbot) Chrome/119.0.6045.214 Safari/537.36"
52.45.29.57 - - [21/Dec/2025:04:49:57 +0100] "GET /wp-json/wp/v2/product/46061 HTTP/1.1" 200 17005 "-" "Mozilla/5.0 AppleWebKit/537.36 (KHTML, like Gecko; compatible; Amazonbot/0.1; +https://developer.amazon.com/support/amazonbot) Chrome/119.0.6045.214 Safari/537.36"
51.38.211.120 - - [21/Dec/2025:04:49:59 +0100] "POST /wp-cron.php?doing_wp_cron=1766288999.9319820404052734375000 HTTP/1.1" 200 4069 "-" "WordPress/6.9; https://www.readytorun.it"
44.216.172.204 - - [21/Dec/2025:04:50:02 +0100] "GET /scarpe-uomo-home/page/9/ HTTP/1.1" 200 48342 "-" "Mozilla/5.0 AppleWebKit/537.36 (KHTML, like Gecko; compatible; Amazonbot/0.1; +https://developer.amazon.com/support/amazonbot) Chrome/119.0.6045.214 Safari/537.36"
66.249.66.1 - - [21/Dec/2025:04:50:03 +0100] "GET /shop/ HTTP/1.1" 200 49224 "-" "Mozilla/5.0 (compatible; Googlebot/2.1; +http://www.google.com/bot.html)"
40.77.167.243 - - [21/Dec/2025:04:50:10 +0100] "GET /wp-content/uploads/2022/10/4604acb0-da32-49ba-978a-fabbab0f722f-1-800x800.jpg HTTP/1.1" 200 50050 "-" "Mozilla/5.0 AppleWebKit/537.36 (KHTML, like Gecko; compatible; bingbot/2.0; +http://www.bing.com/bingbot.htm) Chrome/116.0.1938.76 Safari/537.36"
114.119.146.215 - - [21/Dec/2025:04:50:07 +0100] "GET /chiodate-scarpe-uomo-home/if9390/ HTTP/1.1" 200 48053 "https://www.readytorun.it/product-sitemap3.xml" "Mozilla/5.0 (Linux; Android 7.0;) AppleWebKit/537.36 (KHTML, like Gecko) Mobile Safari/537.36 (compatible; PetalBot;+https://webmaster.petalsearch.com/site/petalbot)"
66.249.66.40 - - [21/Dec/2025:04:50:13 +0100] "GET /wp-content/plugins/cookie-notice/css/front.min.css?ver=2.5.11 HTTP/1.1" 200 5245 "https://www.readytorun.it/shop/" "Mozilla/5.0 AppleWebKit/537.36 (KHTML, like Gecko; compatible; Googlebot/2.1; +http://www.google.com/bot.html) Chrome/141.0.7390.122 Safari/537.36"
103.168.21.194 - - [21/Dec/2025:04:50:09 +0100] "GET /wp-login.php HTTP/1.1" 200 9310 "-" "Mozilla/5.0 (Windows NT 6.3; Win64; x64; Trident/7.0; MAGWJS; rv:11.0) like Gecko"
66.249.66.163 - - [21/Dec/2025:04:50:19 +0100] "GET /wp-content/uploads/elementor/css/post-97.css?ver=1766268503 HTTP/1.1" 200 4895 "https://www.readytorun.it/shop/" "Mozilla/5.0 AppleWebKit/537.36 (KHTML, like Gecko; compatible; Googlebot/2.1; +http://www.google.com/bot.html) Chrome/141.0.7390.122 Safari/537.36"
51.38.211.120 - - [21/Dec/2025:04:50:15 +0100] "POST /wp-cron.php?doing_wp_cron=1766289015.2335441112518310546875 HTTP/1.1" 200 4069 "-" "WordPress/6.9; https://www.readytorun.it"
66.249.66.14 - - [21/Dec/2025:04:50:24 +0100] "GET /wp-content/uploads/elementor/css/post-329.css?ver=1766268878 HTTP/1.1" 200 4378 "https://www.readytorun.it/shop/" "Mozilla/5.0 AppleWebKit/537.36 (KHTML, like Gecko; compatible; Googlebot/2.1; +http://www.google.com/bot.html) Chrome/141.0.7390.122 Safari/537.36"
103.168.21.194 - - [21/Dec/2025:04:50:18 +0100] "POST /wp-login.php HTTP/1.1" 503 19651 "https://www.readytorun.it/wp-login.php" "Mozilla/5.0 (Windows NT 6.3; Win64; x64; Trident/7.0; MAGWJS; rv:11.0) like Gecko"
40.77.167.243 - - [21/Dec/2025:04:50:26 +0100] "GET /wp-content/uploads/2023/07/7e8a264f-c65d-4311-a5cd-65ace3030217-768x1037.jpg HTTP/1.1" 200 85195 "-" "Mozilla/5.0 AppleWebKit/537.36 (KHTML, like Gecko; compatible; bingbot/2.0; +http://www.bing.com/bingbot.htm) Chrome/116.0.1938.76 Safari/537.36"
66.249.66.199 - - [21/Dec/2025:04:50:29 +0100] "GET /wp-content/plugins/cookie-notice/js/front.min.js?ver=2.5.11 HTTP/1.1" 200 6412 "https://www.readytorun.it/shop/" "Mozilla/5.0 AppleWebKit/537.36 (KHTML, like Gecko; compatible; Googlebot/2.1; +http://www.google.com/bot.html) Chrome/141.0.7390.122 Safari/537.36"
66.249.66.14 - - [21/Dec/2025:04:50:36 +0100] "GET /wp-content/uploads/elementor/css/post-293.css?ver=1766268503 HTTP/1.1" 200 5414 "https://www.readytorun.it/shop/" "Mozilla/5.0 AppleWebKit/537.36 (KHTML, like Gecko; compatible; Googlebot/2.1; +http://www.google.com/bot.html) Chrome/141.0.7390.122 Safari/537.36"
114.119.131.211 - - [21/Dec/2025:04:51:31 +0100] "GET /chiodate-scarpe-uomo-home/ HTTP/1.1" 200 47912 "https://www.readytorun.it/product_cat-sitemap.xml" "Mozilla/5.0 (Linux; Android 7.0;) AppleWebKit/537.36 (KHTML, like Gecko) Mobile Safari/537.36 (compatible; PetalBot;+https://webmaster.petalsearch.com/site/petalbot)"
51.38.211.120 - - [21/Dec/2025:04:51:35 +0100] "POST /wp-cron.php?doing_wp_cron=1766289095.5524408817291259765625 HTTP/1.1" 200 4069 "-" "WordPress/6.9; https://www.readytorun.it"
207.46.13.78 - - [21/Dec/2025:04:51:44 +0100] "GET /wp-content/uploads/2022/12/3f0fc692-ac8e-4fd0-9dc9-6093c9801e0c-50x50.jpeg HTTP/1.1" 200 4963 "-" "Mozilla/5.0 AppleWebKit/537.36 (KHTML, like Gecko; compatible; bingbot/2.0; +http://www.bing.com/bingbot.htm) Chrome/116.0.1938.76 Safari/537.36"
40.77.167.243 - - [21/Dec/2025:04:52:05 +0100] "GET /wp-content/uploads/2022/08/8eed93e3-573c-4086-b330-dd9a1413ca7d-150x150.jpg HTTP/1.1" 200 7125 "-" "Mozilla/5.0 AppleWebKit/537.36 (KHTML, like Gecko; compatible; bingbot/2.0; +http://www.bing.com/bingbot.htm) Chrome/116.0.1938.76 Safari/537.36"
207.46.13.78 - - [21/Dec/2025:04:52:14 +0100] "GET /wp-content/uploads/2024/01/eb99b84f-7caa-4ef7-95c3-5480e3e4f8a4.jpg HTTP/1.1" 200 102473 "-" "Mozilla/5.0 AppleWebKit/537.36 (KHTML, like Gecko; compatible; bingbot/2.0; +http://www.bing.com/bingbot.htm) Chrome/116.0.1938.76 Safari/537.36"
114.119.159.148 - - [21/Dec/2025:04:52:53 +0100] "GET /chiodate-scarpe-unisex-home/ufcmdg1/ HTTP/1.1" 200 48491 "https://www.readytorun.it/product-sitemap3.xml" "Mozilla/5.0 (Linux; Android 7.0;) AppleWebKit/537.36 (KHTML, like Gecko) Mobile Safari/537.36 (compatible; PetalBot;+https://webmaster.petalsearch.com/site/petalbot)"
51.38.211.120 - - [21/Dec/2025:04:52:58 +0100] "POST /wp-cron.php?doing_wp_cron=1766289178.2519850730895996093750 HTTP/1.1" 200 4069 "-" "WordPress/6.9; https://www.readytorun.it"
85.208.96.212 - - [21/Dec/2025:04:53:23 +0100] "GET /a3-massimo-ammortizzamento-scarpe-uomo-home/ih8662/ HTTP/1.1" 200 42618 "-" "Mozilla/5.0 (compatible; SemrushBot/7~bl; +http://www.semrush.com/bot.html)"
40.77.167.243 - - [21/Dec/2025:04:54:20 +0100] "GET /wp-content/uploads/2023/02/1c010697-b3d1-47d2-b9cb-36888849f03b-1-300x300.jpg HTTP/1.1" 200 10317 "-" "Mozilla/5.0 AppleWebKit/537.36 (KHTML, like Gecko; compatible; bingbot/2.0; +http://www.bing.com/bingbot.htm) Chrome/116.0.1938.76 Safari/537.36"
114.119.148.165 - - [21/Dec/2025:04:54:18 +0100] "GET /chiodate-scarpe-unisex-home/u1ga233203/ HTTP/1.1" 200 48376 "https://www.readytorun.it/product-sitemap3.xml" "Mozilla/5.0 (Linux; Android 7.0;) AppleWebKit/537.36 (KHTML, like Gecko) Mobile Safari/537.36 (compatible; PetalBot;+https://webmaster.petalsearch.com/site/petalbot)"
51.38.211.120 - - [21/Dec/2025:04:54:24 +0100] "POST /wp-cron.php?doing_wp_cron=1766289264.2339351177215576171875 HTTP/1.1" 200 4069 "-" "WordPress/6.9; https://www.readytorun.it"
40.77.167.243 - - [21/Dec/2025:04:54:46 +0100] "GET /wp-content/uploads/2023/03/abd2301d-7005-4b57-ba8c-c20f124e2243-500x667.jpg HTTP/1.1" 200 20789 "-" "Mozilla/5.0 AppleWebKit/537.36 (KHTML, like Gecko; compatible; bingbot/2.0; +http://www.bing.com/bingbot.htm) Chrome/116.0.1938.76 Safari/537.36"
66.249.66.201 - - [21/Dec/2025:04:55:04 +0100] "GET /wp-content/uploads/2022/04/c5c41f98-1f65-4e32-96b6-a2135a95548b.png HTTP/1.1" 304 3914 "-" "Googlebot-Image/1.0"
66.175.56.109 - - [21/Dec/2025:04:54:59 +0100] "POST /xmlrpc.php HTTP/1.1" 503 23228 "-" "Mozilla/5.0 (Windows NT 6.3; WOW64; Trident/7.0; MATMJS; rv:11.0) like Gecko"
51.38.211.120 - - [21/Dec/2025:04:55:04 +0100] "POST /wp-cron.php?doing_wp_cron=1766289304.5531730651855468750000 HTTP/1.1" 200 4069 "-" "WordPress/6.9; https://www.readytorun.it"
66.175.56.109 - - [21/Dec/2025:04:55:20 +0100] "POST /xmlrpc.php HTTP/1.1" 503 22273 "-" "Mozilla/5.0 (Windows NT 6.3; WOW64; Trident/7.0; MATMJS; rv:11.0) like Gecko"
114.119.133.204 - - [21/Dec/2025:04:55:41 +0100] "GET /chiodate-scarpe-unisex-home/ji1213/ HTTP/1.1" 200 47870 "https://www.readytorun.it/product-sitemap3.xml" "Mozilla/5.0 (Linux; Android 7.0;) AppleWebKit/537.36 (KHTML, like Gecko) Mobile Safari/537.36 (compatible; PetalBot;+https://webmaster.petalsearch.com/site/petalbot)"
17.246.23.35 - - [21/Dec/2025:04:55:52 +0100] "GET /wp-content/uploads/2024/03/9c2c5f8b-23e3-4d62-b688-30f129788e58-scaled.jpg HTTP/1.1" 200 453453 "-" "Mozilla/5.0 (Macintosh; Intel Mac OS X 10_15_7) AppleWebKit/605.1.15 (KHTML, like Gecko) Version/17.4 Safari/605.1.15 (Applebot/0.1; +http://www.apple.com/go/applebot)"
51.38.211.120 - - [21/Dec/2025:04:55:46 +0100] "POST /?wordfence_syncAttackData=1766289346.8419 HTTP/1.1" 200 3981 "-" "WordPress/6.9; https://www.readytorun.it"
51.38.211.120 - - [21/Dec/2025:04:55:48 +0100] "POST /wp-cron.php?doing_wp_cron=1766289348.5027949810028076171875 HTTP/1.1" 200 4069 "-" "WordPress/6.9; https://www.readytorun.it"
17.241.219.28 - - [21/Dec/2025:04:55:57 +0100] "GET /wp-content/uploads/2022/06/be32371b-9df1-46ec-9e95-779d5e55c436.jpg HTTP/1.1" 200 111844 "-" "Mozilla/5.0 (Macintosh; Intel Mac OS X 10_15_7) AppleWebKit/605.1.15 (KHTML, like Gecko) Version/17.4 Safari/605.1.15 (Applebot/0.1; +http://www.apple.com/go/applebot)"
17.22.237.80 - - [21/Dec/2025:04:56:22 +0100] "GET /wp-content/uploads/2022/03/cde2d7da-cc15-47f0-8c77-f95ed3a934f3.png HTTP/1.1" 200 797044 "-" "Mozilla/5.0 (Macintosh; Intel Mac OS X 10_15_7) AppleWebKit/605.1.15 (KHTML, like Gecko) Version/17.4 Safari/605.1.15 (Applebot/0.1; +http://www.apple.com/go/applebot)"
216.244.66.238 - - [21/Dec/2025:04:57:03 +0100] "GET /robots.txt HTTP/1.1" 200 897 "-" "Mozilla/5.0 (compatible; DotBot/1.2; +https://opensiteexplorer.org/dotbot; help@moz.com)"
216.244.66.238 - - [21/Dec/2025:04:57:01 +0100] "GET /robots.txt HTTP/1.1" 301 257 "-" "Mozilla/5.0 (compatible; DotBot/1.2; +https://opensiteexplorer.org/dotbot; help@moz.com)"
114.119.157.118 - - [21/Dec/2025:04:57:05 +0100] "GET /chiodate-scarpe-unisex-home/ji1212/ HTTP/1.1" 200 48876 "https://www.readytorun.it/product-sitemap3.xml" "Mozilla/5.0 (Linux; Android 7.0;) AppleWebKit/537.36 (KHTML, like Gecko) Mobile Safari/537.36 (compatible; PetalBot;+https://webmaster.petalsearch.com/site/petalbot)"
216.244.66.238 - - [21/Dec/2025:04:57:09 +0100] "GET /robots.txt HTTP/1.1" 200 897 "-" "Mozilla/5.0 (compatible; DotBot/1.2; +https://opensiteexplorer.org/dotbot; help@moz.com)"
40.77.167.243 - - [21/Dec/2025:04:57:50 +0100] "GET /wp-content/uploads/2022/06/1d8f2e43-2c24-4d8d-90a7-4dc7993c4c8c-1-768x768.jpg HTTP/1.1" 200 48370 "-" "Mozilla/5.0 AppleWebKit/537.36 (KHTML, like Gecko; compatible; bingbot/2.0; +http://www.bing.com/bingbot.htm) Chrome/116.0.1938.76 Safari/537.36"
66.249.66.200 - - [21/Dec/2025:04:58:03 +0100] "GET /black-friday/gx9777/ HTTP/1.1" 200 47853 "-" "Mozilla/5.0 (Linux; Android 6.0.1; Nexus 5X Build/MMB29P) AppleWebKit/537.36 (KHTML, like Gecko) Chrome/141.0.7390.122 Mobile Safari/537.36 (compatible; Googlebot/2.1; +http://www.google.com/bot.html)"
51.38.211.120 - - [21/Dec/2025:04:58:09 +0100] "POST /wp-cron.php?doing_wp_cron=1766289489.3367729187011718750000 HTTP/1.1" 200 4069 "-" "WordPress/6.9; https://www.readytorun.it"
40.77.167.243 - - [21/Dec/2025:04:58:17 +0100] "GET /wp-content/uploads/2024/01/60dbe667-c512-4852-a814-e7e176c0892d-50x50.jpg HTTP/1.1" 200 4933 "-" "Mozilla/5.0 AppleWebKit/537.36 (KHTML, like Gecko; compatible; bingbot/2.0; +http://www.bing.com/bingbot.htm) Chrome/116.0.1938.76 Safari/537.36"
81.88.49.53 - - [21/Dec/2025:04:58:13 +0100] "GET /wp-login.php HTTP/1.1" 200 9310 "-" "Mozilla/5.0 (Macintosh; Intel Mac OS X 10_13_2) AppleWebKit/537.36 (KHTML, like Gecko) Chrome/66.0.3359.139 Safari/537.36"
66.249.66.39 - - [21/Dec/2025:04:58:19 +0100] "POST /?reycore-ajax=related_products HTTP/1.1" 200 7419 "https://www.readytorun.it/black-friday/gx9777/" "Mozilla/5.0 (Linux; Android 6.0.1; Nexus 5X Build/MMB29P) AppleWebKit/537.36 (KHTML, like Gecko) Chrome/141.0.7390.122 Mobile Safari/537.36 (compatible; Googlebot/2.1; +http://www.google.com/bot.html)"
81.88.49.53 - - [21/Dec/2025:04:58:21 +0100] "POST /wp-login.php HTTP/1.1" 503 19651 "https://www.readytorun.it/wp-login.php" "Mozilla/5.0 (Macintosh; Intel Mac OS X 10_13_2) AppleWebKit/537.36 (KHTML, like Gecko) Chrome/66.0.3359.139 Safari/537.36"
114.119.159.148 - - [21/Dec/2025:04:58:28 +0100] "GET /chiodate-scarpe-unisex-home/if9406/ HTTP/1.1" 200 46443 "https://www.readytorun.it/product-sitemap3.xml" "Mozilla/5.0 (Linux; Android 7.0;) AppleWebKit/537.36 (KHTML, like Gecko) Mobile Safari/537.36 (compatible; PetalBot;+https://webmaster.petalsearch.com/site/petalbot)"
216.244.66.238 - - [21/Dec/2025:04:59:18 +0100] "GET /calze-unisex-home/ HTTP/1.1" 200 275633 "-" "Mozilla/5.0 (compatible; DotBot/1.2; +https://opensiteexplorer.org/dotbot; help@moz.com)"
114.119.148.165 - - [21/Dec/2025:04:59:52 +0100] "GET /chiodate-scarpe-unisex-home/fd8414900/ HTTP/1.1" 200 47742 "https://www.readytorun.it/product-sitemap3.xml" "Mozilla/5.0 (Linux; Android 7.0;) AppleWebKit/537.36 (KHTML, like Gecko) Mobile Safari/537.36 (compatible; PetalBot;+https://webmaster.petalsearch.com/site/petalbot)"
216.244.66.238 - - [21/Dec/2025:04:59:51 +0100] "GET /tank-abbigliamento-unisex-home/ HTTP/1.1" 200 206108 "-" "Mozilla/5.0 (compatible; DotBot/1.2; +https://opensiteexplorer.org/dotbot; help@moz.com)"
20.4.55.181 - - [21/Dec/2025:05:00:10 +0100] "GET /wp-json/wc/v2/taxes HTTP/1.1" 200 4903 "-" "-"
20.4.55.181 - - [21/Dec/2025:05:00:14 +0100] "GET /wp-json/wc/v2/orders?after=2025-12-16%2004:00:14&per_page=100 HTTP/1.1" 200 5760 "-" "-"
34.138.212.53 - - [21/Dec/2025:05:00:24 +0100] "GET /home/ HTTP/1.0" 200 49624 "-" "ZoominfoBot (zoominfobot at zoominfo dot com)"
40.77.167.243 - - [21/Dec/2025:05:00:27 +0100] "GET /super-offerta/287827/ HTTP/1.1" 200 44609 "-" "Mozilla/5.0 AppleWebKit/537.36 (KHTML, like Gecko; compatible; bingbot/2.0; +http://www.bing.com/bingbot.htm) Chrome/116.0.1938.76 Safari/537.36"
51.38.211.120 - - [21/Dec/2025:05:00:30 +0100] "POST /wp-cron.php?doing_wp_cron=1766289630.2080509662628173828125 HTTP/1.1" 200 4069 "-" "WordPress/6.9; https://www.readytorun.it"
40.77.167.243 - - [21/Dec/2025:05:00:41 +0100] "GET /wp-content/uploads/2022/02/cf9fb120-1ee8-4c50-b3f3-379824705e55.jpg HTTP/1.1" 200 37432 "-" "Mozilla/5.0 AppleWebKit/537.36 (KHTML, like Gecko; compatible; bingbot/2.0; +http://www.bing.com/bingbot.htm) Chrome/116.0.1938.76 Safari/537.36"
40.77.167.243 - - [21/Dec/2025:05:00:42 +0100] "GET /wp-content/uploads/2021/11/63c6caa0-2ebe-466e-aaff-91910f82f311-1-225x300.jpg HTTP/1.1" 200 15402 "-" "Mozilla/5.0 AppleWebKit/537.36 (KHTML, like Gecko; compatible; bingbot/2.0; +http://www.bing.com/bingbot.htm) Chrome/116.0.1938.76 Safari/537.36"
114.119.148.165 - - [21/Dec/2025:05:01:15 +0100] "GET /chiodate-scarpe-unisex-home/fd8413800/ HTTP/1.1" 200 47917 "https://www.readytorun.it/product-sitemap3.xml" "Mozilla/5.0 (Linux; Android 7.0;) AppleWebKit/537.36 (KHTML, like Gecko) Mobile Safari/537.36 (compatible; PetalBot;+https://webmaster.petalsearch.com/site/petalbot)"
51.38.211.120 - - [21/Dec/2025:05:01:22 +0100] "POST /wp-cron.php?doing_wp_cron=1766289682.0477280616760253906250 HTTP/1.1" 200 4069 "-" "WordPress/6.9; https://www.readytorun.it"
216.244.66.238 - - [21/Dec/2025:05:02:15 +0100] "GET /calze-unisex-home/run-up-short001/ HTTP/1.1" 200 171969 "-" "Mozilla/5.0 (compatible; DotBot/1.2; +https://opensiteexplorer.org/dotbot; help@moz.com)"
51.38.211.120 - - [21/Dec/2025:05:02:20 +0100] "POST /wp-cron.php?doing_wp_cron=1766289740.4158389568328857421875 HTTP/1.1" 200 269 "-" "WordPress/6.9; https://www.readytorun.it"
114.119.154.124 - - [21/Dec/2025:05:02:39 +0100] "GET /chiodate-scarpe-unisex-home/77-3025460100/ HTTP/1.1" 200 48054 "https://www.readytorun.it/product-sitemap3.xml" "Mozilla/5.0 (Linux; Android 7.0;) AppleWebKit/537.36 (KHTML, like Gecko) Mobile Safari/537.36 (compatible; PetalBot;+https://webmaster.petalsearch.com/site/petalbot)"
51.38.211.120 - - [21/Dec/2025:05:02:45 +0100] "POST /wp-cron.php?doing_wp_cron=1766289765.0022289752960205078125 HTTP/1.1" 200 4069 "-" "WordPress/6.9; https://www.readytorun.it"
216.244.66.238 - - [21/Dec/2025:05:03:25 +0100] "GET /size/10-5/page/6/ HTTP/1.1" 200 271702 "-" "Mozilla/5.0 (compatible; DotBot/1.2; +https://opensiteexplorer.org/dotbot; help@moz.com)"
157.55.39.205 - - [21/Dec/2025:05:03:45 +0100] "GET /wp-content/uploads/2021/12/0e230d72-42af-4512-b45c-7df28da63a1d-1-1152x1536.jpg HTTP/1.1" 200 186303 "-" "Mozilla/5.0 AppleWebKit/537.36 (KHTML, like Gecko; compatible; bingbot/2.0; +http://www.bing.com/bingbot.htm) Chrome/116.0.1938.76 Safari/537.36"
114.119.157.118 - - [21/Dec/2025:05:04:03 +0100] "GET /chiodate-scarpe-unisex-home/37796101/ HTTP/1.1" 200 48438 "https://www.readytorun.it/product-sitemap3.xml" "Mozilla/5.0 (Linux; Android 7.0;) AppleWebKit/537.36 (KHTML, like Gecko) Mobile Safari/537.36 (compatible; PetalBot;+https://webmaster.petalsearch.com/site/petalbot)"
51.38.211.120 - - [21/Dec/2025:05:04:08 +0100] "POST /wp-cron.php?doing_wp_cron=1766289847.9667279720306396484375 HTTP/1.1" 200 4069 "-" "WordPress/6.9; https://www.readytorun.it"
216.244.66.238 - - [21/Dec/2025:05:04:06 +0100] "GET /size/10/page/10/ HTTP/1.1" 200 273094 "-" "Mozilla/5.0 (compatible; DotBot/1.2; +https://opensiteexplorer.org/dotbot; help@moz.com)"
40.77.167.65 - - [21/Dec/2025:05:04:28 +0100] "GET /wp-content/uploads/2022/09/aef21ab4-9361-4f36-b938-383e34fb9512-50x50.jpg HTTP/1.1" 200 5207 "-" "Mozilla/5.0 AppleWebKit/537.36 (KHTML, like Gecko; compatible; bingbot/2.0; +http://www.bing.com/bingbot.htm) Chrome/116.0.1938.76 Safari/537.36"
157.55.39.205 - - [21/Dec/2025:05:04:36 +0100] "GET /wp-content/uploads/2021/11/da98f093-079b-46cc-8e24-61e473ec34a6-50x50.jpg HTTP/1.1" 200 5162 "-" "Mozilla/5.0 AppleWebKit/537.36 (KHTML, like Gecko; compatible; bingbot/2.0; +http://www.bing.com/bingbot.htm) Chrome/116.0.1938.76 Safari/537.36"
72.25.70.131 - - [21/Dec/2025:05:04:41 +0100] "GET /wp-content/uploads/2022/04/98bdd741-570a-444f-93fa-4a36b987eeea-500x667.jpg HTTP/1.1" 200 29778 "-" "Mozilla/5.0 (X11; Ubuntu; Linux x86_64; rv:72.0) Gecko/20100101 Firefox/72.0"
216.244.66.238 - - [21/Dec/2025:05:04:48 +0100] "GET /size/11-5/page/6/ HTTP/1.1" 200 271702 "-" "Mozilla/5.0 (compatible; DotBot/1.2; +https://opensiteexplorer.org/dotbot; help@moz.com)"
51.38.211.120 - - [21/Dec/2025:05:04:54 +0100] "POST /wp-cron.php?doing_wp_cron=1766289894.2390809059143066406250 HTTP/1.1" 200 269 "-" "WordPress/6.9; https://www.readytorun.it"
114.119.133.204 - - [21/Dec/2025:05:05:26 +0100] "GET /chiodate-scarpe-unisex-home/100039308/ HTTP/1.1" 200 48125 "https://www.readytorun.it/product-sitemap3.xml" "Mozilla/5.0 (Linux; Android 7.0;) AppleWebKit/537.36 (KHTML, like Gecko) Mobile Safari/537.36 (compatible; PetalBot;+https://webmaster.petalsearch.com/site/petalbot)"
51.38.211.120 - - [21/Dec/2025:05:05:31 +0100] "POST /wp-cron.php?doing_wp_cron=1766289931.0028619766235351562500 HTTP/1.1" 200 4069 "-" "WordPress/6.9; https://www.readytorun.it"
216.244.66.238 - - [21/Dec/2025:05:05:31 +0100] "GET /size/11/page/19/ HTTP/1.1" 200 273094 "-" "Mozilla/5.0 (compatible; DotBot/1.2; +https://opensiteexplorer.org/dotbot; help@moz.com)"
216.244.66.238 - - [21/Dec/2025:05:06:09 +0100] "GET /size/4/page/19/ HTTP/1.1" 200 273099 "-" "Mozilla/5.0 (compatible; DotBot/1.2; +https://opensiteexplorer.org/dotbot; help@moz.com)"
51.38.211.120 - - [21/Dec/2025:05:06:14 +0100] "POST /wp-cron.php?doing_wp_cron=1766289974.3699009418487548828125 HTTP/1.1" 200 269 "-" "WordPress/6.9; https://www.readytorun.it"
216.244.66.238 - - [21/Dec/2025:05:06:44 +0100] "GET /size/7/page/15/ HTTP/1.1" 200 273705 "-" "Mozilla/5.0 (compatible; DotBot/1.2; +https://opensiteexplorer.org/dotbot; help@moz.com)"
114.119.157.118 - - [21/Dec/2025:05:06:49 +0100] "GET /chiodate-scarpe-unisex-home/ HTTP/1.1" 200 48967 "https://www.readytorun.it/product_cat-sitemap.xml" "Mozilla/5.0 (Linux; Android 7.0;) AppleWebKit/537.36 (KHTML, like Gecko) Mobile Safari/537.36 (compatible; PetalBot;+https://webmaster.petalsearch.com/site/petalbot)"
51.38.211.120 - - [21/Dec/2025:05:06:51 +0100] "POST /wp-cron.php?doing_wp_cron=1766290011.0109350681304931640625 HTTP/1.1" 200 269 "-" "WordPress/6.9; https://www.readytorun.it"
216.244.66.238 - - [21/Dec/2025:05:07:25 +0100] "GET /size/7/page/36/ HTTP/1.1" 200 273705 "-" "Mozilla/5.0 (compatible; DotBot/1.2; +https://opensiteexplorer.org/dotbot; help@moz.com)"
43.131.39.179 - - [21/Dec/2025:05:07:40 +0100] "GET /shop/?attro-brand=677 HTTP/1.1" 200 42708 "-" "Mozilla/5.0 (iPhone; CPU iPhone OS 13_2_3 like Mac OS X) AppleWebKit/605.1.15 (KHTML, like Gecko) Version/13.0.3 Mobile/15E148 Safari/604.1"
51.38.211.120 - - [21/Dec/2025:05:07:46 +0100] "POST /wp-cron.php?doing_wp_cron=1766290066.1530210971832275390625 HTTP/1.1" 200 4069 "-" "WordPress/6.9; https://www.readytorun.it"
216.244.66.238 - - [21/Dec/2025:05:08:01 +0100] "GET /wp-content/uploads/2022/02/5313c3c0-3a42-450a-832d-9af261d40de2.jpg HTTP/1.1" 200 201718 "-" "Mozilla/5.0 (compatible; DotBot/1.2; +https://opensiteexplorer.org/dotbot; help@moz.com)"
114.119.146.215 - - [21/Dec/2025:05:08:14 +0100] "GET /calze-unisex-home/62-230561/ HTTP/1.1" 200 45906 "https://www.readytorun.it/product-sitemap3.xml" "Mozilla/5.0 (Linux; Android 7.0;) AppleWebKit/537.36 (KHTML, like Gecko) Mobile Safari/537.36 (compatible; PetalBot;+https://webmaster.petalsearch.com/site/petalbot)"
157.55.39.205 - - [21/Dec/2025:05:08:16 +0100] "GET /wp-content/uploads/2022/03/2dace6be-64cf-4283-b6cc-5a0f35ba09ee-768x1041.jpg HTTP/1.1" 404 50061 "-" "Mozilla/5.0 AppleWebKit/537.36 (KHTML, like Gecko; compatible; bingbot/2.0; +http://www.bing.com/bingbot.htm) Chrome/116.0.1938.76 Safari/537.36"
51.38.211.120 - - [21/Dec/2025:05:08:19 +0100] "POST /wp-cron.php?doing_wp_cron=1766290099.6977889537811279296875 HTTP/1.1" 200 4069 "-" "WordPress/6.9; https://www.readytorun.it"
47.128.59.150 - - [21/Dec/2025:05:08:19 +0100] "GET /shop/page/65/ HTTP/1.1" 200 47752 "-" "Mozilla/5.0 (Linux; Android 5.0) AppleWebKit/537.36 (KHTML, like Gecko) Mobile Safari/537.36 (compatible; Bytespider; spider-feedback@bytedance.com)"
47.128.59.150 - - [21/Dec/2025:05:08:26 +0100] "GET /wp-content/uploads/2022/03/cfc9ce67-9472-40ac-a108-b61c11750539-500x667.png HTTP/1.1" 206 840 "https://www.readytorun.it/shop/page/65/" "Mozilla/5.0 (Linux; Android 5.0) AppleWebKit/537.36 (KHTML, like Gecko) Mobile Safari/537.36 (compatible; Bytespider; spider-feedback@bytedance.com)"
47.128.59.150 - - [21/Dec/2025:05:08:27 +0100] "GET /wp-content/uploads/2022/03/9083bf27-94fd-4e9c-8690-f66d0911fb11-500x667.png HTTP/1.1" 206 840 "https://www.readytorun.it/shop/page/65/" "Mozilla/5.0 (Linux; Android 5.0) AppleWebKit/537.36 (KHTML, like Gecko) Mobile Safari/537.36 (compatible; Bytespider; spider-feedback@bytedance.com)"
47.128.59.150 - - [21/Dec/2025:05:08:27 +0100] "GET /wp-content/uploads/2022/03/8f59e2f9-eb75-4546-8469-154e02589682-500x667.jpg HTTP/1.1" 206 839 "https://www.readytorun.it/shop/page/65/" "Mozilla/5.0 (Linux; Android 5.0) AppleWebKit/537.36 (KHTML, like Gecko) Mobile Safari/537.36 (compatible; Bytespider; spider-feedback@bytedance.com)"
47.128.59.150 - - [21/Dec/2025:05:08:27 +0100] "GET /wp-content/uploads/2022/03/79d3462c-97ee-42e3-a53e-c26946263f9c-500x667.jpg HTTP/1.1" 206 1397 "https://www.readytorun.it/shop/page/65/" "Mozilla/5.0 (Linux; Android 5.0) AppleWebKit/537.36 (KHTML, like Gecko) Mobile Safari/537.36 (compatible; Bytespider; spider-feedback@bytedance.com)"
