116.179.37.221 - - [21/Dec/2025:03:40:27 +0100] "GET /wp-content/plugins/elementor/assets/js/text-editor.45609661e409413f1cef.bundle.min.js HTTP/1.1" 200 4708 "https://www.readytorun.it/2024/09/" "Mozilla/5.0 (compatible; Baiduspider-render/2.0; +http://www.baidu.com/search/spider.html)"
116.179.37.47 - - [21/Dec/2025:03:40:27 +0100] "GET /wp-content/plugins/elementor/assets/js/shared-frontend-handlers.03caa53373b56d3bab67.bundle.min.js HTTP/1.1" 200 6750 "https://www.readytorun.it/2024/09/" "Mozilla/5.0 (compatible; Baiduspider-render/2.0; +http://www.baidu.com/search/spider.html)"
116.179.37.56 - - [21/Dec/2025:03:40:28 +0100] "GET /wp-content/plugins/elementor/assets/js/section-frontend-handlers.d85ab872da118940910d.bundle.min.js HTTP/1.1" 200 4329 "https://www.readytorun.it/2024/09/" "Mozilla/5.0 (compatible; Baiduspider-render/2.0; +http://www.baidu.com/search/spider.html)"
216.244.66.238 - - [21/Dec/2025:03:40:35 +0100] "GET /wp-content/uploads/2023/01/c12bf2c6-845d-4e30-b514-5279c0fa9745.jpg HTTP/1.1" 200 96636 "-" "Mozilla/5.0 (compatible; DotBot/1.2; +https://opensiteexplorer.org/dotbot; help@moz.com)"
114.119.137.45 - - [21/Dec/2025:03:40:32 +0100] "GET /rey-global-sections-sitemap.xml HTTP/1.1" 200 4773 "https://www.readytorun.it/sitemap_index.xml" "Mozilla/5.0 (Linux; Android 7.0;) AppleWebKit/537.36 (KHTML, like Gecko) Mobile Safari/537.36 (compatible; PetalBot;+https://webmaster.petalsearch.com/site/petalbot)"
51.38.211.120 - - [21/Dec/2025:03:40:37 +0100] "POST /wp-cron.php?doing_wp_cron=1766284837.2252020835876464843750 HTTP/1.1" 200 4069 "-" "WordPress/6.9; https://www.readytorun.it"
216.244.66.238 - - [21/Dec/2025:03:41:05 +0100] "GET /wp-content/uploads/2023/02/6098bc7c-97eb-4eff-82aa-99ee12db75ce.jpg HTTP/1.1" 200 123176 "-" "Mozilla/5.0 (compatible; DotBot/1.2; +https://opensiteexplorer.org/dotbot; help@moz.com)"
40.77.167.123 - - [21/Dec/2025:03:41:11 +0100] "GET /wp-content/uploads/2022/10/d5a77c87-adae-498b-a885-8d735d1680ea-1-2048x2048.jpg HTTP/1.1" 200 309213 "-" "Mozilla/5.0 AppleWebKit/537.36 (KHTML, like Gecko; compatible; bingbot/2.0; +http://www.bing.com/bingbot.htm) Chrome/116.0.1938.76 Safari/537.36"
216.244.66.238 - - [21/Dec/2025:03:41:34 +0100] "GET /wp-content/uploads/2023/02/9c34914c-8aa7-4cb9-92ee-3684fbeafc2c-1.jpg HTTP/1.1" 200 43698 "-" "Mozilla/5.0 (compatible; DotBot/1.2; +https://opensiteexplorer.org/dotbot; help@moz.com)"
41.185.8.144 - - [21/Dec/2025:03:41:34 +0100] "POST /xmlrpc.php HTTP/1.1" 503 23228 "-" "Mozilla/5.0 (Windows NT 6.3; Win64; x64; Trident/7.0; MAARJS; rv:11.0) like Gecko"
34.138.212.53 - - [21/Dec/2025:03:41:54 +0100] "GET /abbigliamento-uomo-home/ke2280/ HTTP/1.0" 200 46458 "-" "ZoominfoBot (zoominfobot at zoominfo dot com)"
114.119.142.12 - - [21/Dec/2025:03:41:56 +0100] "GET /product_tag-sitemap.xml HTTP/1.1" 200 4456 "https://www.readytorun.it/sitemap_index.xml" "Mozilla/5.0 (Linux; Android 7.0;) AppleWebKit/537.36 (KHTML, like Gecko) Mobile Safari/537.36 (compatible; PetalBot;+https://webmaster.petalsearch.com/site/petalbot)"
216.244.66.238 - - [21/Dec/2025:03:42:01 +0100] "GET /wp-content/uploads/2024/03/0d91d5f8-a161-4ed2-aa1e-ce6d5d4e89a7.jpg HTTP/1.1" 200 6352376 "-" "Mozilla/5.0 (compatible; DotBot/1.2; +https://opensiteexplorer.org/dotbot; help@moz.com)"
51.38.211.120 - - [21/Dec/2025:03:42:00 +0100] "POST /wp-cron.php?doing_wp_cron=1766284920.2064740657806396484375 HTTP/1.1" 200 4069 "-" "WordPress/6.9; https://www.readytorun.it"
216.244.66.238 - - [21/Dec/2025:03:42:34 +0100] "GET /wp-content/uploads/2024/06/05821696-1238-44c5-ba0a-f927defa7e69.jpg HTTP/1.1" 200 73702 "-" "Mozilla/5.0 (compatible; DotBot/1.2; +https://opensiteexplorer.org/dotbot; help@moz.com)"
47.82.11.9 - - [21/Dec/2025:03:42:37 +0100] "GET /home/page/45 HTTP/1.1" 301 4046 "https://www.readytorun.it/" "Mozilla/5.0 (Windows NT 10.0; Win64; x64) AppleWebKit/537.36 (KHTML, like Gecko) Chrome/135.0.0.0 Safari/537.36"
51.38.211.120 - - [21/Dec/2025:03:42:43 +0100] "POST /wp-cron.php?doing_wp_cron=1766284963.2494730949401855468750 HTTP/1.1" 200 4069 "-" "WordPress/6.9; https://www.readytorun.it"
47.82.11.9 - - [21/Dec/2025:03:42:44 +0100] "GET /home/page/45/ HTTP/1.1" 200 44016 "https://www.readytorun.it/" "Mozilla/5.0 (Windows NT 10.0; Win64; x64) AppleWebKit/537.36 (KHTML, like Gecko) Chrome/135.0.0.0 Safari/537.36"
216.244.66.238 - - [21/Dec/2025:03:43:03 +0100] "GET /wp-content/uploads/2024/07/bf34f550-48eb-428c-9236-39c96e5b6c3a.jpg HTTP/1.1" 200 124771 "-" "Mozilla/5.0 (compatible; DotBot/1.2; +https://opensiteexplorer.org/dotbot; help@moz.com)"
207.46.13.83 - - [21/Dec/2025:03:43:19 +0100] "GET /linea/trail/ HTTP/1.1" 200 45361 "-" "Mozilla/5.0 AppleWebKit/537.36 (KHTML, like Gecko; compatible; bingbot/2.0; +http://www.bing.com/bingbot.htm) Chrome/116.0.1938.76 Safari/537.36"
40.77.167.123 - - [21/Dec/2025:03:43:23 +0100] "GET /wp-content/uploads/2022/06/d00a210a-f74a-4dd1-8f0b-d3c845d4a41b-800x800.jpg HTTP/1.1" 200 33995 "-" "Mozilla/5.0 AppleWebKit/537.36 (KHTML, like Gecko; compatible; bingbot/2.0; +http://www.bing.com/bingbot.htm) Chrome/116.0.1938.76 Safari/537.36"
8.217.213.165 - - [21/Dec/2025:03:43:27 +0100] "GET /wp-content/uploads/2022/03/aa8fdc0f-9e32-4d43-bc76-7846a2dd0946.png HTTP/1.1" 200 1745221 "-" "AliyunSecBot/Aliyun (AliyunSecBot@service.alibaba.com)"
216.244.66.238 - - [21/Dec/2025:03:43:32 +0100] "GET /wp-content/uploads/2024/11/00002a75-93ac-424f-881d-0fc4456f1c08.png HTTP/1.1" 200 332511 "-" "Mozilla/5.0 (compatible; DotBot/1.2; +https://opensiteexplorer.org/dotbot; help@moz.com)"
114.119.151.170 - - [21/Dec/2025:03:43:35 +0100] "GET /product_cat-sitemap.xml HTTP/1.1" 200 6256 "https://www.readytorun.it/sitemap_index.xml" "Mozilla/5.0 (Linux; Android 7.0;) AppleWebKit/537.36 (KHTML, like Gecko) Mobile Safari/537.36 (compatible; PetalBot;+https://webmaster.petalsearch.com/site/petalbot)"
207.46.13.83 - - [21/Dec/2025:03:43:47 +0100] "GET /wp-content/uploads/elementor/css/post-329.css?ver=1766268878 HTTP/1.1" 200 4478 "-" "Mozilla/5.0 AppleWebKit/537.36 (KHTML, like Gecko; compatible; bingbot/2.0; +http://www.bing.com/bingbot.htm) Chrome/116.0.1938.76 Safari/537.36"
216.244.66.238 - - [21/Dec/2025:03:44:00 +0100] "GET /wp-content/uploads/2024/12/df816e2e-64f8-4771-a4ad-015bf4da3549.jpg HTTP/1.1" 200 74046 "-" "Mozilla/5.0 (compatible; DotBot/1.2; +https://opensiteexplorer.org/dotbot; help@moz.com)"
52.167.144.136 - - [21/Dec/2025:03:44:04 +0100] "GET /wp-content/uploads/2023/02/4fce434f-ef8d-4dcd-ab78-01f88ddbcc16-1.jpg HTTP/1.1" 200 281542 "-" "Mozilla/5.0 AppleWebKit/537.36 (KHTML, like Gecko; compatible; bingbot/2.0; +http://www.bing.com/bingbot.htm) Chrome/116.0.1938.76 Safari/537.36"
216.244.66.238 - - [21/Dec/2025:03:44:27 +0100] "GET /senza-categoria/31114010/ HTTP/1.1" 200 189937 "-" "Mozilla/5.0 (compatible; DotBot/1.2; +https://opensiteexplorer.org/dotbot; help@moz.com)"
51.38.211.120 - - [21/Dec/2025:03:44:34 +0100] "POST /wp-cron.php?doing_wp_cron=1766285074.2111039161682128906250 HTTP/1.1" 200 269 "-" "WordPress/6.9; https://www.readytorun.it"
77.90.185.10 - - [21/Dec/2025:03:44:43 +0100] "GET /wp-login.php HTTP/1.1" 200 9405 "https://www.google.de/search?q=wordpress" "Mozilla/5.0 (Macintosh; Intel Mac OS X 11_7_2) AppleWebKit/605.1.15 (KHTML, like Gecko) Version/17.2.1 Safari/605.1.15"
51.38.211.120 - - [21/Dec/2025:03:44:49 +0100] "POST /wp-cron.php?doing_wp_cron=1766285089.1760940551757812500000 HTTP/1.1" 200 4069 "-" "WordPress/6.9; https://www.readytorun.it"
77.90.185.10 - - [21/Dec/2025:03:44:50 +0100] "POST /wp-login.php HTTP/1.1" 503 19651 "https://readytorun.it/wp-login.php" "Mozilla/5.0 (Macintosh; Intel Mac OS X 10_15_7) AppleWebKit/537.36 (KHTML, like Gecko) Chrome/120.0.6099.130 Safari/537.36"
77.90.185.10 - - [21/Dec/2025:03:44:56 +0100] "GET /wp-admin/index.php HTTP/1.1" 503 23267 "https://readytorun.it/wp-login.php" "Mozilla/5.0 (Macintosh; Intel Mac OS X 10_15_7) AppleWebKit/537.36 (KHTML, like Gecko) Chrome/120.0.6099.130 Safari/537.36"
77.90.185.10 - - [21/Dec/2025:03:45:01 +0100] "GET /wp-admin/profile.php HTTP/1.1" 503 23267 "https://readytorun.it/wp-login.php" "Mozilla/5.0 (Macintosh; Intel Mac OS X 10_15_7) AppleWebKit/537.36 (KHTML, like Gecko) Chrome/120.0.6099.130 Safari/537.36"
77.90.185.10 - - [21/Dec/2025:03:45:07 +0100] "GET /wp-admin/edit.php HTTP/1.1" 503 23267 "https://readytorun.it/wp-login.php" "Mozilla/5.0 (Macintosh; Intel Mac OS X 10_15_7) AppleWebKit/537.36 (KHTML, like Gecko) Chrome/120.0.6099.130 Safari/537.36"
114.119.135.126 - - [21/Dec/2025:03:45:07 +0100] "GET /product-sitemap3.xml HTTP/1.1" 200 21501 "https://www.readytorun.it/sitemap_index.xml" "Mozilla/5.0 (Linux; Android 7.0;) AppleWebKit/537.36 (KHTML, like Gecko) Mobile Safari/537.36 (compatible; PetalBot;+https://webmaster.petalsearch.com/site/petalbot)"
20.4.55.181 - - [21/Dec/2025:03:45:09 +0100] "GET /wp-json/wc/v2/taxes HTTP/1.1" 200 4903 "-" "-"
77.90.185.10 - - [21/Dec/2025:03:45:13 +0100] "GET /wp-admin/plugins.php HTTP/1.1" 503 23267 "https://readytorun.it/wp-login.php" "Mozilla/5.0 (Macintosh; Intel Mac OS X 10_15_7) AppleWebKit/537.36 (KHTML, like Gecko) Chrome/120.0.6099.130 Safari/537.36"
51.38.211.120 - - [21/Dec/2025:03:45:13 +0100] "POST /wp-cron.php?doing_wp_cron=1766285113.8244709968566894531250 HTTP/1.1" 200 4069 "-" "WordPress/6.9; https://www.readytorun.it"
20.4.55.181 - - [21/Dec/2025:03:45:14 +0100] "GET /wp-json/wc/v2/orders?after=2025-12-16%2002:45:14&per_page=100 HTTP/1.1" 200 5760 "-" "-"
77.90.185.10 - - [21/Dec/2025:03:45:20 +0100] "POST /wp-login.php HTTP/1.1" 503 22321 "https://readytorun.it/wp-login.php" "Mozilla/5.0 (Macintosh; Intel Mac OS X 10_15_7) AppleWebKit/537.36 (KHTML, like Gecko) Chrome/118.0.5993.88 Safari/537.36"
77.90.185.10 - - [21/Dec/2025:03:45:20 +0100] "GET /wp-admin/index.php HTTP/1.1" 503 23267 "https://readytorun.it/wp-login.php" "Mozilla/5.0 (Macintosh; Intel Mac OS X 10_15_7) AppleWebKit/537.36 (KHTML, like Gecko) Chrome/118.0.5993.88 Safari/537.36"
40.77.167.155 - - [21/Dec/2025:03:45:29 +0100] "GET /wp-content/uploads/2022/12/7b445f1f-687b-4b85-9ead-74b8b235847c-500x667.jpg HTTP/1.1" 200 45456 "-" "Mozilla/5.0 AppleWebKit/537.36 (KHTML, like Gecko; compatible; bingbot/2.0; +http://www.bing.com/bingbot.htm) Chrome/116.0.1938.76 Safari/537.36"
77.90.185.10 - - [21/Dec/2025:03:45:27 +0100] "GET /wp-admin/profile.php HTTP/1.1" 503 23267 "https://readytorun.it/wp-login.php" "Mozilla/5.0 (Macintosh; Intel Mac OS X 10_15_7) AppleWebKit/537.36 (KHTML, like Gecko) Chrome/118.0.5993.88 Safari/537.36"
51.38.211.120 - - [21/Dec/2025:03:45:25 +0100] "POST /?wordfence_syncAttackData=1766285125.8623 HTTP/1.1" 200 3981 "-" "WordPress/6.9; https://www.readytorun.it"
51.38.211.120 - - [21/Dec/2025:03:45:25 +0100] "POST /?wordfence_syncAttackData=1766285125.8707 HTTP/1.1" 500 12391 "-" "WordPress/6.9; https://www.readytorun.it"
77.90.185.10 - - [21/Dec/2025:03:45:32 +0100] "GET /wp-admin/edit.php HTTP/1.1" 503 23267 "https://readytorun.it/wp-login.php" "Mozilla/5.0 (Macintosh; Intel Mac OS X 10_15_7) AppleWebKit/537.36 (KHTML, like Gecko) Chrome/118.0.5993.88 Safari/537.36"
51.38.211.120 - - [21/Dec/2025:03:45:32 +0100] "POST /wp-cron.php?doing_wp_cron=1766285132.1449809074401855468750 HTTP/1.1" 200 4069 "-" "WordPress/6.9; https://www.readytorun.it"
103.31.178.118 - - [21/Dec/2025:03:45:22 +0100] "GET /senza-categoria/1127895mcn HTTP/1.1" 301 4060 "https://www.readytorun.it/" "Mozilla/5.0 (Macintosh; Intel Mac OS X 10_15_7) AppleWebKit/605.1.15 (KHTML, like Gecko) Version/17.5 Safari/605.1.15"
77.90.185.10 - - [21/Dec/2025:03:45:38 +0100] "GET /wp-admin/plugins.php HTTP/1.1" 503 23267 "https://readytorun.it/wp-login.php" "Mozilla/5.0 (Macintosh; Intel Mac OS X 10_15_7) AppleWebKit/537.36 (KHTML, like Gecko) Chrome/118.0.5993.88 Safari/537.36"
51.38.211.120 - - [21/Dec/2025:03:45:39 +0100] "POST /wp-cron.php?doing_wp_cron=1766285139.3948218822479248046875 HTTP/1.1" 200 4069 "-" "WordPress/6.9; https://www.readytorun.it"
77.90.185.10 - - [21/Dec/2025:03:45:45 +0100] "POST /wp-login.php HTTP/1.1" 503 22321 "https://readytorun.it/wp-login.php" "Mozilla/5.0 (Windows NT 10.0; Win64; x64) AppleWebKit/537.36 (KHTML, like Gecko) Chrome/121.0.0.0 Safari/537.36 Edg/121.0.2277.83"
77.90.185.10 - - [21/Dec/2025:03:45:45 +0100] "GET /wp-admin/index.php HTTP/1.1" 503 23267 "https://readytorun.it/wp-login.php" "Mozilla/5.0 (Windows NT 10.0; Win64; x64) AppleWebKit/537.36 (KHTML, like Gecko) Chrome/121.0.0.0 Safari/537.36 Edg/121.0.2277.83"
77.90.185.10 - - [21/Dec/2025:03:45:51 +0100] "GET /wp-admin/profile.php HTTP/1.1" 503 23267 "https://readytorun.it/wp-login.php" "Mozilla/5.0 (Windows NT 10.0; Win64; x64) AppleWebKit/537.36 (KHTML, like Gecko) Chrome/121.0.0.0 Safari/537.36 Edg/121.0.2277.83"
51.38.211.120 - - [21/Dec/2025:03:45:50 +0100] "POST /?wordfence_syncAttackData=1766285150.4763 HTTP/1.1" 200 3981 "-" "WordPress/6.9; https://www.readytorun.it"
77.90.185.10 - - [21/Dec/2025:03:45:56 +0100] "GET /wp-admin/edit.php HTTP/1.1" 503 23267 "https://readytorun.it/wp-login.php" "Mozilla/5.0 (Windows NT 10.0; Win64; x64) AppleWebKit/537.36 (KHTML, like Gecko) Chrome/121.0.0.0 Safari/537.36 Edg/121.0.2277.83"
77.90.185.10 - - [21/Dec/2025:03:46:02 +0100] "GET /wp-admin/plugins.php HTTP/1.1" 503 23267 "https://readytorun.it/wp-login.php" "Mozilla/5.0 (Windows NT 10.0; Win64; x64) AppleWebKit/537.36 (KHTML, like Gecko) Chrome/121.0.0.0 Safari/537.36 Edg/121.0.2277.83"
77.90.185.10 - - [21/Dec/2025:03:46:09 +0100] "POST /wp-login.php HTTP/1.1" 503 22321 "https://readytorun.it/wp-login.php" "Mozilla/5.0 (Windows NT 10.0; Win64; x64) AppleWebKit/537.36 (KHTML, like Gecko) Chrome/119.0.0.0 Safari/537.36 Edg/119.0.2151.97"
52.167.144.136 - - [21/Dec/2025:03:46:14 +0100] "GET /wp-content/uploads/2023/03/2fa4d53b-488e-4672-bd6f-942939993ef0-768x960.jpg HTTP/1.1" 200 48404 "-" "Mozilla/5.0 AppleWebKit/537.36 (KHTML, like Gecko; compatible; bingbot/2.0; +http://www.bing.com/bingbot.htm) Chrome/116.0.1938.76 Safari/537.36"
77.90.185.10 - - [21/Dec/2025:03:46:09 +0100] "GET /wp-admin/index.php HTTP/1.1" 503 23267 "https://readytorun.it/wp-login.php" "Mozilla/5.0 (Windows NT 10.0; Win64; x64) AppleWebKit/537.36 (KHTML, like Gecko) Chrome/119.0.0.0 Safari/537.36 Edg/119.0.2151.97"
110.177.181.252 - - [21/Dec/2025:03:46:10 +0100] "GET / HTTP/1.1" 500 50907 "-" "Go-http-client/1.1"
114.119.150.208 - - [21/Dec/2025:03:46:08 +0100] "GET /product-sitemap2.xml HTTP/1.1" 200 46616 "https://www.readytorun.it/sitemap_index.xml" "Mozilla/5.0 (Linux; Android 7.0;) AppleWebKit/537.36 (KHTML, like Gecko) Mobile Safari/537.36 (compatible; PetalBot;+https://webmaster.petalsearch.com/site/petalbot)"
40.77.167.155 - - [21/Dec/2025:03:46:19 +0100] "GET /wp-content/uploads/2022/06/e1ed9eec-1837-40ae-a736-1c8796c2b0cf-1024x464.jpeg HTTP/1.1" 200 72744 "-" "Mozilla/5.0 AppleWebKit/537.36 (KHTML, like Gecko; compatible; bingbot/2.0; +http://www.bing.com/bingbot.htm) Chrome/116.0.1938.76 Safari/537.36"
77.90.185.10 - - [21/Dec/2025:03:46:16 +0100] "GET /wp-admin/profile.php HTTP/1.1" 503 23267 "https://readytorun.it/wp-login.php" "Mozilla/5.0 (Windows NT 10.0; Win64; x64) AppleWebKit/537.36 (KHTML, like Gecko) Chrome/119.0.0.0 Safari/537.36 Edg/119.0.2151.97"
51.38.211.120 - - [21/Dec/2025:03:46:15 +0100] "POST /?wordfence_syncAttackData=1766285175.008 HTTP/1.1" 200 3981 "-" "WordPress/6.9; https://www.readytorun.it"
51.38.211.120 - - [21/Dec/2025:03:46:15 +0100] "POST /?wordfence_syncAttackData=1766285175.0233 HTTP/1.1" 500 12391 "-" "WordPress/6.9; https://www.readytorun.it"
51.38.211.120 - - [21/Dec/2025:03:46:15 +0100] "POST /?wordfence_syncAttackData=1766285175.0109 HTTP/1.1" 500 12391 "-" "WordPress/6.9; https://www.readytorun.it"
51.38.211.120 - - [21/Dec/2025:03:46:17 +0100] "POST /wp-cron.php?doing_wp_cron=1766285177.0937490463256835937500 HTTP/1.1" 200 4069 "-" "WordPress/6.9; https://www.readytorun.it"
77.90.185.10 - - [21/Dec/2025:03:46:21 +0100] "GET /wp-admin/edit.php HTTP/1.1" 503 23267 "https://readytorun.it/wp-login.php" "Mozilla/5.0 (Windows NT 10.0; Win64; x64) AppleWebKit/537.36 (KHTML, like Gecko) Chrome/119.0.0.0 Safari/537.36 Edg/119.0.2151.97"
77.90.185.10 - - [21/Dec/2025:03:46:27 +0100] "GET /wp-admin/plugins.php HTTP/1.1" 503 23267 "https://readytorun.it/wp-login.php" "Mozilla/5.0 (Windows NT 10.0; Win64; x64) AppleWebKit/537.36 (KHTML, like Gecko) Chrome/119.0.0.0 Safari/537.36 Edg/119.0.2151.97"
77.90.185.10 - - [21/Dec/2025:03:46:34 +0100] "POST /wp-login.php HTTP/1.1" 503 22321 "https://readytorun.it/wp-login.php" "Mozilla/5.0 (Windows NT 10.0; Win64; x64) AppleWebKit/537.36 (KHTML, like Gecko) Chrome/119.0.0.0 Safari/537.36 Edg/119.0.2151.97"
77.90.185.10 - - [21/Dec/2025:03:46:34 +0100] "GET /wp-admin/index.php HTTP/1.1" 503 23267 "https://readytorun.it/wp-login.php" "Mozilla/5.0 (Windows NT 10.0; Win64; x64) AppleWebKit/537.36 (KHTML, like Gecko) Chrome/119.0.0.0 Safari/537.36 Edg/119.0.2151.97"
77.90.185.10 - - [21/Dec/2025:03:46:40 +0100] "GET /wp-admin/profile.php HTTP/1.1" 503 23267 "https://readytorun.it/wp-login.php" "Mozilla/5.0 (Windows NT 10.0; Win64; x64) AppleWebKit/537.36 (KHTML, like Gecko) Chrome/119.0.0.0 Safari/537.36 Edg/119.0.2151.97"
51.38.211.120 - - [21/Dec/2025:03:46:39 +0100] "POST /?wordfence_syncAttackData=1766285199.5965 HTTP/1.1" 200 3981 "-" "WordPress/6.9; https://www.readytorun.it"
77.90.185.10 - - [21/Dec/2025:03:46:45 +0100] "GET /wp-admin/edit.php HTTP/1.1" 503 23267 "https://readytorun.it/wp-login.php" "Mozilla/5.0 (Windows NT 10.0; Win64; x64) AppleWebKit/537.36 (KHTML, like Gecko) Chrome/119.0.0.0 Safari/537.36 Edg/119.0.2151.97"
51.38.211.120 - - [21/Dec/2025:03:46:45 +0100] "POST /wp-cron.php?doing_wp_cron=1766285205.8467450141906738281250 HTTP/1.1" 200 4069 "-" "WordPress/6.9; https://www.readytorun.it"
77.90.185.10 - - [21/Dec/2025:03:46:52 +0100] "GET /wp-admin/plugins.php HTTP/1.1" 503 23267 "https://readytorun.it/wp-login.php" "Mozilla/5.0 (Windows NT 10.0; Win64; x64) AppleWebKit/537.36 (KHTML, like Gecko) Chrome/119.0.0.0 Safari/537.36 Edg/119.0.2151.97"
77.90.185.10 - - [21/Dec/2025:03:46:58 +0100] "POST /wp-login.php HTTP/1.1" 503 22321 "https://readytorun.it/wp-login.php" "Mozilla/5.0 (Macintosh; Intel Mac OS X 10.15) Gecko/20100101 Firefox/122.0"
77.90.185.10 - - [21/Dec/2025:03:46:59 +0100] "GET /wp-admin/index.php HTTP/1.1" 503 23267 "https://readytorun.it/wp-login.php" "Mozilla/5.0 (Macintosh; Intel Mac OS X 10.15) Gecko/20100101 Firefox/122.0"
77.90.185.10 - - [21/Dec/2025:03:47:05 +0100] "GET /wp-admin/profile.php HTTP/1.1" 503 23267 "https://readytorun.it/wp-login.php" "Mozilla/5.0 (Macintosh; Intel Mac OS X 10.15) Gecko/20100101 Firefox/122.0"
51.38.211.120 - - [21/Dec/2025:03:47:04 +0100] "POST /?wordfence_syncAttackData=1766285224.1703 HTTP/1.1" 200 3981 "-" "WordPress/6.9; https://www.readytorun.it"
77.90.185.10 - - [21/Dec/2025:03:47:10 +0100] "GET /wp-admin/edit.php HTTP/1.1" 503 23267 "https://readytorun.it/wp-login.php" "Mozilla/5.0 (Macintosh; Intel Mac OS X 10.15) Gecko/20100101 Firefox/122.0"
77.90.185.10 - - [21/Dec/2025:03:47:16 +0100] "GET /wp-admin/plugins.php HTTP/1.1" 503 23267 "https://readytorun.it/wp-login.php" "Mozilla/5.0 (Macintosh; Intel Mac OS X 10.15) Gecko/20100101 Firefox/122.0"
77.90.185.10 - - [21/Dec/2025:03:47:23 +0100] "POST /wp-login.php HTTP/1.1" 503 22321 "https://readytorun.it/wp-login.php" "Mozilla/5.0 (X11; Linux x86_64) AppleWebKit/537.36 (KHTML, like Gecko) Chrome/118.0.5993.88 Safari/537.36"
77.90.185.10 - - [21/Dec/2025:03:47:23 +0100] "GET /wp-admin/index.php HTTP/1.1" 503 23267 "https://readytorun.it/wp-login.php" "Mozilla/5.0 (X11; Linux x86_64) AppleWebKit/537.36 (KHTML, like Gecko) Chrome/118.0.5993.88 Safari/537.36"
77.90.185.10 - - [21/Dec/2025:03:47:29 +0100] "GET /wp-admin/profile.php HTTP/1.1" 503 23267 "https://readytorun.it/wp-login.php" "Mozilla/5.0 (X11; Linux x86_64) AppleWebKit/537.36 (KHTML, like Gecko) Chrome/118.0.5993.88 Safari/537.36"
114.119.137.193 - - [21/Dec/2025:03:47:29 +0100] "GET /product-sitemap.xml HTTP/1.1" 200 45690 "https://www.readytorun.it/sitemap_index.xml" "Mozilla/5.0 (Linux; Android 7.0;) AppleWebKit/537.36 (KHTML, like Gecko) Mobile Safari/537.36 (compatible; PetalBot;+https://webmaster.petalsearch.com/site/petalbot)"
51.38.211.120 - - [21/Dec/2025:03:47:28 +0100] "POST /?wordfence_syncAttackData=1766285248.7475 HTTP/1.1" 200 3981 "-" "WordPress/6.9; https://www.readytorun.it"
207.46.13.83 - - [21/Dec/2025:03:47:36 +0100] "GET /wp-content/uploads/2021/11/486e86a3-21e8-4781-a9f6-081a0485a9ee-768x768.jpg HTTP/1.1" 200 28861 "-" "Mozilla/5.0 AppleWebKit/537.36 (KHTML, like Gecko; compatible; bingbot/2.0; +http://www.bing.com/bingbot.htm) Chrome/116.0.1938.76 Safari/537.36"
77.90.185.10 - - [21/Dec/2025:03:47:35 +0100] "GET /wp-admin/edit.php HTTP/1.1" 503 23267 "https://readytorun.it/wp-login.php" "Mozilla/5.0 (X11; Linux x86_64) AppleWebKit/537.36 (KHTML, like Gecko) Chrome/118.0.5993.88 Safari/537.36"
51.38.211.120 - - [21/Dec/2025:03:47:34 +0100] "POST /wp-cron.php?doing_wp_cron=1766285254.9821259975433349609375 HTTP/1.1" 200 4069 "-" "WordPress/6.9; https://www.readytorun.it"
52.167.144.136 - - [21/Dec/2025:03:47:43 +0100] "GET /wp-content/uploads/2022/09/14b3b2be-9970-4ff2-b770-be14cbadca8a-300x300.jpg HTTP/1.1" 200 11390 "-" "Mozilla/5.0 AppleWebKit/537.36 (KHTML, like Gecko; compatible; bingbot/2.0; +http://www.bing.com/bingbot.htm) Chrome/116.0.1938.76 Safari/537.36"
77.90.185.10 - - [21/Dec/2025:03:47:41 +0100] "GET /wp-admin/plugins.php HTTP/1.1" 503 23267 "https://readytorun.it/wp-login.php" "Mozilla/5.0 (X11; Linux x86_64) AppleWebKit/537.36 (KHTML, like Gecko) Chrome/118.0.5993.88 Safari/537.36"
77.90.185.10 - - [21/Dec/2025:03:47:47 +0100] "POST /wp-login.php HTTP/1.1" 503 22321 "https://readytorun.it/wp-login.php" "Mozilla/5.0 (X11; Ubuntu; Linux x86_64; rv:118.0.2) Gecko/20100101 Firefox/118.0.2"
77.90.185.10 - - [21/Dec/2025:03:47:48 +0100] "GET /wp-admin/index.php HTTP/1.1" 503 23267 "https://readytorun.it/wp-login.php" "Mozilla/5.0 (X11; Ubuntu; Linux x86_64; rv:118.0.2) Gecko/20100101 Firefox/118.0.2"
77.90.185.10 - - [21/Dec/2025:03:47:54 +0100] "GET /wp-admin/profile.php HTTP/1.1" 503 23267 "https://readytorun.it/wp-login.php" "Mozilla/5.0 (X11; Ubuntu; Linux x86_64; rv:118.0.2) Gecko/20100101 Firefox/118.0.2"
51.38.211.120 - - [21/Dec/2025:03:47:53 +0100] "POST /?wordfence_syncAttackData=1766285273.3466 HTTP/1.1" 200 3981 "-" "WordPress/6.9; https://www.readytorun.it"
77.90.185.10 - - [21/Dec/2025:03:47:59 +0100] "GET /wp-admin/edit.php HTTP/1.1" 503 23267 "https://readytorun.it/wp-login.php" "Mozilla/5.0 (X11; Ubuntu; Linux x86_64; rv:118.0.2) Gecko/20100101 Firefox/118.0.2"
51.38.211.120 - - [21/Dec/2025:03:47:59 +0100] "POST /wp-cron.php?doing_wp_cron=1766285279.6368470191955566406250 HTTP/1.1" 200 4069 "-" "WordPress/6.9; https://www.readytorun.it"
77.90.185.10 - - [21/Dec/2025:03:48:05 +0100] "GET /wp-admin/plugins.php HTTP/1.1" 503 23267 "https://readytorun.it/wp-login.php" "Mozilla/5.0 (X11; Ubuntu; Linux x86_64; rv:118.0.2) Gecko/20100101 Firefox/118.0.2"
77.90.185.10 - - [21/Dec/2025:03:48:12 +0100] "POST /wp-login.php HTTP/1.1" 503 22321 "https://readytorun.it/wp-login.php" "Mozilla/5.0 (X11; Linux x86_64) AppleWebKit/537.36 (KHTML, like Gecko) Chrome/118.0.5993.88 Safari/537.36"
77.90.185.10 - - [21/Dec/2025:03:48:12 +0100] "GET /wp-admin/index.php HTTP/1.1" 503 23267 "https://readytorun.it/wp-login.php" "Mozilla/5.0 (X11; Linux x86_64) AppleWebKit/537.36 (KHTML, like Gecko) Chrome/118.0.5993.88 Safari/537.36"
77.90.185.10 - - [21/Dec/2025:03:48:19 +0100] "GET /wp-admin/profile.php HTTP/1.1" 503 23267 "https://readytorun.it/wp-login.php" "Mozilla/5.0 (X11; Linux x86_64) AppleWebKit/537.36 (KHTML, like Gecko) Chrome/118.0.5993.88 Safari/537.36"
51.38.211.120 - - [21/Dec/2025:03:48:17 +0100] "POST /?wordfence_syncAttackData=1766285297.9123 HTTP/1.1" 200 3981 "-" "WordPress/6.9; https://www.readytorun.it"
77.90.185.10 - - [21/Dec/2025:03:48:24 +0100] "GET /wp-admin/edit.php HTTP/1.1" 503 23267 "https://readytorun.it/wp-login.php" "Mozilla/5.0 (X11; Linux x86_64) AppleWebKit/537.36 (KHTML, like Gecko) Chrome/118.0.5993.88 Safari/537.36"
77.90.185.10 - - [21/Dec/2025:03:48:30 +0100] "GET /wp-admin/plugins.php HTTP/1.1" 503 23267 "https://readytorun.it/wp-login.php" "Mozilla/5.0 (X11; Linux x86_64) AppleWebKit/537.36 (KHTML, like Gecko) Chrome/118.0.5993.88 Safari/537.36"
114.119.156.59 - - [21/Dec/2025:03:48:52 +0100] "GET /post-sitemap.xml HTTP/1.1" 200 10447 "https://www.readytorun.it/sitemap_index.xml" "Mozilla/5.0 (Linux; Android 7.0;) AppleWebKit/537.36 (KHTML, like Gecko) Mobile Safari/537.36 (compatible; PetalBot;+https://webmaster.petalsearch.com/site/petalbot)"
51.38.211.120 - - [21/Dec/2025:03:48:58 +0100] "POST /wp-cron.php?doing_wp_cron=1766285338.0472888946533203125000 HTTP/1.1" 200 4069 "-" "WordPress/6.9; https://www.readytorun.it"
149.224.142.139 - - [21/Dec/2025:03:49:01 +0100] "GET /robots.txt HTTP/1.1" 200 4242 "-" "Mozilla/5.0 (compatible; MJ12bot/v1.4.8; http://mj12bot.com/)"
216.73.216.188 - - [21/Dec/2025:03:49:36 +0100] "GET /testimonials/elementor-33668 HTTP/1.1" 301 4077 "-" "Mozilla/5.0 AppleWebKit/537.36 (KHTML, like Gecko; compatible; ClaudeBot/1.0; +claudebot@anthropic.com)"
216.73.216.188 - - [21/Dec/2025:03:49:36 +0100] "GET /abbigliamento-bambino-home/j2gbbb01109 HTTP/1.1" 301 872 "-" "Mozilla/5.0 AppleWebKit/537.36 (KHTML, like Gecko; compatible; ClaudeBot/1.0; +claudebot@anthropic.com)"
157.55.39.55 - - [21/Dec/2025:03:49:37 +0100] "GET /chiodate-scarpe-unisex-home/3773831 HTTP/1.1" 301 4165 "-" "Mozilla/5.0 AppleWebKit/537.36 (KHTML, like Gecko; compatible; bingbot/2.0; +http://www.bing.com/bingbot.htm) Chrome/116.0.1938.76 Safari/537.36"
216.73.216.188 - - [21/Dec/2025:03:49:41 +0100] "GET /abbigliamento-bambino-home/j2gbbb01109/ HTTP/1.1" 200 42576 "https://www.readytorun.it/abbigliamento-bambino-home/j2gbbb01109" "Mozilla/5.0 AppleWebKit/537.36 (KHTML, like Gecko; compatible; ClaudeBot/1.0; +claudebot@anthropic.com)"
216.73.216.188 - - [21/Dec/2025:03:49:41 +0100] "GET /testimonials/elementor-33668/ HTTP/1.1" 200 16612 "https://www.readytorun.it/testimonials/elementor-33668" "Mozilla/5.0 AppleWebKit/537.36 (KHTML, like Gecko; compatible; ClaudeBot/1.0; +claudebot@anthropic.com)"
216.73.216.188 - - [21/Dec/2025:03:49:45 +0100] "GET /a3-massimo-ammortizzamento-scarpe-donna-home/s42718718 HTTP/1.1" 301 888 "-" "Mozilla/5.0 AppleWebKit/537.36 (KHTML, like Gecko; compatible; ClaudeBot/1.0; +claudebot@anthropic.com)"
216.73.216.188 - - [21/Dec/2025:03:49:45 +0100] "GET /a3-massimo-ammortizzamento-scarpe-uomo-home/j1gc22026 HTTP/1.1" 301 887 "-" "Mozilla/5.0 AppleWebKit/537.36 (KHTML, like Gecko; compatible; ClaudeBot/1.0; +claudebot@anthropic.com)"
51.38.211.120 - - [21/Dec/2025:03:49:47 +0100] "POST /wp-cron.php?doing_wp_cron=1766285387.3493299484252929687500 HTTP/1.1" 200 4069 "-" "WordPress/6.9; https://www.readytorun.it"
207.46.13.83 - - [21/Dec/2025:03:49:47 +0100] "GET /chiodate-scarpe-unisex-home/3773831/ HTTP/1.1" 200 48897 "-" "Mozilla/5.0 AppleWebKit/537.36 (KHTML, like Gecko; compatible; bingbot/2.0; +http://www.bing.com/bingbot.htm) Chrome/116.0.1938.76 Safari/537.36"
216.73.216.188 - - [21/Dec/2025:03:49:50 +0100] "GET /a3-massimo-ammortizzamento-scarpe-donna-home/s42718718/ HTTP/1.1" 200 40276 "https://www.readytorun.it/a3-massimo-ammortizzamento-scarpe-donna-home/s42718718" "Mozilla/5.0 AppleWebKit/537.36 (KHTML, like Gecko; compatible; ClaudeBot/1.0; +claudebot@anthropic.com)"
216.73.216.188 - - [21/Dec/2025:03:49:50 +0100] "GET /a3-massimo-ammortizzamento-scarpe-uomo-home/j1gc22026/ HTTP/1.1" 200 43329 "https://www.readytorun.it/a3-massimo-ammortizzamento-scarpe-uomo-home/j1gc22026" "Mozilla/5.0 AppleWebKit/537.36 (KHTML, like Gecko; compatible; ClaudeBot/1.0; +claudebot@anthropic.com)"
66.249.66.200 - - [21/Dec/2025:03:49:57 +0100] "GET /wp-content/uploads/2025/05/080d1af5-1ddd-47be-97e9-57be36ffef2b-800x1043.jpg HTTP/1.1" 200 91063 "-" "Googlebot-Image/1.0"
216.73.216.188 - - [21/Dec/2025:03:49:54 +0100] "GET /size/5 HTTP/1.1" 301 840 "-" "Mozilla/5.0 AppleWebKit/537.36 (KHTML, like Gecko; compatible; ClaudeBot/1.0; +claudebot@anthropic.com)"
216.73.216.188 - - [21/Dec/2025:03:49:55 +0100] "GET /scarpe-uomo-home/page/20 HTTP/1.1" 301 858 "-" "Mozilla/5.0 AppleWebKit/537.36 (KHTML, like Gecko; compatible; ClaudeBot/1.0; +claudebot@anthropic.com)"
216.73.216.188 - - [21/Dec/2025:03:49:59 +0100] "GET /size/5/ HTTP/1.1" 200 43598 "https://www.readytorun.it/size/5" "Mozilla/5.0 AppleWebKit/537.36 (KHTML, like Gecko; compatible; ClaudeBot/1.0; +claudebot@anthropic.com)"
216.73.216.188 - - [21/Dec/2025:03:49:59 +0100] "GET /scarpe-uomo-home/page/20/ HTTP/1.1" 200 45365 "https://www.readytorun.it/scarpe-uomo-home/page/20" "Mozilla/5.0 AppleWebKit/537.36 (KHTML, like Gecko; compatible; ClaudeBot/1.0; +claudebot@anthropic.com)"
114.119.154.200 - - [21/Dec/2025:03:50:16 +0100] "GET /page-sitemap.xml HTTP/1.1" 200 6790 "https://www.readytorun.it/sitemap_index.xml" "Mozilla/5.0 (Linux; Android 7.0;) AppleWebKit/537.36 (KHTML, like Gecko) Mobile Safari/537.36 (compatible; PetalBot;+https://webmaster.petalsearch.com/site/petalbot)"
51.38.211.120 - - [21/Dec/2025:03:50:21 +0100] "POST /wp-cron.php?doing_wp_cron=1766285421.3705239295959472656250 HTTP/1.1" 200 4069 "-" "WordPress/6.9; https://www.readytorun.it"
207.46.13.83 - - [21/Dec/2025:03:50:46 +0100] "GET /wp-content/uploads/2025/04/b3157006-cae4-4581-a874-8ca2739ece7c-150x150.jpg HTTP/1.1" 200 5979 "-" "Mozilla/5.0 AppleWebKit/537.36 (KHTML, like Gecko; compatible; bingbot/2.0; +http://www.bing.com/bingbot.htm) Chrome/116.0.1938.76 Safari/537.36"
207.46.13.83 - - [21/Dec/2025:03:51:06 +0100] "GET /testimonials/arianna-algeri/ HTTP/1.1" 404 50061 "-" "Mozilla/5.0 AppleWebKit/537.36 (KHTML, like Gecko; compatible; bingbot/2.0; +http://www.bing.com/bingbot.htm) Chrome/116.0.1938.76 Safari/537.36"
51.38.211.120 - - [21/Dec/2025:03:51:10 +0100] "POST /wp-cron.php?doing_wp_cron=1766285470.1214609146118164062500 HTTP/1.1" 200 4069 "-" "WordPress/6.9; https://www.readytorun.it"
52.167.144.136 - - [21/Dec/2025:03:51:24 +0100] "GET /wp-content/uploads/2025/06/bcf2b848-291b-45e7-9a7e-73e7afaef96d-500x667.jpg HTTP/1.1" 200 49180 "-" "Mozilla/5.0 AppleWebKit/537.36 (KHTML, like Gecko; compatible; bingbot/2.0; +http://www.bing.com/bingbot.htm) Chrome/116.0.1938.76 Safari/537.36"
4.197.89.232 - - [21/Dec/2025:03:51:28 +0100] "GET /.well-known/index.php HTTP/1.1" 301 371 "https://www.bing.com/" "Mozilla/5.0 (iPad; CPU OS 17_0_3 like Mac OS X) AppleWebKit/605.1.15 (KHTML, like Gecko) Version/17.0.1 Mobile/15E148 Safari/604.1"
4.197.89.232 - - [21/Dec/2025:03:51:36 +0100] "GET /.well-known/ HTTP/1.1" 403 344 "https://www.bing.com/" "Mozilla/5.0 (iPad; CPU OS 17_0_3 like Mac OS X) AppleWebKit/605.1.15 (KHTML, like Gecko) Version/17.0.1 Mobile/15E148 Safari/604.1"
4.197.89.232 - - [21/Dec/2025:03:51:36 +0100] "GET /404.php HTTP/1.1" 301 328 "https://www.google.fr/" "Mozilla/5.0 (Linux; Android 10; LM-Q720) AppleWebKit/537.36 (KHTML, like Gecko) Chrome/116.0.0.0 Mobile Safari/537.36"
114.119.143.233 - - [21/Dec/2025:03:51:39 +0100] "GET /pa_stagione-sitemap.xml HTTP/1.1" 200 4579 "https://www.readytorun.it/sitemap_index.xml" "Mozilla/5.0 (Linux; Android 7.0;) AppleWebKit/537.36 (KHTML, like Gecko) Mobile Safari/537.36 (compatible; PetalBot;+https://webmaster.petalsearch.com/site/petalbot)"
4.197.89.232 - - [21/Dec/2025:03:51:41 +0100] "GET /404.php HTTP/1.1" 404 45910 "https://www.google.fr/" "Mozilla/5.0 (Linux; Android 10; LM-Q720) AppleWebKit/537.36 (KHTML, like Gecko) Chrome/116.0.0.0 Mobile Safari/537.36"
51.38.211.120 - - [21/Dec/2025:03:51:43 +0100] "POST /wp-cron.php?doing_wp_cron=1766285503.8502340316772460937500 HTTP/1.1" 200 4069 "-" "WordPress/6.9; https://www.readytorun.it"
4.197.89.232 - - [21/Dec/2025:03:51:48 +0100] "GET /aa.php HTTP/1.1" 301 365 "https://www.google.co.uk/" "Mozilla/5.0 (Linux; Android 13; M2101K6G) AppleWebKit/537.36 (KHTML, like Gecko) Chrome/116.0.0.0 Mobile Safari/537.36"
207.46.13.83 - - [21/Dec/2025:03:51:56 +0100] "GET /wp-content/uploads/2024/02/0aab3f5c-7261-44a1-80d8-d52992d369ad-50x50.jpg HTTP/1.1" 200 4968 "-" "Mozilla/5.0 AppleWebKit/537.36 (KHTML, like Gecko; compatible; bingbot/2.0; +http://www.bing.com/bingbot.htm) Chrome/116.0.1938.76 Safari/537.36"
4.197.89.232 - - [21/Dec/2025:03:51:53 +0100] "GET /aa.php HTTP/1.1" 404 45948 "https://www.google.co.uk/" "Mozilla/5.0 (Linux; Android 13; M2101K6G) AppleWebKit/537.36 (KHTML, like Gecko) Chrome/116.0.0.0 Mobile Safari/537.36"
4.197.89.232 - - [21/Dec/2025:03:52:01 +0100] "GET /abcd.php HTTP/1.1" 301 367 "https://duckduckgo.com/" "Mozilla/5.0 (iPhone; CPU iPhone OS 17_1_1 like Mac OS X) AppleWebKit/605.1.15 (KHTML, like Gecko) Version/17.1 Mobile/15E148 Safari/604.1"
51.38.211.120 - - [21/Dec/2025:03:51:59 +0100] "POST /wp-cron.php?doing_wp_cron=1766285519.2615509033203125000000 HTTP/1.1" 200 269 "-" "WordPress/6.9; https://www.readytorun.it"
4.197.89.232 - - [21/Dec/2025:03:52:05 +0100] "GET /abcd.php HTTP/1.1" 404 45948 "https://duckduckgo.com/" "Mozilla/5.0 (iPhone; CPU iPhone OS 17_1_1 like Mac OS X) AppleWebKit/605.1.15 (KHTML, like Gecko) Version/17.1 Mobile/15E148 Safari/604.1"
4.197.89.232 - - [21/Dec/2025:03:52:12 +0100] "GET /admin.php HTTP/1.1" 301 368 "https://duckduckgo.com/" "Mozilla/5.0 (iPhone; CPU iPhone OS 16_0 like Mac OS X) AppleWebKit/605.1.15 (KHTML, like Gecko) FxiOS/118.0 Mobile/15E148 Safari/605.1.15"
4.197.89.232 - - [21/Dec/2025:03:52:18 +0100] "GET /admin.php HTTP/1.1" 404 45948 "https://duckduckgo.com/" "Mozilla/5.0 (iPhone; CPU iPhone OS 16_0 like Mac OS X) AppleWebKit/605.1.15 (KHTML, like Gecko) FxiOS/118.0 Mobile/15E148 Safari/605.1.15"
207.46.13.83 - - [21/Dec/2025:03:52:26 +0100] "GET /wp-content/uploads/2022/08/8aa66cfc-74f2-4385-8a70-3c908330578d.jpg HTTP/1.1" 200 223825 "-" "Mozilla/5.0 AppleWebKit/537.36 (KHTML, like Gecko; compatible; bingbot/2.0; +http://www.bing.com/bingbot.htm) Chrome/116.0.1938.76 Safari/537.36"
4.197.89.232 - - [21/Dec/2025:03:52:24 +0100] "GET /adminfuns.php HTTP/1.1" 301 372 "https://www.yahoo.com/" "Mozilla/5.0 (Linux; Android 13; M2101K6G) AppleWebKit/537.36 (KHTML, like Gecko) Chrome/116.0.0.0 Mobile Safari/537.36"
4.197.89.232 - - [21/Dec/2025:03:52:30 +0100] "GET /adminfuns.php HTTP/1.1" 404 45948 "https://www.yahoo.com/" "Mozilla/5.0 (Linux; Android 13; M2101K6G) AppleWebKit/537.36 (KHTML, like Gecko) Chrome/116.0.0.0 Mobile Safari/537.36"
4.197.89.232 - - [21/Dec/2025:03:52:37 +0100] "GET /ahax.php HTTP/1.1" 301 367 "https://duckduckgo.com/" "Mozilla/5.0 (Linux; Android 11; 21081111RG) AppleWebKit/537.36 (KHTML, like Gecko) Chrome/116.0.0.0 Mobile Safari/537.36"
51.38.211.120 - - [21/Dec/2025:03:52:42 +0100] "POST /wp-cron.php?doing_wp_cron=1766285562.2196578979492187500000 HTTP/1.1" 200 269 "-" "WordPress/6.9; https://www.readytorun.it"
4.197.89.232 - - [21/Dec/2025:03:52:43 +0100] "GET /ahax.php HTTP/1.1" 404 45948 "https://duckduckgo.com/" "Mozilla/5.0 (Linux; Android 11; 21081111RG) AppleWebKit/537.36 (KHTML, like Gecko) Chrome/116.0.0.0 Mobile Safari/537.36"
4.197.89.232 - - [21/Dec/2025:03:52:49 +0100] "GET /akcc.php HTTP/1.1" 301 367 "https://www.google.fr/" "Mozilla/5.0 (Linux; Android 10; K) AppleWebKit/537.36 (KHTML, like Gecko) Chrome/117.0.0.0 Mobile Safari/537.36"
4.197.89.232 - - [21/Dec/2025:03:52:55 +0100] "GET /akcc.php HTTP/1.1" 404 45948 "https://www.google.fr/" "Mozilla/5.0 (Linux; Android 10; K) AppleWebKit/537.36 (KHTML, like Gecko) Chrome/117.0.0.0 Mobile Safari/537.36"
4.197.89.232 - - [21/Dec/2025:03:53:02 +0100] "GET /alfa.php HTTP/1.1" 301 367 "https://www.yahoo.com/" "Mozilla/5.0 (Linux; Android 11; CPH2251) AppleWebKit/537.36 (KHTML, like Gecko) Chrome/116.0.0.0 Mobile Safari/537.36"
51.38.211.120 - - [21/Dec/2025:03:53:00 +0100] "POST /wp-cron.php?doing_wp_cron=1766285580.6905860900878906250000 HTTP/1.1" 200 269 "-" "WordPress/6.9; https://www.readytorun.it"
185.191.171.11 - - [21/Dec/2025:03:53:01 +0100] "GET /intimo-abbigliamento-donna-home/in-yt01s19wb002/ HTTP/1.1" 200 45197 "-" "Mozilla/5.0 (compatible; SemrushBot/7~bl; +http://www.semrush.com/bot.html)"
114.119.146.215 - - [21/Dec/2025:03:53:03 +0100] "GET /uomo-home/ HTTP/1.1" 200 49319 "https://www.readytorun.it/product_cat-sitemap.xml" "Mozilla/5.0 (Linux; Android 7.0;) AppleWebKit/537.36 (KHTML, like Gecko) Mobile Safari/537.36 (compatible; PetalBot;+https://webmaster.petalsearch.com/site/petalbot)"
4.197.89.232 - - [21/Dec/2025:03:53:07 +0100] "GET /alfa.php HTTP/1.1" 404 45948 "https://www.yahoo.com/" "Mozilla/5.0 (Linux; Android 11; CPH2251) AppleWebKit/537.36 (KHTML, like Gecko) Chrome/116.0.0.0 Mobile Safari/537.36"
4.197.89.232 - - [21/Dec/2025:03:53:14 +0100] "GET /assets/images/ HTTP/1.1" 301 373 "https://duckduckgo.com/" "Mozilla/5.0 (Linux; Android 10; LM-Q720) AppleWebKit/537.36 (KHTML, like Gecko) Chrome/116.0.0.0 Mobile Safari/537.36"
4.197.89.232 - - [21/Dec/2025:03:53:19 +0100] "GET /assets/images/ HTTP/1.1" 404 45948 "https://duckduckgo.com/" "Mozilla/5.0 (Linux; Android 10; LM-Q720) AppleWebKit/537.36 (KHTML, like Gecko) Chrome/116.0.0.0 Mobile Safari/537.36"
4.197.89.232 - - [21/Dec/2025:03:53:26 +0100] "GET /autoload_classmap/function.php HTTP/1.1" 301 389 "https://www.bing.com/" "Mozilla/5.0 (iPhone; CPU iPhone OS 17_1_1 like Mac OS X) AppleWebKit/605.1.15 (KHTML, like Gecko) Version/17.1 Mobile/15E148 Safari/604.1"
4.197.89.232 - - [21/Dec/2025:03:53:31 +0100] "GET /autoload_classmap/function.php HTTP/1.1" 404 45948 "https://www.bing.com/" "Mozilla/5.0 (iPhone; CPU iPhone OS 17_1_1 like Mac OS X) AppleWebKit/605.1.15 (KHTML, like Gecko) Version/17.1 Mobile/15E148 Safari/604.1"
4.197.89.232 - - [21/Dec/2025:03:53:38 +0100] "GET /av.php HTTP/1.1" 301 365 "https://www.google.de/" "Mozilla/5.0 (iPhone; CPU iPhone OS 16_0 like Mac OS X) AppleWebKit/605.1.15 (KHTML, like Gecko) FxiOS/118.0 Mobile/15E148 Safari/605.1.15"
4.197.89.232 - - [21/Dec/2025:03:53:45 +0100] "GET /av.php HTTP/1.1" 404 45948 "https://www.google.de/" "Mozilla/5.0 (iPhone; CPU iPhone OS 16_0 like Mac OS X) AppleWebKit/605.1.15 (KHTML, like Gecko) FxiOS/118.0 Mobile/15E148 Safari/605.1.15"
51.38.211.120 - - [21/Dec/2025:03:53:43 +0100] "POST /wp-cron.php?doing_wp_cron=1766285623.6585099697113037109375 HTTP/1.1" 200 269 "-" "WordPress/6.9; https://www.readytorun.it"
4.197.89.232 - - [21/Dec/2025:03:53:50 +0100] "GET /bless.php HTTP/1.1" 301 368 "https://www.yahoo.com/" "Mozilla/5.0 (iPad; CPU OS 17_0_3 like Mac OS X) AppleWebKit/605.1.15 (KHTML, like Gecko) Version/17.0.1 Mobile/15E148 Safari/604.1"
4.197.89.232 - - [21/Dec/2025:03:53:56 +0100] "GET /bless.php HTTP/1.1" 404 45948 "https://www.yahoo.com/" "Mozilla/5.0 (iPad; CPU OS 17_0_3 like Mac OS X) AppleWebKit/605.1.15 (KHTML, like Gecko) Version/17.0.1 Mobile/15E148 Safari/604.1"
4.197.89.232 - - [21/Dec/2025:03:54:03 +0100] "GET /bolt.php HTTP/1.1" 301 367 "https://www.google.de/" "Mozilla/5.0 (Linux; Android 10; K) AppleWebKit/537.36 (KHTML, like Gecko) Chrome/117.0.0.0 Mobile Safari/537.36"
4.197.89.232 - - [21/Dec/2025:03:54:08 +0100] "GET /bolt.php HTTP/1.1" 404 45948 "https://www.google.de/" "Mozilla/5.0 (Linux; Android 10; K) AppleWebKit/537.36 (KHTML, like Gecko) Chrome/117.0.0.0 Mobile Safari/537.36"
4.197.89.232 - - [21/Dec/2025:03:54:15 +0100] "GET /buy.php HTTP/1.1" 301 366 "https://duckduckgo.com/" "Mozilla/5.0 (Linux; Android 14; Pixel 8 Pro) AppleWebKit/537.36 (KHTML, like Gecko) Chrome/119.0.0.0 Mobile Safari/537.36"
4.197.89.232 - - [21/Dec/2025:03:54:21 +0100] "GET /buy.php HTTP/1.1" 404 45948 "https://duckduckgo.com/" "Mozilla/5.0 (Linux; Android 14; Pixel 8 Pro) AppleWebKit/537.36 (KHTML, like Gecko) Chrome/119.0.0.0 Mobile Safari/537.36"
4.197.89.232 - - [21/Dec/2025:03:54:27 +0100] "GET /cgi-bin/file.php HTTP/1.1" 404 341 "https://www.google.de/" "Mozilla/5.0 (Linux; Android 12; 2201116SG) AppleWebKit/537.36 (KHTML, like Gecko) Chrome/116.0.0.0 Mobile Safari/537.36"
4.197.89.232 - - [21/Dec/2025:03:54:28 +0100] "GET /cgi-bin/index.php HTTP/1.1" 404 341 "https://www.google.de/" "Mozilla/5.0 (iPad; CPU OS 17_0_3 like Mac OS X) AppleWebKit/605.1.15 (KHTML, like Gecko) Version/17.0.1 Mobile/15E148 Safari/604.1"
114.119.154.124 - - [21/Dec/2025:03:54:26 +0100] "GET /unisex-home/ HTTP/1.1" 200 49361 "https://www.readytorun.it/product_cat-sitemap.xml" "Mozilla/5.0 (Linux; Android 7.0;) AppleWebKit/537.36 (KHTML, like Gecko) Mobile Safari/537.36 (compatible; PetalBot;+https://webmaster.petalsearch.com/site/petalbot)"
4.197.89.232 - - [21/Dec/2025:03:54:28 +0100] "GET /chosen.php HTTP/1.1" 301 331 "https://www.google.fr/" "Mozilla/5.0 (Linux; Android 13; M2101K6G) AppleWebKit/537.36 (KHTML, like Gecko) Chrome/116.0.0.0 Mobile Safari/537.36"
4.197.89.232 - - [21/Dec/2025:03:54:33 +0100] "GET /chosen.php HTTP/1.1" 404 45948 "https://www.google.fr/" "Mozilla/5.0 (Linux; Android 13; M2101K6G) AppleWebKit/537.36 (KHTML, like Gecko) Chrome/116.0.0.0 Mobile Safari/537.36"
4.197.89.232 - - [21/Dec/2025:03:54:40 +0100] "GET /classwithtostring.php HTTP/1.1" 301 380 "https://www.google.fr/" "Mozilla/5.0 (Linux; Android 13; SM-G991U) AppleWebKit/537.36 (KHTML, like Gecko) Chrome/117.0.0.0 Mobile Safari/537.36"
51.38.211.120 - - [21/Dec/2025:03:54:45 +0100] "POST /wp-cron.php?doing_wp_cron=1766285685.1030139923095703125000 HTTP/1.1" 200 269 "-" "WordPress/6.9; https://www.readytorun.it"
4.197.89.232 - - [21/Dec/2025:03:54:46 +0100] "GET /classwithtostring.php HTTP/1.1" 404 45948 "https://www.google.fr/" "Mozilla/5.0 (Linux; Android 13; SM-G991U) AppleWebKit/537.36 (KHTML, like Gecko) Chrome/117.0.0.0 Mobile Safari/537.36"
4.197.89.232 - - [21/Dec/2025:03:54:52 +0100] "GET /edit.php HTTP/1.1" 301 367 "https://www.google.de/" "Mozilla/5.0 (Linux; Android 13; M2101K6G) AppleWebKit/537.36 (KHTML, like Gecko) Chrome/116.0.0.0 Mobile Safari/537.36"
4.197.89.232 - - [21/Dec/2025:03:54:57 +0100] "GET /edit.php HTTP/1.1" 404 45948 "https://www.google.de/" "Mozilla/5.0 (Linux; Android 13; M2101K6G) AppleWebKit/537.36 (KHTML, like Gecko) Chrome/116.0.0.0 Mobile Safari/537.36"
4.197.89.232 - - [21/Dec/2025:03:55:04 +0100] "GET /elp.php HTTP/1.1" 301 366 "https://www.bing.com/" "Mozilla/5.0 (iPhone; CPU iPhone OS 16_0 like Mac OS X) AppleWebKit/605.1.15 (KHTML, like Gecko) FxiOS/118.0 Mobile/15E148 Safari/605.1.15"
4.197.89.232 - - [21/Dec/2025:03:55:10 +0100] "GET /elp.php HTTP/1.1" 404 45948 "https://www.bing.com/" "Mozilla/5.0 (iPhone; CPU iPhone OS 16_0 like Mac OS X) AppleWebKit/605.1.15 (KHTML, like Gecko) FxiOS/118.0 Mobile/15E148 Safari/605.1.15"
40.77.167.48 - - [21/Dec/2025:03:55:20 +0100] "GET /wp-content/uploads/2021/11/f055a355-79a3-4dd3-8028-10d46df36a6b-300x300.jpg HTTP/1.1" 200 8869 "-" "Mozilla/5.0 AppleWebKit/537.36 (KHTML, like Gecko; compatible; bingbot/2.0; +http://www.bing.com/bingbot.htm) Chrome/116.0.1938.76 Safari/537.36"
51.38.211.120 - - [21/Dec/2025:03:55:15 +0100] "POST /wp-cron.php?doing_wp_cron=1766285715.8602190017700195312500 HTTP/1.1" 200 269 "-" "WordPress/6.9; https://www.readytorun.it"
4.197.89.232 - - [21/Dec/2025:03:55:17 +0100] "GET /file.php HTTP/1.1" 301 367 "https://www.google.fr/" "Mozilla/5.0 (iPhone; CPU iPhone OS 16_0 like Mac OS X) AppleWebKit/605.1.15 (KHTML, like Gecko) FxiOS/118.0 Mobile/15E148 Safari/605.1.15"
4.197.89.232 - - [21/Dec/2025:03:55:22 +0100] "GET /file.php HTTP/1.1" 404 45948 "https://www.google.fr/" "Mozilla/5.0 (iPhone; CPU iPhone OS 16_0 like Mac OS X) AppleWebKit/605.1.15 (KHTML, like Gecko) FxiOS/118.0 Mobile/15E148 Safari/605.1.15"
4.197.89.232 - - [21/Dec/2025:03:55:29 +0100] "GET /files/ HTTP/1.1" 301 365 "https://www.yahoo.com/" "Mozilla/5.0 (Linux; Android 10; K) AppleWebKit/537.36 (KHTML, like Gecko) Chrome/117.0.0.0 Mobile Safari/537.36"
4.197.89.232 - - [21/Dec/2025:03:55:34 +0100] "GET /files/ HTTP/1.1" 404 45948 "https://www.yahoo.com/" "Mozilla/5.0 (Linux; Android 10; K) AppleWebKit/537.36 (KHTML, like Gecko) Chrome/117.0.0.0 Mobile Safari/537.36"
4.197.89.232 - - [21/Dec/2025:03:55:41 +0100] "GET /gg.php HTTP/1.1" 301 365 "https://www.google.co.uk/" "Mozilla/5.0 (iPhone; CPU iPhone OS 15_7_9 like Mac OS X) AppleWebKit/605.1.15 (KHTML, like Gecko) Version/15.6.5 Mobile/15E148 Safari/604.1"
4.197.89.232 - - [21/Dec/2025:03:55:48 +0100] "GET /gg.php HTTP/1.1" 404 45948 "https://www.google.co.uk/" "Mozilla/5.0 (iPhone; CPU iPhone OS 15_7_9 like Mac OS X) AppleWebKit/605.1.15 (KHTML, like Gecko) Version/15.6.5 Mobile/15E148 Safari/604.1"
51.38.211.120 - - [21/Dec/2025:03:55:46 +0100] "POST /wp-cron.php?doing_wp_cron=1766285746.5528020858764648437500 HTTP/1.1" 200 269 "-" "WordPress/6.9; https://www.readytorun.it"
114.119.157.118 - - [21/Dec/2025:03:55:50 +0100] "GET /trail-scarpe-uomo-home/n2ztrg1001/ HTTP/1.1" 200 48843 "https://www.readytorun.it/product-sitemap3.xml" "Mozilla/5.0 (Linux; Android 7.0;) AppleWebKit/537.36 (KHTML, like Gecko) Mobile Safari/537.36 (compatible; PetalBot;+https://webmaster.petalsearch.com/site/petalbot)"
4.197.89.232 - - [21/Dec/2025:03:55:53 +0100] "GET /goods.php HTTP/1.1" 301 368 "https://www.google.de/" "Mozilla/5.0 (iPhone; CPU iPhone OS 16_0 like Mac OS X) AppleWebKit/605.1.15 (KHTML, like Gecko) FxiOS/118.0 Mobile/15E148 Safari/605.1.15"
4.197.89.232 - - [21/Dec/2025:03:55:59 +0100] "GET /goods.php HTTP/1.1" 404 45948 "https://www.google.de/" "Mozilla/5.0 (iPhone; CPU iPhone OS 16_0 like Mac OS X) AppleWebKit/605.1.15 (KHTML, like Gecko) FxiOS/118.0 Mobile/15E148 Safari/605.1.15"
4.197.89.232 - - [21/Dec/2025:03:56:06 +0100] "GET /images/ HTTP/1.1" 301 366 "https://www.google.com/" "Mozilla/5.0 (iPhone; CPU iPhone OS 17_1 like Mac OS X) AppleWebKit/605.1.15 (KHTML, like Gecko) CriOS/119.0.6045.109 Mobile/15E148 Safari/604.1"
4.197.89.232 - - [21/Dec/2025:03:56:11 +0100] "GET /images/ HTTP/1.1" 404 45948 "https://www.google.com/" "Mozilla/5.0 (iPhone; CPU iPhone OS 17_1 like Mac OS X) AppleWebKit/605.1.15 (KHTML, like Gecko) CriOS/119.0.6045.109 Mobile/15E148 Safari/604.1"
4.197.89.232 - - [21/Dec/2025:03:56:18 +0100] "GET /images/install.php HTTP/1.1" 301 377 "https://www.yahoo.com/" "Mozilla/5.0 (iPhone; CPU iPhone OS 15_7_9 like Mac OS X) AppleWebKit/605.1.15 (KHTML, like Gecko) Version/15.6.5 Mobile/15E148 Safari/604.1"
4.197.89.232 - - [21/Dec/2025:03:56:23 +0100] "GET /images/install.php HTTP/1.1" 404 45948 "https://www.yahoo.com/" "Mozilla/5.0 (iPhone; CPU iPhone OS 15_7_9 like Mac OS X) AppleWebKit/605.1.15 (KHTML, like Gecko) Version/15.6.5 Mobile/15E148 Safari/604.1"
66.249.66.165 - - [21/Dec/2025:03:56:24 +0100] "GET /shop/a2-intermedie-scarpe-uomo-home/ HTTP/1.1" 404 49973 "-" "Mozilla/5.0 (Linux; Android 6.0.1; Nexus 5X Build/MMB29P) AppleWebKit/537.36 (KHTML, like Gecko) Chrome/141.0.7390.122 Mobile Safari/537.36 (compatible; Googlebot/2.1; +http://www.google.com/bot.html)"
4.197.89.232 - - [21/Dec/2025:03:56:30 +0100] "GET /info.php HTTP/1.1" 301 367 "https://www.bing.com/" "Mozilla/5.0 (iPhone; CPU iPhone OS 15_7_9 like Mac OS X) AppleWebKit/605.1.15 (KHTML, like Gecko) Version/15.6.5 Mobile/15E148 Safari/604.1"
4.197.89.232 - - [21/Dec/2025:03:56:36 +0100] "GET /info.php HTTP/1.1" 404 45948 "https://www.bing.com/" "Mozilla/5.0 (iPhone; CPU iPhone OS 15_7_9 like Mac OS X) AppleWebKit/605.1.15 (KHTML, like Gecko) Version/15.6.5 Mobile/15E148 Safari/604.1"
4.197.89.232 - - [21/Dec/2025:03:56:42 +0100] "GET /ioxi-o.php HTTP/1.1" 301 369 "https://www.yahoo.com/" "Mozilla/5.0 (iPhone; CPU iPhone OS 17_1 like Mac OS X) AppleWebKit/605.1.15 (KHTML, like Gecko) CriOS/119.0.6045.109 Mobile/15E148 Safari/604.1"
51.38.211.120 - - [21/Dec/2025:03:56:47 +0100] "POST /wp-cron.php?doing_wp_cron=1766285807.9810791015625000000000 HTTP/1.1" 200 269 "-" "WordPress/6.9; https://www.readytorun.it"
4.197.89.232 - - [21/Dec/2025:03:56:49 +0100] "GET /ioxi-o.php HTTP/1.1" 404 45948 "https://www.yahoo.com/" "Mozilla/5.0 (iPhone; CPU iPhone OS 17_1 like Mac OS X) AppleWebKit/605.1.15 (KHTML, like Gecko) CriOS/119.0.6045.109 Mobile/15E148 Safari/604.1"
4.197.89.232 - - [21/Dec/2025:03:56:55 +0100] "GET /k.php HTTP/1.1" 301 364 "https://duckduckgo.com/" "Mozilla/5.0 (iPad; CPU OS 16_7_2 like Mac OS X) AppleWebKit/605.1.15 (KHTML, like Gecko) Version/16.6 Mobile/15E148 Safari/604.1"
4.197.89.232 - - [21/Dec/2025:03:57:00 +0100] "GET /k.php HTTP/1.1" 404 45948 "https://duckduckgo.com/" "Mozilla/5.0 (iPad; CPU OS 16_7_2 like Mac OS X) AppleWebKit/605.1.15 (KHTML, like Gecko) Version/16.6 Mobile/15E148 Safari/604.1"
4.197.89.232 - - [21/Dec/2025:03:57:07 +0100] "GET /mah.php HTTP/1.1" 301 366 "https://www.google.fr/" "Mozilla/5.0 (iPhone; CPU iPhone OS 17_1 like Mac OS X) AppleWebKit/605.1.15 (KHTML, like Gecko) CriOS/119.0.6045.109 Mobile/15E148 Safari/604.1"
4.197.89.232 - - [21/Dec/2025:03:57:13 +0100] "GET /mah.php HTTP/1.1" 404 45948 "https://www.google.fr/" "Mozilla/5.0 (iPhone; CPU iPhone OS 17_1 like Mac OS X) AppleWebKit/605.1.15 (KHTML, like Gecko) CriOS/119.0.6045.109 Mobile/15E148 Safari/604.1"
114.119.146.215 - - [21/Dec/2025:03:57:12 +0100] "GET /trail-scarpe-uomo-home/mthiere9e9/ HTTP/1.1" 200 48827 "https://www.readytorun.it/product-sitemap3.xml" "Mozilla/5.0 (Linux; Android 7.0;) AppleWebKit/537.36 (KHTML, like Gecko) Mobile Safari/537.36 (compatible; PetalBot;+https://webmaster.petalsearch.com/site/petalbot)"
4.197.89.232 - - [21/Dec/2025:03:57:19 +0100] "GET /mah/function.php HTTP/1.1" 301 375 "https://www.google.com/" "Mozilla/5.0 (iPad; CPU OS 17_0_3 like Mac OS X) AppleWebKit/605.1.15 (KHTML, like Gecko) Version/17.0.1 Mobile/15E148 Safari/604.1"
157.55.39.205 - - [21/Dec/2025:03:57:21 +0100] "GET /a4-massimo-ammortizzamento-stabili-scarpe-donna-home/120353415/ HTTP/1.1" 200 44465 "-" "Mozilla/5.0 AppleWebKit/537.36 (KHTML, like Gecko; compatible; bingbot/2.0; +http://www.bing.com/bingbot.htm) Chrome/116.0.1938.76 Safari/537.36"
