2.45.231.124 - - [21/Dec/2025:01:52:43 +0100] "GET /wp-content/plugins/elementor/assets/js/frontend.min.js?ver=3.33.6 HTTP/1.1" 200 10749 "https://www.readytorun.it/a2-intermedie-scarpe-unisex-home/3ue30012929/" "Mozilla/5.0 (Linux; Android 10; K) AppleWebKit/537.36 (KHTML, like Gecko) Chrome/143.0.0.0 Mobile Safari/537.36"
2.45.231.124 - - [21/Dec/2025:01:52:43 +0100] "GET /wp-content/plugins/rey-core/assets/js/woocommerce/wc-single-product.js?ver=3.1.9 HTTP/1.1" 200 1097 "https://www.readytorun.it/a2-intermedie-scarpe-unisex-home/3ue30012929/" "Mozilla/5.0 (Linux; Android 10; K) AppleWebKit/537.36 (KHTML, like Gecko) Chrome/143.0.0.0 Mobile Safari/537.36"
2.45.231.124 - - [21/Dec/2025:01:52:43 +0100] "GET /wp-content/plugins/rey-core/assets/js/woocommerce/blockui.js?ver=3.1.9 HTTP/1.1" 200 743 "https://www.readytorun.it/a2-intermedie-scarpe-unisex-home/3ue30012929/" "Mozilla/5.0 (Linux; Android 10; K) AppleWebKit/537.36 (KHTML, like Gecko) Chrome/143.0.0.0 Mobile Safari/537.36"
2.45.231.124 - - [21/Dec/2025:01:52:43 +0100] "GET /wp-content/plugins/rey-core/assets/js/woocommerce/add-to-cart-variation.js?ver=3.1.9 HTTP/1.1" 200 4268 "https://www.readytorun.it/a2-intermedie-scarpe-unisex-home/3ue30012929/" "Mozilla/5.0 (Linux; Android 10; K) AppleWebKit/537.36 (KHTML, like Gecko) Chrome/143.0.0.0 Mobile Safari/537.36"
2.45.231.124 - - [21/Dec/2025:01:52:43 +0100] "GET /wp-content/plugins/rey-core/assets/js/woocommerce/cart-fragments.js?ver=10.3.3 HTTP/1.1" 200 1458 "https://www.readytorun.it/a2-intermedie-scarpe-unisex-home/3ue30012929/" "Mozilla/5.0 (Linux; Android 10; K) AppleWebKit/537.36 (KHTML, like Gecko) Chrome/143.0.0.0 Mobile Safari/537.36"
2.45.231.124 - - [21/Dec/2025:01:52:43 +0100] "GET /wp-content/uploads/rey/scripts-24a133d85a.js?ver=3.1.9.1760372467 HTTP/1.1" 200 51722 "https://www.readytorun.it/a2-intermedie-scarpe-unisex-home/3ue30012929/" "Mozilla/5.0 (Linux; Android 10; K) AppleWebKit/537.36 (KHTML, like Gecko) Chrome/143.0.0.0 Mobile Safari/537.36"
2.45.231.124 - - [21/Dec/2025:01:52:43 +0100] "GET /wp-content/plugins/elementor/assets/js/section-frontend-handlers.d85ab872da118940910d.bundle.min.js HTTP/1.1" 200 624 "https://www.readytorun.it/a2-intermedie-scarpe-unisex-home/3ue30012929/" "Mozilla/5.0 (Linux; Android 10; K) AppleWebKit/537.36 (KHTML, like Gecko) Chrome/143.0.0.0 Mobile Safari/537.36"
2.45.231.124 - - [21/Dec/2025:01:52:43 +0100] "GET /wp-content/plugins/elementor/assets/js/shared-frontend-handlers.03caa53373b56d3bab67.bundle.min.js HTTP/1.1" 200 3045 "https://www.readytorun.it/a2-intermedie-scarpe-unisex-home/3ue30012929/" "Mozilla/5.0 (Linux; Android 10; K) AppleWebKit/537.36 (KHTML, like Gecko) Chrome/143.0.0.0 Mobile Safari/537.36"
2.45.231.124 - - [21/Dec/2025:01:52:43 +0100] "GET /wp-content/plugins/elementor/assets/js/text-editor.45609661e409413f1cef.bundle.min.js HTTP/1.1" 200 1003 "https://www.readytorun.it/a2-intermedie-scarpe-unisex-home/3ue30012929/" "Mozilla/5.0 (Linux; Android 10; K) AppleWebKit/537.36 (KHTML, like Gecko) Chrome/143.0.0.0 Mobile Safari/537.36"
2.45.231.124 - - [21/Dec/2025:01:52:46 +0100] "GET /wp-content/uploads/2019/05/logo_footer.png HTTP/1.1" 200 3069 "https://www.readytorun.it/a2-intermedie-scarpe-unisex-home/3ue30012929/" "Mozilla/5.0 (Linux; Android 10; K) AppleWebKit/537.36 (KHTML, like Gecko) Chrome/143.0.0.0 Mobile Safari/537.36"
2.45.231.124 - - [21/Dec/2025:01:52:43 +0100] "POST /?wc-ajax=ppc-simulate-cart HTTP/1.1" 200 696 "https://www.readytorun.it/a2-intermedie-scarpe-unisex-home/3ue30012929/" "Mozilla/5.0 (Linux; Android 10; K) AppleWebKit/537.36 (KHTML, like Gecko) Chrome/143.0.0.0 Mobile Safari/537.36"
51.38.211.120 - - [21/Dec/2025:01:52:41 +0100] "POST /wp-cron.php?doing_wp_cron=1766278361.6023929119110107421875 HTTP/1.1" 200 4069 "-" "WordPress/6.9; https://www.readytorun.it"
2.45.231.124 - - [21/Dec/2025:01:52:47 +0100] "GET /a2-intermedie-scarpe-unisex-home/3ue30012929/ HTTP/1.1" 200 45012 "https://www.readytorun.it/a2-intermedie-scarpe-unisex-home/3ue30012929/" "Mozilla/5.0 (Linux; Android 10; K) AppleWebKit/537.36 (KHTML, like Gecko) Chrome/143.0.0.0 Mobile Safari/537.36"
2.45.231.124 - - [21/Dec/2025:01:52:55 +0100] "POST /?wc-ajax=ppc-simulate-cart HTTP/1.1" 200 696 "https://www.readytorun.it/a2-intermedie-scarpe-unisex-home/3ue30012929/" "Mozilla/5.0 (Linux; Android 10; K) AppleWebKit/537.36 (KHTML, like Gecko) Chrome/143.0.0.0 Mobile Safari/537.36"
2.45.231.124 - - [21/Dec/2025:01:52:58 +0100] "POST /?reycore-ajax=related_products HTTP/1.1" 200 4382 "https://www.readytorun.it/a2-intermedie-scarpe-unisex-home/3ue30012929/" "Mozilla/5.0 (Linux; Android 10; K) AppleWebKit/537.36 (KHTML, like Gecko) Chrome/143.0.0.0 Mobile Safari/537.36"
2.45.231.124 - - [21/Dec/2025:01:53:04 +0100] "GET /wp-content/plugins/rey-core/assets/css/woocommerce-components/page-loop/general/style.css?ver=1cfc317a897c HTTP/1.1" 200 3346 "https://www.readytorun.it/a2-intermedie-scarpe-unisex-home/3ue30012929/" "Mozilla/5.0 (Linux; Android 10; K) AppleWebKit/537.36 (KHTML, like Gecko) Chrome/143.0.0.0 Mobile Safari/537.36"
2.45.231.124 - - [21/Dec/2025:01:53:04 +0100] "GET /wp-content/plugins/rey-core/assets/css/woocommerce-components/page-loop/grid-mobile-list-view/style.css?ver=1cfc317a897c HTTP/1.1" 200 762 "https://www.readytorun.it/a2-intermedie-scarpe-unisex-home/3ue30012929/" "Mozilla/5.0 (Linux; Android 10; K) AppleWebKit/537.36 (KHTML, like Gecko) Chrome/143.0.0.0 Mobile Safari/537.36"
2.45.231.124 - - [21/Dec/2025:01:53:04 +0100] "GET /wp-content/plugins/rey-core/assets/js/woocommerce/loop-grids.js?ver=1cfc317a897c HTTP/1.1" 200 2141 "https://www.readytorun.it/a2-intermedie-scarpe-unisex-home/3ue30012929/" "Mozilla/5.0 (Linux; Android 10; K) AppleWebKit/537.36 (KHTML, like Gecko) Chrome/143.0.0.0 Mobile Safari/537.36"
2.45.231.124 - - [21/Dec/2025:01:53:04 +0100] "GET /wp-content/plugins/rey-core/assets/js/woocommerce/loop-equalize.js?ver=1cfc317a897c HTTP/1.1" 200 1029 "https://www.readytorun.it/a2-intermedie-scarpe-unisex-home/3ue30012929/" "Mozilla/5.0 (Linux; Android 10; K) AppleWebKit/537.36 (KHTML, like Gecko) Chrome/143.0.0.0 Mobile Safari/537.36"
2.45.231.124 - - [21/Dec/2025:01:53:04 +0100] "GET /wp-content/themes/rey/assets/js/components/c-animate-items.js?ver=1cfc317a897c HTTP/1.1" 200 1299 "https://www.readytorun.it/a2-intermedie-scarpe-unisex-home/3ue30012929/" "Mozilla/5.0 (Linux; Android 10; K) AppleWebKit/537.36 (KHTML, like Gecko) Chrome/143.0.0.0 Mobile Safari/537.36"
2.45.231.124 - - [21/Dec/2025:01:53:04 +0100] "GET /wp-content/uploads/2021/11/b63db249-a2fb-4482-b289-44c90462dd8c-1-500x667.jpg HTTP/1.1" 200 19452 "https://www.readytorun.it/a2-intermedie-scarpe-unisex-home/3ue30012929/" "Mozilla/5.0 (Linux; Android 10; K) AppleWebKit/537.36 (KHTML, like Gecko) Chrome/143.0.0.0 Mobile Safari/537.36"
2.45.231.124 - - [21/Dec/2025:01:53:04 +0100] "GET /wp-content/uploads/2022/06/32170a8c-ab4f-4b5b-8af1-03b448128b00-500x667.jpg HTTP/1.1" 200 43951 "https://www.readytorun.it/a2-intermedie-scarpe-unisex-home/3ue30012929/" "Mozilla/5.0 (Linux; Android 10; K) AppleWebKit/537.36 (KHTML, like Gecko) Chrome/143.0.0.0 Mobile Safari/537.36"
2.45.231.124 - - [21/Dec/2025:01:53:04 +0100] "GET /wp-content/uploads/2023/03/d0e76767-23c7-4fc4-9a88-91963281deb6-500x667.jpg HTTP/1.1" 200 22192 "https://www.readytorun.it/a2-intermedie-scarpe-unisex-home/3ue30012929/" "Mozilla/5.0 (Linux; Android 10; K) AppleWebKit/537.36 (KHTML, like Gecko) Chrome/143.0.0.0 Mobile Safari/537.36"
2.45.231.124 - - [21/Dec/2025:01:53:04 +0100] "GET /wp-content/uploads/2021/11/5c43ca70-2e35-40e2-af60-70bd1b4cea0a-1-scaled-1152x1536.jpg HTTP/1.1" 200 180968 "https://www.readytorun.it/a2-intermedie-scarpe-unisex-home/3ue30012929/" "Mozilla/5.0 (Linux; Android 10; K) AppleWebKit/537.36 (KHTML, like Gecko) Chrome/143.0.0.0 Mobile Safari/537.36"
2.45.231.124 - - [21/Dec/2025:01:53:04 +0100] "GET /wp-content/uploads/2021/11/e0541bbf-1499-4a9b-8c1c-6174ccdc001c-1-scaled-1152x1536.jpg HTTP/1.1" 200 168352 "https://www.readytorun.it/a2-intermedie-scarpe-unisex-home/3ue30012929/" "Mozilla/5.0 (Linux; Android 10; K) AppleWebKit/537.36 (KHTML, like Gecko) Chrome/143.0.0.0 Mobile Safari/537.36"
2.45.231.124 - - [21/Dec/2025:01:53:04 +0100] "GET /wp-content/uploads/2021/11/63eb70da-df09-4ff7-81fc-097a9933dde7-1-500x667.jpg HTTP/1.1" 200 28023 "https://www.readytorun.it/a2-intermedie-scarpe-unisex-home/3ue30012929/" "Mozilla/5.0 (Linux; Android 10; K) AppleWebKit/537.36 (KHTML, like Gecko) Chrome/143.0.0.0 Mobile Safari/537.36"
2.45.231.124 - - [21/Dec/2025:01:53:04 +0100] "GET /wp-content/uploads/2021/11/5d9d2137-5857-424d-9d43-0701557793f2-1-500x667.jpg HTTP/1.1" 200 24941 "https://www.readytorun.it/a2-intermedie-scarpe-unisex-home/3ue30012929/" "Mozilla/5.0 (Linux; Android 10; K) AppleWebKit/537.36 (KHTML, like Gecko) Chrome/143.0.0.0 Mobile Safari/537.36"
2.45.231.124 - - [21/Dec/2025:01:53:04 +0100] "GET /wp-content/uploads/2021/11/76526b21-8c44-4bd6-8dc5-f776015ffe5a-1-scaled-1152x1536.jpg HTTP/1.1" 200 159781 "https://www.readytorun.it/a2-intermedie-scarpe-unisex-home/3ue30012929/" "Mozilla/5.0 (Linux; Android 10; K) AppleWebKit/537.36 (KHTML, like Gecko) Chrome/143.0.0.0 Mobile Safari/537.36"
2.45.231.124 - - [21/Dec/2025:01:53:00 +0100] "POST /?wc-ajax=ppc-simulate-cart HTTP/1.1" 200 696 "https://www.readytorun.it/a2-intermedie-scarpe-unisex-home/3ue30012929/" "Mozilla/5.0 (Linux; Android 10; K) AppleWebKit/537.36 (KHTML, like Gecko) Chrome/143.0.0.0 Mobile Safari/537.36"
51.38.211.120 - - [21/Dec/2025:01:53:02 +0100] "POST /wp-cron.php?doing_wp_cron=1766278382.9067220687866210937500 HTTP/1.1" 200 4069 "-" "WordPress/6.9; https://www.readytorun.it"
40.77.167.48 - - [21/Dec/2025:01:53:12 +0100] "GET /wp-content/uploads/2023/07/b15ab0ea-d971-4af2-a4b5-74480f0ca9ed-100x100.jpg HTTP/1.1" 200 5496 "-" "Mozilla/5.0 AppleWebKit/537.36 (KHTML, like Gecko; compatible; bingbot/2.0; +http://www.bing.com/bingbot.htm) Chrome/116.0.1938.76 Safari/537.36"
114.119.159.148 - - [21/Dec/2025:01:53:19 +0100] "GET /a3-massimo-ammortizzamento-scarpe-uomo-home/mvr/ HTTP/1.1" 200 48233 "https://www.readytorun.it/product-sitemap3.xml" "Mozilla/5.0 (Linux; Android 7.0;) AppleWebKit/537.36 (KHTML, like Gecko) Mobile Safari/537.36 (compatible; PetalBot;+https://webmaster.petalsearch.com/site/petalbot)"
52.167.144.215 - - [21/Dec/2025:01:54:10 +0100] "GET /wp-content/uploads/2023/06/ac3bc3fe-33e8-4809-aa52-3f55b7e1a086-50x50.jpg HTTP/1.1" 200 4833 "-" "Mozilla/5.0 AppleWebKit/537.36 (KHTML, like Gecko; compatible; bingbot/2.0; +http://www.bing.com/bingbot.htm) Chrome/116.0.1938.76 Safari/537.36"
3.252.81.217 - - [21/Dec/2025:01:54:24 +0100] "GET /robots.txt HTTP/1.1" 200 586 "-" "IDG/IT (http://spaziodati.eu/)"
3.252.81.217 - - [21/Dec/2025:01:54:29 +0100] "GET /chi-siamo HTTP/1.1" 301 264 "-" "IDG/IT (http://spaziodati.eu/)"
51.38.211.120 - - [21/Dec/2025:01:54:28 +0100] "POST /wp-cron.php?doing_wp_cron=1766278468.9005229473114013671875 HTTP/1.1" 200 269 "-" "WordPress/6.9; https://www.readytorun.it"
3.252.81.217 - - [21/Dec/2025:01:54:35 +0100] "GET /chi-siamo/ HTTP/1.1" 200 31117 "-" "IDG/IT (http://spaziodati.eu/)"
114.119.157.118 - - [21/Dec/2025:01:54:42 +0100] "GET /a3-massimo-ammortizzamento-scarpe-uomo-home/jq7699/ HTTP/1.1" 200 47095 "https://www.readytorun.it/product-sitemap3.xml" "Mozilla/5.0 (Linux; Android 7.0;) AppleWebKit/537.36 (KHTML, like Gecko) Mobile Safari/537.36 (compatible; PetalBot;+https://webmaster.petalsearch.com/site/petalbot)"
51.38.211.120 - - [21/Dec/2025:01:54:47 +0100] "POST /wp-cron.php?doing_wp_cron=1766278487.5902600288391113281250 HTTP/1.1" 200 4069 "-" "WordPress/6.9; https://www.readytorun.it"
185.102.115.93 - - [21/Dec/2025:01:54:55 +0100] "GET /wp-content/plugins/wpcf7-redirect/readme.txt HTTP/1.1" 404 49976 "-" "Mozilla/4.0 (compatible; MSIE 6.0; Windows NT 5.1; SV1)"
51.38.211.120 - - [21/Dec/2025:01:54:59 +0100] "POST /?wordfence_syncAttackData=1766278499.4778 HTTP/1.1" 200 3981 "-" "WordPress/6.9; https://www.readytorun.it"
40.77.167.131 - - [21/Dec/2025:01:55:07 +0100] "GET /wp-content/uploads/2023/03/58ee9a0e-e6e7-4ba1-9fb0-36441ee6396b-50x50.jpg HTTP/1.1" 200 4760 "-" "Mozilla/5.0 AppleWebKit/537.36 (KHTML, like Gecko; compatible; bingbot/2.0; +http://www.bing.com/bingbot.htm) Chrome/116.0.1938.76 Safari/537.36"
57.141.0.62 - - [21/Dec/2025:01:55:10 +0100] "GET /a3-massimo-ammortizzamento-scarpe-donna-home/120431443/ HTTP/1.1" 200 189259 "-" "meta-externalagent/1.1 (+https://developers.facebook.com/docs/sharing/webmasters/crawler)"
51.38.211.120 - - [21/Dec/2025:01:55:15 +0100] "POST /wp-cron.php?doing_wp_cron=1766278515.2431120872497558593750 HTTP/1.1" 200 4069 "-" "WordPress/6.9; https://www.readytorun.it"
66.249.66.199 - - [21/Dec/2025:01:55:38 +0100] "GET /wp-content/uploads/2024/09/9e2fbda0-9742-4144-b020-671803eb249e.jpg HTTP/1.1" 200 91034 "-" "Googlebot-Image/1.0"
52.167.144.215 - - [21/Dec/2025:01:55:59 +0100] "GET /wp-content/uploads/2025/08/41c6c535-f1ab-47de-b9a2-3a31b7dc1511-500x667.jpg HTTP/1.1" 200 23998 "-" "Mozilla/5.0 AppleWebKit/537.36 (KHTML, like Gecko; compatible; bingbot/2.0; +http://www.bing.com/bingbot.htm) Chrome/116.0.1938.76 Safari/537.36"
162.120.188.142 - - [21/Dec/2025:01:56:00 +0100] "GET /news/elementor-40687/ HTTP/1.1" 200 36701 "https://www.google.com/" "Mozilla/5.0 (Linux; Android 10; K) AppleWebKit/537.36 (KHTML, like Gecko) Chrome/143.0.0.0 Mobile Safari/537.36"
142.250.32.32 - - [21/Dec/2025:01:56:00 +0100] "GET /.well-known/traffic-advice HTTP/1.1" 404 49961 "-" "Chrome Privacy Preserving Prefetch Proxy"
216.244.66.238 - - [21/Dec/2025:01:56:02 +0100] "GET /robots.txt HTTP/1.1" 200 897 "-" "Mozilla/5.0 (compatible; DotBot/1.2; +https://opensiteexplorer.org/dotbot; help@moz.com)"
51.38.211.120 - - [21/Dec/2025:01:56:04 +0100] "POST /wp-cron.php?doing_wp_cron=1766278564.1833670139312744140625 HTTP/1.1" 200 4069 "-" "WordPress/6.9; https://www.readytorun.it"
114.119.148.165 - - [21/Dec/2025:01:56:05 +0100] "GET /a3-massimo-ammortizzamento-scarpe-uomo-home/jp8689/ HTTP/1.1" 200 47992 "https://www.readytorun.it/product-sitemap3.xml" "Mozilla/5.0 (Linux; Android 7.0;) AppleWebKit/537.36 (KHTML, like Gecko) Mobile Safari/537.36 (compatible; PetalBot;+https://webmaster.petalsearch.com/site/petalbot)"
40.77.167.131 - - [21/Dec/2025:01:56:10 +0100] "GET /wp-content/uploads/2023/06/59909c79-318a-49d4-9b8a-e46bd6efbfb4-300x300.jpg HTTP/1.1" 200 10997 "-" "Mozilla/5.0 AppleWebKit/537.36 (KHTML, like Gecko; compatible; bingbot/2.0; +http://www.bing.com/bingbot.htm) Chrome/116.0.1938.76 Safari/537.36"
66.249.66.77 - - [21/Dec/2025:01:56:45 +0100] "GET /wp-content/uploads/2022/07/b243fe49-c746-4dfe-8ffe-72b5adfc971d.jpg HTTP/1.1" 200 146221 "-" "Googlebot-Image/1.0"
114.119.157.118 - - [21/Dec/2025:01:57:28 +0100] "GET /a3-massimo-ammortizzamento-scarpe-uomo-home/j1gc250353/ HTTP/1.1" 200 48888 "https://www.readytorun.it/product-sitemap3.xml" "Mozilla/5.0 (Linux; Android 7.0;) AppleWebKit/537.36 (KHTML, like Gecko) Mobile Safari/537.36 (compatible; PetalBot;+https://webmaster.petalsearch.com/site/petalbot)"
51.38.211.120 - - [21/Dec/2025:01:57:33 +0100] "POST /wp-cron.php?doing_wp_cron=1766278653.5735299587249755859375 HTTP/1.1" 200 4069 "-" "WordPress/6.9; https://www.readytorun.it"
37.60.237.29 - - [21/Dec/2025:01:57:51 +0100] "GET /wp-login.php HTTP/1.1" 200 7989 "-" "GRequests/0.10"
40.77.167.131 - - [21/Dec/2025:01:57:57 +0100] "GET /wp-content/uploads/2021/12/5345ffb8-1d63-4a38-8a0e-fb95460bc6e1-2048x1547.jpg HTTP/1.1" 200 468647 "-" "Mozilla/5.0 AppleWebKit/537.36 (KHTML, like Gecko; compatible; bingbot/2.0; +http://www.bing.com/bingbot.htm) Chrome/116.0.1938.76 Safari/537.36"
51.38.211.120 - - [21/Dec/2025:01:57:55 +0100] "POST /wp-cron.php?doing_wp_cron=1766278675.3523709774017333984375 HTTP/1.1" 200 4069 "-" "WordPress/6.9; https://www.readytorun.it"
37.60.237.29 - - [21/Dec/2025:01:57:56 +0100] "POST /wp-login.php HTTP/1.1" 503 23360 "-" "GRequests/0.10"
37.60.237.29 - - [21/Dec/2025:01:58:01 +0100] "GET /wp-admin/ HTTP/1.1" 503 23172 "-" "GRequests/0.10"
40.77.167.131 - - [21/Dec/2025:01:58:27 +0100] "GET /wp-content/uploads/2022/11/b705c2b3-cb9b-4cef-86b6-32d667234c69-300x108.jpg HTTP/1.1" 200 11997 "-" "Mozilla/5.0 AppleWebKit/537.36 (KHTML, like Gecko; compatible; bingbot/2.0; +http://www.bing.com/bingbot.htm) Chrome/116.0.1938.76 Safari/537.36"
216.244.66.238 - - [21/Dec/2025:01:58:31 +0100] "GET /brand/rd/ HTTP/1.1" 200 153052 "-" "Mozilla/5.0 (compatible; DotBot/1.2; +https://opensiteexplorer.org/dotbot; help@moz.com)"
51.38.211.120 - - [21/Dec/2025:01:58:35 +0100] "POST /wp-cron.php?doing_wp_cron=1766278714.9798030853271484375000 HTTP/1.1" 200 269 "-" "WordPress/6.9; https://www.readytorun.it"
20.191.45.212 - - [21/Dec/2025:01:58:43 +0100] "GET / HTTP/1.1" 301 292 "http://www.readytorun.it/" "DuckDuckBot/1.1; (+http://duckduckgo.com/duckduckbot.html)"
51.38.211.120 - - [21/Dec/2025:01:58:46 +0100] "POST /wp-cron.php?doing_wp_cron=1766278726.9467990398406982421875 HTTP/1.1" 200 269 "-" "WordPress/6.9; https://www.readytorun.it"
20.191.45.212 - - [21/Dec/2025:01:58:48 +0100] "GET / HTTP/1.1" 200 61360 "https://www.readytorun.it/" "DuckDuckBot/1.1; (+http://duckduckgo.com/duckduckbot.html)"
20.191.45.212 - - [21/Dec/2025:01:58:54 +0100] "GET /wp-content/uploads/2019/05/logo_footer.png HTTP/1.1" 200 3069 "https://www.readytorun.it/wp-content/uploads/2019/05/logo_footer.png" "DuckDuckBot/1.1; (+http://duckduckgo.com/duckduckbot.html)"
216.244.66.238 - - [21/Dec/2025:01:58:52 +0100] "GET /color/viola/ HTTP/1.1" 200 239171 "-" "Mozilla/5.0 (compatible; DotBot/1.2; +https://opensiteexplorer.org/dotbot; help@moz.com)"
52.167.144.215 - - [21/Dec/2025:01:58:58 +0100] "GET /wp-content/uploads/2022/10/45d185ab-ac2d-449f-b3b0-da4b3228a98a-768x768.jpg HTTP/1.1" 200 67144 "-" "Mozilla/5.0 AppleWebKit/537.36 (KHTML, like Gecko; compatible; bingbot/2.0; +http://www.bing.com/bingbot.htm) Chrome/116.0.1938.76 Safari/537.36"
114.119.157.118 - - [21/Dec/2025:01:58:53 +0100] "GET /a3-massimo-ammortizzamento-scarpe-uomo-home/j1gc250251/ HTTP/1.1" 200 49591 "https://www.readytorun.it/product-sitemap3.xml" "Mozilla/5.0 (Linux; Android 7.0;) AppleWebKit/537.36 (KHTML, like Gecko) Mobile Safari/537.36 (compatible; PetalBot;+https://webmaster.petalsearch.com/site/petalbot)"
66.249.92.14 - - [21/Dec/2025:01:59:11 +0100] "GET /.well-known/assetlinks.json HTTP/1.1" 404 49961 "-" "Mozilla/5.0 (Windows NT 10.0; Win64; x64)AppleWebKit/537.36 (KHTML, like Gecko) Chrome/91.0.4472.101 Safari/537.36"
216.244.66.238 - - [21/Dec/2025:01:59:14 +0100] "GET /calzini-tecnici-abbigliamento-unisex-home/ HTTP/1.1" 200 202799 "-" "Mozilla/5.0 (compatible; DotBot/1.2; +https://opensiteexplorer.org/dotbot; help@moz.com)"
66.249.66.200 - - [21/Dec/2025:01:59:24 +0100] "GET /a3-massimo-ammortizzamento-scarpe-donna-home/1012b808700/ HTTP/1.1" 200 48019 "-" "Mozilla/5.0 (compatible; Googlebot/2.1; +http://www.google.com/bot.html)"
66.249.66.163 - - [21/Dec/2025:01:59:41 +0100] "GET /a3-massimo-ammortizzamento-scarpe-donna-home/1012b808700/ HTTP/1.1" 200 48011 "-" "Mozilla/5.0 (compatible; Googlebot/2.1; +http://www.google.com/bot.html)"
51.38.211.120 - - [21/Dec/2025:01:59:45 +0100] "POST /wp-cron.php?doing_wp_cron=1766278785.5149140357971191406250 HTTP/1.1" 200 4069 "-" "WordPress/6.9; https://www.readytorun.it"
57.141.0.16 - - [21/Dec/2025:01:59:53 +0100] "GET /testimonials/elementor-33384/ HTTP/1.1" 200 140054 "-" "meta-externalagent/1.1 (+https://developers.facebook.com/docs/sharing/webmasters/crawler)"
216.244.66.238 - - [21/Dec/2025:01:59:52 +0100] "GET /size/6/ HTTP/1.1" 200 273972 "-" "Mozilla/5.0 (compatible; DotBot/1.2; +https://opensiteexplorer.org/dotbot; help@moz.com)"
20.4.55.181 - - [21/Dec/2025:02:00:10 +0100] "GET /wp-json/wc/v2/taxes HTTP/1.1" 200 4903 "-" "-"
20.4.55.181 - - [21/Dec/2025:02:00:17 +0100] "GET /wp-json/wc/v2/orders?after=2025-12-16%2001:00:17&per_page=100 HTTP/1.1" 200 5760 "-" "-"
51.38.211.120 - - [21/Dec/2025:02:00:16 +0100] "POST /wp-cron.php?doing_wp_cron=1766278816.1081171035766601562500 HTTP/1.1" 200 4069 "-" "WordPress/6.9; https://www.readytorun.it"
114.119.146.215 - - [21/Dec/2025:02:00:20 +0100] "GET /a3-massimo-ammortizzamento-scarpe-uomo-home/3me10120664/ HTTP/1.1" 200 47912 "https://www.readytorun.it/product-sitemap3.xml" "Mozilla/5.0 (Linux; Android 7.0;) AppleWebKit/537.36 (KHTML, like Gecko) Mobile Safari/537.36 (compatible; PetalBot;+https://webmaster.petalsearch.com/site/petalbot)"
216.244.66.238 - - [21/Dec/2025:02:00:28 +0100] "GET /elastici-accessori-unisex-home/ HTTP/1.1" 200 205683 "-" "Mozilla/5.0 (compatible; DotBot/1.2; +https://opensiteexplorer.org/dotbot; help@moz.com)"
66.249.66.14 - - [21/Dec/2025:02:00:55 +0100] "GET /a2-intermedie-scarpe-uomo-home/hq1068/ HTTP/1.1" 200 48337 "-" "Mozilla/5.0 (Linux; Android 6.0.1; Nexus 5X Build/MMB29P) AppleWebKit/537.36 (KHTML, like Gecko) Chrome/141.0.7390.122 Mobile Safari/537.36 (compatible; Googlebot/2.1; +http://www.google.com/bot.html)"
51.38.211.120 - - [21/Dec/2025:02:00:59 +0100] "POST /wp-cron.php?doing_wp_cron=1766278859.3152639865875244140625 HTTP/1.1" 200 4069 "-" "WordPress/6.9; https://www.readytorun.it"
66.249.66.14 - - [21/Dec/2025:02:01:05 +0100] "GET /wp-content/plugins/rey-core/assets/js/lib/c-rey-template.js?ver=3.1.9 HTTP/1.1" 200 4978 "https://www.readytorun.it/a2-intermedie-scarpe-uomo-home/hq1068/" "Mozilla/5.0 (Linux; Android 6.0.1; Nexus 5X Build/MMB29P) AppleWebKit/537.36 (KHTML, like Gecko) Chrome/141.0.7390.122 Mobile Safari/537.36 (compatible; Googlebot/2.1; +http://www.google.com/bot.html)"
66.249.66.40 - - [21/Dec/2025:02:01:09 +0100] "POST /?reycore-ajax=related_products HTTP/1.1" 200 7461 "https://www.readytorun.it/a2-intermedie-scarpe-uomo-home/hq1068/" "Mozilla/5.0 (Linux; Android 6.0.1; Nexus 5X Build/MMB29P) AppleWebKit/537.36 (KHTML, like Gecko) Chrome/141.0.7390.122 Mobile Safari/537.36 (compatible; Googlebot/2.1; +http://www.google.com/bot.html)"
43.224.124.253 - - [21/Dec/2025:02:01:22 +0100] "GET /wp-login.php HTTP/1.1" 200 9310 "-" "Mozilla/5.0 (Windows NT 6.1; Trident/7.0; EIE10;ENUSWOL; rv:11.0) like Gecko"
216.244.66.238 - - [21/Dec/2025:02:01:41 +0100] "GET /a4-massimo-ammortizzamento-stabili-scarpe-bambino-home/1014a343600/ HTTP/1.1" 200 213078 "-" "Mozilla/5.0 (compatible; DotBot/1.2; +https://opensiteexplorer.org/dotbot; help@moz.com)"
114.119.146.215 - - [21/Dec/2025:02:01:39 +0100] "GET /a3-massimo-ammortizzamento-scarpe-uomo-home/31104607/ HTTP/1.1" 200 47643 "https://www.readytorun.it/product-sitemap3.xml" "Mozilla/5.0 (Linux; Android 7.0;) AppleWebKit/537.36 (KHTML, like Gecko) Mobile Safari/537.36 (compatible; PetalBot;+https://webmaster.petalsearch.com/site/petalbot)"
43.224.124.253 - - [21/Dec/2025:02:01:46 +0100] "GET /wp-login.php HTTP/1.1" 200 9310 "-" "Mozilla/5.0 (Windows NT 6.1; Trident/7.0; EIE10;ENUSWOL; rv:11.0) like Gecko"
51.38.211.120 - - [21/Dec/2025:02:01:45 +0100] "POST /wp-cron.php?doing_wp_cron=1766278905.4129929542541503906250 HTTP/1.1" 200 4069 "-" "WordPress/6.9; https://www.readytorun.it"
172.213.21.127 - - [21/Dec/2025:02:01:52 +0100] "GET /news/elementor-40974/ HTTP/1.1" 200 36486 "-" "Mozilla/5.0 AppleWebKit/537.36 (KHTML, like Gecko); compatible; ChatGPT-User/1.0; +https://openai.com/bot"
43.224.124.253 - - [21/Dec/2025:02:01:55 +0100] "POST /wp-login.php HTTP/1.1" 503 19651 "https://www.readytorun.it/wp-login.php" "Mozilla/5.0 (Windows NT 6.1; Trident/7.0; EIE10;ENUSWOL; rv:11.0) like Gecko"
216.244.66.238 - - [21/Dec/2025:02:02:45 +0100] "GET /black-friday/267682/ HTTP/1.1" 200 189879 "-" "Mozilla/5.0 (compatible; DotBot/1.2; +https://opensiteexplorer.org/dotbot; help@moz.com)"
52.167.144.182 - - [21/Dec/2025:02:02:53 +0100] "GET /wp-content/uploads/2022/06/c5ee1e09-5adf-4a6e-9e1b-101835b5bf56.jpg HTTP/1.1" 200 225884 "-" "Mozilla/5.0 AppleWebKit/537.36 (KHTML, like Gecko; compatible; bingbot/2.0; +http://www.bing.com/bingbot.htm) Chrome/116.0.1938.76 Safari/537.36"
51.38.211.120 - - [21/Dec/2025:02:02:49 +0100] "POST /wp-cron.php?doing_wp_cron=1766278969.9105770587921142578125 HTTP/1.1" 200 269 "-" "WordPress/6.9; https://www.readytorun.it"
40.77.167.131 - - [21/Dec/2025:02:03:09 +0100] "GET /wp-content/uploads/2023/05/eef8d228-c651-487d-843a-c2089adeb98a-768x768.jpg HTTP/1.1" 200 28715 "-" "Mozilla/5.0 AppleWebKit/537.36 (KHTML, like Gecko; compatible; bingbot/2.0; +http://www.bing.com/bingbot.htm) Chrome/116.0.1938.76 Safari/537.36"
114.119.154.124 - - [21/Dec/2025:02:03:04 +0100] "GET /a3-massimo-ammortizzamento-scarpe-uomo-home/19520403/ HTTP/1.1" 200 47704 "https://www.readytorun.it/product-sitemap3.xml" "Mozilla/5.0 (Linux; Android 7.0;) AppleWebKit/537.36 (KHTML, like Gecko) Mobile Safari/537.36 (compatible; PetalBot;+https://webmaster.petalsearch.com/site/petalbot)"
51.38.211.120 - - [21/Dec/2025:02:03:08 +0100] "POST /wp-cron.php?doing_wp_cron=1766278988.3494880199432373046875 HTTP/1.1" 200 4069 "-" "WordPress/6.9; https://www.readytorun.it"
23.23.213.182 - - [21/Dec/2025:02:03:10 +0100] "GET /chiodate-scarpe-unisex-home/usdelse1/ HTTP/1.1" 200 48438 "-" "Mozilla/5.0 AppleWebKit/537.36 (KHTML, like Gecko; compatible; Amazonbot/0.1; +https://developer.amazon.com/support/amazonbot) Chrome/119.0.6045.214 Safari/537.36"
52.202.52.82 - - [21/Dec/2025:02:03:13 +0100] "GET /a4-massimo-ammortizzamento-stabili-scarpe-uomo-home/1011b574750/ HTTP/1.1" 200 44028 "-" "Mozilla/5.0 AppleWebKit/537.36 (KHTML, like Gecko; compatible; Amazonbot/0.1; +https://developer.amazon.com/support/amazonbot) Chrome/119.0.6045.214 Safari/537.36"
216.244.66.238 - - [21/Dec/2025:02:03:14 +0100] "GET /chiodate-scarpe-unisex-home/3024907105/ HTTP/1.1" 200 171432 "-" "Mozilla/5.0 (compatible; DotBot/1.2; +https://opensiteexplorer.org/dotbot; help@moz.com)"
44.216.172.204 - - [21/Dec/2025:02:03:17 +0100] "GET /a3-massimo-ammortizzamento-scarpe-uomo-home/j1gc247901/ HTTP/1.1" 200 47475 "-" "Mozilla/5.0 AppleWebKit/537.36 (KHTML, like Gecko; compatible; Amazonbot/0.1; +https://developer.amazon.com/support/amazonbot) Chrome/119.0.6045.214 Safari/537.36"
44.210.204.255 - - [21/Dec/2025:02:03:21 +0100] "GET /a3-massimo-ammortizzamento-scarpe-uomo-home/j1gc210801/ HTTP/1.1" 200 43588 "-" "Mozilla/5.0 AppleWebKit/537.36 (KHTML, like Gecko; compatible; Amazonbot/0.1; +https://developer.amazon.com/support/amazonbot) Chrome/119.0.6045.214 Safari/537.36"
44.194.139.149 - - [21/Dec/2025:02:03:25 +0100] "GET /a2-intermedie-scarpe-donna-home/bv0614001/ HTTP/1.1" 200 46314 "-" "Mozilla/5.0 AppleWebKit/537.36 (KHTML, like Gecko; compatible; Amazonbot/0.1; +https://developer.amazon.com/support/amazonbot) Chrome/119.0.6045.214 Safari/537.36"
98.83.177.42 - - [21/Dec/2025:02:03:29 +0100] "GET /a3-massimo-ammortizzamento-scarpe-uomo-home/m1080j11/ HTTP/1.1" 200 43613 "-" "Mozilla/5.0 AppleWebKit/537.36 (KHTML, like Gecko; compatible; Amazonbot/0.1; +https://developer.amazon.com/support/amazonbot) Chrome/119.0.6045.214 Safari/537.36"
172.213.21.127 - - [21/Dec/2025:02:03:42 +0100] "GET / HTTP/1.1" 301 4000 "-" "Mozilla/5.0 AppleWebKit/537.36 (KHTML, like Gecko); compatible; ChatGPT-User/1.0; +https://openai.com/bot"
51.38.211.120 - - [21/Dec/2025:02:03:48 +0100] "POST /wp-cron.php?doing_wp_cron=1766279028.0167589187622070312500 HTTP/1.1" 200 4069 "-" "WordPress/6.9; https://www.readytorun.it"
216.244.66.238 - - [21/Dec/2025:02:03:53 +0100] "GET /senza-categoria/j2gba14409/ HTTP/1.1" 200 185977 "-" "Mozilla/5.0 (compatible; DotBot/1.2; +https://opensiteexplorer.org/dotbot; help@moz.com)"
216.244.66.238 - - [21/Dec/2025:02:04:27 +0100] "GET /supporto-per-il-tendine-d-achille-accessori-unisex-home/7000436/ HTTP/1.1" 200 172171 "-" "Mozilla/5.0 (compatible; DotBot/1.2; +https://opensiteexplorer.org/dotbot; help@moz.com)"
114.119.159.148 - - [21/Dec/2025:02:04:32 +0100] "GET /a3-massimo-ammortizzamento-scarpe-uomo-home/1162030ptyg/ HTTP/1.1" 200 49197 "https://www.readytorun.it/product-sitemap3.xml" "Mozilla/5.0 (Linux; Android 7.0;) AppleWebKit/537.36 (KHTML, like Gecko) Mobile Safari/537.36 (compatible; PetalBot;+https://webmaster.petalsearch.com/site/petalbot)"
40.77.167.14 - - [21/Dec/2025:02:05:03 +0100] "GET /wp-content/uploads/2022/06/0afee922-5d4d-4206-9d03-ce0e94e3c3a3.jpg HTTP/1.1" 200 92204 "-" "Mozilla/5.0 AppleWebKit/537.36 (KHTML, like Gecko; compatible; bingbot/2.0; +http://www.bing.com/bingbot.htm) Chrome/116.0.1938.76 Safari/537.36"
216.244.66.238 - - [21/Dec/2025:02:05:07 +0100] "GET /a3-massimo-ammortizzamento-scarpe-donna-home/120434110/ HTTP/1.1" 200 170794 "-" "Mozilla/5.0 (compatible; DotBot/1.2; +https://opensiteexplorer.org/dotbot; help@moz.com)"
51.38.211.120 - - [21/Dec/2025:02:05:11 +0100] "POST /wp-cron.php?doing_wp_cron=1766279111.2157380580902099609375 HTTP/1.1" 200 269 "-" "WordPress/6.9; https://www.readytorun.it"
40.77.167.18 - - [21/Dec/2025:02:05:30 +0100] "GET /wp-content/uploads/2022/08/b772709b-b2c8-4048-98b7-bd2a3999210b-1536x1045.jpg HTTP/1.1" 200 155135 "-" "Mozilla/5.0 AppleWebKit/537.36 (KHTML, like Gecko; compatible; bingbot/2.0; +http://www.bing.com/bingbot.htm) Chrome/116.0.1938.76 Safari/537.36"
216.244.66.238 - - [21/Dec/2025:02:05:41 +0100] "GET /a3-massimo-ammortizzamento-scarpe-uomo-home/1011b46801/ HTTP/1.1" 200 185861 "-" "Mozilla/5.0 (compatible; DotBot/1.2; +https://opensiteexplorer.org/dotbot; help@moz.com)"
51.38.211.120 - - [21/Dec/2025:02:05:48 +0100] "POST /wp-cron.php?doing_wp_cron=1766279148.1052250862121582031250 HTTP/1.1" 200 269 "-" "WordPress/6.9; https://www.readytorun.it"
114.119.146.215 - - [21/Dec/2025:02:05:49 +0100] "GET /a3-massimo-ammortizzamento-scarpe-uomo-home/1162030bkgd/ HTTP/1.1" 200 48081 "https://www.readytorun.it/product-sitemap3.xml" "Mozilla/5.0 (Linux; Android 7.0;) AppleWebKit/537.36 (KHTML, like Gecko) Mobile Safari/537.36 (compatible; PetalBot;+https://webmaster.petalsearch.com/site/petalbot)"
216.244.66.238 - - [21/Dec/2025:02:06:21 +0100] "GET /wp-content/uploads/2022/11/9b25bdea-4cfd-4ff3-b437-40e10b6b6d6b.jpg HTTP/1.1" 200 174110 "-" "Mozilla/5.0 (compatible; DotBot/1.2; +https://opensiteexplorer.org/dotbot; help@moz.com)"
34.138.212.53 - - [21/Dec/2025:02:06:46 +0100] "GET /brand/hoka/ HTTP/1.0" 200 43726 "-" "ZoominfoBot (zoominfobot at zoominfo dot com)"
51.38.211.120 - - [21/Dec/2025:02:06:52 +0100] "POST /wp-cron.php?doing_wp_cron=1766279212.7595500946044921875000 HTTP/1.1" 200 4069 "-" "WordPress/6.9; https://www.readytorun.it"
216.244.66.238 - - [21/Dec/2025:02:06:52 +0100] "GET /a3-massimo-ammortizzamento-abbigliamento-uomo-home/110430/ HTTP/1.1" 200 184888 "-" "Mozilla/5.0 (compatible; DotBot/1.2; +https://opensiteexplorer.org/dotbot; help@moz.com)"
69.171.249.113 - - [21/Dec/2025:02:07:01 +0100] "GET /?wc-api=wc_facebook_get_feed_data_promotions&secret=4a2a76afde6cb1b478b212b39b43d4bf HTTP/1.1" 200 14095 "-" "facebookexternalhit/1.1 (+http://www.facebook.com/externalhit_uatext.php)"
114.119.146.114 - - [21/Dec/2025:02:07:14 +0100] "GET /a3-massimo-ammortizzamento-scarpe-uomo-home/1162030bblc/ HTTP/1.1" 200 44191 "https://www.readytorun.it/product-sitemap3.xml" "Mozilla/5.0 (Linux; Android 7.0;) AppleWebKit/537.36 (KHTML, like Gecko) Mobile Safari/537.36 (compatible; PetalBot;+https://webmaster.petalsearch.com/site/petalbot)"
216.244.66.238 - - [21/Dec/2025:02:07:32 +0100] "GET /wp-content/uploads/2022/01/c6b06820-6c6a-43a5-9318-f572c3845268.jpg HTTP/1.1" 200 75131 "-" "Mozilla/5.0 (compatible; DotBot/1.2; +https://opensiteexplorer.org/dotbot; help@moz.com)"
40.77.167.25 - - [21/Dec/2025:02:07:49 +0100] "GET /wp-content/uploads/2024/03/31453ed3-c2f9-4ce3-b811-7be7a70cb975-200x300.jpg HTTP/1.1" 200 12073 "-" "Mozilla/5.0 AppleWebKit/537.36 (KHTML, like Gecko; compatible; bingbot/2.0; +http://www.bing.com/bingbot.htm) Chrome/116.0.1938.76 Safari/537.36"
216.244.66.238 - - [21/Dec/2025:02:08:03 +0100] "GET /a4-massimo-ammortizzamento-stabili-scarpe-uomo-home/gx8418/ HTTP/1.1" 200 184398 "-" "Mozilla/5.0 (compatible; DotBot/1.2; +https://opensiteexplorer.org/dotbot; help@moz.com)"
40.77.167.14 - - [21/Dec/2025:02:08:14 +0100] "GET /wp-content/uploads/2023/03/864549eb-dfd1-4658-9670-182965aa1fa9-761x1024.jpg HTTP/1.1" 200 82629 "-" "Mozilla/5.0 AppleWebKit/537.36 (KHTML, like Gecko; compatible; bingbot/2.0; +http://www.bing.com/bingbot.htm) Chrome/116.0.1938.76 Safari/537.36"
51.38.211.120 - - [21/Dec/2025:02:08:09 +0100] "POST /wp-cron.php?doing_wp_cron=1766279289.4787299633026123046875 HTTP/1.1" 200 269 "-" "WordPress/6.9; https://www.readytorun.it"
114.119.159.148 - - [21/Dec/2025:02:08:37 +0100] "GET /a3-massimo-ammortizzamento-scarpe-uomo-home/1104621022/ HTTP/1.1" 200 48088 "https://www.readytorun.it/product-sitemap3.xml" "Mozilla/5.0 (Linux; Android 7.0;) AppleWebKit/537.36 (KHTML, like Gecko) Mobile Safari/537.36 (compatible; PetalBot;+https://webmaster.petalsearch.com/site/petalbot)"
216.244.66.238 - - [21/Dec/2025:02:08:41 +0100] "GET /shop/a2-intermedie-scarpe-donna-home/gy0905/ HTTP/1.1" 200 171445 "-" "Mozilla/5.0 (compatible; DotBot/1.2; +https://opensiteexplorer.org/dotbot; help@moz.com)"
51.38.211.120 - - [21/Dec/2025:02:08:43 +0100] "POST /wp-cron.php?doing_wp_cron=1766279323.2555899620056152343750 HTTP/1.1" 200 4069 "-" "WordPress/6.9; https://www.readytorun.it"
163.44.102.59 - - [21/Dec/2025:02:09:00 +0100] "GET /wp-login.php HTTP/1.1" 200 9310 "-" "Mozilla/5.0 (Macintosh; Intel Mac OS X 10_11_6) AppleWebKit/602.4.8 (KHTML, like Gecko) Version/10.0.3 Safari/602.4.8"
40.77.167.18 - - [21/Dec/2025:02:09:11 +0100] "GET /wp-content/uploads/2022/06/bd4ce173-97ca-4eff-bba8-6cd18e7f93bb-800x1049.png HTTP/1.1" 200 1005553 "-" "Mozilla/5.0 AppleWebKit/537.36 (KHTML, like Gecko; compatible; bingbot/2.0; +http://www.bing.com/bingbot.htm) Chrome/116.0.1938.76 Safari/537.36"
216.244.66.238 - - [21/Dec/2025:02:09:18 +0100] "GET /color/nero/page/8/ HTTP/1.1" 200 262774 "-" "Mozilla/5.0 (compatible; DotBot/1.2; +https://opensiteexplorer.org/dotbot; help@moz.com)"
202.76.169.29 - - [21/Dec/2025:02:09:21 +0100] "GET /a3-massimo-ammortizzamento-scarpe-uomo-home/mvr/ HTTP/1.1" 200 48260 "-" "Mozilla/5.0 (Windows; U; Windows NT 5.2; en-US) AppleWebKit/532.1 (KHTML, like Gecko) Chrome/4.0.219.5 Safari/532.1"
156.233.0.8 - - [21/Dec/2025:02:09:28 +0100] "GET /uomo-home/feed HTTP/1.1" 301 4205 "-" "Mozilla/5.0 (Macintosh; Intel Mac OS X 10_15_7) AppleWebKit/537.36 (KHTML, like Gecko) Chrome/123.0.0.0 Safari/537.36"
34.138.212.53 - - [21/Dec/2025:02:09:27 +0100] "GET /shop/?attro-brand=802 HTTP/1.0" 200 47364 "-" "ZoominfoBot (zoominfobot at zoominfo dot com)"
156.233.0.8 - - [21/Dec/2025:02:09:32 +0100] "GET /uomo-home/feed/ HTTP/1.1" 200 3523 "-" "Mozilla/5.0 (Macintosh; Intel Mac OS X 10_15_7) AppleWebKit/537.36 (KHTML, like Gecko) Chrome/123.0.0.0 Safari/537.36"
40.77.167.25 - - [21/Dec/2025:02:09:39 +0100] "GET /chiodate-scarpe-unisex-home/37955701/ HTTP/1.1" 200 48505 "-" "Mozilla/5.0 AppleWebKit/537.36 (KHTML, like Gecko; compatible; bingbot/2.0; +http://www.bing.com/bingbot.htm) Chrome/116.0.1938.76 Safari/537.36"
51.38.211.120 - - [21/Dec/2025:02:09:44 +0100] "POST /wp-cron.php?doing_wp_cron=1766279384.6757071018218994140625 HTTP/1.1" 200 4069 "-" "WordPress/6.9; https://www.readytorun.it"
216.244.66.238 - - [21/Dec/2025:02:09:53 +0100] "GET /size/10-5/page/28/ HTTP/1.1" 200 271705 "-" "Mozilla/5.0 (compatible; DotBot/1.2; +https://opensiteexplorer.org/dotbot; help@moz.com)"
40.77.167.14 - - [21/Dec/2025:02:10:04 +0100] "GET /wp-content/uploads/elementor/css/post-97.css?ver=1766268503 HTTP/1.1" 200 4995 "-" "Mozilla/5.0 AppleWebKit/537.36 (KHTML, like Gecko; compatible; bingbot/2.0; +http://www.bing.com/bingbot.htm) Chrome/116.0.1938.76 Safari/537.36"
40.77.167.14 - - [21/Dec/2025:02:10:04 +0100] "GET /wp-content/plugins/rey-core/assets/js/lib/c-rey-template.js?ver=3.1.9 HTTP/1.1" 200 1181 "-" "Mozilla/5.0 AppleWebKit/537.36 (KHTML, like Gecko; compatible; bingbot/2.0; +http://www.bing.com/bingbot.htm) Chrome/116.0.1938.76 Safari/537.36"
40.77.167.14 - - [21/Dec/2025:02:10:05 +0100] "GET /wp-content/plugins/elementor/assets/js/shared-frontend-handlers.03caa53373b56d3bab67.bundle.min.js HTTP/1.1" 200 2990 "-" "Mozilla/5.0 AppleWebKit/537.36 (KHTML, like Gecko; compatible; bingbot/2.0; +http://www.bing.com/bingbot.htm) Chrome/116.0.1938.76 Safari/537.36"
114.119.154.124 - - [21/Dec/2025:02:10:00 +0100] "GET /a3-massimo-ammortizzamento-scarpe-uomo-home/110445821/ HTTP/1.1" 200 47134 "https://www.readytorun.it/product-sitemap3.xml" "Mozilla/5.0 (Linux; Android 7.0;) AppleWebKit/537.36 (KHTML, like Gecko) Mobile Safari/537.36 (compatible; PetalBot;+https://webmaster.petalsearch.com/site/petalbot)"
40.77.167.25 - - [21/Dec/2025:02:10:08 +0100] "GET /wp-content/plugins/rey-core/assets/js/woocommerce/wc-single-product.js?ver=3.1.9 HTTP/1.1" 200 4939 "-" "Mozilla/5.0 AppleWebKit/537.36 (KHTML, like Gecko; compatible; bingbot/2.0; +http://www.bing.com/bingbot.htm) Chrome/116.0.1938.76 Safari/537.36"
40.77.167.25 - - [21/Dec/2025:02:10:08 +0100] "GET /wp-content/uploads/elementor/css/post-8.css?ver=1766268503 HTTP/1.1" 200 625 "-" "Mozilla/5.0 AppleWebKit/537.36 (KHTML, like Gecko; compatible; bingbot/2.0; +http://www.bing.com/bingbot.htm) Chrome/116.0.1938.76 Safari/537.36"
40.77.167.18 - - [21/Dec/2025:02:10:13 +0100] "GET /wp-content/uploads/elementor/css/post-293.css?ver=1766268503 HTTP/1.1" 200 5514 "-" "Mozilla/5.0 AppleWebKit/537.36 (KHTML, like Gecko; compatible; bingbot/2.0; +http://www.bing.com/bingbot.htm) Chrome/116.0.1938.76 Safari/537.36"
216.244.66.238 - - [21/Dec/2025:02:10:32 +0100] "GET /size/10/page/37/ HTTP/1.1" 200 273094 "-" "Mozilla/5.0 (compatible; DotBot/1.2; +https://opensiteexplorer.org/dotbot; help@moz.com)"
51.38.211.120 - - [21/Dec/2025:02:10:37 +0100] "POST /wp-cron.php?doing_wp_cron=1766279437.1987988948822021484375 HTTP/1.1" 200 269 "-" "WordPress/6.9; https://www.readytorun.it"
216.244.66.238 - - [21/Dec/2025:02:11:08 +0100] "GET /size/12-5/page/19/ HTTP/1.1" 200 266886 "-" "Mozilla/5.0 (compatible; DotBot/1.2; +https://opensiteexplorer.org/dotbot; help@moz.com)"
40.77.167.18 - - [21/Dec/2025:02:11:21 +0100] "GET /trail-scarpe-uomo-home/1011c164020/ HTTP/1.1" 200 48478 "-" "Mozilla/5.0 AppleWebKit/537.36 (KHTML, like Gecko; compatible; bingbot/2.0; +http://www.bing.com/bingbot.htm) Chrome/116.0.1938.76 Safari/537.36"
114.119.133.204 - - [21/Dec/2025:02:11:23 +0100] "GET /a3-massimo-ammortizzamento-scarpe-uomo-home/1011c127003/ HTTP/1.1" 200 48579 "https://www.readytorun.it/product-sitemap3.xml" "Mozilla/5.0 (Linux; Android 7.0;) AppleWebKit/537.36 (KHTML, like Gecko) Mobile Safari/537.36 (compatible; PetalBot;+https://webmaster.petalsearch.com/site/petalbot)"
216.244.66.238 - - [21/Dec/2025:02:11:46 +0100] "GET /size/12/page/18/ HTTP/1.1" 200 273094 "-" "Mozilla/5.0 (compatible; DotBot/1.2; +https://opensiteexplorer.org/dotbot; help@moz.com)"
51.38.211.120 - - [21/Dec/2025:02:11:50 +0100] "POST /wp-cron.php?doing_wp_cron=1766279510.8412549495697021484375 HTTP/1.1" 200 269 "-" "WordPress/6.9; https://www.readytorun.it"
137.184.142.223 - - [21/Dec/2025:02:12:24 +0100] "GET / HTTP/1.1" 301 292 "-" "Mozilla/5.0 (X11; Linux x86_64; rv:142.0) Gecko/20100101 Firefox/142.0"
216.244.66.238 - - [21/Dec/2025:02:12:21 +0100] "GET /size/15/page/7/ HTTP/1.1" 200 268074 "-" "Mozilla/5.0 (compatible; DotBot/1.2; +https://opensiteexplorer.org/dotbot; help@moz.com)"
137.184.142.223 - - [21/Dec/2025:02:12:27 +0100] "GET / HTTP/1.1" 301 4045 "-" "Mozilla/5.0 (X11; Linux x86_64) AppleWebKit/537.36 (KHTML, like Gecko) Chrome/142.0.0.0 Safari/537.36"
114.119.133.204 - - [21/Dec/2025:02:12:47 +0100] "GET /a3-massimo-ammortizzamento-scarpe-uomo-home/1011b359750/ HTTP/1.1" 200 47713 "https://www.readytorun.it/product-sitemap3.xml" "Mozilla/5.0 (Linux; Android 7.0;) AppleWebKit/537.36 (KHTML, like Gecko) Mobile Safari/537.36 (compatible; PetalBot;+https://webmaster.petalsearch.com/site/petalbot)"
51.38.211.120 - - [21/Dec/2025:02:12:52 +0100] "POST /wp-cron.php?doing_wp_cron=1766279571.9940259456634521484375 HTTP/1.1" 200 4069 "-" "WordPress/6.9; https://www.readytorun.it"
193.176.230.34 - - [21/Dec/2025:02:12:57 +0100] "GET /wp-login.php HTTP/1.1" 200 9310 "-" "Mozilla/4.0 (compatible; MSIE 7.0; Windows NT 6.1; WOW64; Trident/7.0; SLCC2; .NET CLR 2.0.50727; .NET CLR 3.5.30729; .NET CLR 3.0.30729; Media Center PC 6.0; InfoPath.2; .NET4.0C; .NET4.0E)"
216.244.66.238 - - [21/Dec/2025:02:13:02 +0100] "GET /size/15/page/9/ HTTP/1.1" 200 268074 "-" "Mozilla/5.0 (compatible; DotBot/1.2; +https://opensiteexplorer.org/dotbot; help@moz.com)"
193.176.230.34 - - [21/Dec/2025:02:13:04 +0100] "POST /wp-login.php HTTP/1.1" 503 19651 "https://www.readytorun.it/wp-login.php" "Mozilla/4.0 (compatible; MSIE 7.0; Windows NT 6.1; WOW64; Trident/7.0; SLCC2; .NET CLR 2.0.50727; .NET CLR 3.5.30729; .NET CLR 3.0.30729; Media Center PC 6.0; InfoPath.2; .NET4.0C; .NET4.0E)"
66.249.66.1 - - [21/Dec/2025:02:13:18 +0100] "GET /orologi-accessori-unisex-home/010-02562-1010/ HTTP/1.1" 200 47075 "-" "Mozilla/5.0 (compatible; Googlebot/2.1; +http://www.google.com/bot.html)"
40.77.167.25 - - [21/Dec/2025:02:13:29 +0100] "GET /wp-content/uploads/2024/09/a605f4ed-8194-40e5-950d-4362d8f08a01-50x50.jpg HTTP/1.1" 200 4906 "-" "Mozilla/5.0 AppleWebKit/537.36 (KHTML, like Gecko; compatible; bingbot/2.0; +http://www.bing.com/bingbot.htm) Chrome/116.0.1938.76 Safari/537.36"
40.77.167.1 - - [21/Dec/2025:02:13:35 +0100] "GET /wp-content/uploads/2022/03/c3e529f8-b6a4-4c23-8d7b-0e5e3e37d634-800x1005.png HTTP/1.1" 200 969112 "-" "Mozilla/5.0 AppleWebKit/537.36 (KHTML, like Gecko; compatible; bingbot/2.0; +http://www.bing.com/bingbot.htm) Chrome/116.0.1938.76 Safari/537.36"
216.244.66.238 - - [21/Dec/2025:02:13:37 +0100] "GET /size/7-5/page/38/ HTTP/1.1" 200 271680 "-" "Mozilla/5.0 (compatible; DotBot/1.2; +https://opensiteexplorer.org/dotbot; help@moz.com)"
51.38.211.120 - - [21/Dec/2025:02:13:44 +0100] "POST /wp-cron.php?doing_wp_cron=1766279624.4893319606781005859375 HTTP/1.1" 200 269 "-" "WordPress/6.9; https://www.readytorun.it"
114.119.157.118 - - [21/Dec/2025:02:14:11 +0100] "GET /a3-massimo-ammortizzamento-scarpe-uomo-home/101-182-721641/ HTTP/1.1" 200 48736 "https://www.readytorun.it/product-sitemap3.xml" "Mozilla/5.0 (Linux; Android 7.0;) AppleWebKit/537.36 (KHTML, like Gecko) Mobile Safari/537.36 (compatible; PetalBot;+https://webmaster.petalsearch.com/site/petalbot)"
216.244.66.238 - - [21/Dec/2025:02:14:16 +0100] "GET /size/7-5/page/8/ HTTP/1.1" 200 271677 "-" "Mozilla/5.0 (compatible; DotBot/1.2; +https://opensiteexplorer.org/dotbot; help@moz.com)"
40.77.167.25 - - [21/Dec/2025:02:14:48 +0100] "GET /wp-content/uploads/2023/05/306c437d-89c6-4e4b-b6f8-ac3f9a6c731e-768x768.jpg HTTP/1.1" 200 24195 "-" "Mozilla/5.0 AppleWebKit/537.36 (KHTML, like Gecko; compatible; bingbot/2.0; +http://www.bing.com/bingbot.htm) Chrome/116.0.1938.76 Safari/537.36"
216.244.66.238 - - [21/Dec/2025:02:14:51 +0100] "GET /size/7/page/25/ HTTP/1.1" 200 273705 "-" "Mozilla/5.0 (compatible; DotBot/1.2; +https://opensiteexplorer.org/dotbot; help@moz.com)"
68.221.75.22 - - [21/Dec/2025:02:14:53 +0100] "GET /news/elementor-29977/ HTTP/1.1" 200 36807 "-" "Mozilla/5.0 AppleWebKit/537.36 (KHTML, like Gecko); compatible; ChatGPT-User/1.0; +https://openai.com/bot"
40.77.167.25 - - [21/Dec/2025:02:14:59 +0100] "GET /wp-content/uploads/2022/03/e56fad70-7ee7-4fbf-8218-0a4701ed5664-scaled.jpg HTTP/1.1" 200 427418 "-" "Mozilla/5.0 AppleWebKit/537.36 (KHTML, like Gecko; compatible; bingbot/2.0; +http://www.bing.com/bingbot.htm) Chrome/116.0.1938.76 Safari/537.36"
51.38.211.120 - - [21/Dec/2025:02:14:57 +0100] "POST /wp-cron.php?doing_wp_cron=1766279697.9594221115112304687500 HTTP/1.1" 200 4069 "-" "WordPress/6.9; https://www.readytorun.it"
20.4.55.181 - - [21/Dec/2025:02:15:08 +0100] "GET /wp-json/wc/v2/taxes HTTP/1.1" 200 4903 "-" "-"
51.38.211.120 - - [21/Dec/2025:02:15:13 +0100] "POST /wp-cron.php?doing_wp_cron=1766279713.1602759361267089843750 HTTP/1.1" 200 4069 "-" "WordPress/6.9; https://www.readytorun.it"
3.90.73.206 - - [21/Dec/2025:02:15:13 +0100] "GET /wp-json/wp/v2/product/28939 HTTP/1.1" 200 17285 "-" "Mozilla/5.0 AppleWebKit/537.36 (KHTML, like Gecko; compatible; Amazonbot/0.1; +https://developer.amazon.com/support/amazonbot) Chrome/119.0.6045.214 Safari/537.36"
20.4.55.181 - - [21/Dec/2025:02:15:14 +0100] "GET /wp-json/wc/v2/orders?after=2025-12-16%2001:15:14&per_page=100 HTTP/1.1" 200 5760 "-" "-"
216.244.66.238 - - [21/Dec/2025:02:15:29 +0100] "GET /size/8-5-2/page/9/ HTTP/1.1" 200 250222 "-" "Mozilla/5.0 (compatible; DotBot/1.2; +https://opensiteexplorer.org/dotbot; help@moz.com)"
114.119.133.204 - - [21/Dec/2025:02:15:34 +0100] "GET /a3-massimo-ammortizzamento-scarpe-unisex-home/1013a170500/ HTTP/1.1" 200 47620 "https://www.readytorun.it/product-sitemap3.xml" "Mozilla/5.0 (Linux; Android 7.0;) AppleWebKit/537.36 (KHTML, like Gecko) Mobile Safari/537.36 (compatible; PetalBot;+https://webmaster.petalsearch.com/site/petalbot)"
216.244.66.238 - - [21/Dec/2025:02:16:05 +0100] "GET /size/8-5/page/25/ HTTP/1.1" 200 271680 "-" "Mozilla/5.0 (compatible; DotBot/1.2; +https://opensiteexplorer.org/dotbot; help@moz.com)"
51.38.211.120 - - [21/Dec/2025:02:16:08 +0100] "POST /wp-cron.php?doing_wp_cron=1766279768.8744020462036132812500 HTTP/1.1" 200 269 "-" "WordPress/6.9; https://www.readytorun.it"
57.141.0.48 - - [21/Dec/2025:02:16:22 +0100] "GET /chiodate-scarpe-unisex-home/id1736/ HTTP/1.1" 200 193791 "-" "meta-externalagent/1.1 (+https://developers.facebook.com/docs/sharing/webmasters/crawler)"
216.244.66.238 - - [21/Dec/2025:02:16:38 +0100] "GET /size/8/page/15/ HTTP/1.1" 200 273070 "-" "Mozilla/5.0 (compatible; DotBot/1.2; +https://opensiteexplorer.org/dotbot; help@moz.com)"
72.167.222.59 - - [21/Dec/2025:02:16:41 +0100] "GET /wp-login.php HTTP/1.1" 200 9310 "-" "Mozilla/4.0 (compatible; MSIE 7.0; Windows NT 6.1; WOW64; Trident/7.0; SLCC2; .NET CLR 2.0.50727; .NET CLR 3.5.30729; .NET CLR 3.0.30729; Media Center PC 6.0; .NET4.0C; .NET4.0E; InfoPath.3; GWX:MANAGED)"
51.38.211.120 - - [21/Dec/2025:02:16:42 +0100] "POST /wp-cron.php?doing_wp_cron=1766279802.6326279640197753906250 HTTP/1.1" 200 269 "-" "WordPress/6.9; https://www.readytorun.it"
114.119.133.204 - - [21/Dec/2025:02:16:58 +0100] "GET /a3-massimo-ammortizzamento-scarpe-donna-home/jr7372/ HTTP/1.1" 200 47947 "https://www.readytorun.it/product-sitemap3.xml" "Mozilla/5.0 (Linux; Android 7.0;) AppleWebKit/537.36 (KHTML, like Gecko) Mobile Safari/537.36 (compatible; PetalBot;+https://webmaster.petalsearch.com/site/petalbot)"
72.167.222.59 - - [21/Dec/2025:02:17:03 +0100] "GET /wp-login.php HTTP/1.1" 200 9310 "-" "Mozilla/4.0 (compatible; MSIE 7.0; Windows NT 6.1; WOW64; Trident/7.0; SLCC2; .NET CLR 2.0.50727; .NET CLR 3.5.30729; .NET CLR 3.0.30729; Media Center PC 6.0; .NET4.0C; .NET4.0E; InfoPath.3; GWX:MANAGED)"
216.244.66.238 - - [21/Dec/2025:02:17:11 +0100] "GET /size/8/page/43/ HTTP/1.1" 200 273070 "-" "Mozilla/5.0 (compatible; DotBot/1.2; +https://opensiteexplorer.org/dotbot; help@moz.com)"
216.244.66.238 - - [21/Dec/2025:02:17:43 +0100] "GET /size/9-5/page/37/ HTTP/1.1" 200 271680 "-" "Mozilla/5.0 (compatible; DotBot/1.2; +https://opensiteexplorer.org/dotbot; help@moz.com)"
51.38.211.120 - - [21/Dec/2025:02:17:50 +0100] "POST /wp-cron.php?doing_wp_cron=1766279870.3114960193634033203125 HTTP/1.1" 200 269 "-" "WordPress/6.9; https://www.readytorun.it"
34.138.212.53 - - [21/Dec/2025:02:17:52 +0100] "GET /?s=ready%20to%20run%20per%20adidas&post_type=product HTTP/1.0" 200 43985 "-" "ZoominfoBot (zoominfobot at zoominfo dot com)"
93.34.120.6 - - [21/Dec/2025:02:18:04 +0100] "GET /?utm_source=ig&utm_medium=social&utm_content=link_in_bio&fbclid=PAZXh0bgNhZW0CMTEAc3J0YwZhcHBfaWQPMTI0MDI0NTc0Mjg3NDE0AAGnEvFZbmI_g3TtENjo9hmQsnJBT5dc40iqq7Z164_RgQ13r9XCrWjcfE6VDKg_aem_nHn3RLTkfLUD3uCXskBnug HTTP/1.1" 200 61755 "https://l.instagram.com/" "Mozilla/5.0 (iPhone; CPU iPhone OS 18_6_2 like Mac OS X) AppleWebKit/605.1.15 (KHTML, like Gecko) Mobile/22G100 Instagram 410.0.0.29.70 (iPhone16,1; iOS 18_6_2; it_IT; it; scale=3.00; 1179x2556; IABMV/1; 843189213) NW/3 Safari/604.1"
93.34.120.6 - - [21/Dec/2025:02:18:09 +0100] "GET /wp-content/plugins/nexi-xpay-build/assets/css/xpay.css?ver=7.6.2 HTTP/1.1" 200 1287 "https://www.readytorun.it/?utm_source=ig&utm_medium=social&utm_content=link_in_bio&fbclid=PAZXh0bgNhZW0CMTEAc3J0YwZhcHBfaWQPMTI0MDI0NTc0Mjg3NDE0AAGnEvFZbmI_g3TtENjo9hmQsnJBT5dc40iqq7Z164_RgQ13r9XCrWjcfE6VDKg_aem_nHn3RLTkfLUD3uCXskBnug" "Mozilla/5.0 (iPhone; CPU iPhone OS 18_6_2 like Mac OS X) AppleWebKit/605.1.15 (KHTML, like Gecko) Mobile/22G100 Instagram 410.0.0.29.70 (iPhone16,1; iOS 18_6_2; it_IT; it; scale=3.00; 1179x2556; IABMV/1; 843189213) NW/3 Safari/604.1"
93.34.120.6 - - [21/Dec/2025:02:18:09 +0100] "GET /wp-content/plugins/woo-advanced-product-size-chart/public/css/size-chart-for-woocommerce-public.css?ver=2.4.7 HTTP/1.1" 200 2977 "https://www.readytorun.it/?utm_source=ig&utm_medium=social&utm_content=link_in_bio&fbclid=PAZXh0bgNhZW0CMTEAc3J0YwZhcHBfaWQPMTI0MDI0NTc0Mjg3NDE0AAGnEvFZbmI_g3TtENjo9hmQsnJBT5dc40iqq7Z164_RgQ13r9XCrWjcfE6VDKg_aem_nHn3RLTkfLUD3uCXskBnug" "Mozilla/5.0 (iPhone; CPU iPhone OS 18_6_2 like Mac OS X) AppleWebKit/605.1.15 (KHTML, like Gecko) Mobile/22G100 Instagram 410.0.0.29.70 (iPhone16,1; iOS 18_6_2; it_IT; it; scale=3.00; 1179x2556; IABMV/1; 843189213) NW/3 Safari/604.1"
93.34.120.6 - - [21/Dec/2025:02:18:09 +0100] "GET /wp-content/plugins/woo-variation-swatches/assets/css/frontend.min.css?ver=1762855689 HTTP/1.1" 200 4879 "https://www.readytorun.it/?utm_source=ig&utm_medium=social&utm_content=link_in_bio&fbclid=PAZXh0bgNhZW0CMTEAc3J0YwZhcHBfaWQPMTI0MDI0NTc0Mjg3NDE0AAGnEvFZbmI_g3TtENjo9hmQsnJBT5dc40iqq7Z164_RgQ13r9XCrWjcfE6VDKg_aem_nHn3RLTkfLUD3uCXskBnug" "Mozilla/5.0 (iPhone; CPU iPhone OS 18_6_2 like Mac OS X) AppleWebKit/605.1.15 (KHTML, like Gecko) Mobile/22G100 Instagram 410.0.0.29.70 (iPhone16,1; iOS 18_6_2; it_IT; it; scale=3.00; 1179x2556; IABMV/1; 843189213) NW/3 Safari/604.1"
