78.211.37.7 - - [21/Dec/2025:01:29:23 +0100] "GET /wp-content/uploads/elementor/css/post-293.css?ver=1766268503 HTTP/1.1" 200 1672 "https://www.readytorun.it/?utm_source=ig&utm_medium=social&utm_content=link_in_bio" "Mozilla/5.0 (iPhone; CPU iPhone OS 18_7 like Mac OS X) AppleWebKit/605.1.15 (KHTML, like Gecko) Version/18.7 Mobile/15E148 Safari/604.1"
78.211.37.7 - - [21/Dec/2025:01:29:23 +0100] "GET /wp-content/uploads/2019/05/logo_footer_ico.png HTTP/1.1" 200 3146 "https://www.readytorun.it/?utm_source=ig&utm_medium=social&utm_content=link_in_bio" "Mozilla/5.0 (iPhone; CPU iPhone OS 18_7 like Mac OS X) AppleWebKit/605.1.15 (KHTML, like Gecko) Version/18.7 Mobile/15E148 Safari/604.1"
78.211.37.7 - - [21/Dec/2025:01:29:23 +0100] "GET /wp-content/plugins/instagram-widget-by-wpzoom/dist/images/frontend/wpzoom-instagram-icons.svg HTTP/1.1" 200 1501 "https://www.readytorun.it/?utm_source=ig&utm_medium=social&utm_content=link_in_bio" "Mozilla/5.0 (iPhone; CPU iPhone OS 18_7 like Mac OS X) AppleWebKit/605.1.15 (KHTML, like Gecko) Version/18.7 Mobile/15E148 Safari/604.1"
78.211.37.7 - - [21/Dec/2025:01:29:23 +0100] "GET /wp-content/uploads/2025/11/Senza-titolo-1-3-500x667.jpg HTTP/1.1" 200 40728 "https://www.readytorun.it/?utm_source=ig&utm_medium=social&utm_content=link_in_bio" "Mozilla/5.0 (iPhone; CPU iPhone OS 18_7 like Mac OS X) AppleWebKit/605.1.15 (KHTML, like Gecko) Version/18.7 Mobile/15E148 Safari/604.1"
78.211.37.7 - - [21/Dec/2025:01:29:23 +0100] "GET /wp-content/uploads/2023/03/hoka-parete-immagine-scaled.jpg HTTP/1.1" 200 373534 "https://www.readytorun.it/?utm_source=ig&utm_medium=social&utm_content=link_in_bio" "Mozilla/5.0 (iPhone; CPU iPhone OS 18_7 like Mac OS X) AppleWebKit/605.1.15 (KHTML, like Gecko) Version/18.7 Mobile/15E148 Safari/604.1"
51.38.211.120 - - [21/Dec/2025:01:29:18 +0100] "POST /wp-cron.php?doing_wp_cron=1766276958.5518910884857177734375 HTTP/1.1" 200 4069 "-" "WordPress/6.9; https://www.readytorun.it"
78.211.37.7 - - [21/Dec/2025:01:29:26 +0100] "GET /wp-content/uploads/2019/05/logo_footer.png HTTP/1.1" 200 6826 "https://www.readytorun.it/?utm_source=ig&utm_medium=social&utm_content=link_in_bio" "Mozilla/5.0 (iPhone; CPU iPhone OS 18_7 like Mac OS X) AppleWebKit/605.1.15 (KHTML, like Gecko) Version/18.7 Mobile/15E148 Safari/604.1"
78.211.37.7 - - [21/Dec/2025:01:29:26 +0100] "GET /wp-content/uploads/2025/11/Senza-titolo-1-Recuperato-1.jpg HTTP/1.1" 200 220536 "https://www.readytorun.it/?utm_source=ig&utm_medium=social&utm_content=link_in_bio" "Mozilla/5.0 (iPhone; CPU iPhone OS 18_7 like Mac OS X) AppleWebKit/605.1.15 (KHTML, like Gecko) Version/18.7 Mobile/15E148 Safari/604.1"
78.211.37.7 - - [21/Dec/2025:01:29:29 +0100] "GET /home/?product-cato=633 HTTP/1.1" 200 48557 "https://www.readytorun.it/?utm_source=ig&utm_medium=social&utm_content=link_in_bio" "Mozilla/5.0 (iPhone; CPU iPhone OS 18_7 like Mac OS X) AppleWebKit/605.1.15 (KHTML, like Gecko) Version/18.7 Mobile/15E148 Safari/604.1"
78.211.37.7 - - [21/Dec/2025:01:29:27 +0100] "GET /?utm_source=ig&utm_medium=social&utm_content=link_in_bio HTTP/1.1" 200 57993 "https://www.readytorun.it/?utm_source=ig&utm_medium=social&utm_content=link_in_bio" "Mozilla/5.0 (iPhone; CPU iPhone OS 18_7 like Mac OS X) AppleWebKit/605.1.15 (KHTML, like Gecko) Version/18.7 Mobile/15E148 Safari/604.1"
78.211.37.7 - - [21/Dec/2025:01:29:32 +0100] "GET /home/?product-cato=633 HTTP/1.1" 200 48545 "https://www.readytorun.it/?utm_source=ig&utm_medium=social&utm_content=link_in_bio" "Mozilla/5.0 (iPhone; CPU iPhone OS 18_7 like Mac OS X) AppleWebKit/605.1.15 (KHTML, like Gecko) Version/18.7 Mobile/15E148 Safari/604.1"
78.211.37.7 - - [21/Dec/2025:01:29:38 +0100] "GET /linea/corsa/ HTTP/1.1" 200 48342 "https://www.readytorun.it/?utm_source=ig&utm_medium=social&utm_content=link_in_bio" "Mozilla/5.0 (iPhone; CPU iPhone OS 18_7 like Mac OS X) AppleWebKit/605.1.15 (KHTML, like Gecko) Version/18.7 Mobile/15E148 Safari/604.1"
78.211.37.7 - - [21/Dec/2025:01:29:37 +0100] "GET /linea/corsa/ HTTP/1.1" 200 33674 "https://www.readytorun.it/?utm_source=ig&utm_medium=social&utm_content=link_in_bio" "Mozilla/5.0 (iPhone; CPU iPhone OS 18_7 like Mac OS X) AppleWebKit/605.1.15 (KHTML, like Gecko) Version/18.7 Mobile/15E148 Safari/604.1"
114.119.146.215 - - [21/Dec/2025:01:29:38 +0100] "GET /chiodate-scarpe-unisex-home/u1ga233203/ HTTP/1.1" 200 48379 "https://www.readytorun.it/product-sitemap3.xml" "Mozilla/5.0 (Linux; Android 7.0;) AppleWebKit/537.36 (KHTML, like Gecko) Mobile Safari/537.36 (compatible; PetalBot;+https://webmaster.petalsearch.com/site/petalbot)"
51.38.211.120 - - [21/Dec/2025:01:29:42 +0100] "POST /wp-cron.php?doing_wp_cron=1766276982.5371129512786865234375 HTTP/1.1" 200 4069 "-" "WordPress/6.9; https://www.readytorun.it"
78.211.37.7 - - [21/Dec/2025:01:29:42 +0100] "GET /linea/corsa/ HTTP/1.1" 200 48352 "https://www.readytorun.it/?utm_source=ig&utm_medium=social&utm_content=link_in_bio" "Mozilla/5.0 (iPhone; CPU iPhone OS 18_7 like Mac OS X) AppleWebKit/605.1.15 (KHTML, like Gecko) Version/18.7 Mobile/15E148 Safari/604.1"
78.211.37.7 - - [21/Dec/2025:01:29:42 +0100] "GET /linea/corsa/ HTTP/1.1" 200 48345 "https://www.readytorun.it/?utm_source=ig&utm_medium=social&utm_content=link_in_bio" "Mozilla/5.0 (iPhone; CPU iPhone OS 18_7 like Mac OS X) AppleWebKit/605.1.15 (KHTML, like Gecko) Version/18.7 Mobile/15E148 Safari/604.1"
78.211.37.7 - - [21/Dec/2025:01:29:46 +0100] "GET /home/?product-cato=633 HTTP/1.1" 200 48555 "https://www.readytorun.it/?utm_source=ig&utm_medium=social&utm_content=link_in_bio" "Mozilla/5.0 (iPhone; CPU iPhone OS 18_7 like Mac OS X) AppleWebKit/605.1.15 (KHTML, like Gecko) Version/18.7 Mobile/15E148 Safari/604.1"
216.244.66.238 - - [21/Dec/2025:01:29:45 +0100] "GET /color/rosa/page/3/ HTTP/1.1" 200 245690 "-" "Mozilla/5.0 (compatible; DotBot/1.2; +https://opensiteexplorer.org/dotbot; help@moz.com)"
78.211.37.7 - - [21/Dec/2025:01:29:44 +0100] "GET /linea/corsa/ HTTP/1.1" 200 48341 "https://www.readytorun.it/?utm_source=ig&utm_medium=social&utm_content=link_in_bio" "Mozilla/5.0 (iPhone; CPU iPhone OS 18_7 like Mac OS X) AppleWebKit/605.1.15 (KHTML, like Gecko) Version/18.7 Mobile/15E148 Safari/604.1"
78.211.37.7 - - [21/Dec/2025:01:29:48 +0100] "GET /home/?product-cato=633 HTTP/1.1" 200 48542 "https://www.readytorun.it/?utm_source=ig&utm_medium=social&utm_content=link_in_bio" "Mozilla/5.0 (iPhone; CPU iPhone OS 18_7 like Mac OS X) AppleWebKit/605.1.15 (KHTML, like Gecko) Version/18.7 Mobile/15E148 Safari/604.1"
78.211.37.7 - - [21/Dec/2025:01:29:47 +0100] "GET /home/?product-cato=633 HTTP/1.1" 200 48548 "https://www.readytorun.it/?utm_source=ig&utm_medium=social&utm_content=link_in_bio" "Mozilla/5.0 (iPhone; CPU iPhone OS 18_7 like Mac OS X) AppleWebKit/605.1.15 (KHTML, like Gecko) Version/18.7 Mobile/15E148 Safari/604.1"
78.211.37.7 - - [21/Dec/2025:01:29:55 +0100] "GET /wp-content/uploads/rey/scripts-6d31630dcc.js?ver=3.1.9.1760372676 HTTP/1.1" 200 41713 "https://www.readytorun.it/home/?product-cato=633" "Mozilla/5.0 (iPhone; CPU iPhone OS 18_7 like Mac OS X) AppleWebKit/605.1.15 (KHTML, like Gecko) Version/18.7 Mobile/15E148 Safari/604.1"
78.211.37.7 - - [21/Dec/2025:01:29:55 +0100] "GET /wp-includes/css/dist/block-library/style.min.css?ver=6.9 HTTP/1.1" 200 20119 "https://www.readytorun.it/home/?product-cato=633" "Mozilla/5.0 (iPhone; CPU iPhone OS 18_7 like Mac OS X) AppleWebKit/605.1.15 (KHTML, like Gecko) Version/18.7 Mobile/15E148 Safari/604.1"
78.211.37.7 - - [21/Dec/2025:01:29:55 +0100] "GET /wp-content/uploads/rey/hs-b90069fd9c.css?ver=3.1.9.1760372676 HTTP/1.1" 200 13691 "https://www.readytorun.it/home/?product-cato=633" "Mozilla/5.0 (iPhone; CPU iPhone OS 18_7 like Mac OS X) AppleWebKit/605.1.15 (KHTML, like Gecko) Version/18.7 Mobile/15E148 Safari/604.1"
78.211.37.7 - - [21/Dec/2025:01:29:55 +0100] "GET /wp-content/uploads/elementor/css/post-11949.css?ver=1766272051 HTTP/1.1" 200 4411 "https://www.readytorun.it/home/?product-cato=633" "Mozilla/5.0 (iPhone; CPU iPhone OS 18_7 like Mac OS X) AppleWebKit/605.1.15 (KHTML, like Gecko) Version/18.7 Mobile/15E148 Safari/604.1"
78.211.37.7 - - [21/Dec/2025:01:29:55 +0100] "GET /wp-content/uploads/rey/ds-57cd01d0b0.css?ver=3.1.9.1760373668 HTTP/1.1" 200 28803 "https://www.readytorun.it/home/?product-cato=633" "Mozilla/5.0 (iPhone; CPU iPhone OS 18_7 like Mac OS X) AppleWebKit/605.1.15 (KHTML, like Gecko) Version/18.7 Mobile/15E148 Safari/604.1"
78.211.37.7 - - [21/Dec/2025:01:29:55 +0100] "GET /wp-content/uploads/2025/07/ad60f50c-8cdc-4c5e-b697-c1ff106c17fd-1-500x667.jpg HTTP/1.1" 200 45055 "https://www.readytorun.it/home/?product-cato=633" "Mozilla/5.0 (iPhone; CPU iPhone OS 18_7 like Mac OS X) AppleWebKit/605.1.15 (KHTML, like Gecko) Version/18.7 Mobile/15E148 Safari/604.1"
78.211.37.7 - - [21/Dec/2025:01:29:55 +0100] "GET /wp-content/uploads/2025/07/8e97e691-b52f-4659-869b-4ac07cb6a9a8-1-500x667.jpg HTTP/1.1" 200 22440 "https://www.readytorun.it/home/?product-cato=633" "Mozilla/5.0 (iPhone; CPU iPhone OS 18_7 like Mac OS X) AppleWebKit/605.1.15 (KHTML, like Gecko) Version/18.7 Mobile/15E148 Safari/604.1"
78.211.37.7 - - [21/Dec/2025:01:29:55 +0100] "GET /wp-content/uploads/2025/07/f12c3963-5f46-4101-949c-a8e90b646124-500x667.jpg HTTP/1.1" 200 45571 "https://www.readytorun.it/home/?product-cato=633" "Mozilla/5.0 (iPhone; CPU iPhone OS 18_7 like Mac OS X) AppleWebKit/605.1.15 (KHTML, like Gecko) Version/18.7 Mobile/15E148 Safari/604.1"
78.211.37.7 - - [21/Dec/2025:01:29:55 +0100] "GET /wp-content/uploads/2025/07/a7c49347-52d9-400c-915a-46872e4f5400-500x667.jpg HTTP/1.1" 200 24861 "https://www.readytorun.it/home/?product-cato=633" "Mozilla/5.0 (iPhone; CPU iPhone OS 18_7 like Mac OS X) AppleWebKit/605.1.15 (KHTML, like Gecko) Version/18.7 Mobile/15E148 Safari/604.1"
78.211.37.7 - - [21/Dec/2025:01:29:55 +0100] "GET /wp-content/uploads/2023/10/02802333-1f06-448f-b331-9b1006b65705-500x667.jpg HTTP/1.1" 200 53662 "https://www.readytorun.it/home/?product-cato=633" "Mozilla/5.0 (iPhone; CPU iPhone OS 18_7 like Mac OS X) AppleWebKit/605.1.15 (KHTML, like Gecko) Version/18.7 Mobile/15E148 Safari/604.1"
78.211.37.7 - - [21/Dec/2025:01:29:55 +0100] "GET /wp-content/uploads/2023/10/db115e05-1e67-4d2d-96c4-ed42a08b787a-500x667.jpg HTTP/1.1" 200 24989 "https://www.readytorun.it/home/?product-cato=633" "Mozilla/5.0 (iPhone; CPU iPhone OS 18_7 like Mac OS X) AppleWebKit/605.1.15 (KHTML, like Gecko) Version/18.7 Mobile/15E148 Safari/604.1"
78.211.37.7 - - [21/Dec/2025:01:29:55 +0100] "GET /wp-content/uploads/elementor/google-fonts/fonts/sourcesanspro-6xkwdsbykcsv-lcoeqqfx1ryoo3qpzzklyds18q.woff2 HTTP/1.1" 200 13908 "https://www.readytorun.it/?utm_source=ig&utm_medium=social&utm_content=link_in_bio" "Mozilla/5.0 (iPhone; CPU iPhone OS 18_7 like Mac OS X) AppleWebKit/605.1.15 (KHTML, like Gecko) Version/18.7 Mobile/15E148 Safari/604.1"
78.211.37.7 - - [21/Dec/2025:01:29:55 +0100] "GET /wp-content/uploads/2023/11/84b623f2-4015-400d-beef-ffe33812d1ae-500x667.jpg HTTP/1.1" 200 17985 "https://www.readytorun.it/home/?product-cato=633" "Mozilla/5.0 (iPhone; CPU iPhone OS 18_7 like Mac OS X) AppleWebKit/605.1.15 (KHTML, like Gecko) Version/18.7 Mobile/15E148 Safari/604.1"
78.211.37.7 - - [21/Dec/2025:01:29:55 +0100] "GET /wp-content/uploads/2023/05/2bcc309a-8c01-4c68-ae36-40d20881bbef.png HTTP/1.1" 200 339848 "https://www.readytorun.it/home/?product-cato=633" "Mozilla/5.0 (iPhone; CPU iPhone OS 18_7 like Mac OS X) AppleWebKit/605.1.15 (KHTML, like Gecko) Version/18.7 Mobile/15E148 Safari/604.1"
78.211.37.7 - - [21/Dec/2025:01:29:55 +0100] "GET /wp-content/uploads/2022/09/c0486d63-2fd4-4e6b-8e82-8977f5a81652-500x667.jpg HTTP/1.1" 200 46370 "https://www.readytorun.it/home/?product-cato=633" "Mozilla/5.0 (iPhone; CPU iPhone OS 18_7 like Mac OS X) AppleWebKit/605.1.15 (KHTML, like Gecko) Version/18.7 Mobile/15E148 Safari/604.1"
78.211.37.7 - - [21/Dec/2025:01:29:55 +0100] "GET /wp-content/uploads/2022/10/444329c0-41d3-44c4-8ffc-bd698beebc25-500x667.jpg HTTP/1.1" 200 22462 "https://www.readytorun.it/home/?product-cato=633" "Mozilla/5.0 (iPhone; CPU iPhone OS 18_7 like Mac OS X) AppleWebKit/605.1.15 (KHTML, like Gecko) Version/18.7 Mobile/15E148 Safari/604.1"
78.211.37.7 - - [21/Dec/2025:01:29:55 +0100] "GET /wp-content/uploads/2022/05/b0e44d49-82b9-4f87-9471-f7834f55e11f-500x667.jpg HTTP/1.1" 200 44514 "https://www.readytorun.it/home/?product-cato=633" "Mozilla/5.0 (iPhone; CPU iPhone OS 18_7 like Mac OS X) AppleWebKit/605.1.15 (KHTML, like Gecko) Version/18.7 Mobile/15E148 Safari/604.1"
78.211.37.7 - - [21/Dec/2025:01:29:55 +0100] "GET /wp-content/uploads/2022/05/39e186ef-9203-4b09-860d-469d74cbea96-500x667.jpg HTTP/1.1" 200 22631 "https://www.readytorun.it/home/?product-cato=633" "Mozilla/5.0 (iPhone; CPU iPhone OS 18_7 like Mac OS X) AppleWebKit/605.1.15 (KHTML, like Gecko) Version/18.7 Mobile/15E148 Safari/604.1"
78.211.37.7 - - [21/Dec/2025:01:29:55 +0100] "GET /wp-content/uploads/2022/01/ce44b625-d1e1-41da-9d41-d1e708db2e78-500x667.png HTTP/1.1" 200 142812 "https://www.readytorun.it/home/?product-cato=633" "Mozilla/5.0 (iPhone; CPU iPhone OS 18_7 like Mac OS X) AppleWebKit/605.1.15 (KHTML, like Gecko) Version/18.7 Mobile/15E148 Safari/604.1"
78.211.37.7 - - [21/Dec/2025:01:29:55 +0100] "GET /wp-content/uploads/2021/11/94611273-ad06-4d8e-a1fa-b6d9a392c071-1.jpg HTTP/1.1" 200 181971 "https://www.readytorun.it/home/?product-cato=633" "Mozilla/5.0 (iPhone; CPU iPhone OS 18_7 like Mac OS X) AppleWebKit/605.1.15 (KHTML, like Gecko) Version/18.7 Mobile/15E148 Safari/604.1"
78.211.37.7 - - [21/Dec/2025:01:29:56 +0100] "GET /wp-content/uploads/2023/11/20152f2c-ba52-4fa9-98cb-1005bb140082-500x667.jpg HTTP/1.1" 200 18327 "https://www.readytorun.it/home/?product-cato=633" "Mozilla/5.0 (iPhone; CPU iPhone OS 18_7 like Mac OS X) AppleWebKit/605.1.15 (KHTML, like Gecko) Version/18.7 Mobile/15E148 Safari/604.1"
78.211.37.7 - - [21/Dec/2025:01:29:56 +0100] "GET /wp-content/uploads/2022/06/32170a8c-ab4f-4b5b-8af1-03b448128b00-500x667.jpg HTTP/1.1" 200 43951 "https://www.readytorun.it/home/?product-cato=633" "Mozilla/5.0 (iPhone; CPU iPhone OS 18_7 like Mac OS X) AppleWebKit/605.1.15 (KHTML, like Gecko) Version/18.7 Mobile/15E148 Safari/604.1"
78.211.37.7 - - [21/Dec/2025:01:29:56 +0100] "GET /wp-content/uploads/2023/03/d0e76767-23c7-4fc4-9a88-91963281deb6-500x667.jpg HTTP/1.1" 200 18435 "https://www.readytorun.it/home/?product-cato=633" "Mozilla/5.0 (iPhone; CPU iPhone OS 18_7 like Mac OS X) AppleWebKit/605.1.15 (KHTML, like Gecko) Version/18.7 Mobile/15E148 Safari/604.1"
78.211.37.7 - - [21/Dec/2025:01:29:56 +0100] "GET /wp-content/uploads/2025/12/1750b275-b8ea-4e68-bd20-fa1c15112461-500x667.jpg HTTP/1.1" 200 48490 "https://www.readytorun.it/?utm_source=ig&utm_medium=social&utm_content=link_in_bio" "Mozilla/5.0 (iPhone; CPU iPhone OS 18_7 like Mac OS X) AppleWebKit/605.1.15 (KHTML, like Gecko) Version/18.7 Mobile/15E148 Safari/604.1"
78.211.37.7 - - [21/Dec/2025:01:29:56 +0100] "GET /wp-content/uploads/2025/12/46f72ad4-a20c-4349-bf73-8b3c6c085b7d-500x667.jpg HTTP/1.1" 200 24186 "https://www.readytorun.it/?utm_source=ig&utm_medium=social&utm_content=link_in_bio" "Mozilla/5.0 (iPhone; CPU iPhone OS 18_7 like Mac OS X) AppleWebKit/605.1.15 (KHTML, like Gecko) Version/18.7 Mobile/15E148 Safari/604.1"
78.211.37.7 - - [21/Dec/2025:01:29:56 +0100] "GET /wp-content/uploads/2025/12/cce14fa1-52da-4551-b0ac-60b45d220d1f-500x667.png HTTP/1.1" 200 144077 "https://www.readytorun.it/home/?product-cato=633" "Mozilla/5.0 (iPhone; CPU iPhone OS 18_7 like Mac OS X) AppleWebKit/605.1.15 (KHTML, like Gecko) Version/18.7 Mobile/15E148 Safari/604.1"
78.211.37.7 - - [21/Dec/2025:01:29:56 +0100] "GET /wp-content/uploads/2023/11/85211095-6516-47af-8b0f-120283b2a1fc-500x667.jpg HTTP/1.1" 200 21239 "https://www.readytorun.it/home/?product-cato=633" "Mozilla/5.0 (iPhone; CPU iPhone OS 18_7 like Mac OS X) AppleWebKit/605.1.15 (KHTML, like Gecko) Version/18.7 Mobile/15E148 Safari/604.1"
78.211.37.7 - - [21/Dec/2025:01:29:56 +0100] "GET /wp-content/uploads/2025/12/1356532d-f30a-4601-b19e-95c5a8af0a61-500x667.jpg HTTP/1.1" 200 20802 "https://www.readytorun.it/home/?product-cato=633" "Mozilla/5.0 (iPhone; CPU iPhone OS 18_7 like Mac OS X) AppleWebKit/605.1.15 (KHTML, like Gecko) Version/18.7 Mobile/15E148 Safari/604.1"
78.211.37.7 - - [21/Dec/2025:01:29:56 +0100] "GET /wp-content/uploads/2025/12/a62c8bb3-39f9-4d24-adfb-9c4f854e18af-500x667.jpg HTTP/1.1" 200 47163 "https://www.readytorun.it/home/?product-cato=633" "Mozilla/5.0 (iPhone; CPU iPhone OS 18_7 like Mac OS X) AppleWebKit/605.1.15 (KHTML, like Gecko) Version/18.7 Mobile/15E148 Safari/604.1"
78.211.37.7 - - [21/Dec/2025:01:29:56 +0100] "GET /wp-content/uploads/2025/12/c26d336d-07ce-48bc-a9fc-d8b18fcab9c4-500x667.jpg HTTP/1.1" 200 21762 "https://www.readytorun.it/home/?product-cato=633" "Mozilla/5.0 (iPhone; CPU iPhone OS 18_7 like Mac OS X) AppleWebKit/605.1.15 (KHTML, like Gecko) Version/18.7 Mobile/15E148 Safari/604.1"
78.211.37.7 - - [21/Dec/2025:01:29:56 +0100] "GET /wp-content/uploads/2025/12/c1366bb0-fa54-46a7-87ec-ae63448450d6-500x667.jpg HTTP/1.1" 200 44359 "https://www.readytorun.it/home/?product-cato=633" "Mozilla/5.0 (iPhone; CPU iPhone OS 18_7 like Mac OS X) AppleWebKit/605.1.15 (KHTML, like Gecko) Version/18.7 Mobile/15E148 Safari/604.1"
78.211.37.7 - - [21/Dec/2025:01:29:56 +0100] "GET /wp-content/uploads/2025/12/e7d4d625-75ee-4497-bc70-93e0fa8ac61b-500x667.jpg HTTP/1.1" 200 15801 "https://www.readytorun.it/home/?product-cato=633" "Mozilla/5.0 (iPhone; CPU iPhone OS 18_7 like Mac OS X) AppleWebKit/605.1.15 (KHTML, like Gecko) Version/18.7 Mobile/15E148 Safari/604.1"
78.211.37.7 - - [21/Dec/2025:01:29:56 +0100] "GET /wp-content/uploads/2025/12/e8a02140-c563-4389-96ad-bdef344a69aa-500x667.jpg HTTP/1.1" 200 43639 "https://www.readytorun.it/home/?product-cato=633" "Mozilla/5.0 (iPhone; CPU iPhone OS 18_7 like Mac OS X) AppleWebKit/605.1.15 (KHTML, like Gecko) Version/18.7 Mobile/15E148 Safari/604.1"
78.211.37.7 - - [21/Dec/2025:01:29:56 +0100] "GET /wp-content/uploads/2025/12/87c5aa3e-0649-42b0-9000-00ddaf4acc81-500x667.jpg HTTP/1.1" 200 19021 "https://www.readytorun.it/home/?product-cato=633" "Mozilla/5.0 (iPhone; CPU iPhone OS 18_7 like Mac OS X) AppleWebKit/605.1.15 (KHTML, like Gecko) Version/18.7 Mobile/15E148 Safari/604.1"
78.211.37.7 - - [21/Dec/2025:01:29:56 +0100] "GET /wp-content/uploads/2025/12/5442afb2-8540-49e3-87cd-03a5b4806f77-500x667.jpg HTTP/1.1" 200 43037 "https://www.readytorun.it/home/?product-cato=633" "Mozilla/5.0 (iPhone; CPU iPhone OS 18_7 like Mac OS X) AppleWebKit/605.1.15 (KHTML, like Gecko) Version/18.7 Mobile/15E148 Safari/604.1"
78.211.37.7 - - [21/Dec/2025:01:29:56 +0100] "GET /wp-content/uploads/2025/12/e3adbc93-21b0-4c39-8f57-883255419e4f-500x667.jpg HTTP/1.1" 200 18397 "https://www.readytorun.it/home/?product-cato=633" "Mozilla/5.0 (iPhone; CPU iPhone OS 18_7 like Mac OS X) AppleWebKit/605.1.15 (KHTML, like Gecko) Version/18.7 Mobile/15E148 Safari/604.1"
78.211.37.7 - - [21/Dec/2025:01:29:56 +0100] "GET /wp-content/uploads/2025/11/1218373d-0de6-40b7-816b-593f8fbcb44f-1-500x667.jpg HTTP/1.1" 200 48333 "https://www.readytorun.it/home/?product-cato=633" "Mozilla/5.0 (iPhone; CPU iPhone OS 18_7 like Mac OS X) AppleWebKit/605.1.15 (KHTML, like Gecko) Version/18.7 Mobile/15E148 Safari/604.1"
78.211.37.7 - - [21/Dec/2025:01:29:56 +0100] "GET /wp-content/uploads/2025/11/42579299-edf0-47d3-a003-e84973947240-1-500x667.jpg HTTP/1.1" 200 25614 "https://www.readytorun.it/home/?product-cato=633" "Mozilla/5.0 (iPhone; CPU iPhone OS 18_7 like Mac OS X) AppleWebKit/605.1.15 (KHTML, like Gecko) Version/18.7 Mobile/15E148 Safari/604.1"
78.211.37.7 - - [21/Dec/2025:01:29:56 +0100] "GET /wp-content/plugins/woo-advanced-product-size-chart/admin/images/default-chart/mens-shoes-size-chart.png HTTP/1.1" 200 11347 "https://www.readytorun.it/home/?product-cato=633" "Mozilla/5.0 (iPhone; CPU iPhone OS 18_7 like Mac OS X) AppleWebKit/605.1.15 (KHTML, like Gecko) Version/18.7 Mobile/15E148 Safari/604.1"
52.167.144.211 - - [21/Dec/2025:01:30:00 +0100] "GET /wp-content/uploads/2021/12/ce26441b-643f-4ab8-9f8b-6eb16076deed-scaled-225x300.jpg HTTP/1.1" 200 18311 "-" "Mozilla/5.0 AppleWebKit/537.36 (KHTML, like Gecko; compatible; bingbot/2.0; +http://www.bing.com/bingbot.htm) Chrome/116.0.1938.76 Safari/537.36"
78.211.37.7 - - [21/Dec/2025:01:30:10 +0100] "GET /wp-content/uploads/rey/ds-9b2adb32f8.css?ver=3.1.9.1760372467 HTTP/1.1" 200 30038 "https://www.readytorun.it/a3-massimo-ammortizzamento-scarpe-donna-home/120431070/" "Mozilla/5.0 (iPhone; CPU iPhone OS 18_7 like Mac OS X) AppleWebKit/605.1.15 (KHTML, like Gecko) Version/18.7 Mobile/15E148 Safari/604.1"
78.211.37.7 - - [21/Dec/2025:01:30:10 +0100] "GET /wp-content/uploads/rey/hs-3e39b18e48.css?ver=3.1.9.1760372467 HTTP/1.1" 200 19401 "https://www.readytorun.it/a3-massimo-ammortizzamento-scarpe-donna-home/120431070/" "Mozilla/5.0 (iPhone; CPU iPhone OS 18_7 like Mac OS X) AppleWebKit/605.1.15 (KHTML, like Gecko) Version/18.7 Mobile/15E148 Safari/604.1"
78.211.37.7 - - [21/Dec/2025:01:30:10 +0100] "GET /wp-content/plugins/woocommerce-paypal-payments/modules/ppcp-button/assets/css/gateway.css?ver=3.3.1 HTTP/1.1" 200 4502 "https://www.readytorun.it/a3-massimo-ammortizzamento-scarpe-donna-home/120431070/" "Mozilla/5.0 (iPhone; CPU iPhone OS 18_7 like Mac OS X) AppleWebKit/605.1.15 (KHTML, like Gecko) Version/18.7 Mobile/15E148 Safari/604.1"
78.211.37.7 - - [21/Dec/2025:01:30:10 +0100] "GET /wp-content/uploads/2025/07/a7c49347-52d9-400c-915a-46872e4f5400-800x813.jpg HTTP/1.1" 200 36194 "https://www.readytorun.it/a3-massimo-ammortizzamento-scarpe-donna-home/120431070/" "Mozilla/5.0 (iPhone; CPU iPhone OS 18_7 like Mac OS X) AppleWebKit/605.1.15 (KHTML, like Gecko) Version/18.7 Mobile/15E148 Safari/604.1"
78.211.37.7 - - [21/Dec/2025:01:30:10 +0100] "GET /wp-content/uploads/2025/07/a7c49347-52d9-400c-915a-46872e4f5400.jpg HTTP/1.1" 200 92284 "https://www.readytorun.it/a3-massimo-ammortizzamento-scarpe-donna-home/120431070/" "Mozilla/5.0 (iPhone; CPU iPhone OS 18_7 like Mac OS X) AppleWebKit/605.1.15 (KHTML, like Gecko) Version/18.7 Mobile/15E148 Safari/604.1"
78.211.37.7 - - [21/Dec/2025:01:30:10 +0100] "GET /wp-content/uploads/2025/07/f12c3963-5f46-4101-949c-a8e90b646124.jpg HTTP/1.1" 200 90603 "https://www.readytorun.it/a3-massimo-ammortizzamento-scarpe-donna-home/120431070/" "Mozilla/5.0 (iPhone; CPU iPhone OS 18_7 like Mac OS X) AppleWebKit/605.1.15 (KHTML, like Gecko) Version/18.7 Mobile/15E148 Safari/604.1"
78.211.37.7 - - [21/Dec/2025:01:30:10 +0100] "GET /wp-content/uploads/2025/07/1eb50b59-8b17-46fd-84af-41eac3a2c7e9.jpg HTTP/1.1" 200 141019 "https://www.readytorun.it/a3-massimo-ammortizzamento-scarpe-donna-home/120431070/" "Mozilla/5.0 (iPhone; CPU iPhone OS 18_7 like Mac OS X) AppleWebKit/605.1.15 (KHTML, like Gecko) Version/18.7 Mobile/15E148 Safari/604.1"
78.211.37.7 - - [21/Dec/2025:01:30:10 +0100] "GET /wp-content/uploads/2025/07/a1d1a60c-0cbc-4273-ac1b-17ee6303e521.jpg HTTP/1.1" 200 81256 "https://www.readytorun.it/a3-massimo-ammortizzamento-scarpe-donna-home/120431070/" "Mozilla/5.0 (iPhone; CPU iPhone OS 18_7 like Mac OS X) AppleWebKit/605.1.15 (KHTML, like Gecko) Version/18.7 Mobile/15E148 Safari/604.1"
78.211.37.7 - - [21/Dec/2025:01:30:06 +0100] "GET /a3-massimo-ammortizzamento-scarpe-donna-home/120431070/ HTTP/1.1" 200 47037 "https://www.readytorun.it/home/?product-cato=633" "Mozilla/5.0 (iPhone; CPU iPhone OS 18_7 like Mac OS X) AppleWebKit/605.1.15 (KHTML, like Gecko) Version/18.7 Mobile/15E148 Safari/604.1"
78.211.37.7 - - [21/Dec/2025:01:30:11 +0100] "GET /wp-content/plugins/rey-core/assets/js/woocommerce/wc-single-product.js?ver=3.1.9 HTTP/1.1" 200 1097 "https://www.readytorun.it/a3-massimo-ammortizzamento-scarpe-donna-home/120431070/" "Mozilla/5.0 (iPhone; CPU iPhone OS 18_7 like Mac OS X) AppleWebKit/605.1.15 (KHTML, like Gecko) Version/18.7 Mobile/15E148 Safari/604.1"
78.211.37.7 - - [21/Dec/2025:01:30:11 +0100] "GET /wp-content/plugins/rey-core/assets/js/lib/c-rey-template.js?ver=3.1.9 HTTP/1.1" 200 1236 "https://www.readytorun.it/a3-massimo-ammortizzamento-scarpe-donna-home/120431070/" "Mozilla/5.0 (iPhone; CPU iPhone OS 18_7 like Mac OS X) AppleWebKit/605.1.15 (KHTML, like Gecko) Version/18.7 Mobile/15E148 Safari/604.1"
78.211.37.7 - - [21/Dec/2025:01:30:11 +0100] "GET /wp-content/plugins/rey-core/assets/js/woocommerce/blockui.js?ver=3.1.9 HTTP/1.1" 200 743 "https://www.readytorun.it/a3-massimo-ammortizzamento-scarpe-donna-home/120431070/" "Mozilla/5.0 (iPhone; CPU iPhone OS 18_7 like Mac OS X) AppleWebKit/605.1.15 (KHTML, like Gecko) Version/18.7 Mobile/15E148 Safari/604.1"
78.211.37.7 - - [21/Dec/2025:01:30:11 +0100] "GET /wp-content/plugins/woocommerce-paypal-payments/modules/ppcp-button/assets/js/button.js?ver=3.3.1 HTTP/1.1" 200 68255 "https://www.readytorun.it/a3-massimo-ammortizzamento-scarpe-donna-home/120431070/" "Mozilla/5.0 (iPhone; CPU iPhone OS 18_7 like Mac OS X) AppleWebKit/605.1.15 (KHTML, like Gecko) Version/18.7 Mobile/15E148 Safari/604.1"
78.211.37.7 - - [21/Dec/2025:01:30:11 +0100] "GET /wp-content/plugins/rey-core/assets/js/woocommerce/add-to-cart-variation.js?ver=3.1.9 HTTP/1.1" 200 4268 "https://www.readytorun.it/a3-massimo-ammortizzamento-scarpe-donna-home/120431070/" "Mozilla/5.0 (iPhone; CPU iPhone OS 18_7 like Mac OS X) AppleWebKit/605.1.15 (KHTML, like Gecko) Version/18.7 Mobile/15E148 Safari/604.1"
78.211.37.7 - - [21/Dec/2025:01:30:11 +0100] "GET /wp-content/uploads/rey/scripts-24a133d85a.js?ver=3.1.9.1760372467 HTTP/1.1" 200 55479 "https://www.readytorun.it/a3-massimo-ammortizzamento-scarpe-donna-home/120431070/" "Mozilla/5.0 (iPhone; CPU iPhone OS 18_7 like Mac OS X) AppleWebKit/605.1.15 (KHTML, like Gecko) Version/18.7 Mobile/15E148 Safari/604.1"
78.211.37.7 - - [21/Dec/2025:01:30:15 +0100] "GET /wp-content/uploads/2025/07/27fc68a1-bd42-4e31-9719-927e2580a398.jpg HTTP/1.1" 200 94049 "https://www.readytorun.it/a3-massimo-ammortizzamento-scarpe-donna-home/120431070/" "Mozilla/5.0 (iPhone; CPU iPhone OS 18_7 like Mac OS X) AppleWebKit/605.1.15 (KHTML, like Gecko) Version/18.7 Mobile/15E148 Safari/604.1"
20.4.55.181 - - [21/Dec/2025:01:30:09 +0100] "GET /wp-json/wc/v2/taxes HTTP/1.1" 200 4903 "-" "-"
51.38.211.120 - - [21/Dec/2025:01:30:09 +0100] "POST /wp-cron.php?doing_wp_cron=1766277009.9710900783538818359375 HTTP/1.1" 200 4069 "-" "WordPress/6.9; https://www.readytorun.it"
78.211.37.7 - - [21/Dec/2025:01:30:13 +0100] "POST /?wc-ajax=ppc-simulate-cart HTTP/1.1" 200 4453 "https://www.readytorun.it/a3-massimo-ammortizzamento-scarpe-donna-home/120431070/" "Mozilla/5.0 (iPhone; CPU iPhone OS 18_7 like Mac OS X) AppleWebKit/605.1.15 (KHTML, like Gecko) Version/18.7 Mobile/15E148 Safari/604.1"
78.211.37.7 - - [21/Dec/2025:01:30:15 +0100] "POST /?wc-ajax=get_refreshed_fragments HTTP/1.1" 200 3882 "https://www.readytorun.it/home/?product-cato=633" "Mozilla/5.0 (iPhone; CPU iPhone OS 18_7 like Mac OS X) AppleWebKit/605.1.15 (KHTML, like Gecko) Version/18.7 Mobile/15E148 Safari/604.1"
20.4.55.181 - - [21/Dec/2025:01:30:16 +0100] "GET /wp-json/wc/v2/orders?after=2025-12-16%2000:30:16&per_page=100 HTTP/1.1" 200 5760 "-" "-"
78.211.37.7 - - [21/Dec/2025:01:30:19 +0100] "GET /a2-intermedie-scarpe-donna-home/120455654/ HTTP/1.1" 200 47541 "https://www.readytorun.it/home/?product-cato=633" "Mozilla/5.0 (iPhone; CPU iPhone OS 18_7 like Mac OS X) AppleWebKit/605.1.15 (KHTML, like Gecko) Version/18.7 Mobile/15E148 Safari/604.1"
216.244.66.238 - - [21/Dec/2025:01:30:20 +0100] "GET /size/11-5-2/page/5/ HTTP/1.1" 200 250060 "-" "Mozilla/5.0 (compatible; DotBot/1.2; +https://opensiteexplorer.org/dotbot; help@moz.com)"
78.211.37.7 - - [21/Dec/2025:01:30:25 +0100] "GET /a2-intermedie-scarpe-donna-home/120455654/ HTTP/1.1" 200 47549 "https://www.readytorun.it/home/?product-cato=633" "Mozilla/5.0 (iPhone; CPU iPhone OS 18_7 like Mac OS X) AppleWebKit/605.1.15 (KHTML, like Gecko) Version/18.7 Mobile/15E148 Safari/604.1"
78.211.37.7 - - [21/Dec/2025:01:30:29 +0100] "GET /a2-intermedie-scarpe-donna-home/120455654/ HTTP/1.1" 200 47544 "https://www.readytorun.it/home/?product-cato=633" "Mozilla/5.0 (iPhone; CPU iPhone OS 18_7 like Mac OS X) AppleWebKit/605.1.15 (KHTML, like Gecko) Version/18.7 Mobile/15E148 Safari/604.1"
52.167.144.218 - - [21/Dec/2025:01:30:36 +0100] "GET /wp-content/uploads/2021/11/9d66faee-3776-42dc-a758-2d8b3c1f42ed-1-scaled-1024x566.jpg HTTP/1.1" 200 46159 "-" "Mozilla/5.0 AppleWebKit/537.36 (KHTML, like Gecko; compatible; bingbot/2.0; +http://www.bing.com/bingbot.htm) Chrome/116.0.1938.76 Safari/537.36"
78.211.37.7 - - [21/Dec/2025:01:30:32 +0100] "GET /a2-intermedie-scarpe-donna-home/120455654/ HTTP/1.1" 200 47545 "https://www.readytorun.it/home/?product-cato=633" "Mozilla/5.0 (iPhone; CPU iPhone OS 18_7 like Mac OS X) AppleWebKit/605.1.15 (KHTML, like Gecko) Version/18.7 Mobile/15E148 Safari/604.1"
78.211.37.7 - - [21/Dec/2025:01:30:32 +0100] "GET /a2-intermedie-scarpe-donna-home/120455654/ HTTP/1.1" 200 47542 "https://www.readytorun.it/home/?product-cato=633" "Mozilla/5.0 (iPhone; CPU iPhone OS 18_7 like Mac OS X) AppleWebKit/605.1.15 (KHTML, like Gecko) Version/18.7 Mobile/15E148 Safari/604.1"
78.211.37.7 - - [21/Dec/2025:01:30:37 +0100] "GET /wp-content/uploads/2025/07/8e97e691-b52f-4659-869b-4ac07cb6a9a8-1-800x800.jpg HTTP/1.1" 200 35651 "https://www.readytorun.it/a2-intermedie-scarpe-donna-home/120455654/" "Mozilla/5.0 (iPhone; CPU iPhone OS 18_7 like Mac OS X) AppleWebKit/605.1.15 (KHTML, like Gecko) Version/18.7 Mobile/15E148 Safari/604.1"
78.211.37.7 - - [21/Dec/2025:01:30:37 +0100] "GET /wp-content/uploads/2025/07/8e97e691-b52f-4659-869b-4ac07cb6a9a8-1.jpg HTTP/1.1" 200 81669 "https://www.readytorun.it/a2-intermedie-scarpe-donna-home/120455654/" "Mozilla/5.0 (iPhone; CPU iPhone OS 18_7 like Mac OS X) AppleWebKit/605.1.15 (KHTML, like Gecko) Version/18.7 Mobile/15E148 Safari/604.1"
78.211.37.7 - - [21/Dec/2025:01:30:38 +0100] "GET /wp-content/uploads/2025/07/ad60f50c-8cdc-4c5e-b697-c1ff106c17fd-1.jpg HTTP/1.1" 200 90414 "https://www.readytorun.it/a2-intermedie-scarpe-donna-home/120455654/" "Mozilla/5.0 (iPhone; CPU iPhone OS 18_7 like Mac OS X) AppleWebKit/605.1.15 (KHTML, like Gecko) Version/18.7 Mobile/15E148 Safari/604.1"
78.211.37.7 - - [21/Dec/2025:01:30:38 +0100] "GET /wp-content/uploads/2025/07/3bba5f87-411b-4491-9bc0-0c8a6087bac4-1.jpg HTTP/1.1" 200 77029 "https://www.readytorun.it/a2-intermedie-scarpe-donna-home/120455654/" "Mozilla/5.0 (iPhone; CPU iPhone OS 18_7 like Mac OS X) AppleWebKit/605.1.15 (KHTML, like Gecko) Version/18.7 Mobile/15E148 Safari/604.1"
78.211.37.7 - - [21/Dec/2025:01:30:38 +0100] "GET /wp-content/uploads/2025/07/71339658-24e1-4184-b5ec-a7e833282e74-1.png HTTP/1.1" 200 207396 "https://www.readytorun.it/a2-intermedie-scarpe-donna-home/120455654/" "Mozilla/5.0 (iPhone; CPU iPhone OS 18_7 like Mac OS X) AppleWebKit/605.1.15 (KHTML, like Gecko) Version/18.7 Mobile/15E148 Safari/604.1"
78.211.37.7 - - [21/Dec/2025:01:30:38 +0100] "POST /?wc-ajax=ppc-simulate-cart HTTP/1.1" 200 696 "https://www.readytorun.it/a2-intermedie-scarpe-donna-home/120455654/" "Mozilla/5.0 (iPhone; CPU iPhone OS 18_7 like Mac OS X) AppleWebKit/605.1.15 (KHTML, like Gecko) Version/18.7 Mobile/15E148 Safari/604.1"
78.211.37.7 - - [21/Dec/2025:01:30:49 +0100] "GET /wp-content/plugins/woo-advanced-product-size-chart/admin/images/default-chart/mens-shoes-size-chart.png HTTP/1.1" 200 15104 "https://www.readytorun.it/a2-intermedie-scarpe-donna-home/120455654/" "Mozilla/5.0 (iPhone; CPU iPhone OS 18_7 like Mac OS X) AppleWebKit/605.1.15 (KHTML, like Gecko) Version/18.7 Mobile/15E148 Safari/604.1"
78.211.37.7 - - [21/Dec/2025:01:30:43 +0100] "POST /?wc-ajax=ppc-simulate-cart HTTP/1.1" 200 4453 "https://www.readytorun.it/a2-intermedie-scarpe-donna-home/120455654/" "Mozilla/5.0 (iPhone; CPU iPhone OS 18_7 like Mac OS X) AppleWebKit/605.1.15 (KHTML, like Gecko) Version/18.7 Mobile/15E148 Safari/604.1"
216.244.66.238 - - [21/Dec/2025:01:30:52 +0100] "GET /size/xxs/page/2/ HTTP/1.1" 200 255721 "-" "Mozilla/5.0 (compatible; DotBot/1.2; +https://opensiteexplorer.org/dotbot; help@moz.com)"
78.211.37.7 - - [21/Dec/2025:01:30:58 +0100] "POST /?wc-ajax=get_refreshed_fragments HTTP/1.1" 200 7639 "https://www.readytorun.it/home/?product-cato=633" "Mozilla/5.0 (iPhone; CPU iPhone OS 18_7 like Mac OS X) AppleWebKit/605.1.15 (KHTML, like Gecko) Version/18.7 Mobile/15E148 Safari/604.1"
51.38.211.120 - - [21/Dec/2025:01:30:59 +0100] "POST /wp-cron.php?doing_wp_cron=1766277059.5043849945068359375000 HTTP/1.1" 200 269 "-" "WordPress/6.9; https://www.readytorun.it"
114.119.131.211 - - [21/Dec/2025:01:31:01 +0100] "GET /chiodate-scarpe-unisex-home/ji1213/ HTTP/1.1" 200 47868 "https://www.readytorun.it/product-sitemap3.xml" "Mozilla/5.0 (Linux; Android 7.0;) AppleWebKit/537.36 (KHTML, like Gecko) Mobile Safari/537.36 (compatible; PetalBot;+https://webmaster.petalsearch.com/site/petalbot)"
78.211.37.7 - - [21/Dec/2025:01:31:06 +0100] "GET /home/page/2/?product-cato=633&reynotemplate=1 HTTP/1.1" 200 18901 "https://www.readytorun.it/home/page/2/?product-cato=633" "Mozilla/5.0 (iPhone; CPU iPhone OS 18_7 like Mac OS X) AppleWebKit/605.1.15 (KHTML, like Gecko) Version/18.7 Mobile/15E148 Safari/604.1"
78.211.37.7 - - [21/Dec/2025:01:31:11 +0100] "GET /wp-content/uploads/2025/11/40833f04-4a89-4497-8295-6a56b8b40b38-500x667.jpg HTTP/1.1" 200 46759 "https://www.readytorun.it/home/page/2/?product-cato=633" "Mozilla/5.0 (iPhone; CPU iPhone OS 18_7 like Mac OS X) AppleWebKit/605.1.15 (KHTML, like Gecko) Version/18.7 Mobile/15E148 Safari/604.1"
78.211.37.7 - - [21/Dec/2025:01:31:11 +0100] "GET /wp-content/uploads/2025/11/2abba95a-d82f-4d98-8795-da4fc161f039-500x667.jpg HTTP/1.1" 200 23554 "https://www.readytorun.it/home/page/2/?product-cato=633" "Mozilla/5.0 (iPhone; CPU iPhone OS 18_7 like Mac OS X) AppleWebKit/605.1.15 (KHTML, like Gecko) Version/18.7 Mobile/15E148 Safari/604.1"
78.211.37.7 - - [21/Dec/2025:01:31:11 +0100] "GET /wp-content/uploads/2025/10/a1e57d25-e8e4-4316-8f38-e413ff47c9a4-500x667.jpg HTTP/1.1" 200 39888 "https://www.readytorun.it/home/page/2/?product-cato=633" "Mozilla/5.0 (iPhone; CPU iPhone OS 18_7 like Mac OS X) AppleWebKit/605.1.15 (KHTML, like Gecko) Version/18.7 Mobile/15E148 Safari/604.1"
78.211.37.7 - - [21/Dec/2025:01:31:11 +0100] "GET /wp-content/uploads/2025/10/94ca3a81-236d-4ee1-a02c-125abdd09f33-500x667.png HTTP/1.1" 200 34658 "https://www.readytorun.it/home/page/2/?product-cato=633" "Mozilla/5.0 (iPhone; CPU iPhone OS 18_7 like Mac OS X) AppleWebKit/605.1.15 (KHTML, like Gecko) Version/18.7 Mobile/15E148 Safari/604.1"
78.211.37.7 - - [21/Dec/2025:01:31:11 +0100] "GET /wp-content/uploads/2025/11/531fcd25-49ec-4677-a149-302690e7068b-500x667.jpg HTTP/1.1" 200 19603 "https://www.readytorun.it/home/page/2/?product-cato=633" "Mozilla/5.0 (iPhone; CPU iPhone OS 18_7 like Mac OS X) AppleWebKit/605.1.15 (KHTML, like Gecko) Version/18.7 Mobile/15E148 Safari/604.1"
78.211.37.7 - - [21/Dec/2025:01:31:11 +0100] "GET /wp-content/uploads/2025/11/399d488d-8e14-432d-8bc3-1bfd21b4b3cd-500x667.jpg HTTP/1.1" 200 48164 "https://www.readytorun.it/home/page/2/?product-cato=633" "Mozilla/5.0 (iPhone; CPU iPhone OS 18_7 like Mac OS X) AppleWebKit/605.1.15 (KHTML, like Gecko) Version/18.7 Mobile/15E148 Safari/604.1"
78.211.37.7 - - [21/Dec/2025:01:31:11 +0100] "GET /wp-content/uploads/2025/10/229b9759-e1d4-4185-b6f5-8292c36c2bff-500x667.jpg HTTP/1.1" 200 23376 "https://www.readytorun.it/home/page/2/?product-cato=633" "Mozilla/5.0 (iPhone; CPU iPhone OS 18_7 like Mac OS X) AppleWebKit/605.1.15 (KHTML, like Gecko) Version/18.7 Mobile/15E148 Safari/604.1"
78.211.37.7 - - [21/Dec/2025:01:31:12 +0100] "GET /wp-content/uploads/2025/10/0c2aa5b1-cab8-42be-a729-d6a2cb60b046-500x667.jpg HTTP/1.1" 200 10168 "https://www.readytorun.it/home/page/2/?product-cato=633" "Mozilla/5.0 (iPhone; CPU iPhone OS 18_7 like Mac OS X) AppleWebKit/605.1.15 (KHTML, like Gecko) Version/18.7 Mobile/15E148 Safari/604.1"
78.211.37.7 - - [21/Dec/2025:01:31:12 +0100] "GET /wp-content/uploads/2025/10/a4b46769-e1df-45d8-8b38-60749fdbe4e5-500x667.jpg HTTP/1.1" 200 36794 "https://www.readytorun.it/home/page/2/?product-cato=633" "Mozilla/5.0 (iPhone; CPU iPhone OS 18_7 like Mac OS X) AppleWebKit/605.1.15 (KHTML, like Gecko) Version/18.7 Mobile/15E148 Safari/604.1"
78.211.37.7 - - [21/Dec/2025:01:31:12 +0100] "GET /wp-content/uploads/2025/10/15173a73-4dd9-4a71-bb83-7b4018c23e9b-500x667.jpg HTTP/1.1" 200 21127 "https://www.readytorun.it/home/page/2/?product-cato=633" "Mozilla/5.0 (iPhone; CPU iPhone OS 18_7 like Mac OS X) AppleWebKit/605.1.15 (KHTML, like Gecko) Version/18.7 Mobile/15E148 Safari/604.1"
78.211.37.7 - - [21/Dec/2025:01:31:12 +0100] "GET /wp-content/uploads/2025/10/e40e2eac-794b-4b42-a99c-0d14a1ab4daf-500x667.png HTTP/1.1" 200 34717 "https://www.readytorun.it/home/page/2/?product-cato=633" "Mozilla/5.0 (iPhone; CPU iPhone OS 18_7 like Mac OS X) AppleWebKit/605.1.15 (KHTML, like Gecko) Version/18.7 Mobile/15E148 Safari/604.1"
78.211.37.7 - - [21/Dec/2025:01:31:12 +0100] "GET /wp-content/uploads/2025/10/3a3675a6-9541-4b7a-ab96-6db07100073e-500x667.jpg HTTP/1.1" 200 6517 "https://www.readytorun.it/home/page/2/?product-cato=633" "Mozilla/5.0 (iPhone; CPU iPhone OS 18_7 like Mac OS X) AppleWebKit/605.1.15 (KHTML, like Gecko) Version/18.7 Mobile/15E148 Safari/604.1"
78.211.37.7 - - [21/Dec/2025:01:31:12 +0100] "GET /wp-content/uploads/2025/10/b79f8b8a-402f-4866-bab4-0b78448def17-500x667.png HTTP/1.1" 200 50368 "https://www.readytorun.it/home/page/2/?product-cato=633" "Mozilla/5.0 (iPhone; CPU iPhone OS 18_7 like Mac OS X) AppleWebKit/605.1.15 (KHTML, like Gecko) Version/18.7 Mobile/15E148 Safari/604.1"
78.211.37.7 - - [21/Dec/2025:01:31:12 +0100] "GET /wp-content/uploads/2025/10/048c9c73-d595-418c-a237-f12b0ceb3ab8-500x667.jpg HTTP/1.1" 200 11249 "https://www.readytorun.it/home/page/2/?product-cato=633" "Mozilla/5.0 (iPhone; CPU iPhone OS 18_7 like Mac OS X) AppleWebKit/605.1.15 (KHTML, like Gecko) Version/18.7 Mobile/15E148 Safari/604.1"
78.211.37.7 - - [21/Dec/2025:01:31:12 +0100] "GET /wp-content/uploads/2025/10/a8b4d824-1917-4a4c-9b83-4296bffe1f3d-500x667.png HTTP/1.1" 200 48641 "https://www.readytorun.it/home/page/2/?product-cato=633" "Mozilla/5.0 (iPhone; CPU iPhone OS 18_7 like Mac OS X) AppleWebKit/605.1.15 (KHTML, like Gecko) Version/18.7 Mobile/15E148 Safari/604.1"
78.211.37.7 - - [21/Dec/2025:01:31:12 +0100] "GET /wp-content/uploads/2025/10/dadbd163-edf8-41d3-994b-a332df732e3a-500x667.jpg HTTP/1.1" 200 13426 "https://www.readytorun.it/home/page/2/?product-cato=633" "Mozilla/5.0 (iPhone; CPU iPhone OS 18_7 like Mac OS X) AppleWebKit/605.1.15 (KHTML, like Gecko) Version/18.7 Mobile/15E148 Safari/604.1"
78.211.37.7 - - [21/Dec/2025:01:31:12 +0100] "GET /wp-content/uploads/2025/10/db81bac8-3f39-4199-965e-24604d2b7353-500x667.jpg HTTP/1.1" 200 46886 "https://www.readytorun.it/home/page/2/?product-cato=633" "Mozilla/5.0 (iPhone; CPU iPhone OS 18_7 like Mac OS X) AppleWebKit/605.1.15 (KHTML, like Gecko) Version/18.7 Mobile/15E148 Safari/604.1"
78.211.37.7 - - [21/Dec/2025:01:31:12 +0100] "GET /wp-content/uploads/2025/10/47da8811-2aa7-4aae-a38d-184940d6299f-500x667.jpg HTTP/1.1" 200 22137 "https://www.readytorun.it/home/page/2/?product-cato=633" "Mozilla/5.0 (iPhone; CPU iPhone OS 18_7 like Mac OS X) AppleWebKit/605.1.15 (KHTML, like Gecko) Version/18.7 Mobile/15E148 Safari/604.1"
78.211.37.7 - - [21/Dec/2025:01:31:12 +0100] "GET /wp-content/uploads/2025/10/bb80cb18-e669-4c18-afc0-2df3d5c6bd2d-500x667.png HTTP/1.1" 200 35013 "https://www.readytorun.it/home/page/2/?product-cato=633" "Mozilla/5.0 (iPhone; CPU iPhone OS 18_7 like Mac OS X) AppleWebKit/605.1.15 (KHTML, like Gecko) Version/18.7 Mobile/15E148 Safari/604.1"
78.211.37.7 - - [21/Dec/2025:01:31:12 +0100] "GET /wp-content/uploads/2025/10/4690731c-8945-41bd-a155-dffa60e36889-500x667.jpg HTTP/1.1" 200 15966 "https://www.readytorun.it/home/page/2/?product-cato=633" "Mozilla/5.0 (iPhone; CPU iPhone OS 18_7 like Mac OS X) AppleWebKit/605.1.15 (KHTML, like Gecko) Version/18.7 Mobile/15E148 Safari/604.1"
78.211.37.7 - - [21/Dec/2025:01:31:12 +0100] "GET /wp-content/uploads/2025/10/d01a90cd-9615-4827-87c2-0a9fa0d60ad8-500x667.jpg HTTP/1.1" 200 23217 "https://www.readytorun.it/home/page/2/?product-cato=633" "Mozilla/5.0 (iPhone; CPU iPhone OS 18_7 like Mac OS X) AppleWebKit/605.1.15 (KHTML, like Gecko) Version/18.7 Mobile/15E148 Safari/604.1"
78.211.37.7 - - [21/Dec/2025:01:31:12 +0100] "GET /wp-content/uploads/2025/10/06b6d69b-4922-4c27-8f28-db219cbd107a-500x667.jpg HTTP/1.1" 200 13083 "https://www.readytorun.it/home/page/2/?product-cato=633" "Mozilla/5.0 (iPhone; CPU iPhone OS 18_7 like Mac OS X) AppleWebKit/605.1.15 (KHTML, like Gecko) Version/18.7 Mobile/15E148 Safari/604.1"
78.211.37.7 - - [21/Dec/2025:01:31:12 +0100] "GET /wp-content/uploads/2025/10/15ef09a0-633d-470f-b062-f08d170049c0-500x667.jpg HTTP/1.1" 200 34285 "https://www.readytorun.it/home/page/2/?product-cato=633" "Mozilla/5.0 (iPhone; CPU iPhone OS 18_7 like Mac OS X) AppleWebKit/605.1.15 (KHTML, like Gecko) Version/18.7 Mobile/15E148 Safari/604.1"
78.211.37.7 - - [21/Dec/2025:01:31:12 +0100] "GET /wp-content/uploads/2025/10/780c93f3-bfbc-49a1-8fa0-539653733f3a-500x667.jpg HTTP/1.1" 200 21023 "https://www.readytorun.it/home/page/2/?product-cato=633" "Mozilla/5.0 (iPhone; CPU iPhone OS 18_7 like Mac OS X) AppleWebKit/605.1.15 (KHTML, like Gecko) Version/18.7 Mobile/15E148 Safari/604.1"
78.211.37.7 - - [21/Dec/2025:01:31:12 +0100] "GET /wp-content/uploads/2025/10/6d32b986-4b1f-49e5-beb3-712e059a1fb9-500x667.jpg HTTP/1.1" 200 32783 "https://www.readytorun.it/home/page/2/?product-cato=633" "Mozilla/5.0 (iPhone; CPU iPhone OS 18_7 like Mac OS X) AppleWebKit/605.1.15 (KHTML, like Gecko) Version/18.7 Mobile/15E148 Safari/604.1"
78.211.37.7 - - [21/Dec/2025:01:31:12 +0100] "GET /wp-content/uploads/2025/10/5c2b0f82-49e0-468b-add3-f31d8b30d2b6-500x667.jpg HTTP/1.1" 200 18063 "https://www.readytorun.it/home/page/2/?product-cato=633" "Mozilla/5.0 (iPhone; CPU iPhone OS 18_7 like Mac OS X) AppleWebKit/605.1.15 (KHTML, like Gecko) Version/18.7 Mobile/15E148 Safari/604.1"
78.211.37.7 - - [21/Dec/2025:01:31:12 +0100] "GET /wp-content/uploads/2025/10/1a002b9d-6b1d-4601-91f2-375c8a1bca70-500x667.png HTTP/1.1" 200 112543 "https://www.readytorun.it/home/page/2/?product-cato=633" "Mozilla/5.0 (iPhone; CPU iPhone OS 18_7 like Mac OS X) AppleWebKit/605.1.15 (KHTML, like Gecko) Version/18.7 Mobile/15E148 Safari/604.1"
78.211.37.7 - - [21/Dec/2025:01:31:12 +0100] "GET /wp-content/uploads/2025/10/a351803f-9ec3-43fd-9d58-db14c2d15a6a-500x667.jpg HTTP/1.1" 200 10590 "https://www.readytorun.it/home/page/2/?product-cato=633" "Mozilla/5.0 (iPhone; CPU iPhone OS 18_7 like Mac OS X) AppleWebKit/605.1.15 (KHTML, like Gecko) Version/18.7 Mobile/15E148 Safari/604.1"
78.211.37.7 - - [21/Dec/2025:01:31:12 +0100] "GET /wp-content/uploads/2025/10/da80b491-8a15-45ab-985c-ada2dbf1c268-500x667.png HTTP/1.1" 200 54889 "https://www.readytorun.it/home/page/2/?product-cato=633" "Mozilla/5.0 (iPhone; CPU iPhone OS 18_7 like Mac OS X) AppleWebKit/605.1.15 (KHTML, like Gecko) Version/18.7 Mobile/15E148 Safari/604.1"
78.211.37.7 - - [21/Dec/2025:01:31:12 +0100] "GET /wp-content/uploads/2025/10/13e571aa-2ddd-475f-aac1-c3639568421c-500x667.jpg HTTP/1.1" 200 8983 "https://www.readytorun.it/home/page/2/?product-cato=633" "Mozilla/5.0 (iPhone; CPU iPhone OS 18_7 like Mac OS X) AppleWebKit/605.1.15 (KHTML, like Gecko) Version/18.7 Mobile/15E148 Safari/604.1"
78.211.37.7 - - [21/Dec/2025:01:31:12 +0100] "GET /wp-content/uploads/2025/10/88fbc31f-516f-4704-aa58-1a8c2de353c3-500x667.png HTTP/1.1" 200 51118 "https://www.readytorun.it/home/page/2/?product-cato=633" "Mozilla/5.0 (iPhone; CPU iPhone OS 18_7 like Mac OS X) AppleWebKit/605.1.15 (KHTML, like Gecko) Version/18.7 Mobile/15E148 Safari/604.1"
78.211.37.7 - - [21/Dec/2025:01:31:12 +0100] "GET /wp-content/uploads/2025/10/4e353251-4171-4c32-bf3b-454fe86b0f4c-500x667.jpg HTTP/1.1" 200 10610 "https://www.readytorun.it/home/page/2/?product-cato=633" "Mozilla/5.0 (iPhone; CPU iPhone OS 18_7 like Mac OS X) AppleWebKit/605.1.15 (KHTML, like Gecko) Version/18.7 Mobile/15E148 Safari/604.1"
52.167.144.211 - - [21/Dec/2025:01:31:21 +0100] "GET /wp-content/uploads/2023/09/69ed4793-5c22-4f30-9745-85baee7611f6-800x885.jpg HTTP/1.1" 200 32816 "-" "Mozilla/5.0 AppleWebKit/537.36 (KHTML, like Gecko; compatible; bingbot/2.0; +http://www.bing.com/bingbot.htm) Chrome/116.0.1938.76 Safari/537.36"
152.53.187.237 - - [21/Dec/2025:01:31:22 +0100] "GET /robots.txt HTTP/1.1" 200 4242 "-" "Mozilla/5.0 (compatible; MJ12bot/v1.4.8; http://mj12bot.com/)"
216.244.66.238 - - [21/Dec/2025:01:31:30 +0100] "GET /wp-content/uploads/2024/03/12898e84-ae9b-4e99-bf53-75df84e2f106.jpg HTTP/1.1" 200 49592 "-" "Mozilla/5.0 (compatible; DotBot/1.2; +https://opensiteexplorer.org/dotbot; help@moz.com)"
152.53.187.237 - - [21/Dec/2025:01:31:28 +0100] "GET /testimonials/4centiste/ HTTP/1.1" 404 46234 "-" "Mozilla/5.0 (compatible; MJ12bot/v1.4.8; http://mj12bot.com/)"
57.141.0.73 - - [21/Dec/2025:01:31:30 +0100] "GET /wp-json/wp/v2/product/49052 HTTP/1.1" 200 19617 "-" "meta-externalagent/1.1 (+https://developers.facebook.com/docs/sharing/webmasters/crawler)"
78.211.37.7 - - [21/Dec/2025:01:31:46 +0100] "GET /home/page/3/?product-cato=633&reynotemplate=1 HTTP/1.1" 200 18834 "https://www.readytorun.it/home/page/3/?product-cato=633" "Mozilla/5.0 (iPhone; CPU iPhone OS 18_7 like Mac OS X) AppleWebKit/605.1.15 (KHTML, like Gecko) Version/18.7 Mobile/15E148 Safari/604.1"
78.211.37.7 - - [21/Dec/2025:01:31:52 +0100] "GET /wp-content/uploads/2025/09/34dafae6-0551-48cb-810d-7d3e7c934040-500x667.png HTTP/1.1" 200 68489 "https://www.readytorun.it/home/page/3/?product-cato=633" "Mozilla/5.0 (iPhone; CPU iPhone OS 18_7 like Mac OS X) AppleWebKit/605.1.15 (KHTML, like Gecko) Version/18.7 Mobile/15E148 Safari/604.1"
78.211.37.7 - - [21/Dec/2025:01:31:52 +0100] "GET /wp-content/uploads/2025/09/adfe11f4-6b2c-4177-90ea-90a8d53ff14f-500x667.jpg HTTP/1.1" 200 22861 "https://www.readytorun.it/home/page/3/?product-cato=633" "Mozilla/5.0 (iPhone; CPU iPhone OS 18_7 like Mac OS X) AppleWebKit/605.1.15 (KHTML, like Gecko) Version/18.7 Mobile/15E148 Safari/604.1"
78.211.37.7 - - [21/Dec/2025:01:31:52 +0100] "GET /wp-content/uploads/2025/09/8352ede4-a71f-4a65-b631-ab35620bc2d0-500x667.jpg HTTP/1.1" 200 48875 "https://www.readytorun.it/home/page/3/?product-cato=633" "Mozilla/5.0 (iPhone; CPU iPhone OS 18_7 like Mac OS X) AppleWebKit/605.1.15 (KHTML, like Gecko) Version/18.7 Mobile/15E148 Safari/604.1"
78.211.37.7 - - [21/Dec/2025:01:31:52 +0100] "GET /wp-content/uploads/2025/09/d38315ea-e7a3-4e16-8597-43fd11a9428f-500x667.jpg HTTP/1.1" 200 22233 "https://www.readytorun.it/home/page/3/?product-cato=633" "Mozilla/5.0 (iPhone; CPU iPhone OS 18_7 like Mac OS X) AppleWebKit/605.1.15 (KHTML, like Gecko) Version/18.7 Mobile/15E148 Safari/604.1"
78.211.37.7 - - [21/Dec/2025:01:31:52 +0100] "GET /wp-content/uploads/2025/09/da6089d0-7e22-4c02-96c2-ce9c7d213b51-500x667.jpg HTTP/1.1" 200 21498 "https://www.readytorun.it/home/page/3/?product-cato=633" "Mozilla/5.0 (iPhone; CPU iPhone OS 18_7 like Mac OS X) AppleWebKit/605.1.15 (KHTML, like Gecko) Version/18.7 Mobile/15E148 Safari/604.1"
78.211.37.7 - - [21/Dec/2025:01:31:52 +0100] "GET /wp-content/uploads/2025/09/e2a71cc6-22f0-42bc-ba83-571e0d28b3cd-500x667.jpg HTTP/1.1" 200 40197 "https://www.readytorun.it/home/page/3/?product-cato=633" "Mozilla/5.0 (iPhone; CPU iPhone OS 18_7 like Mac OS X) AppleWebKit/605.1.15 (KHTML, like Gecko) Version/18.7 Mobile/15E148 Safari/604.1"
78.211.37.7 - - [21/Dec/2025:01:31:52 +0100] "GET /wp-content/uploads/2025/09/7ccdecab-f0c0-4362-b6ca-ef0d93fa25bf-500x667.jpg HTTP/1.1" 200 46052 "https://www.readytorun.it/home/page/3/?product-cato=633" "Mozilla/5.0 (iPhone; CPU iPhone OS 18_7 like Mac OS X) AppleWebKit/605.1.15 (KHTML, like Gecko) Version/18.7 Mobile/15E148 Safari/604.1"
78.211.37.7 - - [21/Dec/2025:01:31:52 +0100] "GET /wp-content/uploads/2025/09/c57ba58b-a377-4b5a-8696-419050eb318f-500x667.jpg HTTP/1.1" 200 19704 "https://www.readytorun.it/home/page/3/?product-cato=633" "Mozilla/5.0 (iPhone; CPU iPhone OS 18_7 like Mac OS X) AppleWebKit/605.1.15 (KHTML, like Gecko) Version/18.7 Mobile/15E148 Safari/604.1"
78.211.37.7 - - [21/Dec/2025:01:31:52 +0100] "GET /wp-content/uploads/2025/09/5d293f8f-f872-4eb0-841a-ab5bfbc4fcb7-500x667.jpg HTTP/1.1" 200 40453 "https://www.readytorun.it/home/page/3/?product-cato=633" "Mozilla/5.0 (iPhone; CPU iPhone OS 18_7 like Mac OS X) AppleWebKit/605.1.15 (KHTML, like Gecko) Version/18.7 Mobile/15E148 Safari/604.1"
78.211.37.7 - - [21/Dec/2025:01:31:52 +0100] "GET /wp-content/uploads/2025/09/cf773cae-1617-4860-8837-4a8aab9c69cd-500x667.jpg HTTP/1.1" 200 18079 "https://www.readytorun.it/home/page/3/?product-cato=633" "Mozilla/5.0 (iPhone; CPU iPhone OS 18_7 like Mac OS X) AppleWebKit/605.1.15 (KHTML, like Gecko) Version/18.7 Mobile/15E148 Safari/604.1"
78.211.37.7 - - [21/Dec/2025:01:31:52 +0100] "GET /wp-content/uploads/2025/09/ce022f3f-0972-4061-bf11-e8c518a5774c-500x667.jpg HTTP/1.1" 200 50012 "https://www.readytorun.it/home/page/3/?product-cato=633" "Mozilla/5.0 (iPhone; CPU iPhone OS 18_7 like Mac OS X) AppleWebKit/605.1.15 (KHTML, like Gecko) Version/18.7 Mobile/15E148 Safari/604.1"
78.211.37.7 - - [21/Dec/2025:01:31:52 +0100] "GET /wp-content/uploads/2025/09/62a0a1dd-9078-46b4-95bc-e4d9c0ba8b28-500x667.jpg HTTP/1.1" 200 26176 "https://www.readytorun.it/home/page/3/?product-cato=633" "Mozilla/5.0 (iPhone; CPU iPhone OS 18_7 like Mac OS X) AppleWebKit/605.1.15 (KHTML, like Gecko) Version/18.7 Mobile/15E148 Safari/604.1"
