78.211.37.7 - - [21/Dec/2025:01:34:19 +0100] "GET /wp-content/fonts/lato/9467af0b6a552b5a HTTP/1.1" 200 30328 "https://www.readytorun.it/?utm_source=ig&utm_medium=social&utm_content=link_in_bio" "Mozilla/5.0 (iPhone; CPU iPhone OS 18_7 like Mac OS X) AppleWebKit/605.1.15 (KHTML, like Gecko) Version/18.7 Mobile/15E148 Safari/604.1"
34.138.212.53 - - [21/Dec/2025:01:34:48 +0100] "GET /shop/?attro-brand=677 HTTP/1.0" 200 44221 "-" "ZoominfoBot (zoominfobot at zoominfo dot com)"
51.38.211.120 - - [21/Dec/2025:01:34:52 +0100] "POST /wp-cron.php?doing_wp_cron=1766277292.6739621162414550781250 HTTP/1.1" 200 4069 "-" "WordPress/6.9; https://www.readytorun.it"
78.211.37.7 - - [21/Dec/2025:01:35:06 +0100] "GET /a3-massimo-ammortizzamento-scarpe-donna-home/3wf30224288/ HTTP/1.1" 200 46919 "https://www.readytorun.it/home/page/5/?product-cato=633" "Mozilla/5.0 (iPhone; CPU iPhone OS 18_7 like Mac OS X) AppleWebKit/605.1.15 (KHTML, like Gecko) Version/18.7 Mobile/15E148 Safari/604.1"
78.211.37.7 - - [21/Dec/2025:01:35:11 +0100] "GET /wp-content/plugins/woocommerce-paypal-payments/modules/ppcp-button/assets/js/button.js?ver=3.3.1 HTTP/1.1" 200 68255 "https://www.readytorun.it/a3-massimo-ammortizzamento-scarpe-donna-home/3wf30224288/" "Mozilla/5.0 (iPhone; CPU iPhone OS 18_7 like Mac OS X) AppleWebKit/605.1.15 (KHTML, like Gecko) Version/18.7 Mobile/15E148 Safari/604.1"
78.211.37.7 - - [21/Dec/2025:01:35:11 +0100] "GET /wp-content/uploads/rey/hs-3e39b18e48.css?ver=3.1.9.1760372467 HTTP/1.1" 200 19401 "https://www.readytorun.it/a3-massimo-ammortizzamento-scarpe-donna-home/3wf30224288/" "Mozilla/5.0 (iPhone; CPU iPhone OS 18_7 like Mac OS X) AppleWebKit/605.1.15 (KHTML, like Gecko) Version/18.7 Mobile/15E148 Safari/604.1"
78.211.37.7 - - [21/Dec/2025:01:35:11 +0100] "GET /wp-content/plugins/woocommerce-paypal-payments/modules/ppcp-button/assets/css/gateway.css?ver=3.3.1 HTTP/1.1" 200 4502 "https://www.readytorun.it/a3-massimo-ammortizzamento-scarpe-donna-home/3wf30224288/" "Mozilla/5.0 (iPhone; CPU iPhone OS 18_7 like Mac OS X) AppleWebKit/605.1.15 (KHTML, like Gecko) Version/18.7 Mobile/15E148 Safari/604.1"
78.211.37.7 - - [21/Dec/2025:01:35:11 +0100] "GET /wp-content/uploads/rey/ds-9b2adb32f8.css?ver=3.1.9.1760372467 HTTP/1.1" 200 30038 "https://www.readytorun.it/a3-massimo-ammortizzamento-scarpe-donna-home/3wf30224288/" "Mozilla/5.0 (iPhone; CPU iPhone OS 18_7 like Mac OS X) AppleWebKit/605.1.15 (KHTML, like Gecko) Version/18.7 Mobile/15E148 Safari/604.1"
78.211.37.7 - - [21/Dec/2025:01:35:11 +0100] "GET /wp-content/plugins/rey-core/assets/js/woocommerce/wc-single-product.js?ver=3.1.9 HTTP/1.1" 200 4854 "https://www.readytorun.it/a3-massimo-ammortizzamento-scarpe-donna-home/3wf30224288/" "Mozilla/5.0 (iPhone; CPU iPhone OS 18_7 like Mac OS X) AppleWebKit/605.1.15 (KHTML, like Gecko) Version/18.7 Mobile/15E148 Safari/604.1"
78.211.37.7 - - [21/Dec/2025:01:35:11 +0100] "GET /wp-content/plugins/rey-core/assets/js/lib/c-rey-template.js?ver=3.1.9 HTTP/1.1" 200 1236 "https://www.readytorun.it/a3-massimo-ammortizzamento-scarpe-donna-home/3wf30224288/" "Mozilla/5.0 (iPhone; CPU iPhone OS 18_7 like Mac OS X) AppleWebKit/605.1.15 (KHTML, like Gecko) Version/18.7 Mobile/15E148 Safari/604.1"
78.211.37.7 - - [21/Dec/2025:01:35:11 +0100] "GET /wp-content/plugins/rey-core/assets/js/woocommerce/blockui.js?ver=3.1.9 HTTP/1.1" 200 743 "https://www.readytorun.it/a3-massimo-ammortizzamento-scarpe-donna-home/3wf30224288/" "Mozilla/5.0 (iPhone; CPU iPhone OS 18_7 like Mac OS X) AppleWebKit/605.1.15 (KHTML, like Gecko) Version/18.7 Mobile/15E148 Safari/604.1"
78.211.37.7 - - [21/Dec/2025:01:35:11 +0100] "GET /wp-content/plugins/rey-core/assets/js/woocommerce/add-to-cart-variation.js?ver=3.1.9 HTTP/1.1" 200 4268 "https://www.readytorun.it/a3-massimo-ammortizzamento-scarpe-donna-home/3wf30224288/" "Mozilla/5.0 (iPhone; CPU iPhone OS 18_7 like Mac OS X) AppleWebKit/605.1.15 (KHTML, like Gecko) Version/18.7 Mobile/15E148 Safari/604.1"
78.211.37.7 - - [21/Dec/2025:01:35:11 +0100] "GET /wp-content/uploads/rey/scripts-24a133d85a.js?ver=3.1.9.1760372467 HTTP/1.1" 200 51722 "https://www.readytorun.it/a3-massimo-ammortizzamento-scarpe-donna-home/3wf30224288/" "Mozilla/5.0 (iPhone; CPU iPhone OS 18_7 like Mac OS X) AppleWebKit/605.1.15 (KHTML, like Gecko) Version/18.7 Mobile/15E148 Safari/604.1"
78.211.37.7 - - [21/Dec/2025:01:35:11 +0100] "GET /wp-content/uploads/2025/08/c53d6ee8-231f-4970-8c07-02fb4f2691a3.jpg HTTP/1.1" 200 90968 "https://www.readytorun.it/a3-massimo-ammortizzamento-scarpe-donna-home/3wf30224288/" "Mozilla/5.0 (iPhone; CPU iPhone OS 18_7 like Mac OS X) AppleWebKit/605.1.15 (KHTML, like Gecko) Version/18.7 Mobile/15E148 Safari/604.1"
78.211.37.7 - - [21/Dec/2025:01:35:11 +0100] "GET /wp-content/uploads/2025/08/c53d6ee8-231f-4970-8c07-02fb4f2691a3-800x800.jpg HTTP/1.1" 200 34527 "https://www.readytorun.it/a3-massimo-ammortizzamento-scarpe-donna-home/3wf30224288/" "Mozilla/5.0 (iPhone; CPU iPhone OS 18_7 like Mac OS X) AppleWebKit/605.1.15 (KHTML, like Gecko) Version/18.7 Mobile/15E148 Safari/604.1"
78.211.37.7 - - [21/Dec/2025:01:35:11 +0100] "GET /wp-content/uploads/2025/08/b58d116b-123b-4521-a58f-de8c90f3f229.jpg HTTP/1.1" 200 149794 "https://www.readytorun.it/a3-massimo-ammortizzamento-scarpe-donna-home/3wf30224288/" "Mozilla/5.0 (iPhone; CPU iPhone OS 18_7 like Mac OS X) AppleWebKit/605.1.15 (KHTML, like Gecko) Version/18.7 Mobile/15E148 Safari/604.1"
78.211.37.7 - - [21/Dec/2025:01:35:11 +0100] "GET /wp-content/uploads/2025/08/6edb8aca-4fe8-4262-a6bd-d2bb3367570c.jpg HTTP/1.1" 200 100239 "https://www.readytorun.it/a3-massimo-ammortizzamento-scarpe-donna-home/3wf30224288/" "Mozilla/5.0 (iPhone; CPU iPhone OS 18_7 like Mac OS X) AppleWebKit/605.1.15 (KHTML, like Gecko) Version/18.7 Mobile/15E148 Safari/604.1"
78.211.37.7 - - [21/Dec/2025:01:35:11 +0100] "GET /wp-content/uploads/2025/08/050b1662-022a-48cf-81ee-98787e3613ab.jpg HTTP/1.1" 200 167163 "https://www.readytorun.it/a3-massimo-ammortizzamento-scarpe-donna-home/3wf30224288/" "Mozilla/5.0 (iPhone; CPU iPhone OS 18_7 like Mac OS X) AppleWebKit/605.1.15 (KHTML, like Gecko) Version/18.7 Mobile/15E148 Safari/604.1"
78.211.37.7 - - [21/Dec/2025:01:35:13 +0100] "GET /wp-content/uploads/2019/05/logo_footer.png HTTP/1.1" 200 6826 "https://www.readytorun.it/a3-massimo-ammortizzamento-scarpe-donna-home/3wf30224288/" "Mozilla/5.0 (iPhone; CPU iPhone OS 18_7 like Mac OS X) AppleWebKit/605.1.15 (KHTML, like Gecko) Version/18.7 Mobile/15E148 Safari/604.1"
78.211.37.7 - - [21/Dec/2025:01:35:12 +0100] "POST /?wc-ajax=ppc-simulate-cart HTTP/1.1" 200 696 "https://www.readytorun.it/a3-massimo-ammortizzamento-scarpe-donna-home/3wf30224288/" "Mozilla/5.0 (iPhone; CPU iPhone OS 18_7 like Mac OS X) AppleWebKit/605.1.15 (KHTML, like Gecko) Version/18.7 Mobile/15E148 Safari/604.1"
114.119.133.204 - - [21/Dec/2025:01:35:10 +0100] "GET /chiodate-scarpe-unisex-home/fd8414900/ HTTP/1.1" 200 47741 "https://www.readytorun.it/product-sitemap3.xml" "Mozilla/5.0 (Linux; Android 7.0;) AppleWebKit/537.36 (KHTML, like Gecko) Mobile Safari/537.36 (compatible; PetalBot;+https://webmaster.petalsearch.com/site/petalbot)"
78.211.37.7 - - [21/Dec/2025:01:35:14 +0100] "POST /?wc-ajax=get_refreshed_fragments HTTP/1.1" 200 7639 "https://www.readytorun.it/home/page/5/?product-cato=633" "Mozilla/5.0 (iPhone; CPU iPhone OS 18_7 like Mac OS X) AppleWebKit/605.1.15 (KHTML, like Gecko) Version/18.7 Mobile/15E148 Safari/604.1"
51.38.211.120 - - [21/Dec/2025:01:35:17 +0100] "POST /wp-cron.php?doing_wp_cron=1766277317.4634339809417724609375 HTTP/1.1" 200 4069 "-" "WordPress/6.9; https://www.readytorun.it"
78.211.37.7 - - [21/Dec/2025:01:35:19 +0100] "GET /abbigliamento-donna-home/1wf10130553/ HTTP/1.1" 200 46015 "https://www.readytorun.it/home/page/5/?product-cato=633" "Mozilla/5.0 (iPhone; CPU iPhone OS 18_7 like Mac OS X) AppleWebKit/605.1.15 (KHTML, like Gecko) Version/18.7 Mobile/15E148 Safari/604.1"
78.211.37.7 - - [21/Dec/2025:01:35:22 +0100] "GET /abbigliamento-donna-home/1wf10130553/ HTTP/1.1" 200 46022 "https://www.readytorun.it/home/page/5/?product-cato=633" "Mozilla/5.0 (iPhone; CPU iPhone OS 18_7 like Mac OS X) AppleWebKit/605.1.15 (KHTML, like Gecko) Version/18.7 Mobile/15E148 Safari/604.1"
78.211.37.7 - - [21/Dec/2025:01:35:26 +0100] "GET /wp-content/uploads/rey/ds-3f431b3cb8.css?ver=3.1.9.1760373827 HTTP/1.1" 200 29167 "https://www.readytorun.it/abbigliamento-donna-home/1wf10130553/" "Mozilla/5.0 (iPhone; CPU iPhone OS 18_7 like Mac OS X) AppleWebKit/605.1.15 (KHTML, like Gecko) Version/18.7 Mobile/15E148 Safari/604.1"
78.211.37.7 - - [21/Dec/2025:01:35:26 +0100] "GET /wp-content/uploads/2025/07/89088a21-b135-48e3-ad0e-3a13d0996884-800x800.jpg HTTP/1.1" 200 23376 "https://www.readytorun.it/abbigliamento-donna-home/1wf10130553/" "Mozilla/5.0 (iPhone; CPU iPhone OS 18_7 like Mac OS X) AppleWebKit/605.1.15 (KHTML, like Gecko) Version/18.7 Mobile/15E148 Safari/604.1"
78.211.37.7 - - [21/Dec/2025:01:35:26 +0100] "GET /wp-content/uploads/rey/scripts-ce49665d57.js?ver=3.1.9.1760373827 HTTP/1.1" 200 47481 "https://www.readytorun.it/abbigliamento-donna-home/1wf10130553/" "Mozilla/5.0 (iPhone; CPU iPhone OS 18_7 like Mac OS X) AppleWebKit/605.1.15 (KHTML, like Gecko) Version/18.7 Mobile/15E148 Safari/604.1"
78.211.37.7 - - [21/Dec/2025:01:35:26 +0100] "GET /wp-content/uploads/2025/07/89088a21-b135-48e3-ad0e-3a13d0996884.jpg HTTP/1.1" 200 62295 "https://www.readytorun.it/abbigliamento-donna-home/1wf10130553/" "Mozilla/5.0 (iPhone; CPU iPhone OS 18_7 like Mac OS X) AppleWebKit/605.1.15 (KHTML, like Gecko) Version/18.7 Mobile/15E148 Safari/604.1"
78.211.37.7 - - [21/Dec/2025:01:35:26 +0100] "GET /wp-content/uploads/2025/07/ce8be990-ada9-42ec-9795-5c55697569b4.png HTTP/1.1" 200 197797 "https://www.readytorun.it/abbigliamento-donna-home/1wf10130553/" "Mozilla/5.0 (iPhone; CPU iPhone OS 18_7 like Mac OS X) AppleWebKit/605.1.15 (KHTML, like Gecko) Version/18.7 Mobile/15E148 Safari/604.1"
78.211.37.7 - - [21/Dec/2025:01:35:26 +0100] "GET /wp-content/uploads/2025/07/18e93cb2-605b-4790-a307-bf0f734c23d0.png HTTP/1.1" 200 182431 "https://www.readytorun.it/abbigliamento-donna-home/1wf10130553/" "Mozilla/5.0 (iPhone; CPU iPhone OS 18_7 like Mac OS X) AppleWebKit/605.1.15 (KHTML, like Gecko) Version/18.7 Mobile/15E148 Safari/604.1"
78.211.37.7 - - [21/Dec/2025:01:35:26 +0100] "GET /wp-content/uploads/2019/05/logo_footer_ico.png HTTP/1.1" 200 3146 "https://www.readytorun.it/a3-massimo-ammortizzamento-scarpe-donna-home/3wf30224288/" "Mozilla/5.0 (iPhone; CPU iPhone OS 18_7 like Mac OS X) AppleWebKit/605.1.15 (KHTML, like Gecko) Version/18.7 Mobile/15E148 Safari/604.1"
78.211.37.7 - - [21/Dec/2025:01:35:28 +0100] "POST /?wc-ajax=ppc-simulate-cart HTTP/1.1" 200 4453 "https://www.readytorun.it/abbigliamento-donna-home/1wf10130553/" "Mozilla/5.0 (iPhone; CPU iPhone OS 18_7 like Mac OS X) AppleWebKit/605.1.15 (KHTML, like Gecko) Version/18.7 Mobile/15E148 Safari/604.1"
85.208.96.212 - - [21/Dec/2025:01:35:27 +0100] "GET /color/white-black-nightlife/ HTTP/1.1" 200 31934 "-" "Mozilla/5.0 (compatible; SemrushBot/7~bl; +http://www.semrush.com/bot.html)"
78.211.37.7 - - [21/Dec/2025:01:35:33 +0100] "POST /?wc-ajax=ppc-simulate-cart HTTP/1.1" 200 696 "https://www.readytorun.it/abbigliamento-donna-home/1wf10130553/" "Mozilla/5.0 (iPhone; CPU iPhone OS 18_7 like Mac OS X) AppleWebKit/605.1.15 (KHTML, like Gecko) Version/18.7 Mobile/15E148 Safari/604.1"
52.167.144.215 - - [21/Dec/2025:01:35:45 +0100] "GET /wp-content/uploads/2021/12/f5cf327d-693a-4d2c-bd81-f0f6b80e7670-800x806.jpg HTTP/1.1" 200 26320 "-" "Mozilla/5.0 AppleWebKit/537.36 (KHTML, like Gecko; compatible; bingbot/2.0; +http://www.bing.com/bingbot.htm) Chrome/116.0.1938.76 Safari/537.36"
78.211.37.7 - - [21/Dec/2025:01:35:46 +0100] "POST /?wc-ajax=ppc-simulate-cart HTTP/1.1" 200 4454 "https://www.readytorun.it/abbigliamento-donna-home/1wf10130553/" "Mozilla/5.0 (iPhone; CPU iPhone OS 18_7 like Mac OS X) AppleWebKit/605.1.15 (KHTML, like Gecko) Version/18.7 Mobile/15E148 Safari/604.1"
78.211.37.7 - - [21/Dec/2025:01:35:50 +0100] "POST /?wc-ajax=get_refreshed_fragments HTTP/1.1" 200 7639 "https://www.readytorun.it/home/page/5/?product-cato=633" "Mozilla/5.0 (iPhone; CPU iPhone OS 18_7 like Mac OS X) AppleWebKit/605.1.15 (KHTML, like Gecko) Version/18.7 Mobile/15E148 Safari/604.1"
51.38.211.120 - - [21/Dec/2025:01:35:56 +0100] "POST /wp-cron.php?doing_wp_cron=1766277356.8321189880371093750000 HTTP/1.1" 200 4069 "-" "WordPress/6.9; https://www.readytorun.it"
78.211.37.7 - - [21/Dec/2025:01:35:58 +0100] "GET /trail-scarpe-donna-home/3wf30113620/ HTTP/1.1" 200 47706 "https://www.readytorun.it/home/page/5/?product-cato=633" "Mozilla/5.0 (iPhone; CPU iPhone OS 18_7 like Mac OS X) AppleWebKit/605.1.15 (KHTML, like Gecko) Version/18.7 Mobile/15E148 Safari/604.1"
78.211.37.7 - - [21/Dec/2025:01:36:03 +0100] "GET /wp-content/uploads/2025/07/50415632-c5de-49b5-937a-e63ce776fcea.jpg HTTP/1.1" 200 72940 "https://www.readytorun.it/trail-scarpe-donna-home/3wf30113620/" "Mozilla/5.0 (iPhone; CPU iPhone OS 18_7 like Mac OS X) AppleWebKit/605.1.15 (KHTML, like Gecko) Version/18.7 Mobile/15E148 Safari/604.1"
78.211.37.7 - - [21/Dec/2025:01:36:03 +0100] "GET /wp-content/uploads/2025/07/50415632-c5de-49b5-937a-e63ce776fcea-800x800.jpg HTTP/1.1" 200 34885 "https://www.readytorun.it/trail-scarpe-donna-home/3wf30113620/" "Mozilla/5.0 (iPhone; CPU iPhone OS 18_7 like Mac OS X) AppleWebKit/605.1.15 (KHTML, like Gecko) Version/18.7 Mobile/15E148 Safari/604.1"
78.211.37.7 - - [21/Dec/2025:01:36:03 +0100] "GET /wp-content/uploads/2025/07/8b9a5edb-f058-48b6-b9e2-f694f63ff389.jpg HTTP/1.1" 200 90213 "https://www.readytorun.it/trail-scarpe-donna-home/3wf30113620/" "Mozilla/5.0 (iPhone; CPU iPhone OS 18_7 like Mac OS X) AppleWebKit/605.1.15 (KHTML, like Gecko) Version/18.7 Mobile/15E148 Safari/604.1"
78.211.37.7 - - [21/Dec/2025:01:36:03 +0100] "GET /wp-content/uploads/2025/07/24ced538-be28-4f24-997b-d4d7dff7ad0e.png HTTP/1.1" 200 216175 "https://www.readytorun.it/trail-scarpe-donna-home/3wf30113620/" "Mozilla/5.0 (iPhone; CPU iPhone OS 18_7 like Mac OS X) AppleWebKit/605.1.15 (KHTML, like Gecko) Version/18.7 Mobile/15E148 Safari/604.1"
78.211.37.7 - - [21/Dec/2025:01:36:03 +0100] "GET /wp-content/uploads/2025/07/11a3c505-410a-4eb7-b9e6-b914db9542ef.png HTTP/1.1" 200 116651 "https://www.readytorun.it/trail-scarpe-donna-home/3wf30113620/" "Mozilla/5.0 (iPhone; CPU iPhone OS 18_7 like Mac OS X) AppleWebKit/605.1.15 (KHTML, like Gecko) Version/18.7 Mobile/15E148 Safari/604.1"
78.211.37.7 - - [21/Dec/2025:01:36:04 +0100] "POST /?wc-ajax=ppc-simulate-cart HTTP/1.1" 200 696 "https://www.readytorun.it/trail-scarpe-donna-home/3wf30113620/" "Mozilla/5.0 (iPhone; CPU iPhone OS 18_7 like Mac OS X) AppleWebKit/605.1.15 (KHTML, like Gecko) Version/18.7 Mobile/15E148 Safari/604.1"
52.167.144.203 - - [21/Dec/2025:01:36:11 +0100] "GET /wp-content/uploads/2022/03/S22_IT-Brooks-Academy-IvanElena-Story-768x1365.jpg HTTP/1.1" 200 180127 "-" "Mozilla/5.0 AppleWebKit/537.36 (KHTML, like Gecko; compatible; bingbot/2.0; +http://www.bing.com/bingbot.htm) Chrome/116.0.1938.76 Safari/537.36"
20.15.133.184 - - [21/Dec/2025:01:36:12 +0100] "GET /wp-content/uploads/2022/03/S22_IT-Brooks-Academy-IvanElena-Story-768x1365.jpg HTTP/1.1" 200 180127 "-" "Mozilla/5.0 AppleWebKit/537.36 (KHTML, like Gecko; compatible; bingbot/2.0; +http://www.bing.com/bingbot.htm) Chrome/116.0.1938.76 Safari/537.36"
78.211.37.7 - - [21/Dec/2025:01:36:09 +0100] "POST /?wc-ajax=ppc-simulate-cart HTTP/1.1" 200 696 "https://www.readytorun.it/trail-scarpe-donna-home/3wf30113620/" "Mozilla/5.0 (iPhone; CPU iPhone OS 18_7 like Mac OS X) AppleWebKit/605.1.15 (KHTML, like Gecko) Version/18.7 Mobile/15E148 Safari/604.1"
78.211.37.7 - - [21/Dec/2025:01:36:15 +0100] "POST /?wc-ajax=get_refreshed_fragments HTTP/1.1" 200 7639 "https://www.readytorun.it/home/page/5/?product-cato=633" "Mozilla/5.0 (iPhone; CPU iPhone OS 18_7 like Mac OS X) AppleWebKit/605.1.15 (KHTML, like Gecko) Version/18.7 Mobile/15E148 Safari/604.1"
78.211.37.7 - - [21/Dec/2025:01:36:20 +0100] "GET /home/page/6/?product-cato=633&reynotemplate=1 HTTP/1.1" 200 19028 "https://www.readytorun.it/home/page/6/?product-cato=633" "Mozilla/5.0 (iPhone; CPU iPhone OS 18_7 like Mac OS X) AppleWebKit/605.1.15 (KHTML, like Gecko) Version/18.7 Mobile/15E148 Safari/604.1"
78.211.37.7 - - [21/Dec/2025:01:36:25 +0100] "GET /wp-content/uploads/2025/07/2524d280-7b89-45c9-9a4e-5f8c5916433a-500x667.jpg HTTP/1.1" 200 46565 "https://www.readytorun.it/home/page/6/?product-cato=633" "Mozilla/5.0 (iPhone; CPU iPhone OS 18_7 like Mac OS X) AppleWebKit/605.1.15 (KHTML, like Gecko) Version/18.7 Mobile/15E148 Safari/604.1"
78.211.37.7 - - [21/Dec/2025:01:36:25 +0100] "GET /wp-content/uploads/2025/07/1135fe96-b7a6-47f0-9730-f2c45b00f58e-500x667.jpg HTTP/1.1" 200 45093 "https://www.readytorun.it/home/page/6/?product-cato=633" "Mozilla/5.0 (iPhone; CPU iPhone OS 18_7 like Mac OS X) AppleWebKit/605.1.15 (KHTML, like Gecko) Version/18.7 Mobile/15E148 Safari/604.1"
78.211.37.7 - - [21/Dec/2025:01:36:25 +0100] "GET /wp-content/uploads/2025/07/3ad7def2-cd80-402d-bb5d-dbdfb947bbbc-500x667.jpg HTTP/1.1" 200 50513 "https://www.readytorun.it/home/page/6/?product-cato=633" "Mozilla/5.0 (iPhone; CPU iPhone OS 18_7 like Mac OS X) AppleWebKit/605.1.15 (KHTML, like Gecko) Version/18.7 Mobile/15E148 Safari/604.1"
78.211.37.7 - - [21/Dec/2025:01:36:25 +0100] "GET /wp-content/uploads/2025/07/e122a879-582a-4b56-9a86-b858a7355d04-500x667.jpg HTTP/1.1" 200 29240 "https://www.readytorun.it/home/page/6/?product-cato=633" "Mozilla/5.0 (iPhone; CPU iPhone OS 18_7 like Mac OS X) AppleWebKit/605.1.15 (KHTML, like Gecko) Version/18.7 Mobile/15E148 Safari/604.1"
78.211.37.7 - - [21/Dec/2025:01:36:25 +0100] "GET /wp-content/uploads/2025/07/f686558b-d6e9-4249-8dab-25e95d289c9c-500x667.jpg HTTP/1.1" 200 24028 "https://www.readytorun.it/home/page/6/?product-cato=633" "Mozilla/5.0 (iPhone; CPU iPhone OS 18_7 like Mac OS X) AppleWebKit/605.1.15 (KHTML, like Gecko) Version/18.7 Mobile/15E148 Safari/604.1"
78.211.37.7 - - [21/Dec/2025:01:36:25 +0100] "GET /wp-content/uploads/2025/07/9321f9cf-35f9-4703-bdd7-732141ff6782-500x667.jpg HTTP/1.1" 200 28802 "https://www.readytorun.it/home/page/6/?product-cato=633" "Mozilla/5.0 (iPhone; CPU iPhone OS 18_7 like Mac OS X) AppleWebKit/605.1.15 (KHTML, like Gecko) Version/18.7 Mobile/15E148 Safari/604.1"
78.211.37.7 - - [21/Dec/2025:01:36:25 +0100] "GET /wp-content/uploads/2025/07/639832ce-f75a-4093-8a2f-591274c6ff32-500x667.jpg HTTP/1.1" 200 48917 "https://www.readytorun.it/home/page/6/?product-cato=633" "Mozilla/5.0 (iPhone; CPU iPhone OS 18_7 like Mac OS X) AppleWebKit/605.1.15 (KHTML, like Gecko) Version/18.7 Mobile/15E148 Safari/604.1"
78.211.37.7 - - [21/Dec/2025:01:36:25 +0100] "GET /wp-content/uploads/2025/07/25ea358e-3001-48ce-8dd3-ec8955d8f6ff-500x667.jpg HTTP/1.1" 200 19578 "https://www.readytorun.it/home/page/6/?product-cato=633" "Mozilla/5.0 (iPhone; CPU iPhone OS 18_7 like Mac OS X) AppleWebKit/605.1.15 (KHTML, like Gecko) Version/18.7 Mobile/15E148 Safari/604.1"
78.211.37.7 - - [21/Dec/2025:01:36:25 +0100] "GET /wp-content/uploads/2025/07/be1cf732-be90-4fe9-a741-c524aa578fce.jpg HTTP/1.1" 200 87972 "https://www.readytorun.it/home/page/6/?product-cato=633" "Mozilla/5.0 (iPhone; CPU iPhone OS 18_7 like Mac OS X) AppleWebKit/605.1.15 (KHTML, like Gecko) Version/18.7 Mobile/15E148 Safari/604.1"
78.211.37.7 - - [21/Dec/2025:01:36:25 +0100] "GET /wp-content/uploads/2025/07/247591a2-30df-499b-80b8-7ee58ffee476-500x667.jpg HTTP/1.1" 200 20739 "https://www.readytorun.it/home/page/6/?product-cato=633" "Mozilla/5.0 (iPhone; CPU iPhone OS 18_7 like Mac OS X) AppleWebKit/605.1.15 (KHTML, like Gecko) Version/18.7 Mobile/15E148 Safari/604.1"
78.211.37.7 - - [21/Dec/2025:01:36:25 +0100] "GET /wp-content/uploads/2025/07/5d19deda-14eb-4094-9b3b-a028fd8d3772-500x667.jpg HTTP/1.1" 200 44701 "https://www.readytorun.it/home/page/6/?product-cato=633" "Mozilla/5.0 (iPhone; CPU iPhone OS 18_7 like Mac OS X) AppleWebKit/605.1.15 (KHTML, like Gecko) Version/18.7 Mobile/15E148 Safari/604.1"
78.211.37.7 - - [21/Dec/2025:01:36:25 +0100] "GET /wp-content/uploads/2025/07/006c8f93-1336-4249-bb63-967fa48a0bc0-500x667.jpg HTTP/1.1" 200 23457 "https://www.readytorun.it/home/page/6/?product-cato=633" "Mozilla/5.0 (iPhone; CPU iPhone OS 18_7 like Mac OS X) AppleWebKit/605.1.15 (KHTML, like Gecko) Version/18.7 Mobile/15E148 Safari/604.1"
78.211.37.7 - - [21/Dec/2025:01:36:25 +0100] "GET /wp-content/uploads/2025/06/62c9451a-e27e-4522-8a31-9686eb79c3c0-500x667.jpg HTTP/1.1" 200 44558 "https://www.readytorun.it/home/page/6/?product-cato=633" "Mozilla/5.0 (iPhone; CPU iPhone OS 18_7 like Mac OS X) AppleWebKit/605.1.15 (KHTML, like Gecko) Version/18.7 Mobile/15E148 Safari/604.1"
78.211.37.7 - - [21/Dec/2025:01:36:25 +0100] "GET /wp-content/uploads/2025/06/f9592212-e071-4662-8f1f-7246987b151c-500x667.jpg HTTP/1.1" 200 19809 "https://www.readytorun.it/home/page/6/?product-cato=633" "Mozilla/5.0 (iPhone; CPU iPhone OS 18_7 like Mac OS X) AppleWebKit/605.1.15 (KHTML, like Gecko) Version/18.7 Mobile/15E148 Safari/604.1"
78.211.37.7 - - [21/Dec/2025:01:36:25 +0100] "GET /wp-content/uploads/2025/06/e5a57731-793c-4856-ac4e-a5f46e91d273-500x667.jpg HTTP/1.1" 200 44686 "https://www.readytorun.it/home/page/6/?product-cato=633" "Mozilla/5.0 (iPhone; CPU iPhone OS 18_7 like Mac OS X) AppleWebKit/605.1.15 (KHTML, like Gecko) Version/18.7 Mobile/15E148 Safari/604.1"
78.211.37.7 - - [21/Dec/2025:01:36:25 +0100] "GET /wp-content/uploads/2025/06/d41aef47-ea92-4f2b-9427-b3738455e147-500x667.jpg HTTP/1.1" 200 18814 "https://www.readytorun.it/home/page/6/?product-cato=633" "Mozilla/5.0 (iPhone; CPU iPhone OS 18_7 like Mac OS X) AppleWebKit/605.1.15 (KHTML, like Gecko) Version/18.7 Mobile/15E148 Safari/604.1"
78.211.37.7 - - [21/Dec/2025:01:36:25 +0100] "GET /wp-content/uploads/2025/06/9cbef776-6d56-4b40-b41b-7c20fd82e9ee-500x667.jpg HTTP/1.1" 200 45934 "https://www.readytorun.it/home/page/6/?product-cato=633" "Mozilla/5.0 (iPhone; CPU iPhone OS 18_7 like Mac OS X) AppleWebKit/605.1.15 (KHTML, like Gecko) Version/18.7 Mobile/15E148 Safari/604.1"
78.211.37.7 - - [21/Dec/2025:01:36:25 +0100] "GET /wp-content/uploads/2025/06/c4487f99-7f52-4d4a-a418-0b75560a9f7c-500x667.jpg HTTP/1.1" 200 22810 "https://www.readytorun.it/home/page/6/?product-cato=633" "Mozilla/5.0 (iPhone; CPU iPhone OS 18_7 like Mac OS X) AppleWebKit/605.1.15 (KHTML, like Gecko) Version/18.7 Mobile/15E148 Safari/604.1"
78.211.37.7 - - [21/Dec/2025:01:36:25 +0100] "GET /wp-content/uploads/2025/06/920e9ed2-4744-4711-be5f-dd87aefed238-500x667.jpg HTTP/1.1" 200 43424 "https://www.readytorun.it/home/page/6/?product-cato=633" "Mozilla/5.0 (iPhone; CPU iPhone OS 18_7 like Mac OS X) AppleWebKit/605.1.15 (KHTML, like Gecko) Version/18.7 Mobile/15E148 Safari/604.1"
78.211.37.7 - - [21/Dec/2025:01:36:25 +0100] "GET /wp-content/uploads/2025/06/8a5c40cf-e188-4baa-ad67-b1a9f3b97870-500x667.jpg HTTP/1.1" 200 17196 "https://www.readytorun.it/home/page/6/?product-cato=633" "Mozilla/5.0 (iPhone; CPU iPhone OS 18_7 like Mac OS X) AppleWebKit/605.1.15 (KHTML, like Gecko) Version/18.7 Mobile/15E148 Safari/604.1"
78.211.37.7 - - [21/Dec/2025:01:36:25 +0100] "GET /wp-content/uploads/2025/06/108dfa7e-817e-4450-9cd0-70616832a32c-500x667.jpg HTTP/1.1" 200 45556 "https://www.readytorun.it/home/page/6/?product-cato=633" "Mozilla/5.0 (iPhone; CPU iPhone OS 18_7 like Mac OS X) AppleWebKit/605.1.15 (KHTML, like Gecko) Version/18.7 Mobile/15E148 Safari/604.1"
78.211.37.7 - - [21/Dec/2025:01:36:25 +0100] "GET /wp-content/uploads/2025/06/d07b71a7-7409-4125-996b-5c0848c02fc3-500x667.jpg HTTP/1.1" 200 23363 "https://www.readytorun.it/home/page/6/?product-cato=633" "Mozilla/5.0 (iPhone; CPU iPhone OS 18_7 like Mac OS X) AppleWebKit/605.1.15 (KHTML, like Gecko) Version/18.7 Mobile/15E148 Safari/604.1"
78.211.37.7 - - [21/Dec/2025:01:36:25 +0100] "GET /wp-content/uploads/2025/06/b6d5eb39-0584-43f4-b81a-555a6aaf1a65-500x667.jpg HTTP/1.1" 200 45207 "https://www.readytorun.it/home/page/6/?product-cato=633" "Mozilla/5.0 (iPhone; CPU iPhone OS 18_7 like Mac OS X) AppleWebKit/605.1.15 (KHTML, like Gecko) Version/18.7 Mobile/15E148 Safari/604.1"
78.211.37.7 - - [21/Dec/2025:01:36:25 +0100] "GET /wp-content/uploads/2025/06/14b08f2a-639a-4e90-ae68-a4f267692ab5-500x667.png HTTP/1.1" 200 45466 "https://www.readytorun.it/home/page/6/?product-cato=633" "Mozilla/5.0 (iPhone; CPU iPhone OS 18_7 like Mac OS X) AppleWebKit/605.1.15 (KHTML, like Gecko) Version/18.7 Mobile/15E148 Safari/604.1"
78.211.37.7 - - [21/Dec/2025:01:36:25 +0100] "GET /wp-content/uploads/2025/06/14085297-a8a5-4707-83d5-8cc19f5ec20d-500x667.jpg HTTP/1.1" 200 43853 "https://www.readytorun.it/home/page/6/?product-cato=633" "Mozilla/5.0 (iPhone; CPU iPhone OS 18_7 like Mac OS X) AppleWebKit/605.1.15 (KHTML, like Gecko) Version/18.7 Mobile/15E148 Safari/604.1"
78.211.37.7 - - [21/Dec/2025:01:36:25 +0100] "GET /wp-content/uploads/2025/06/1c2bb2e1-db1e-48b4-b440-703402a4fe03-500x667.jpg HTTP/1.1" 200 16202 "https://www.readytorun.it/home/page/6/?product-cato=633" "Mozilla/5.0 (iPhone; CPU iPhone OS 18_7 like Mac OS X) AppleWebKit/605.1.15 (KHTML, like Gecko) Version/18.7 Mobile/15E148 Safari/604.1"
78.211.37.7 - - [21/Dec/2025:01:36:25 +0100] "GET /wp-content/uploads/2025/06/10e0e1db-a568-4d59-b480-b7cb8677888a-500x667.png HTTP/1.1" 200 59791 "https://www.readytorun.it/home/page/6/?product-cato=633" "Mozilla/5.0 (iPhone; CPU iPhone OS 18_7 like Mac OS X) AppleWebKit/605.1.15 (KHTML, like Gecko) Version/18.7 Mobile/15E148 Safari/604.1"
78.211.37.7 - - [21/Dec/2025:01:36:25 +0100] "GET /wp-content/uploads/2025/06/99fb2f66-48b8-444d-9c09-f919314a71da-500x667.jpg HTTP/1.1" 200 16312 "https://www.readytorun.it/home/page/6/?product-cato=633" "Mozilla/5.0 (iPhone; CPU iPhone OS 18_7 like Mac OS X) AppleWebKit/605.1.15 (KHTML, like Gecko) Version/18.7 Mobile/15E148 Safari/604.1"
78.211.37.7 - - [21/Dec/2025:01:36:25 +0100] "GET /wp-content/uploads/2025/06/97607516-7550-499d-a324-4625d4b44067-500x667.png HTTP/1.1" 200 39054 "https://www.readytorun.it/home/page/6/?product-cato=633" "Mozilla/5.0 (iPhone; CPU iPhone OS 18_7 like Mac OS X) AppleWebKit/605.1.15 (KHTML, like Gecko) Version/18.7 Mobile/15E148 Safari/604.1"
78.211.37.7 - - [21/Dec/2025:01:36:25 +0100] "GET /wp-content/uploads/2025/06/daf1ad05-b221-44a3-ba09-f36389eadf6d-500x667.jpg HTTP/1.1" 200 15883 "https://www.readytorun.it/home/page/6/?product-cato=633" "Mozilla/5.0 (iPhone; CPU iPhone OS 18_7 like Mac OS X) AppleWebKit/605.1.15 (KHTML, like Gecko) Version/18.7 Mobile/15E148 Safari/604.1"
78.211.37.7 - - [21/Dec/2025:01:36:25 +0100] "GET /wp-content/uploads/2025/06/1c97dc96-56b6-4520-b1b2-31361c2d1e69-500x667.png HTTP/1.1" 200 23450 "https://www.readytorun.it/home/page/6/?product-cato=633" "Mozilla/5.0 (iPhone; CPU iPhone OS 18_7 like Mac OS X) AppleWebKit/605.1.15 (KHTML, like Gecko) Version/18.7 Mobile/15E148 Safari/604.1"
78.211.37.7 - - [21/Dec/2025:01:36:25 +0100] "GET /wp-content/uploads/2025/06/0d487afe-c07b-4f3e-874b-9b70b4ea3931-500x667.jpg HTTP/1.1" 200 16155 "https://www.readytorun.it/home/page/6/?product-cato=633" "Mozilla/5.0 (iPhone; CPU iPhone OS 18_7 like Mac OS X) AppleWebKit/605.1.15 (KHTML, like Gecko) Version/18.7 Mobile/15E148 Safari/604.1"
103.148.212.23 - - [21/Dec/2025:01:36:25 +0100] "GET /wp-login.php HTTP/1.1" 200 9310 "-" "Mozilla/5.0 (Windows NT 10.0; Win64; x64) AppleWebKit/537.36 (KHTML, like Gecko) Chrome/52.0.2743.116 Safari/537.36 Edge/15.15063"
114.119.146.114 - - [21/Dec/2025:01:36:36 +0100] "GET /chiodate-scarpe-unisex-home/fd8413800/ HTTP/1.1" 200 47912 "https://www.readytorun.it/product-sitemap3.xml" "Mozilla/5.0 (Linux; Android 7.0;) AppleWebKit/537.36 (KHTML, like Gecko) Mobile Safari/537.36 (compatible; PetalBot;+https://webmaster.petalsearch.com/site/petalbot)"
78.211.37.7 - - [21/Dec/2025:01:36:38 +0100] "GET /home/page/7/?product-cato=633&reynotemplate=1 HTTP/1.1" 200 19119 "https://www.readytorun.it/home/page/7/?product-cato=633" "Mozilla/5.0 (iPhone; CPU iPhone OS 18_7 like Mac OS X) AppleWebKit/605.1.15 (KHTML, like Gecko) Version/18.7 Mobile/15E148 Safari/604.1"
78.211.37.7 - - [21/Dec/2025:01:36:44 +0100] "GET /wp-content/uploads/2025/05/b21c5759-b690-447d-9bb9-72213251f4a5-500x667.jpg HTTP/1.1" 200 43928 "https://www.readytorun.it/home/page/7/?product-cato=633" "Mozilla/5.0 (iPhone; CPU iPhone OS 18_7 like Mac OS X) AppleWebKit/605.1.15 (KHTML, like Gecko) Version/18.7 Mobile/15E148 Safari/604.1"
78.211.37.7 - - [21/Dec/2025:01:36:44 +0100] "GET /wp-content/uploads/2025/05/0a18bd4d-8588-4597-89c5-52eb8a645928-500x667.jpg HTTP/1.1" 200 18034 "https://www.readytorun.it/home/page/7/?product-cato=633" "Mozilla/5.0 (iPhone; CPU iPhone OS 18_7 like Mac OS X) AppleWebKit/605.1.15 (KHTML, like Gecko) Version/18.7 Mobile/15E148 Safari/604.1"
78.211.37.7 - - [21/Dec/2025:01:36:44 +0100] "GET /wp-content/uploads/2025/05/cf36b8ba-a800-4554-9da7-07f91d7b94ea-500x667.png HTTP/1.1" 200 48616 "https://www.readytorun.it/home/page/7/?product-cato=633" "Mozilla/5.0 (iPhone; CPU iPhone OS 18_7 like Mac OS X) AppleWebKit/605.1.15 (KHTML, like Gecko) Version/18.7 Mobile/15E148 Safari/604.1"
78.211.37.7 - - [21/Dec/2025:01:36:44 +0100] "GET /wp-content/uploads/2025/05/68eb574b-b11e-4bcf-81bc-5bafe080206d-500x667.jpg HTTP/1.1" 200 46616 "https://www.readytorun.it/home/page/7/?product-cato=633" "Mozilla/5.0 (iPhone; CPU iPhone OS 18_7 like Mac OS X) AppleWebKit/605.1.15 (KHTML, like Gecko) Version/18.7 Mobile/15E148 Safari/604.1"
78.211.37.7 - - [21/Dec/2025:01:36:44 +0100] "GET /wp-content/uploads/2025/05/c9e83173-40d2-462a-a5d0-d001e5ad0ead-500x667.jpg HTTP/1.1" 200 48740 "https://www.readytorun.it/home/page/7/?product-cato=633" "Mozilla/5.0 (iPhone; CPU iPhone OS 18_7 like Mac OS X) AppleWebKit/605.1.15 (KHTML, like Gecko) Version/18.7 Mobile/15E148 Safari/604.1"
78.211.37.7 - - [21/Dec/2025:01:36:44 +0100] "GET /wp-content/uploads/2025/05/bd406ea8-2f15-487e-b031-1381c8fc8129-500x667.jpg HTTP/1.1" 200 22730 "https://www.readytorun.it/home/page/7/?product-cato=633" "Mozilla/5.0 (iPhone; CPU iPhone OS 18_7 like Mac OS X) AppleWebKit/605.1.15 (KHTML, like Gecko) Version/18.7 Mobile/15E148 Safari/604.1"
78.211.37.7 - - [21/Dec/2025:01:36:44 +0100] "GET /wp-content/uploads/2025/05/020aa2fc-a119-405a-8253-f2c223f58fb6-500x667.png HTTP/1.1" 200 64065 "https://www.readytorun.it/home/page/7/?product-cato=633" "Mozilla/5.0 (iPhone; CPU iPhone OS 18_7 like Mac OS X) AppleWebKit/605.1.15 (KHTML, like Gecko) Version/18.7 Mobile/15E148 Safari/604.1"
78.211.37.7 - - [21/Dec/2025:01:36:44 +0100] "GET /wp-content/uploads/2025/05/0661d8cc-5161-4659-b67a-b83ffaad5df6-500x667.jpg HTTP/1.1" 200 20083 "https://www.readytorun.it/home/page/7/?product-cato=633" "Mozilla/5.0 (iPhone; CPU iPhone OS 18_7 like Mac OS X) AppleWebKit/605.1.15 (KHTML, like Gecko) Version/18.7 Mobile/15E148 Safari/604.1"
78.211.37.7 - - [21/Dec/2025:01:36:44 +0100] "GET /wp-content/uploads/2025/05/1496c58b-94c3-46b4-a0ac-dbdfeda33588-500x667.jpg HTTP/1.1" 200 42743 "https://www.readytorun.it/home/page/7/?product-cato=633" "Mozilla/5.0 (iPhone; CPU iPhone OS 18_7 like Mac OS X) AppleWebKit/605.1.15 (KHTML, like Gecko) Version/18.7 Mobile/15E148 Safari/604.1"
78.211.37.7 - - [21/Dec/2025:01:36:44 +0100] "GET /wp-content/uploads/2025/05/9384ac24-06f6-40fe-a781-57217b310a3d-500x667.jpg HTTP/1.1" 200 17740 "https://www.readytorun.it/home/page/7/?product-cato=633" "Mozilla/5.0 (iPhone; CPU iPhone OS 18_7 like Mac OS X) AppleWebKit/605.1.15 (KHTML, like Gecko) Version/18.7 Mobile/15E148 Safari/604.1"
78.211.37.7 - - [21/Dec/2025:01:36:44 +0100] "GET /wp-content/uploads/2025/05/afcfe1cb-287e-473f-937f-4336cbda336f-500x667.jpg HTTP/1.1" 200 44562 "https://www.readytorun.it/home/page/7/?product-cato=633" "Mozilla/5.0 (iPhone; CPU iPhone OS 18_7 like Mac OS X) AppleWebKit/605.1.15 (KHTML, like Gecko) Version/18.7 Mobile/15E148 Safari/604.1"
78.211.37.7 - - [21/Dec/2025:01:36:44 +0100] "GET /wp-content/uploads/2025/05/44d0c93f-90bc-486f-8c2c-6ca83066a248-500x667.jpg HTTP/1.1" 200 23142 "https://www.readytorun.it/home/page/7/?product-cato=633" "Mozilla/5.0 (iPhone; CPU iPhone OS 18_7 like Mac OS X) AppleWebKit/605.1.15 (KHTML, like Gecko) Version/18.7 Mobile/15E148 Safari/604.1"
78.211.37.7 - - [21/Dec/2025:01:36:44 +0100] "GET /wp-content/uploads/2025/05/33052e20-c69e-4e47-9535-b0bb3374c734-500x667.jpg HTTP/1.1" 200 44172 "https://www.readytorun.it/home/page/7/?product-cato=633" "Mozilla/5.0 (iPhone; CPU iPhone OS 18_7 like Mac OS X) AppleWebKit/605.1.15 (KHTML, like Gecko) Version/18.7 Mobile/15E148 Safari/604.1"
78.211.37.7 - - [21/Dec/2025:01:36:44 +0100] "GET /wp-content/uploads/2025/05/18483b6a-02a5-4eba-8cd4-2a3641829f0b-500x667.jpg HTTP/1.1" 200 21451 "https://www.readytorun.it/home/page/7/?product-cato=633" "Mozilla/5.0 (iPhone; CPU iPhone OS 18_7 like Mac OS X) AppleWebKit/605.1.15 (KHTML, like Gecko) Version/18.7 Mobile/15E148 Safari/604.1"
78.211.37.7 - - [21/Dec/2025:01:36:44 +0100] "GET /wp-content/uploads/2025/05/3b20e41b-7657-4913-9b6a-1a5882aa848e-500x667.jpg HTTP/1.1" 200 45044 "https://www.readytorun.it/home/page/7/?product-cato=633" "Mozilla/5.0 (iPhone; CPU iPhone OS 18_7 like Mac OS X) AppleWebKit/605.1.15 (KHTML, like Gecko) Version/18.7 Mobile/15E148 Safari/604.1"
78.211.37.7 - - [21/Dec/2025:01:36:44 +0100] "GET /wp-content/uploads/2025/05/6daff036-b2c8-4887-bb05-ee99517068f1-500x667.jpg HTTP/1.1" 200 22479 "https://www.readytorun.it/home/page/7/?product-cato=633" "Mozilla/5.0 (iPhone; CPU iPhone OS 18_7 like Mac OS X) AppleWebKit/605.1.15 (KHTML, like Gecko) Version/18.7 Mobile/15E148 Safari/604.1"
78.211.37.7 - - [21/Dec/2025:01:36:44 +0100] "GET /wp-content/uploads/2025/04/1bdd5145-463e-44b8-b794-e38e68251c75-500x667.jpg HTTP/1.1" 200 46237 "https://www.readytorun.it/home/page/7/?product-cato=633" "Mozilla/5.0 (iPhone; CPU iPhone OS 18_7 like Mac OS X) AppleWebKit/605.1.15 (KHTML, like Gecko) Version/18.7 Mobile/15E148 Safari/604.1"
78.211.37.7 - - [21/Dec/2025:01:36:44 +0100] "GET /wp-content/uploads/2025/04/7b889b21-538c-410c-bda0-11d4ed21dc5f-500x667.jpg HTTP/1.1" 200 17871 "https://www.readytorun.it/home/page/7/?product-cato=633" "Mozilla/5.0 (iPhone; CPU iPhone OS 18_7 like Mac OS X) AppleWebKit/605.1.15 (KHTML, like Gecko) Version/18.7 Mobile/15E148 Safari/604.1"
78.211.37.7 - - [21/Dec/2025:01:36:44 +0100] "GET /wp-content/uploads/2025/04/7bd0d7d7-108a-4f55-a333-e21299dc5e23-500x667.jpg HTTP/1.1" 200 43404 "https://www.readytorun.it/home/page/7/?product-cato=633" "Mozilla/5.0 (iPhone; CPU iPhone OS 18_7 like Mac OS X) AppleWebKit/605.1.15 (KHTML, like Gecko) Version/18.7 Mobile/15E148 Safari/604.1"
78.211.37.7 - - [21/Dec/2025:01:36:44 +0100] "GET /wp-content/uploads/2025/04/3c4b4ea3-791f-476b-8e09-909a1cb9ba34-500x667.jpg HTTP/1.1" 200 15559 "https://www.readytorun.it/home/page/7/?product-cato=633" "Mozilla/5.0 (iPhone; CPU iPhone OS 18_7 like Mac OS X) AppleWebKit/605.1.15 (KHTML, like Gecko) Version/18.7 Mobile/15E148 Safari/604.1"
78.211.37.7 - - [21/Dec/2025:01:36:44 +0100] "GET /wp-content/uploads/2025/04/9b5b4384-7da3-49e5-b960-706bf58d50a1-11-500x667.jpg HTTP/1.1" 200 20837 "https://www.readytorun.it/home/page/7/?product-cato=633" "Mozilla/5.0 (iPhone; CPU iPhone OS 18_7 like Mac OS X) AppleWebKit/605.1.15 (KHTML, like Gecko) Version/18.7 Mobile/15E148 Safari/604.1"
78.211.37.7 - - [21/Dec/2025:01:36:44 +0100] "GET /wp-content/uploads/2025/04/95075a77-3871-4924-9fd9-79b1e544c90b-11-500x667.jpg HTTP/1.1" 200 12069 "https://www.readytorun.it/home/page/7/?product-cato=633" "Mozilla/5.0 (iPhone; CPU iPhone OS 18_7 like Mac OS X) AppleWebKit/605.1.15 (KHTML, like Gecko) Version/18.7 Mobile/15E148 Safari/604.1"
78.211.37.7 - - [21/Dec/2025:01:36:44 +0100] "GET /wp-content/uploads/2025/04/63254cb5-c5e0-4f40-90dc-eb6ead8844f7-500x667.jpg HTTP/1.1" 200 38735 "https://www.readytorun.it/home/page/7/?product-cato=633" "Mozilla/5.0 (iPhone; CPU iPhone OS 18_7 like Mac OS X) AppleWebKit/605.1.15 (KHTML, like Gecko) Version/18.7 Mobile/15E148 Safari/604.1"
78.211.37.7 - - [21/Dec/2025:01:36:44 +0100] "GET /wp-content/uploads/2025/04/675fc04f-d5be-49b8-be32-4a8ead68c1b5-500x667.jpg HTTP/1.1" 200 14984 "https://www.readytorun.it/home/page/7/?product-cato=633" "Mozilla/5.0 (iPhone; CPU iPhone OS 18_7 like Mac OS X) AppleWebKit/605.1.15 (KHTML, like Gecko) Version/18.7 Mobile/15E148 Safari/604.1"
78.211.37.7 - - [21/Dec/2025:01:36:44 +0100] "GET /wp-content/uploads/2025/04/31430f90-acfb-42d1-99ad-142ef2e3da7a-500x667.jpg HTTP/1.1" 200 22971 "https://www.readytorun.it/home/page/7/?product-cato=633" "Mozilla/5.0 (iPhone; CPU iPhone OS 18_7 like Mac OS X) AppleWebKit/605.1.15 (KHTML, like Gecko) Version/18.7 Mobile/15E148 Safari/604.1"
78.211.37.7 - - [21/Dec/2025:01:36:45 +0100] "GET /wp-content/uploads/2025/04/c1a89d7c-18cd-4e7e-902b-92fc1885cad5-500x667.jpg HTTP/1.1" 200 19486 "https://www.readytorun.it/home/page/7/?product-cato=633" "Mozilla/5.0 (iPhone; CPU iPhone OS 18_7 like Mac OS X) AppleWebKit/605.1.15 (KHTML, like Gecko) Version/18.7 Mobile/15E148 Safari/604.1"
78.211.37.7 - - [21/Dec/2025:01:36:45 +0100] "GET /wp-content/uploads/2025/04/7f23ecc1-24c0-415f-9091-6ae450bea822.jpg HTTP/1.1" 200 12299 "https://www.readytorun.it/home/page/7/?product-cato=633" "Mozilla/5.0 (iPhone; CPU iPhone OS 18_7 like Mac OS X) AppleWebKit/605.1.15 (KHTML, like Gecko) Version/18.7 Mobile/15E148 Safari/604.1"
78.211.37.7 - - [21/Dec/2025:01:36:45 +0100] "GET /wp-content/uploads/2025/04/5f4042ff-daeb-4715-a381-fe5f16769cb3-500x667.jpg HTTP/1.1" 200 22484 "https://www.readytorun.it/home/page/7/?product-cato=633" "Mozilla/5.0 (iPhone; CPU iPhone OS 18_7 like Mac OS X) AppleWebKit/605.1.15 (KHTML, like Gecko) Version/18.7 Mobile/15E148 Safari/604.1"
78.211.37.7 - - [21/Dec/2025:01:36:45 +0100] "GET /wp-content/uploads/2025/04/3ea3437b-f765-426b-9a38-a49b3dd5b23c-500x667.jpg HTTP/1.1" 200 33874 "https://www.readytorun.it/home/page/7/?product-cato=633" "Mozilla/5.0 (iPhone; CPU iPhone OS 18_7 like Mac OS X) AppleWebKit/605.1.15 (KHTML, like Gecko) Version/18.7 Mobile/15E148 Safari/604.1"
78.211.37.7 - - [21/Dec/2025:01:36:45 +0100] "GET /wp-content/uploads/2025/04/fe6f2fae-f5e1-46d6-a43b-1f110d33b401-500x667.jpg HTTP/1.1" 200 20292 "https://www.readytorun.it/home/page/7/?product-cato=633" "Mozilla/5.0 (iPhone; CPU iPhone OS 18_7 like Mac OS X) AppleWebKit/605.1.15 (KHTML, like Gecko) Version/18.7 Mobile/15E148 Safari/604.1"
78.211.37.7 - - [21/Dec/2025:01:36:45 +0100] "GET /wp-content/uploads/2025/04/418f0060-05fc-4bbd-9085-af31b7c06fb1-500x667.jpg HTTP/1.1" 200 44903 "https://www.readytorun.it/home/page/7/?product-cato=633" "Mozilla/5.0 (iPhone; CPU iPhone OS 18_7 like Mac OS X) AppleWebKit/605.1.15 (KHTML, like Gecko) Version/18.7 Mobile/15E148 Safari/604.1"
78.211.37.7 - - [21/Dec/2025:01:36:45 +0100] "GET /wp-content/uploads/2025/04/012d79a6-8d7c-4e19-bb56-224126c3626f-500x667.jpg HTTP/1.1" 200 21315 "https://www.readytorun.it/home/page/7/?product-cato=633" "Mozilla/5.0 (iPhone; CPU iPhone OS 18_7 like Mac OS X) AppleWebKit/605.1.15 (KHTML, like Gecko) Version/18.7 Mobile/15E148 Safari/604.1"
51.38.211.120 - - [21/Dec/2025:01:36:43 +0100] "POST /wp-cron.php?doing_wp_cron=1766277403.2745931148529052734375 HTTP/1.1" 200 4069 "-" "WordPress/6.9; https://www.readytorun.it"
78.211.37.7 - - [21/Dec/2025:01:37:01 +0100] "GET /chiodate-scarpe-donna-home/3wf10211752/ HTTP/1.1" 200 46947 "https://www.readytorun.it/home/page/7/?product-cato=633" "Mozilla/5.0 (iPhone; CPU iPhone OS 18_7 like Mac OS X) AppleWebKit/605.1.15 (KHTML, like Gecko) Version/18.7 Mobile/15E148 Safari/604.1"
78.211.37.7 - - [21/Dec/2025:01:37:08 +0100] "GET /wp-content/uploads/2025/05/cf36b8ba-a800-4554-9da7-07f91d7b94ea-800x800.png HTTP/1.1" 200 67631 "https://www.readytorun.it/chiodate-scarpe-donna-home/3wf10211752/" "Mozilla/5.0 (iPhone; CPU iPhone OS 18_7 like Mac OS X) AppleWebKit/605.1.15 (KHTML, like Gecko) Version/18.7 Mobile/15E148 Safari/604.1"
78.211.37.7 - - [21/Dec/2025:01:37:08 +0100] "GET /wp-content/uploads/2025/05/cf36b8ba-a800-4554-9da7-07f91d7b94ea.png HTTP/1.1" 200 161024 "https://www.readytorun.it/chiodate-scarpe-donna-home/3wf10211752/" "Mozilla/5.0 (iPhone; CPU iPhone OS 18_7 like Mac OS X) AppleWebKit/605.1.15 (KHTML, like Gecko) Version/18.7 Mobile/15E148 Safari/604.1"
78.211.37.7 - - [21/Dec/2025:01:37:08 +0100] "GET /wp-content/uploads/2025/05/c9e83173-40d2-462a-a5d0-d001e5ad0ead.jpg HTTP/1.1" 200 91870 "https://www.readytorun.it/chiodate-scarpe-donna-home/3wf10211752/" "Mozilla/5.0 (iPhone; CPU iPhone OS 18_7 like Mac OS X) AppleWebKit/605.1.15 (KHTML, like Gecko) Version/18.7 Mobile/15E148 Safari/604.1"
78.211.37.7 - - [21/Dec/2025:01:37:08 +0100] "GET /wp-content/uploads/2025/05/0567f8ea-b790-4703-bc08-25678d2d6e08.png HTTP/1.1" 200 359252 "https://www.readytorun.it/chiodate-scarpe-donna-home/3wf10211752/" "Mozilla/5.0 (iPhone; CPU iPhone OS 18_7 like Mac OS X) AppleWebKit/605.1.15 (KHTML, like Gecko) Version/18.7 Mobile/15E148 Safari/604.1"
78.211.37.7 - - [21/Dec/2025:01:37:08 +0100] "GET /wp-content/uploads/2019/05/logo_footer_ico.png HTTP/1.1" 200 3146 "https://www.readytorun.it/trail-scarpe-donna-home/3wf30113620/" "Mozilla/5.0 (iPhone; CPU iPhone OS 18_7 like Mac OS X) AppleWebKit/605.1.15 (KHTML, like Gecko) Version/18.7 Mobile/15E148 Safari/604.1"
78.211.37.7 - - [21/Dec/2025:01:37:08 +0100] "POST /?wc-ajax=ppc-simulate-cart HTTP/1.1" 200 696 "https://www.readytorun.it/chiodate-scarpe-donna-home/3wf10211752/" "Mozilla/5.0 (iPhone; CPU iPhone OS 18_7 like Mac OS X) AppleWebKit/605.1.15 (KHTML, like Gecko) Version/18.7 Mobile/15E148 Safari/604.1"
77.83.39.157 - - [21/Dec/2025:01:37:21 +0100] "GET /.git/config HTTP/1.1" 301 4083 "-" "Mozilla/5.0 (Linux; Android 6.0; ALE-L21 Build/HuaweiALE-L21) AppleWebKit/537.36 (KHTML, like Gecko) Chrome/50.0.2661.89 Mobile Safari/537.36"
77.83.39.157 - - [21/Dec/2025:01:37:25 +0100] "GET /.git/config HTTP/1.1" 301 377 "-" "Mozilla/5.0 (X11; FreeBSD amd64; rv:5.0) Gecko/20100101 Firefox/5.0"
52.167.144.203 - - [21/Dec/2025:01:37:41 +0100] "GET /wp-content/uploads/2024/01/a19478c3-83ba-4ea7-bf9d-63dd037a1ed6.jpg HTTP/1.1" 200 252440 "-" "Mozilla/5.0 AppleWebKit/537.36 (KHTML, like Gecko; compatible; bingbot/2.0; +http://www.bing.com/bingbot.htm) Chrome/116.0.1938.76 Safari/537.36"
52.167.144.215 - - [21/Dec/2025:01:37:46 +0100] "GET /wp-content/uploads/2022/07/50ca9492-22f4-4214-927b-68882153419f-300x300.jpg HTTP/1.1" 200 13268 "-" "Mozilla/5.0 AppleWebKit/537.36 (KHTML, like Gecko; compatible; bingbot/2.0; +http://www.bing.com/bingbot.htm) Chrome/116.0.1938.76 Safari/537.36"
78.211.37.7 - - [21/Dec/2025:01:37:41 +0100] "POST /?wc-ajax=get_refreshed_fragments HTTP/1.1" 200 7639 "https://www.readytorun.it/home/page/7/?product-cato=633" "Mozilla/5.0 (iPhone; CPU iPhone OS 18_7 like Mac OS X) AppleWebKit/605.1.15 (KHTML, like Gecko) Version/18.7 Mobile/15E148 Safari/604.1"
78.211.37.7 - - [21/Dec/2025:01:37:44 +0100] "GET /abbigliamento-donna-home/jd6464/ HTTP/1.1" 200 47495 "https://www.readytorun.it/home/page/7/?product-cato=633" "Mozilla/5.0 (iPhone; CPU iPhone OS 18_7 like Mac OS X) AppleWebKit/605.1.15 (KHTML, like Gecko) Version/18.7 Mobile/15E148 Safari/604.1"
78.211.37.7 - - [21/Dec/2025:01:37:51 +0100] "GET /wp-content/uploads/2025/04/7b889b21-538c-410c-bda0-11d4ed21dc5f-800x800.jpg HTTP/1.1" 200 28078 "https://www.readytorun.it/abbigliamento-donna-home/jd6464/" "Mozilla/5.0 (iPhone; CPU iPhone OS 18_7 like Mac OS X) AppleWebKit/605.1.15 (KHTML, like Gecko) Version/18.7 Mobile/15E148 Safari/604.1"
78.211.37.7 - - [21/Dec/2025:01:37:51 +0100] "GET /wp-content/uploads/2025/04/7b889b21-538c-410c-bda0-11d4ed21dc5f.jpg HTTP/1.1" 200 65258 "https://www.readytorun.it/abbigliamento-donna-home/jd6464/" "Mozilla/5.0 (iPhone; CPU iPhone OS 18_7 like Mac OS X) AppleWebKit/605.1.15 (KHTML, like Gecko) Version/18.7 Mobile/15E148 Safari/604.1"
78.211.37.7 - - [21/Dec/2025:01:37:51 +0100] "GET /wp-content/uploads/2025/04/1bdd5145-463e-44b8-b794-e38e68251c75.jpg HTTP/1.1" 200 165747 "https://www.readytorun.it/abbigliamento-donna-home/jd6464/" "Mozilla/5.0 (iPhone; CPU iPhone OS 18_7 like Mac OS X) AppleWebKit/605.1.15 (KHTML, like Gecko) Version/18.7 Mobile/15E148 Safari/604.1"
78.211.37.7 - - [21/Dec/2025:01:37:51 +0100] "GET /wp-content/uploads/2025/04/7afa0d8e-6f92-418d-9ab9-f11f61e7e7cb.jpg HTTP/1.1" 200 156568 "https://www.readytorun.it/abbigliamento-donna-home/jd6464/" "Mozilla/5.0 (iPhone; CPU iPhone OS 18_7 like Mac OS X) AppleWebKit/605.1.15 (KHTML, like Gecko) Version/18.7 Mobile/15E148 Safari/604.1"
51.38.211.120 - - [21/Dec/2025:01:37:47 +0100] "POST /wp-cron.php?doing_wp_cron=1766277467.4759969711303710937500 HTTP/1.1" 200 4069 "-" "WordPress/6.9; https://www.readytorun.it"
78.211.37.7 - - [21/Dec/2025:01:37:52 +0100] "POST /?wc-ajax=ppc-simulate-cart HTTP/1.1" 200 696 "https://www.readytorun.it/abbigliamento-donna-home/jd6464/" "Mozilla/5.0 (iPhone; CPU iPhone OS 18_7 like Mac OS X) AppleWebKit/605.1.15 (KHTML, like Gecko) Version/18.7 Mobile/15E148 Safari/604.1"
78.211.37.7 - - [21/Dec/2025:01:37:59 +0100] "POST /?wc-ajax=get_refreshed_fragments HTTP/1.1" 200 7639 "https://www.readytorun.it/home/page/7/?product-cato=633" "Mozilla/5.0 (iPhone; CPU iPhone OS 18_7 like Mac OS X) AppleWebKit/605.1.15 (KHTML, like Gecko) Version/18.7 Mobile/15E148 Safari/604.1"
114.119.146.215 - - [21/Dec/2025:01:37:58 +0100] "GET /chiodate-scarpe-unisex-home/77-3025460100/ HTTP/1.1" 200 48059 "https://www.readytorun.it/product-sitemap3.xml" "Mozilla/5.0 (Linux; Android 7.0;) AppleWebKit/537.36 (KHTML, like Gecko) Mobile Safari/537.36 (compatible; PetalBot;+https://webmaster.petalsearch.com/site/petalbot)"
78.211.37.7 - - [21/Dec/2025:01:38:01 +0100] "GET /abbigliamento-donna-home/j2gbc20302/ HTTP/1.1" 200 46917 "https://www.readytorun.it/home/page/7/?product-cato=633" "Mozilla/5.0 (iPhone; CPU iPhone OS 18_7 like Mac OS X) AppleWebKit/605.1.15 (KHTML, like Gecko) Version/18.7 Mobile/15E148 Safari/604.1"
78.211.37.7 - - [21/Dec/2025:01:38:06 +0100] "GET /wp-content/uploads/2025/04/675fc04f-d5be-49b8-be32-4a8ead68c1b5-800x800.jpg HTTP/1.1" 200 24941 "https://www.readytorun.it/abbigliamento-donna-home/j2gbc20302/" "Mozilla/5.0 (iPhone; CPU iPhone OS 18_7 like Mac OS X) AppleWebKit/605.1.15 (KHTML, like Gecko) Version/18.7 Mobile/15E148 Safari/604.1"
78.211.37.7 - - [21/Dec/2025:01:38:06 +0100] "GET /wp-content/uploads/2025/04/675fc04f-d5be-49b8-be32-4a8ead68c1b5.jpg HTTP/1.1" 200 59754 "https://www.readytorun.it/abbigliamento-donna-home/j2gbc20302/" "Mozilla/5.0 (iPhone; CPU iPhone OS 18_7 like Mac OS X) AppleWebKit/605.1.15 (KHTML, like Gecko) Version/18.7 Mobile/15E148 Safari/604.1"
78.211.37.7 - - [21/Dec/2025:01:38:06 +0100] "GET /wp-content/uploads/2025/04/63254cb5-c5e0-4f40-90dc-eb6ead8844f7.jpg HTTP/1.1" 200 188282 "https://www.readytorun.it/abbigliamento-donna-home/j2gbc20302/" "Mozilla/5.0 (iPhone; CPU iPhone OS 18_7 like Mac OS X) AppleWebKit/605.1.15 (KHTML, like Gecko) Version/18.7 Mobile/15E148 Safari/604.1"
78.211.37.7 - - [21/Dec/2025:01:38:06 +0100] "GET /wp-content/uploads/2025/04/42b3bc23-1dd6-4b0d-a2fd-d35684f44df7.jpg HTTP/1.1" 200 183733 "https://www.readytorun.it/abbigliamento-donna-home/j2gbc20302/" "Mozilla/5.0 (iPhone; CPU iPhone OS 18_7 like Mac OS X) AppleWebKit/605.1.15 (KHTML, like Gecko) Version/18.7 Mobile/15E148 Safari/604.1"
78.211.37.7 - - [21/Dec/2025:01:38:07 +0100] "POST /?wc-ajax=ppc-simulate-cart HTTP/1.1" 200 696 "https://www.readytorun.it/abbigliamento-donna-home/j2gbc20302/" "Mozilla/5.0 (iPhone; CPU iPhone OS 18_7 like Mac OS X) AppleWebKit/605.1.15 (KHTML, like Gecko) Version/18.7 Mobile/15E148 Safari/604.1"
78.211.37.7 - - [21/Dec/2025:01:38:17 +0100] "POST /?wc-ajax=get_refreshed_fragments HTTP/1.1" 200 7639 "https://www.readytorun.it/home/page/7/?product-cato=633" "Mozilla/5.0 (iPhone; CPU iPhone OS 18_7 like Mac OS X) AppleWebKit/605.1.15 (KHTML, like Gecko) Version/18.7 Mobile/15E148 Safari/604.1"
78.211.37.7 - - [21/Dec/2025:01:38:19 +0100] "GET /home/page/8/?product-cato=633&reynotemplate=1 HTTP/1.1" 200 19102 "https://www.readytorun.it/home/page/8/?product-cato=633" "Mozilla/5.0 (iPhone; CPU iPhone OS 18_7 like Mac OS X) AppleWebKit/605.1.15 (KHTML, like Gecko) Version/18.7 Mobile/15E148 Safari/604.1"
78.211.37.7 - - [21/Dec/2025:01:38:24 +0100] "GET /wp-content/uploads/2025/03/c8538a02-7f90-4ea1-8a5a-a7de07b50070-500x667.jpg HTTP/1.1" 200 44955 "https://www.readytorun.it/home/page/8/?product-cato=633" "Mozilla/5.0 (iPhone; CPU iPhone OS 18_7 like Mac OS X) AppleWebKit/605.1.15 (KHTML, like Gecko) Version/18.7 Mobile/15E148 Safari/604.1"
78.211.37.7 - - [21/Dec/2025:01:38:25 +0100] "GET /wp-content/uploads/2025/03/2ed822de-9341-4754-87c3-8805780adf74-500x667.jpg HTTP/1.1" 200 49426 "https://www.readytorun.it/home/page/8/?product-cato=633" "Mozilla/5.0 (iPhone; CPU iPhone OS 18_7 like Mac OS X) AppleWebKit/605.1.15 (KHTML, like Gecko) Version/18.7 Mobile/15E148 Safari/604.1"
78.211.37.7 - - [21/Dec/2025:01:38:25 +0100] "GET /wp-content/uploads/2025/03/ed0f3ef0-92bb-42c2-b6a3-4c1835e7be84-483x667.jpg HTTP/1.1" 200 34235 "https://www.readytorun.it/home/page/8/?product-cato=633" "Mozilla/5.0 (iPhone; CPU iPhone OS 18_7 like Mac OS X) AppleWebKit/605.1.15 (KHTML, like Gecko) Version/18.7 Mobile/15E148 Safari/604.1"
78.211.37.7 - - [21/Dec/2025:01:38:25 +0100] "GET /wp-content/uploads/2025/03/5c7285f1-bbf7-4fe8-bad7-9b614ca961bf-500x667.jpg HTTP/1.1" 200 26369 "https://www.readytorun.it/home/page/8/?product-cato=633" "Mozilla/5.0 (iPhone; CPU iPhone OS 18_7 like Mac OS X) AppleWebKit/605.1.15 (KHTML, like Gecko) Version/18.7 Mobile/15E148 Safari/604.1"
