114.119.131.211 - - [21/Dec/2025:04:08:21 +0100] "GET /t-shirt-abbigliamento-donna-home/102-18254580013/ HTTP/1.1" 200 46505 "https://www.readytorun.it/product-sitemap3.xml" "Mozilla/5.0 (Linux; Android 7.0;) AppleWebKit/537.36 (KHTML, like Gecko) Mobile Safari/537.36 (compatible; PetalBot;+https://webmaster.petalsearch.com/site/petalbot)"
4.197.89.232 - - [21/Dec/2025:04:08:22 +0100] "GET /xmrlpc.php HTTP/1.1" 404 45948 "https://duckduckgo.com/" "Mozilla/5.0 (Linux; Android 10; LM-Q720) AppleWebKit/537.36 (KHTML, like Gecko) Chrome/116.0.0.0 Mobile Safari/537.36"
162.19.11.69 - - [21/Dec/2025:04:08:34 +0100] "GET /wp-login.php HTTP/1.1" 200 9310 "-" "Mozilla/5.0 (compatible; MSIE 10.0; Windows NT 6.2; Win64; x64; Trident/7.0)"
162.19.11.69 - - [21/Dec/2025:04:08:41 +0100] "POST /wp-login.php HTTP/1.1" 503 19651 "https://www.readytorun.it/wp-login.php" "Mozilla/5.0 (compatible; MSIE 10.0; Windows NT 6.2; Win64; x64; Trident/7.0)"
51.38.211.120 - - [21/Dec/2025:04:08:47 +0100] "POST /wp-cron.php?doing_wp_cron=1766286527.4194068908691406250000 HTTP/1.1" 200 4069 "-" "WordPress/6.9; https://www.readytorun.it"
52.167.144.16 - - [21/Dec/2025:04:09:32 +0100] "GET /wp-content/uploads/2022/10/e55ddd60-98c2-495b-a988-b20eba6586e6-768x768.jpg HTTP/1.1" 200 47824 "-" "Mozilla/5.0 AppleWebKit/537.36 (KHTML, like Gecko; compatible; bingbot/2.0; +http://www.bing.com/bingbot.htm) Chrome/116.0.1938.76 Safari/537.36"
185.191.171.19 - - [21/Dec/2025:04:09:28 +0100] "GET /scarpe-bambino-home-scarpe-bambino-home/ HTTP/1.1" 200 36467 "-" "Mozilla/5.0 (compatible; SemrushBot/7~bl; +http://www.semrush.com/bot.html)"
51.38.211.120 - - [21/Dec/2025:04:09:33 +0100] "POST /wp-cron.php?doing_wp_cron=1766286573.1524260044097900390625 HTTP/1.1" 200 4069 "-" "WordPress/6.9; https://www.readytorun.it"
34.138.212.53 - - [21/Dec/2025:04:09:33 +0100] "GET /linea/walking/ HTTP/1.0" 200 42070 "-" "ZoominfoBot (zoominfobot at zoominfo dot com)"
52.167.144.18 - - [21/Dec/2025:04:09:46 +0100] "GET /wp-content/uploads/2022/06/8397e018-c57c-40d5-9089-927b68456871-800x1051.jpg HTTP/1.1" 200 86962 "-" "Mozilla/5.0 AppleWebKit/537.36 (KHTML, like Gecko; compatible; bingbot/2.0; +http://www.bing.com/bingbot.htm) Chrome/116.0.1938.76 Safari/537.36"
114.119.159.148 - - [21/Dec/2025:04:09:44 +0100] "GET /t-shirt-abbigliamento-donna-home/ HTTP/1.1" 200 46834 "https://www.readytorun.it/product_cat-sitemap.xml" "Mozilla/5.0 (Linux; Android 7.0;) AppleWebKit/537.36 (KHTML, like Gecko) Mobile Safari/537.36 (compatible; PetalBot;+https://webmaster.petalsearch.com/site/petalbot)"
207.46.13.155 - - [21/Dec/2025:04:09:51 +0100] "GET /wp-content/uploads/2022/06/ffee5ede-1eae-4c2b-afce-e2c7b8a7704a-761x1024.jpg HTTP/1.1" 200 85615 "-" "Mozilla/5.0 AppleWebKit/537.36 (KHTML, like Gecko; compatible; bingbot/2.0; +http://www.bing.com/bingbot.htm) Chrome/116.0.1938.76 Safari/537.36"
20.15.133.160 - - [21/Dec/2025:04:09:54 +0100] "GET /wp-content/uploads/2022/06/8397e018-c57c-40d5-9089-927b68456871-800x1051.jpg HTTP/1.1" 200 86962 "-" "Mozilla/5.0 AppleWebKit/537.36 (KHTML, like Gecko; compatible; bingbot/2.0; +http://www.bing.com/bingbot.htm) Chrome/116.0.1938.76 Safari/537.36"
51.38.211.120 - - [21/Dec/2025:04:09:48 +0100] "POST /wp-cron.php?doing_wp_cron=1766286588.7404971122741699218750 HTTP/1.1" 200 4069 "-" "WordPress/6.9; https://www.readytorun.it"
57.141.0.69 - - [21/Dec/2025:04:10:06 +0100] "GET /chiodate-scarpe-unisex-home/38000301/ HTTP/1.1" 200 228604 "-" "meta-externalagent/1.1 (+https://developers.facebook.com/docs/sharing/webmasters/crawler)"
51.38.211.120 - - [21/Dec/2025:04:10:13 +0100] "POST /wp-cron.php?doing_wp_cron=1766286613.1967589855194091796875 HTTP/1.1" 200 4069 "-" "WordPress/6.9; https://www.readytorun.it"
52.167.144.16 - - [21/Dec/2025:04:10:33 +0100] "GET /a3-massimo-ammortizzamento-scarpe-donna-home/cu1856600/ HTTP/1.1" 200 44258 "-" "Mozilla/5.0 AppleWebKit/537.36 (KHTML, like Gecko; compatible; bingbot/2.0; +http://www.bing.com/bingbot.htm) Chrome/116.0.1938.76 Safari/537.36"
52.167.144.16 - - [21/Dec/2025:04:10:42 +0100] "GET /wp-content/uploads/2023/04/28bbb635-ffdf-46aa-81d9-0265e52d6fc4-1024x1024.jpg HTTP/1.1" 200 49980 "-" "Mozilla/5.0 AppleWebKit/537.36 (KHTML, like Gecko; compatible; bingbot/2.0; +http://www.bing.com/bingbot.htm) Chrome/116.0.1938.76 Safari/537.36"
51.38.211.120 - - [21/Dec/2025:04:10:37 +0100] "POST /wp-cron.php?doing_wp_cron=1766286637.6864590644836425781250 HTTP/1.1" 200 4069 "-" "WordPress/6.9; https://www.readytorun.it"
4.217.198.247 - - [21/Dec/2025:04:10:40 +0100] "GET /wp-good.php HTTP/1.1" 301 370 "https://www.google.co.uk/" "Mozilla/5.0 (iPhone; CPU iPhone OS 16_0 like Mac OS X) AppleWebKit/605.1.15 (KHTML, like Gecko) FxiOS/118.0 Mobile/15E148 Safari/605.1.15"
173.252.70.13 - - [21/Dec/2025:04:10:46 +0100] "GET /?wc-api=wc_facebook_get_feed_data_promotions&secret=4a2a76afde6cb1b478b212b39b43d4bf HTTP/1.1" 200 14095 "-" "facebookexternalhit/1.1 (+http://www.facebook.com/externalhit_uatext.php)"
4.217.198.247 - - [21/Dec/2025:04:10:48 +0100] "GET /wp-good.php HTTP/1.1" 404 45948 "https://www.google.co.uk/" "Mozilla/5.0 (iPhone; CPU iPhone OS 16_0 like Mac OS X) AppleWebKit/605.1.15 (KHTML, like Gecko) FxiOS/118.0 Mobile/15E148 Safari/605.1.15"
51.38.211.120 - - [21/Dec/2025:04:10:46 +0100] "POST /wp-cron.php?doing_wp_cron=1766286646.6576559543609619140625 HTTP/1.1" 200 269 "-" "WordPress/6.9; https://www.readytorun.it"
4.217.198.247 - - [21/Dec/2025:04:10:53 +0100] "GET /ioxi-o.php HTTP/1.1" 301 369 "https://www.google.fr/" "Mozilla/5.0 (Linux; Android 13; SM-S908E) AppleWebKit/537.36 (KHTML, like Gecko) Chrome/116.0.0.0 Mobile Safari/537.36"
207.46.13.155 - - [21/Dec/2025:04:10:59 +0100] "GET /wp-content/uploads/2022/05/7022fcf8-bfff-4ecd-be5e-4662bef8fd9a-1024x894.jpg HTTP/1.1" 200 64752 "-" "Mozilla/5.0 AppleWebKit/537.36 (KHTML, like Gecko; compatible; bingbot/2.0; +http://www.bing.com/bingbot.htm) Chrome/116.0.1938.76 Safari/537.36"
4.217.198.247 - - [21/Dec/2025:04:10:59 +0100] "GET /ioxi-o.php HTTP/1.1" 404 45948 "https://www.google.fr/" "Mozilla/5.0 (Linux; Android 13; SM-S908E) AppleWebKit/537.36 (KHTML, like Gecko) Chrome/116.0.0.0 Mobile Safari/537.36"
4.217.198.247 - - [21/Dec/2025:04:11:06 +0100] "GET /file.php HTTP/1.1" 301 367 "https://www.yahoo.com/" "Mozilla/5.0 (Linux; Android 13; SM-G991U) AppleWebKit/537.36 (KHTML, like Gecko) Chrome/117.0.0.0 Mobile Safari/537.36"
114.119.146.114 - - [21/Dec/2025:04:11:08 +0100] "GET /shop/ HTTP/1.1" 200 49242 "https://www.readytorun.it/product-sitemap.xml" "Mozilla/5.0 (Linux; Android 7.0;) AppleWebKit/537.36 (KHTML, like Gecko) Mobile Safari/537.36 (compatible; PetalBot;+https://webmaster.petalsearch.com/site/petalbot)"
4.217.198.247 - - [21/Dec/2025:04:11:12 +0100] "GET /file.php HTTP/1.1" 404 45948 "https://www.yahoo.com/" "Mozilla/5.0 (Linux; Android 13; SM-G991U) AppleWebKit/537.36 (KHTML, like Gecko) Chrome/117.0.0.0 Mobile Safari/537.36"
51.38.211.120 - - [21/Dec/2025:04:11:11 +0100] "POST /wp-cron.php?doing_wp_cron=1766286671.2350089550018310546875 HTTP/1.1" 200 269 "-" "WordPress/6.9; https://www.readytorun.it"
4.217.198.247 - - [21/Dec/2025:04:11:18 +0100] "GET /wp-admin/css/colors/blue HTTP/1.1" 301 465 "https://duckduckgo.com/" "Mozilla/5.0 (iPhone; CPU iPhone OS 15_7_9 like Mac OS X) AppleWebKit/605.1.15 (KHTML, like Gecko) Version/15.6.5 Mobile/15E148 Safari/604.1"
4.217.198.247 - - [21/Dec/2025:04:11:18 +0100] "GET /wp-admin/css/colors/blue/ HTTP/1.1" 403 344 "https://duckduckgo.com/" "Mozilla/5.0 (iPhone; CPU iPhone OS 15_7_9 like Mac OS X) AppleWebKit/605.1.15 (KHTML, like Gecko) Version/15.6.5 Mobile/15E148 Safari/604.1"
4.217.198.247 - - [21/Dec/2025:04:11:18 +0100] "GET /wp-signin.php HTTP/1.1" 301 334 "https://www.google.fr/" "Mozilla/5.0 (Linux; Android 11; 21081111RG) AppleWebKit/537.36 (KHTML, like Gecko) Chrome/116.0.0.0 Mobile Safari/537.36"
4.217.198.247 - - [21/Dec/2025:04:11:24 +0100] "GET /wp-signin.php HTTP/1.1" 404 45948 "https://www.google.fr/" "Mozilla/5.0 (Linux; Android 11; 21081111RG) AppleWebKit/537.36 (KHTML, like Gecko) Chrome/116.0.0.0 Mobile Safari/537.36"
4.217.198.247 - - [21/Dec/2025:04:11:30 +0100] "GET /abcd.php HTTP/1.1" 301 367 "https://www.google.co.uk/" "Mozilla/5.0 (Linux; Android 13; M2101K6G) AppleWebKit/537.36 (KHTML, like Gecko) Chrome/116.0.0.0 Mobile Safari/537.36"
4.217.198.247 - - [21/Dec/2025:04:11:36 +0100] "GET /abcd.php HTTP/1.1" 404 45948 "https://www.google.co.uk/" "Mozilla/5.0 (Linux; Android 13; M2101K6G) AppleWebKit/537.36 (KHTML, like Gecko) Chrome/116.0.0.0 Mobile Safari/537.36"
4.217.198.247 - - [21/Dec/2025:04:11:44 +0100] "GET /wp-includes/block-bindings HTTP/1.1" 301 469 "https://www.google.co.uk/" "Mozilla/5.0 (Linux; Android 13; M2101K6G) AppleWebKit/537.36 (KHTML, like Gecko) Chrome/116.0.0.0 Mobile Safari/537.36"
4.217.198.247 - - [21/Dec/2025:04:11:44 +0100] "GET /wp-includes/block-bindings/ HTTP/1.1" 403 344 "https://www.google.co.uk/" "Mozilla/5.0 (Linux; Android 13; M2101K6G) AppleWebKit/537.36 (KHTML, like Gecko) Chrome/116.0.0.0 Mobile Safari/537.36"
216.244.66.238 - - [21/Dec/2025:04:11:38 +0100] "GET /robots.txt HTTP/1.1" 200 897 "-" "Mozilla/5.0 (compatible; DotBot/1.2; +https://opensiteexplorer.org/dotbot; help@moz.com)"
4.217.198.247 - - [21/Dec/2025:04:11:44 +0100] "GET /about.php HTTP/1.1" 301 330 "https://www.google.com/" "Mozilla/5.0 (Linux; Android 12; SM-A525F) AppleWebKit/537.36 (KHTML, like Gecko) Chrome/117.0.0.0 Mobile Safari/537.36"
51.38.211.120 - - [21/Dec/2025:04:11:42 +0100] "POST /wp-cron.php?doing_wp_cron=1766286702.0904169082641601562500 HTTP/1.1" 200 269 "-" "WordPress/6.9; https://www.readytorun.it"
4.217.198.247 - - [21/Dec/2025:04:11:48 +0100] "GET /about.php HTTP/1.1" 404 45948 "https://www.google.com/" "Mozilla/5.0 (Linux; Android 12; SM-A525F) AppleWebKit/537.36 (KHTML, like Gecko) Chrome/117.0.0.0 Mobile Safari/537.36"
207.46.13.155 - - [21/Dec/2025:04:11:59 +0100] "GET /wp-content/uploads/2021/11/4b40c73b-33fb-4a34-8a58-471d125159e4-1-scaled-768x1024.jpg HTTP/1.1" 200 95608 "-" "Mozilla/5.0 AppleWebKit/537.36 (KHTML, like Gecko; compatible; bingbot/2.0; +http://www.bing.com/bingbot.htm) Chrome/116.0.1938.76 Safari/537.36"
4.217.198.247 - - [21/Dec/2025:04:11:55 +0100] "GET /bless.php HTTP/1.1" 301 368 "https://www.google.com/" "Mozilla/5.0 (iPhone; CPU iPhone OS 17_0_3 like Mac OS X) AppleWebKit/605.1.15 (KHTML, like Gecko) Version/17.0.1 Mobile/15E148 Safari/604.1"
4.217.198.247 - - [21/Dec/2025:04:12:00 +0100] "GET /bless.php HTTP/1.1" 404 45948 "https://www.google.com/" "Mozilla/5.0 (iPhone; CPU iPhone OS 17_0_3 like Mac OS X) AppleWebKit/605.1.15 (KHTML, like Gecko) Version/17.0.1 Mobile/15E148 Safari/604.1"
4.217.198.247 - - [21/Dec/2025:04:12:07 +0100] "GET /images/install.php HTTP/1.1" 301 377 "https://www.yahoo.com/" "Mozilla/5.g (Linux; Android 13; Pixel 7) AppleWebKit/537.36 (KHTML, like Gecko) Chrome/116.0.0.0 Mobile Safari/537.36"
4.217.198.247 - - [21/Dec/2025:04:12:13 +0100] "GET /images/install.php HTTP/1.1" 404 45948 "https://www.yahoo.com/" "Mozilla/5.g (Linux; Android 13; Pixel 7) AppleWebKit/537.36 (KHTML, like Gecko) Chrome/116.0.0.0 Mobile Safari/537.36"
4.217.198.247 - - [21/Dec/2025:04:12:19 +0100] "GET /num.php HTTP/1.1" 301 366 "https://www.google.de/" "Mozilla/5.0 (iPhone; CPU iPhone OS 16_6_1 like Mac OS X) AppleWebKit/605.1.15 (KHTML, like Gecko) Version/16.6 Mobile/15E148 Safari/604.1"
4.217.198.247 - - [21/Dec/2025:04:12:25 +0100] "GET /num.php HTTP/1.1" 404 45948 "https://www.google.de/" "Mozilla/5.0 (iPhone; CPU iPhone OS 16_6_1 like Mac OS X) AppleWebKit/605.1.15 (KHTML, like Gecko) Version/16.6 Mobile/15E148 Safari/604.1"
4.217.198.247 - - [21/Dec/2025:04:12:32 +0100] "GET /txets.php HTTP/1.1" 301 368 "https://www.google.co.uk/" "Mozilla/5.0 (iPhone; CPU iPhone OS 17_1_1 like Mac OS X) AppleWebKit/605.1.15 (KHTML, like Gecko) Version/17.1 Mobile/15E148 Safari/604.1"
114.119.159.148 - - [21/Dec/2025:04:12:32 +0100] "GET /scarpe-uomo-home/j2gbc50195/ HTTP/1.1" 200 46269 "https://www.readytorun.it/product-sitemap3.xml" "Mozilla/5.0 (Linux; Android 7.0;) AppleWebKit/537.36 (KHTML, like Gecko) Mobile Safari/537.36 (compatible; PetalBot;+https://webmaster.petalsearch.com/site/petalbot)"
4.217.198.247 - - [21/Dec/2025:04:12:37 +0100] "GET /txets.php HTTP/1.1" 404 45948 "https://www.google.co.uk/" "Mozilla/5.0 (iPhone; CPU iPhone OS 17_1_1 like Mac OS X) AppleWebKit/605.1.15 (KHTML, like Gecko) Version/17.1 Mobile/15E148 Safari/604.1"
4.217.198.247 - - [21/Dec/2025:04:12:45 +0100] "GET /wp-blog.php HTTP/1.1" 301 370 "https://www.google.fr/" "Mozilla/5.0 (iPad; CPU OS 17_0_3 like Mac OS X) AppleWebKit/605.1.15 (KHTML, like Gecko) Version/17.0.1 Mobile/15E148 Safari/604.1"
51.38.211.120 - - [21/Dec/2025:04:12:43 +0100] "POST /wp-cron.php?doing_wp_cron=1766286763.4289820194244384765625 HTTP/1.1" 200 269 "-" "WordPress/6.9; https://www.readytorun.it"
20.15.133.160 - - [21/Dec/2025:04:12:53 +0100] "GET /wp-content/uploads/2023/02/e95f0e19-3013-40b5-b055-e02957d645f7-800x800.jpg HTTP/1.1" 200 56107 "-" "Mozilla/5.0 AppleWebKit/537.36 (KHTML, like Gecko; compatible; bingbot/2.0; +http://www.bing.com/bingbot.htm) Chrome/116.0.1938.76 Safari/537.36"
4.217.198.247 - - [21/Dec/2025:04:12:50 +0100] "GET /wp-blog.php HTTP/1.1" 404 45948 "https://www.google.fr/" "Mozilla/5.0 (iPad; CPU OS 17_0_3 like Mac OS X) AppleWebKit/605.1.15 (KHTML, like Gecko) Version/17.0.1 Mobile/15E148 Safari/604.1"
4.217.198.247 - - [21/Dec/2025:04:12:56 +0100] "GET /wp-content/admin-header.php HTTP/1.1" 301 386 "https://www.yahoo.com/" "Mozilla/5.0 (Linux; Android 13; SM-S908E) AppleWebKit/537.36 (KHTML, like Gecko) Chrome/116.0.0.0 Mobile Safari/537.36"
52.167.144.16 - - [21/Dec/2025:04:13:02 +0100] "GET /wp-content/uploads/2023/02/e95f0e19-3013-40b5-b055-e02957d645f7-800x800.jpg HTTP/1.1" 200 56107 "-" "Mozilla/5.0 AppleWebKit/537.36 (KHTML, like Gecko; compatible; bingbot/2.0; +http://www.bing.com/bingbot.htm) Chrome/116.0.1938.76 Safari/537.36"
52.167.144.16 - - [21/Dec/2025:04:13:04 +0100] "GET /wp-content/uploads/2021/11/6060599d-689e-428a-bd6c-2e0896eeacf8-100x100.jpg HTTP/1.1" 200 1809 "-" "Mozilla/5.0 AppleWebKit/537.36 (KHTML, like Gecko; compatible; bingbot/2.0; +http://www.bing.com/bingbot.htm) Chrome/116.0.1938.76 Safari/537.36"
4.217.198.247 - - [21/Dec/2025:04:13:02 +0100] "GET /wp-content/admin-header.php HTTP/1.1" 404 45948 "https://www.yahoo.com/" "Mozilla/5.0 (Linux; Android 13; SM-S908E) AppleWebKit/537.36 (KHTML, like Gecko) Chrome/116.0.0.0 Mobile Safari/537.36"
4.217.198.247 - - [21/Dec/2025:04:13:09 +0100] "GET /wp-content/themes/about.php HTTP/1.1" 301 386 "https://www.google.co.uk/" "Mozilla/5.0 (iPhone; CPU iPhone OS 16_6_1 like Mac OS X) AppleWebKit/605.1.15 (KHTML, like Gecko) Version/16.6 Mobile/15E148 Safari/604.1"
4.217.198.247 - - [21/Dec/2025:04:13:14 +0100] "GET /wp-content/themes/about.php HTTP/1.1" 404 45948 "https://www.google.co.uk/" "Mozilla/5.0 (iPhone; CPU iPhone OS 16_6_1 like Mac OS X) AppleWebKit/605.1.15 (KHTML, like Gecko) Version/16.6 Mobile/15E148 Safari/604.1"
4.217.198.247 - - [21/Dec/2025:04:13:21 +0100] "GET /wp-includes/js/dist HTTP/1.1" 301 455 "https://www.google.co.uk/" "Mozilla/5.0 (Linux; Android 12; SM-A525F) AppleWebKit/537.36 (KHTML, like Gecko) Chrome/117.0.0.0 Mobile Safari/537.36"
4.217.198.247 - - [21/Dec/2025:04:13:21 +0100] "GET /wp-includes/js/dist/ HTTP/1.1" 403 344 "https://www.google.co.uk/" "Mozilla/5.0 (Linux; Android 12; SM-A525F) AppleWebKit/537.36 (KHTML, like Gecko) Chrome/117.0.0.0 Mobile Safari/537.36"
4.217.198.247 - - [21/Dec/2025:04:13:21 +0100] "GET /wp-includes/rest-api/fields HTTP/1.1" 301 471 "https://duckduckgo.com/" "Mozilla/5.0 (Linux; Android 14; Pixel 8 Pro) AppleWebKit/537.36 (KHTML, like Gecko) Chrome/119.0.0.0 Mobile Safari/537.36"
4.217.198.247 - - [21/Dec/2025:04:13:22 +0100] "GET /wp-includes/rest-api/fields/ HTTP/1.1" 403 344 "https://duckduckgo.com/" "Mozilla/5.0 (Linux; Android 14; Pixel 8 Pro) AppleWebKit/537.36 (KHTML, like Gecko) Chrome/119.0.0.0 Mobile Safari/537.36"
4.217.198.247 - - [21/Dec/2025:04:13:22 +0100] "GET /wp.php HTTP/1.1" 301 327 "https://www.yahoo.com/" "Mozilla/5.g (Linux; Android 13; Pixel 7) AppleWebKit/537.36 (KHTML, like Gecko) Chrome/116.0.0.0 Mobile Safari/537.36"
4.217.198.247 - - [21/Dec/2025:04:13:26 +0100] "GET /wp.php HTTP/1.1" 404 45948 "https://www.yahoo.com/" "Mozilla/5.g (Linux; Android 13; Pixel 7) AppleWebKit/537.36 (KHTML, like Gecko) Chrome/116.0.0.0 Mobile Safari/537.36"
4.217.198.247 - - [21/Dec/2025:04:13:33 +0100] "GET /admin.php HTTP/1.1" 301 368 "https://www.google.de/" "Mozilla/5.0 (Linux; Android 12; V2134) AppleWebKit/537.36 (KHTML, like Gecko) Chrome/116.0.0.0 Mobile Safari/537.36"
4.217.198.247 - - [21/Dec/2025:04:13:39 +0100] "GET /admin.php HTTP/1.1" 404 45948 "https://www.google.de/" "Mozilla/5.0 (Linux; Android 12; V2134) AppleWebKit/537.36 (KHTML, like Gecko) Chrome/116.0.0.0 Mobile Safari/537.36"
4.217.198.247 - - [21/Dec/2025:04:13:46 +0100] "GET /adminfuns.php HTTP/1.1" 301 372 "https://www.google.de/" "Mozilla/5.0 (Linux; Android 11; 21081111RG) AppleWebKit/537.36 (KHTML, like Gecko) Chrome/116.0.0.0 Mobile Safari/537.36"
51.38.211.120 - - [21/Dec/2025:04:13:44 +0100] "POST /wp-cron.php?doing_wp_cron=1766286824.8648159503936767578125 HTTP/1.1" 200 269 "-" "WordPress/6.9; https://www.readytorun.it"
216.244.66.238 - - [21/Dec/2025:04:13:46 +0100] "GET /brand/ledlenser/ HTTP/1.1" 200 158856 "-" "Mozilla/5.0 (compatible; DotBot/1.2; +https://opensiteexplorer.org/dotbot; help@moz.com)"
4.217.198.247 - - [21/Dec/2025:04:13:51 +0100] "GET /adminfuns.php HTTP/1.1" 404 45948 "https://www.google.de/" "Mozilla/5.0 (Linux; Android 11; 21081111RG) AppleWebKit/537.36 (KHTML, like Gecko) Chrome/116.0.0.0 Mobile Safari/537.36"
207.46.13.155 - - [21/Dec/2025:04:14:00 +0100] "GET /wp-content/uploads/2024/05/cfe77161-9d50-4cf4-92c9-593d5786583c.jpg HTTP/1.1" 200 129368 "-" "Mozilla/5.0 AppleWebKit/537.36 (KHTML, like Gecko; compatible; bingbot/2.0; +http://www.bing.com/bingbot.htm) Chrome/116.0.1938.76 Safari/537.36"
114.119.157.118 - - [21/Dec/2025:04:13:56 +0100] "GET /scarpe-uomo-home/ HTTP/1.1" 200 49051 "https://www.readytorun.it/product_cat-sitemap.xml" "Mozilla/5.0 (Linux; Android 7.0;) AppleWebKit/537.36 (KHTML, like Gecko) Mobile Safari/537.36 (compatible; PetalBot;+https://webmaster.petalsearch.com/site/petalbot)"
103.178.231.51 - - [21/Dec/2025:04:13:55 +0100] "POST /xmlrpc.php HTTP/1.1" 503 23228 "-" "Mozilla/5.0 (Windows NT 10.0; WOW64; Trident/7.0; Touch; LCJB; rv:11.0) like Gecko"
4.217.198.247 - - [21/Dec/2025:04:13:58 +0100] "GET /chosen.php HTTP/1.1" 301 369 "https://duckduckgo.com/" "Mozilla/5.0 (Linux; Android 13; SM-S908E) AppleWebKit/537.36 (KHTML, like Gecko) Chrome/116.0.0.0 Mobile Safari/537.36"
4.217.198.247 - - [21/Dec/2025:04:14:03 +0100] "GET /chosen.php HTTP/1.1" 404 45948 "https://duckduckgo.com/" "Mozilla/5.0 (Linux; Android 13; SM-S908E) AppleWebKit/537.36 (KHTML, like Gecko) Chrome/116.0.0.0 Mobile Safari/537.36"
4.217.198.247 - - [21/Dec/2025:04:14:10 +0100] "GET /classwithtostring.php HTTP/1.1" 301 380 "https://www.bing.com/" "Mozilla/5.0 (Linux; Android 12; SM-A525F) AppleWebKit/537.36 (KHTML, like Gecko) Chrome/117.0.0.0 Mobile Safari/537.36"
4.217.198.247 - - [21/Dec/2025:04:14:16 +0100] "GET /classwithtostring.php HTTP/1.1" 404 45948 "https://www.bing.com/" "Mozilla/5.0 (Linux; Android 12; SM-A525F) AppleWebKit/537.36 (KHTML, like Gecko) Chrome/117.0.0.0 Mobile Safari/537.36"
185.191.171.6 - - [21/Dec/2025:04:14:19 +0100] "GET /a3-massimo-ammortizzamento-uomo-home-uomo-home/1011b441402/ HTTP/1.1" 200 46162 "-" "Mozilla/5.0 (compatible; SemrushBot/7~bl; +http://www.semrush.com/bot.html)"
4.217.198.247 - - [21/Dec/2025:04:14:22 +0100] "GET /edit.php HTTP/1.1" 301 367 "https://www.google.co.uk/" "Mozilla/5.0 (Linux; Android 13; SM-S908E) AppleWebKit/537.36 (KHTML, like Gecko) Chrome/116.0.0.0 Mobile Safari/537.36"
4.217.198.247 - - [21/Dec/2025:04:14:28 +0100] "GET /edit.php HTTP/1.1" 404 45948 "https://www.google.co.uk/" "Mozilla/5.0 (Linux; Android 13; SM-S908E) AppleWebKit/537.36 (KHTML, like Gecko) Chrome/116.0.0.0 Mobile Safari/537.36"
216.244.66.238 - - [21/Dec/2025:04:14:29 +0100] "GET /?start=28 HTTP/1.1" 301 257 "-" "Mozilla/5.0 (compatible; DotBot/1.2; +https://opensiteexplorer.org/dotbot; help@moz.com)"
4.217.198.247 - - [21/Dec/2025:04:14:35 +0100] "GET /goods.php HTTP/1.1" 301 368 "https://www.bing.com/" "Mozilla/5.0 (iPhone; CPU iPhone OS 17_0_3 like Mac OS X) AppleWebKit/605.1.15 (KHTML, like Gecko) Version/17.0.1 Mobile/15E148 Safari/604.1"
51.38.211.120 - - [21/Dec/2025:04:14:34 +0100] "POST /wp-cron.php?doing_wp_cron=1766286874.0249390602111816406250 HTTP/1.1" 200 269 "-" "WordPress/6.9; https://www.readytorun.it"
4.217.198.247 - - [21/Dec/2025:04:14:40 +0100] "GET /goods.php HTTP/1.1" 404 45948 "https://www.bing.com/" "Mozilla/5.0 (iPhone; CPU iPhone OS 17_0_3 like Mac OS X) AppleWebKit/605.1.15 (KHTML, like Gecko) Version/17.0.1 Mobile/15E148 Safari/604.1"
4.217.198.247 - - [21/Dec/2025:04:14:48 +0100] "GET /k.php HTTP/1.1" 301 364 "https://www.google.co.uk/" "Mozilla/5.0 (iPad; CPU OS 17_0_3 like Mac OS X) AppleWebKit/605.1.15 (KHTML, like Gecko) Version/17.0.1 Mobile/15E148 Safari/604.1"
51.38.211.120 - - [21/Dec/2025:04:14:46 +0100] "POST /wp-cron.php?doing_wp_cron=1766286886.5461809635162353515625 HTTP/1.1" 200 269 "-" "WordPress/6.9; https://www.readytorun.it"
4.217.198.247 - - [21/Dec/2025:04:14:53 +0100] "GET /k.php HTTP/1.1" 404 45948 "https://www.google.co.uk/" "Mozilla/5.0 (iPad; CPU OS 17_0_3 like Mac OS X) AppleWebKit/605.1.15 (KHTML, like Gecko) Version/17.0.1 Mobile/15E148 Safari/604.1"
4.217.198.247 - - [21/Dec/2025:04:14:59 +0100] "GET /mah/function.php HTTP/1.1" 301 375 "https://www.google.co.uk/" "Mozilla/5.0 (Linux; Android 12; 2201116SG) AppleWebKit/537.36 (KHTML, like Gecko) Chrome/116.0.0.0 Mobile Safari/537.36"
4.217.198.247 - - [21/Dec/2025:04:15:05 +0100] "GET /mah/function.php HTTP/1.1" 404 45948 "https://www.google.co.uk/" "Mozilla/5.0 (Linux; Android 12; 2201116SG) AppleWebKit/537.36 (KHTML, like Gecko) Chrome/116.0.0.0 Mobile Safari/537.36"
20.4.55.181 - - [21/Dec/2025:04:15:07 +0100] "GET /wp-json/wc/v2/taxes HTTP/1.1" 200 4903 "-" "-"
4.217.198.247 - - [21/Dec/2025:04:15:11 +0100] "GET /wp-conflg/function.php HTTP/1.1" 301 381 "https://www.yahoo.com/" "Mozilla/5.0 (Linux; Android 12; SM-A525F) AppleWebKit/537.36 (KHTML, like Gecko) Chrome/117.0.0.0 Mobile Safari/537.36"
51.38.211.120 - - [21/Dec/2025:04:15:14 +0100] "POST /wp-cron.php?doing_wp_cron=1766286913.9906389713287353515625 HTTP/1.1" 200 4069 "-" "WordPress/6.9; https://www.readytorun.it"
20.4.55.181 - - [21/Dec/2025:04:15:15 +0100] "GET /wp-json/wc/v2/orders?after=2025-12-16%2003:15:15&per_page=100 HTTP/1.1" 200 5760 "-" "-"
52.167.144.16 - - [21/Dec/2025:04:15:22 +0100] "GET /wp-content/uploads/2023/01/be8f5e55-7a81-4ac3-ab3f-ce802aeef27c-100x100.jpg HTTP/1.1" 200 5915 "-" "Mozilla/5.0 AppleWebKit/537.36 (KHTML, like Gecko; compatible; bingbot/2.0; +http://www.bing.com/bingbot.htm) Chrome/116.0.1938.76 Safari/537.36"
4.217.198.247 - - [21/Dec/2025:04:15:17 +0100] "GET /wp-conflg/function.php HTTP/1.1" 404 45948 "https://www.yahoo.com/" "Mozilla/5.0 (Linux; Android 12; SM-A525F) AppleWebKit/537.36 (KHTML, like Gecko) Chrome/117.0.0.0 Mobile Safari/537.36"
114.119.159.148 - - [21/Dec/2025:04:15:19 +0100] "GET /stagione/primavera-estate-2026/ HTTP/1.1" 200 44561 "https://www.readytorun.it/pa_stagione-sitemap.xml" "Mozilla/5.0 (Linux; Android 7.0;) AppleWebKit/537.36 (KHTML, like Gecko) Mobile Safari/537.36 (compatible; PetalBot;+https://webmaster.petalsearch.com/site/petalbot)"
4.217.198.247 - - [21/Dec/2025:04:15:24 +0100] "GET /wp-content/admin.php HTTP/1.1" 301 379 "https://duckduckgo.com/" "Mozilla/5.0 (Linux; Android 11; 21081111RG) AppleWebKit/537.36 (KHTML, like Gecko) Chrome/116.0.0.0 Mobile Safari/537.36"
4.217.198.247 - - [21/Dec/2025:04:15:29 +0100] "GET /wp-content/admin.php HTTP/1.1" 404 45948 "https://duckduckgo.com/" "Mozilla/5.0 (Linux; Android 11; 21081111RG) AppleWebKit/537.36 (KHTML, like Gecko) Chrome/116.0.0.0 Mobile Safari/537.36"
213.32.29.234 - - [21/Dec/2025:04:15:32 +0100] "GET /wp-login.php HTTP/1.1" 200 9310 "-" "Mozilla/5.0 (Windows NT 10.0; Win64; x64) AppleWebKit/537.36 (KHTML, like Gecko) Chrome/66.0.3359.170 Safari/537.36 OPR/53.0.2907.68"
4.217.198.247 - - [21/Dec/2025:04:15:36 +0100] "GET /wp-content/languages/index.php HTTP/1.1" 301 380 "https://www.google.com/" "Mozilla/5.0 (iPhone; CPU iPhone OS 16_0 like Mac OS X) AppleWebKit/605.1.15 (KHTML, like Gecko) FxiOS/118.0 Mobile/15E148 Safari/605.1.15"
4.217.198.247 - - [21/Dec/2025:04:15:42 +0100] "GET /wp-content/languages/ HTTP/1.1" 403 344 "https://www.google.com/" "Mozilla/5.0 (iPhone; CPU iPhone OS 16_0 like Mac OS X) AppleWebKit/605.1.15 (KHTML, like Gecko) FxiOS/118.0 Mobile/15E148 Safari/605.1.15"
213.32.29.234 - - [21/Dec/2025:04:15:42 +0100] "POST /wp-login.php HTTP/1.1" 503 19651 "https://www.readytorun.it/wp-login.php" "Mozilla/5.0 (Windows NT 10.0; Win64; x64) AppleWebKit/537.36 (KHTML, like Gecko) Chrome/66.0.3359.170 Safari/537.36 OPR/53.0.2907.68"
4.217.198.247 - - [21/Dec/2025:04:15:42 +0100] "GET /wp-includes/PHPMailer/index.php HTTP/1.1" 301 343 "https://www.google.com/" "Mozilla/5.0 (iPad; CPU OS 17_0_3 like Mac OS X) AppleWebKit/605.1.15 (KHTML, like Gecko) Version/17.0.1 Mobile/15E148 Safari/604.1"
4.217.198.247 - - [21/Dec/2025:04:15:49 +0100] "GET /wp-includes/PHPMailer/ HTTP/1.1" 403 344 "https://www.google.com/" "Mozilla/5.0 (iPad; CPU OS 17_0_3 like Mac OS X) AppleWebKit/605.1.15 (KHTML, like Gecko) Version/17.0.1 Mobile/15E148 Safari/604.1"
4.217.198.247 - - [21/Dec/2025:04:15:49 +0100] "GET /wp-includes/images HTTP/1.1" 301 453 "https://www.yahoo.com/" "Mozilla/5.0 (Linux; Android 12; 2201116SG) AppleWebKit/537.36 (KHTML, like Gecko) Chrome/116.0.0.0 Mobile Safari/537.36"
4.217.198.247 - - [21/Dec/2025:04:15:49 +0100] "GET /wp-includes/images/ HTTP/1.1" 403 344 "https://www.yahoo.com/" "Mozilla/5.0 (Linux; Android 12; 2201116SG) AppleWebKit/537.36 (KHTML, like Gecko) Chrome/116.0.0.0 Mobile Safari/537.36"
4.217.198.247 - - [21/Dec/2025:04:15:49 +0100] "GET /wp-includes/images/index.php HTTP/1.1" 301 340 "https://www.google.co.uk/" "Mozilla/5.0 (Linux; Android 10; K) AppleWebKit/537.36 (KHTML, like Gecko) Chrome/117.0.0.0 Mobile Safari/537.36"
51.38.211.120 - - [21/Dec/2025:04:15:47 +0100] "POST /wp-cron.php?doing_wp_cron=1766286947.7377629280090332031250 HTTP/1.1" 200 269 "-" "WordPress/6.9; https://www.readytorun.it"
4.217.198.247 - - [21/Dec/2025:04:15:54 +0100] "GET /wp-includes/images/ HTTP/1.1" 403 344 "https://www.google.co.uk/" "Mozilla/5.0 (Linux; Android 10; K) AppleWebKit/537.36 (KHTML, like Gecko) Chrome/117.0.0.0 Mobile Safari/537.36"
4.217.198.247 - - [21/Dec/2025:04:15:54 +0100] "GET /wp-includes/js/dist/development HTTP/1.1" 301 479 "https://www.google.de/" "Mozilla/5.0 (iPad; CPU OS 16_7_2 like Mac OS X) AppleWebKit/605.1.15 (KHTML, like Gecko) Version/16.6 Mobile/15E148 Safari/604.1"
4.217.198.247 - - [21/Dec/2025:04:15:54 +0100] "GET /wp-includes/js/dist/development/ HTTP/1.1" 403 344 "https://www.google.de/" "Mozilla/5.0 (iPad; CPU OS 16_7_2 like Mac OS X) AppleWebKit/605.1.15 (KHTML, like Gecko) Version/16.6 Mobile/15E148 Safari/604.1"
4.217.198.247 - - [21/Dec/2025:04:15:54 +0100] "GET /wp-user.php HTTP/1.1" 301 332 "https://www.google.de/" "Mozilla/5.0 (Linux; Android 12; SM-A525F) AppleWebKit/537.36 (KHTML, like Gecko) Chrome/117.0.0.0 Mobile Safari/537.36"
4.217.198.247 - - [21/Dec/2025:04:16:00 +0100] "GET /wp-user.php HTTP/1.1" 404 45948 "https://www.google.de/" "Mozilla/5.0 (Linux; Android 12; SM-A525F) AppleWebKit/537.36 (KHTML, like Gecko) Chrome/117.0.0.0 Mobile Safari/537.36"
4.217.198.247 - - [21/Dec/2025:04:16:07 +0100] "GET /404.php HTTP/1.1" 301 366 "https://duckduckgo.com/" "Mozilla/5.0 (Linux; Android 14; Pixel 8 Pro) AppleWebKit/537.36 (KHTML, like Gecko) Chrome/119.0.0.0 Mobile Safari/537.36"
4.217.198.247 - - [21/Dec/2025:04:16:12 +0100] "GET /404.php HTTP/1.1" 404 45948 "https://duckduckgo.com/" "Mozilla/5.0 (Linux; Android 14; Pixel 8 Pro) AppleWebKit/537.36 (KHTML, like Gecko) Chrome/119.0.0.0 Mobile Safari/537.36"
51.38.211.120 - - [21/Dec/2025:04:16:18 +0100] "POST /wp-cron.php?doing_wp_cron=1766286978.4675650596618652343750 HTTP/1.1" 200 269 "-" "WordPress/6.9; https://www.readytorun.it"
4.217.198.247 - - [21/Dec/2025:04:16:20 +0100] "GET /akcc.php HTTP/1.1" 301 367 "https://duckduckgo.com/" "Mozilla/5.0 (iPhone; CPU iPhone OS 17_1_1 like Mac OS X) AppleWebKit/605.1.15 (KHTML, like Gecko) Version/17.1 Mobile/15E148 Safari/604.1"
216.244.66.238 - - [21/Dec/2025:04:16:20 +0100] "GET /news/scarpe-al-carbonio-la-nuova-frontiera-del-running/ HTTP/1.1" 200 183643 "-" "Mozilla/5.0 (compatible; DotBot/1.2; +https://opensiteexplorer.org/dotbot; help@moz.com)"
4.217.198.247 - - [21/Dec/2025:04:16:25 +0100] "GET /akcc.php HTTP/1.1" 404 45948 "https://duckduckgo.com/" "Mozilla/5.0 (iPhone; CPU iPhone OS 17_1_1 like Mac OS X) AppleWebKit/605.1.15 (KHTML, like Gecko) Version/17.1 Mobile/15E148 Safari/604.1"
4.217.198.247 - - [21/Dec/2025:04:16:31 +0100] "GET /gg.php HTTP/1.1" 301 365 "https://www.yahoo.com/" "Mozilla/5.0 (Linux; Android 11; 21081111RG) AppleWebKit/537.36 (KHTML, like Gecko) Chrome/116.0.0.0 Mobile Safari/537.36"
4.217.198.247 - - [21/Dec/2025:04:16:37 +0100] "GET /gg.php HTTP/1.1" 404 45948 "https://www.yahoo.com/" "Mozilla/5.0 (Linux; Android 11; 21081111RG) AppleWebKit/537.36 (KHTML, like Gecko) Chrome/116.0.0.0 Mobile Safari/537.36"
114.119.131.211 - - [21/Dec/2025:04:16:41 +0100] "GET /stagione/primavera-estate-2025/ HTTP/1.1" 200 45160 "https://www.readytorun.it/pa_stagione-sitemap.xml" "Mozilla/5.0 (Linux; Android 7.0;) AppleWebKit/537.36 (KHTML, like Gecko) Mobile Safari/537.36 (compatible; PetalBot;+https://webmaster.petalsearch.com/site/petalbot)"
4.217.198.247 - - [21/Dec/2025:04:16:45 +0100] "GET /mah.php HTTP/1.1" 301 366 "https://www.bing.com/" "Mozilla/5.0 (Linux; Android 11; 21081111RG) AppleWebKit/537.36 (KHTML, like Gecko) Chrome/116.0.0.0 Mobile Safari/537.36"
51.38.211.120 - - [21/Dec/2025:04:16:43 +0100] "POST /wp-cron.php?doing_wp_cron=1766287003.0609099864959716796875 HTTP/1.1" 200 269 "-" "WordPress/6.9; https://www.readytorun.it"
4.217.198.247 - - [21/Dec/2025:04:16:49 +0100] "GET /mah.php HTTP/1.1" 404 45948 "https://www.bing.com/" "Mozilla/5.0 (Linux; Android 11; 21081111RG) AppleWebKit/537.36 (KHTML, like Gecko) Chrome/116.0.0.0 Mobile Safari/537.36"
216.244.66.238 - - [21/Dec/2025:04:16:53 +0100] "GET /a3-massimo-ammortizzamento-scarpe-donna-home/1127894cglg/ HTTP/1.1" 200 173264 "-" "Mozilla/5.0 (compatible; DotBot/1.2; +https://opensiteexplorer.org/dotbot; help@moz.com)"
4.217.198.247 - - [21/Dec/2025:04:16:56 +0100] "GET /new.php HTTP/1.1" 301 366 "https://www.google.de/" "Mozilla/5.0 (iPhone; CPU iPhone OS 17_0_3 like Mac OS X) AppleWebKit/605.1.15 (KHTML, like Gecko) Version/17.0.1 Mobile/15E148 Safari/604.1"
4.217.198.247 - - [21/Dec/2025:04:17:01 +0100] "GET /new.php HTTP/1.1" 404 45948 "https://www.google.de/" "Mozilla/5.0 (iPhone; CPU iPhone OS 17_0_3 like Mac OS X) AppleWebKit/605.1.15 (KHTML, like Gecko) Version/17.0.1 Mobile/15E148 Safari/604.1"
4.217.198.247 - - [21/Dec/2025:04:17:08 +0100] "GET /themes.php HTTP/1.1" 301 369 "https://www.google.co.uk/" "Mozilla/5.0 (Linux; Android 13; SM-S908E) AppleWebKit/537.36 (KHTML, like Gecko) Chrome/116.0.0.0 Mobile Safari/537.36"
4.217.198.247 - - [21/Dec/2025:04:17:14 +0100] "GET /themes.php HTTP/1.1" 404 45948 "https://www.google.co.uk/" "Mozilla/5.0 (Linux; Android 13; SM-S908E) AppleWebKit/537.36 (KHTML, like Gecko) Chrome/116.0.0.0 Mobile Safari/537.36"
4.217.198.247 - - [21/Dec/2025:04:17:20 +0100] "GET /uploads/index.php HTTP/1.1" 301 367 "https://www.bing.com/" "Mozilla/5.0 (iPhone; CPU iPhone OS 17_1 like Mac OS X) AppleWebKit/605.1.15 (KHTML, like Gecko) CriOS/119.0.6045.109 Mobile/15E148 Safari/604.1"
4.217.198.247 - - [21/Dec/2025:04:17:26 +0100] "GET /uploads/ HTTP/1.1" 404 45948 "https://www.bing.com/" "Mozilla/5.0 (iPhone; CPU iPhone OS 17_1 like Mac OS X) AppleWebKit/605.1.15 (KHTML, like Gecko) CriOS/119.0.6045.109 Mobile/15E148 Safari/604.1"
4.217.198.247 - - [21/Dec/2025:04:17:33 +0100] "GET /wp-admin HTTP/1.1" 301 433 "https://www.google.fr/" "Mozilla/5.0 (iPhone; CPU iPhone OS 16_6_1 like Mac OS X) AppleWebKit/605.1.15 (KHTML, like Gecko) Version/16.6 Mobile/15E148 Safari/604.1"
216.244.66.238 - - [21/Dec/2025:04:17:30 +0100] "GET /chiodate-scarpe-uomo-home/11035636/ HTTP/1.1" 200 162357 "-" "Mozilla/5.0 (compatible; DotBot/1.2; +https://opensiteexplorer.org/dotbot; help@moz.com)"
4.217.198.247 - - [21/Dec/2025:04:17:33 +0100] "GET /wp-admin/ HTTP/1.1" 302 315 "https://www.google.fr/" "Mozilla/5.0 (iPhone; CPU iPhone OS 16_6_1 like Mac OS X) AppleWebKit/605.1.15 (KHTML, like Gecko) Version/16.6 Mobile/15E148 Safari/604.1"
4.217.198.247 - - [21/Dec/2025:04:17:39 +0100] "GET /wp-admin/ HTTP/1.1" 302 4176 "https://www.google.fr/" "Mozilla/5.0 (iPhone; CPU iPhone OS 16_6_1 like Mac OS X) AppleWebKit/605.1.15 (KHTML, like Gecko) Version/16.6 Mobile/15E148 Safari/604.1"
4.217.198.247 - - [21/Dec/2025:04:17:46 +0100] "GET /wp-login.php?redirect_to=https%3A%2F%2Freadytorun.it%2Fwp-admin%2F&reauth=1 HTTP/1.1" 200 23383 "https://www.google.fr/" "Mozilla/5.0 (iPhone; CPU iPhone OS 16_6_1 like Mac OS X) AppleWebKit/605.1.15 (KHTML, like Gecko) Version/16.6 Mobile/15E148 Safari/604.1"
51.38.211.120 - - [21/Dec/2025:04:17:44 +0100] "POST /wp-cron.php?doing_wp_cron=1766287064.4786839485168457031250 HTTP/1.1" 200 4069 "-" "WordPress/6.9; https://www.readytorun.it"
4.217.198.247 - - [21/Dec/2025:04:17:51 +0100] "GET /wp-admin/classwithtostring.php HTTP/1.1" 301 389 "https://www.bing.com/" "Mozilla/5.0 (Linux; Android 11; 21081111RG) AppleWebKit/537.36 (KHTML, like Gecko) Chrome/116.0.0.0 Mobile Safari/537.36"
4.217.198.247 - - [21/Dec/2025:04:17:57 +0100] "GET /wp-admin/classwithtostring.php HTTP/1.1" 404 45948 "https://www.bing.com/" "Mozilla/5.0 (Linux; Android 11; 21081111RG) AppleWebKit/537.36 (KHTML, like Gecko) Chrome/116.0.0.0 Mobile Safari/537.36"
4.217.198.247 - - [21/Dec/2025:04:18:03 +0100] "GET /wp-admin/css HTTP/1.1" 301 441 "https://www.google.com/" "Mozilla/5.0 (iPad; CPU OS 17_0_3 like Mac OS X) AppleWebKit/605.1.15 (KHTML, like Gecko) Version/17.0.1 Mobile/15E148 Safari/604.1"
4.217.198.247 - - [21/Dec/2025:04:18:04 +0100] "GET /wp-admin/css/ HTTP/1.1" 403 344 "https://www.google.com/" "Mozilla/5.0 (iPad; CPU OS 17_0_3 like Mac OS X) AppleWebKit/605.1.15 (KHTML, like Gecko) Version/17.0.1 Mobile/15E148 Safari/604.1"
4.217.198.247 - - [21/Dec/2025:04:18:04 +0100] "GET /wp-admin/css/about.php HTTP/1.1" 301 343 "https://www.google.de/" "Mozilla/5.0 (Linux; Android 14; Pixel 8 Pro) AppleWebKit/537.36 (KHTML, like Gecko) Chrome/119.0.0.0 Mobile Safari/537.36"
216.244.66.238 - - [21/Dec/2025:04:18:05 +0100] "GET /t-shirt-abbigliamento-uomo-home/hy6925/ HTTP/1.1" 200 163227 "-" "Mozilla/5.0 (compatible; DotBot/1.2; +https://opensiteexplorer.org/dotbot; help@moz.com)"
114.119.159.148 - - [21/Dec/2025:04:18:06 +0100] "GET /stagione/primavera-estate-2024/ HTTP/1.1" 200 46471 "https://www.readytorun.it/pa_stagione-sitemap.xml" "Mozilla/5.0 (Linux; Android 7.0;) AppleWebKit/537.36 (KHTML, like Gecko) Mobile Safari/537.36 (compatible; PetalBot;+https://webmaster.petalsearch.com/site/petalbot)"
4.217.198.247 - - [21/Dec/2025:04:18:09 +0100] "GET /wp-admin/css/about.php HTTP/1.1" 404 45948 "https://www.google.de/" "Mozilla/5.0 (Linux; Android 14; Pixel 8 Pro) AppleWebKit/537.36 (KHTML, like Gecko) Chrome/119.0.0.0 Mobile Safari/537.36"
4.217.198.247 - - [21/Dec/2025:04:18:16 +0100] "GET /wp-admin/includes/colour.php HTTP/1.1" 301 387 "https://www.google.de/" "Mozilla/5.0 (iPhone; CPU iPhone OS 17_0_3 like Mac OS X) AppleWebKit/605.1.15 (KHTML, like Gecko) Version/17.0.1 Mobile/15E148 Safari/604.1"
4.217.198.247 - - [21/Dec/2025:04:18:21 +0100] "GET /wp-admin/includes/colour.php HTTP/1.1" 404 45948 "https://www.google.de/" "Mozilla/5.0 (iPhone; CPU iPhone OS 17_0_3 like Mac OS X) AppleWebKit/605.1.15 (KHTML, like Gecko) Version/17.0.1 Mobile/15E148 Safari/604.1"
4.217.198.247 - - [21/Dec/2025:04:18:28 +0100] "GET /wp-admin/js HTTP/1.1" 301 439 "https://www.google.com/" "Mozilla/5.0 (Linux; Android 10; K) AppleWebKit/537.36 (KHTML, like Gecko) Chrome/117.0.0.0 Mobile Safari/537.36"
4.217.198.247 - - [21/Dec/2025:04:18:28 +0100] "GET /wp-admin/js/ HTTP/1.1" 403 344 "https://www.google.com/" "Mozilla/5.0 (Linux; Android 10; K) AppleWebKit/537.36 (KHTML, like Gecko) Chrome/117.0.0.0 Mobile Safari/537.36"
4.217.198.247 - - [21/Dec/2025:04:18:29 +0100] "GET /wp-admin/js/autoload_classmap.php HTTP/1.1" 301 354 "https://www.yahoo.com/" "Mozilla/5.0 (iPhone; CPU iPhone OS 17_1 like Mac OS X) AppleWebKit/605.1.15 (KHTML, like Gecko) CriOS/119.0.6045.109 Mobile/15E148 Safari/604.1"
173.252.70.32 - - [21/Dec/2025:04:18:28 +0100] "GET /robots.txt HTTP/1.1" 301 4102 "-" "facebookexternalhit/1.1 (+http://www.facebook.com/externalhit_uatext.php)"
52.167.144.172 - - [21/Dec/2025:04:18:33 +0100] "GET /wp-content/uploads/2023/02/12e30f0c-70a9-4827-a831-acf0aef11c76-768x576.jpg HTTP/1.1" 200 64393 "-" "Mozilla/5.0 AppleWebKit/537.36 (KHTML, like Gecko; compatible; bingbot/2.0; +http://www.bing.com/bingbot.htm) Chrome/116.0.1938.76 Safari/537.36"
173.252.70.32 - - [21/Dec/2025:04:18:34 +0100] "GET /robots.txt HTTP/1.1" 200 4741 "-" "facebookexternalhit/1.1 (+http://www.facebook.com/externalhit_uatext.php)"
4.217.198.247 - - [21/Dec/2025:04:18:34 +0100] "GET /wp-admin/js/autoload_classmap.php HTTP/1.1" 404 45948 "https://www.yahoo.com/" "Mozilla/5.0 (iPhone; CPU iPhone OS 17_1 like Mac OS X) AppleWebKit/605.1.15 (KHTML, like Gecko) CriOS/119.0.6045.109 Mobile/15E148 Safari/604.1"
4.217.198.247 - - [21/Dec/2025:04:18:40 +0100] "GET /wp-admin/js/widgets HTTP/1.1" 301 455 "https://www.google.de/" "Mozilla/5.0 (iPhone; CPU iPhone OS 16_0 like Mac OS X) AppleWebKit/605.1.15 (KHTML, like Gecko) FxiOS/118.0 Mobile/15E148 Safari/605.1.15"
4.217.198.247 - - [21/Dec/2025:04:18:41 +0100] "GET /wp-admin/js/widgets/ HTTP/1.1" 403 344 "https://www.google.de/" "Mozilla/5.0 (iPhone; CPU iPhone OS 16_0 like Mac OS X) AppleWebKit/605.1.15 (KHTML, like Gecko) FxiOS/118.0 Mobile/15E148 Safari/605.1.15"
216.244.66.238 - - [21/Dec/2025:04:18:38 +0100] "GET /a3-massimo-ammortizzamento-scarpe-uomo-home/110370494/ HTTP/1.1" 200 193534 "-" "Mozilla/5.0 (compatible; DotBot/1.2; +https://opensiteexplorer.org/dotbot; help@moz.com)"
4.217.198.247 - - [21/Dec/2025:04:18:41 +0100] "GET /wp-content/autoload_classmap.php HTTP/1.1" 301 353 "https://www.bing.com/" "Mozilla/5.0 (Linux; Android 11; CPH2251) AppleWebKit/537.36 (KHTML, like Gecko) Chrome/116.0.0.0 Mobile Safari/537.36"
40.77.167.132 - - [21/Dec/2025:04:18:47 +0100] "GET /wp-content/uploads/2022/04/c67c5f4a-c8ee-4095-982f-e9091aba0fce.jpg HTTP/1.1" 200 209861 "-" "Mozilla/5.0 AppleWebKit/537.36 (KHTML, like Gecko; compatible; bingbot/2.0; +http://www.bing.com/bingbot.htm) Chrome/116.0.1938.76 Safari/537.36"
51.38.211.120 - - [21/Dec/2025:04:18:43 +0100] "POST /wp-cron.php?doing_wp_cron=1766287123.0995290279388427734375 HTTP/1.1" 200 269 "-" "WordPress/6.9; https://www.readytorun.it"
160.250.187.1 - - [21/Dec/2025:04:18:33 +0100] "POST /xmlrpc.php HTTP/1.1" 503 23228 "-" "Mozilla/5.0 (Windows NT 10.0; WOW64; Trident/7.0; Touch; TNJB; rv:11.0) like Gecko"
4.217.198.247 - - [21/Dec/2025:04:18:46 +0100] "GET /wp-content/autoload_classmap.php HTTP/1.1" 404 45948 "https://www.bing.com/" "Mozilla/5.0 (Linux; Android 11; CPH2251) AppleWebKit/537.36 (KHTML, like Gecko) Chrome/116.0.0.0 Mobile Safari/537.36"
66.249.66.193 - - [21/Dec/2025:04:18:47 +0100] "GET /abbigliamento-donna-home/j2gb220309/ HTTP/1.1" 200 46870 "-" "Mozilla/5.0 (compatible; Googlebot/2.1; +http://www.google.com/bot.html)"
51.38.211.120 - - [21/Dec/2025:04:18:50 +0100] "POST /wp-cron.php?doing_wp_cron=1766287130.4340550899505615234375 HTTP/1.1" 200 4069 "-" "WordPress/6.9; https://www.readytorun.it"
40.77.167.132 - - [21/Dec/2025:04:18:57 +0100] "GET /wp-content/uploads/2022/06/a846bdc3-74c8-494c-add3-d3e74997b681-150x150.jpg HTTP/1.1" 200 6448 "-" "Mozilla/5.0 AppleWebKit/537.36 (KHTML, like Gecko; compatible; bingbot/2.0; +http://www.bing.com/bingbot.htm) Chrome/116.0.1938.76 Safari/537.36"
4.217.198.247 - - [21/Dec/2025:04:18:53 +0100] "GET /wp-content/backups-dup-lite HTTP/1.1" 301 386 "https://www.google.de/" "Mozilla/5.0 (iPad; CPU OS 16_7_2 like Mac OS X) AppleWebKit/605.1.15 (KHTML, like Gecko) Version/16.6 Mobile/15E148 Safari/604.1"
66.249.66.78 - - [21/Dec/2025:04:19:03 +0100] "GET /wp-content/uploads/2022/02/5872c897-597f-44ee-b3cc-0c24f88d880b-800x800.jpg HTTP/1.1" 304 3912 "-" "Googlebot-Image/1.0"
4.217.198.247 - - [21/Dec/2025:04:18:58 +0100] "GET /wp-content/backups-dup-lite HTTP/1.1" 404 45948 "https://www.google.de/" "Mozilla/5.0 (iPad; CPU OS 16_7_2 like Mac OS X) AppleWebKit/605.1.15 (KHTML, like Gecko) Version/16.6 Mobile/15E148 Safari/604.1"
4.217.198.247 - - [21/Dec/2025:04:19:06 +0100] "GET /wp-content/languages HTTP/1.1" 301 457 "https://www.yahoo.com/" "Mozilla/5.0 (Linux; Android 12; V2134) AppleWebKit/537.36 (KHTML, like Gecko) Chrome/116.0.0.0 Mobile Safari/537.36"
4.217.198.247 - - [21/Dec/2025:04:19:06 +0100] "GET /wp-content/languages/ HTTP/1.1" 403 344 "https://www.yahoo.com/" "Mozilla/5.0 (Linux; Android 12; V2134) AppleWebKit/537.36 (KHTML, like Gecko) Chrome/116.0.0.0 Mobile Safari/537.36"
4.217.198.247 - - [21/Dec/2025:04:19:06 +0100] "GET /wp-content/plugins/admin.php HTTP/1.1" 301 349 "https://www.bing.com/" "Mozilla/5.0 (Linux; Android 11; 21081111RG) AppleWebKit/537.36 (KHTML, like Gecko) Chrome/116.0.0.0 Mobile Safari/537.36"
51.38.211.120 - - [21/Dec/2025:04:19:04 +0100] "POST /wp-cron.php?doing_wp_cron=1766287144.3689100742340087890625 HTTP/1.1" 200 269 "-" "WordPress/6.9; https://www.readytorun.it"
4.217.198.247 - - [21/Dec/2025:04:19:10 +0100] "GET /wp-content/plugins/admin.php HTTP/1.1" 404 45948 "https://www.bing.com/" "Mozilla/5.0 (Linux; Android 11; 21081111RG) AppleWebKit/537.36 (KHTML, like Gecko) Chrome/116.0.0.0 Mobile Safari/537.36"
216.244.66.238 - - [21/Dec/2025:04:19:17 +0100] "GET /shop/chiodate-scarpe-unisex-home/u1ga142309/ HTTP/1.1" 200 170527 "-" "Mozilla/5.0 (compatible; DotBot/1.2; +https://opensiteexplorer.org/dotbot; help@moz.com)"
4.217.198.247 - - [21/Dec/2025:04:19:17 +0100] "GET /wp-content/themes/admin.php HTTP/1.1" 301 386 "https://www.bing.com/" "Mozilla/5.0 (Linux; Android 10; K) AppleWebKit/537.36 (KHTML, like Gecko) Chrome/117.0.0.0 Mobile Safari/537.36"
51.38.211.120 - - [21/Dec/2025:04:19:22 +0100] "POST /wp-cron.php?doing_wp_cron=1766287162.7751970291137695312500 HTTP/1.1" 200 269 "-" "WordPress/6.9; https://www.readytorun.it"
4.217.198.247 - - [21/Dec/2025:04:19:24 +0100] "GET /wp-content/themes/admin.php HTTP/1.1" 404 45948 "https://www.bing.com/" "Mozilla/5.0 (Linux; Android 10; K) AppleWebKit/537.36 (KHTML, like Gecko) Chrome/117.0.0.0 Mobile Safari/537.36"
4.217.198.247 - - [21/Dec/2025:04:19:29 +0100] "GET /wp-content/uploads HTTP/1.1" 301 453 "https://www.google.de/" "Mozilla/5.0 (iPhone; CPU iPhone OS 15_7_9 like Mac OS X) AppleWebKit/605.1.15 (KHTML, like Gecko) Version/15.6.5 Mobile/15E148 Safari/604.1"
4.217.198.247 - - [21/Dec/2025:04:19:30 +0100] "GET /wp-content/uploads/ HTTP/1.1" 403 344 "https://www.google.de/" "Mozilla/5.0 (iPhone; CPU iPhone OS 15_7_9 like Mac OS X) AppleWebKit/605.1.15 (KHTML, like Gecko) Version/15.6.5 Mobile/15E148 Safari/604.1"
4.217.198.247 - - [21/Dec/2025:04:19:30 +0100] "GET /wp-content/uploads/2025 HTTP/1.1" 301 463 "https://www.google.de/" "Mozilla/5.0 (Linux; Android 13; SM-S908E) AppleWebKit/537.36 (KHTML, like Gecko) Chrome/116.0.0.0 Mobile Safari/537.36"
4.217.198.247 - - [21/Dec/2025:04:19:30 +0100] "GET /wp-content/uploads/2025/ HTTP/1.1" 403 344 "https://www.google.de/" "Mozilla/5.0 (Linux; Android 13; SM-S908E) AppleWebKit/537.36 (KHTML, like Gecko) Chrome/116.0.0.0 Mobile Safari/537.36"
4.217.198.247 - - [21/Dec/2025:04:19:30 +0100] "GET /wp-includes/IXR HTTP/1.1" 301 447 "https://www.yahoo.com/" "Mozilla/5.0 (Linux; Android 12; SM-A525F) AppleWebKit/537.36 (KHTML, like Gecko) Chrome/117.0.0.0 Mobile Safari/537.36"
4.217.198.247 - - [21/Dec/2025:04:19:31 +0100] "GET /wp-includes/IXR/ HTTP/1.1" 403 344 "https://www.yahoo.com/" "Mozilla/5.0 (Linux; Android 12; SM-A525F) AppleWebKit/537.36 (KHTML, like Gecko) Chrome/117.0.0.0 Mobile Safari/537.36"
4.217.198.247 - - [21/Dec/2025:04:19:31 +0100] "GET /wp-includes/IXR/index.php HTTP/1.1" 301 337 "https://duckduckgo.com/" "Mozilla/5.0 (iPhone; CPU iPhone OS 16_0 like Mac OS X) AppleWebKit/605.1.15 (KHTML, like Gecko) FxiOS/118.0 Mobile/15E148 Safari/605.1.15"
114.119.148.165 - - [21/Dec/2025:04:19:30 +0100] "GET /stagione/primavera-estate-2023/ HTTP/1.1" 200 46579 "https://www.readytorun.it/pa_stagione-sitemap.xml" "Mozilla/5.0 (Linux; Android 7.0;) AppleWebKit/537.36 (KHTML, like Gecko) Mobile Safari/537.36 (compatible; PetalBot;+https://webmaster.petalsearch.com/site/petalbot)"
4.217.198.247 - - [21/Dec/2025:04:19:35 +0100] "GET /wp-includes/IXR/ HTTP/1.1" 403 344 "https://duckduckgo.com/" "Mozilla/5.0 (iPhone; CPU iPhone OS 16_0 like Mac OS X) AppleWebKit/605.1.15 (KHTML, like Gecko) FxiOS/118.0 Mobile/15E148 Safari/605.1.15"
4.217.198.247 - - [21/Dec/2025:04:19:35 +0100] "GET /wp-includes/SimplePie/index.php HTTP/1.1" 301 343 "https://www.google.co.uk/" "Mozilla/5.0 (iPhone; CPU iPhone OS 17_1 like Mac OS X) AppleWebKit/605.1.15 (KHTML, like Gecko) CriOS/119.0.6045.109 Mobile/15E148 Safari/604.1"
4.217.198.247 - - [21/Dec/2025:04:19:41 +0100] "GET /wp-includes/SimplePie/ HTTP/1.1" 403 344 "https://www.google.co.uk/" "Mozilla/5.0 (iPhone; CPU iPhone OS 17_1 like Mac OS X) AppleWebKit/605.1.15 (KHTML, like Gecko) CriOS/119.0.6045.109 Mobile/15E148 Safari/604.1"
4.217.198.247 - - [21/Dec/2025:04:19:41 +0100] "GET /wp-includes/Text HTTP/1.1" 301 449 "https://www.google.co.uk/" "Mozilla/5.0 (Linux; Android 14; Pixel 8 Pro) AppleWebKit/537.36 (KHTML, like Gecko) Chrome/119.0.0.0 Mobile Safari/537.36"
4.217.198.247 - - [21/Dec/2025:04:19:42 +0100] "GET /wp-includes/Text/ HTTP/1.1" 403 344 "https://www.google.co.uk/" "Mozilla/5.0 (Linux; Android 14; Pixel 8 Pro) AppleWebKit/537.36 (KHTML, like Gecko) Chrome/119.0.0.0 Mobile Safari/537.36"
4.217.198.247 - - [21/Dec/2025:04:19:42 +0100] "GET /wp-includes/Text/Diff/Engine HTTP/1.1" 301 473 "https://www.google.com/" "Mozilla/5.0 (Linux; Android 12; SM-A525F) AppleWebKit/537.36 (KHTML, like Gecko) Chrome/117.0.0.0 Mobile Safari/537.36"
4.217.198.247 - - [21/Dec/2025:04:19:42 +0100] "GET /wp-includes/Text/Diff/Engine/ HTTP/1.1" 403 344 "https://www.google.com/" "Mozilla/5.0 (Linux; Android 12; SM-A525F) AppleWebKit/537.36 (KHTML, like Gecko) Chrome/117.0.0.0 Mobile Safari/537.36"
4.217.198.247 - - [21/Dec/2025:04:19:42 +0100] "GET /wp-includes/block-bindings/index.php HTTP/1.1" 301 348 "https://www.google.co.uk/" "Mozilla/5.0 (Linux; Android 10; LM-Q720) AppleWebKit/537.36 (KHTML, like Gecko) Chrome/116.0.0.0 Mobile Safari/537.36"
4.217.198.247 - - [21/Dec/2025:04:19:48 +0100] "GET /wp-includes/block-bindings/ HTTP/1.1" 403 344 "https://www.google.co.uk/" "Mozilla/5.0 (Linux; Android 10; LM-Q720) AppleWebKit/537.36 (KHTML, like Gecko) Chrome/116.0.0.0 Mobile Safari/537.36"
4.217.198.247 - - [21/Dec/2025:04:19:49 +0100] "GET /wp-includes/block-supports HTTP/1.1" 301 469 "https://www.google.com/" "Mozilla/5.0 (iPhone; CPU iPhone OS 17_1_1 like Mac OS X) AppleWebKit/605.1.15 (KHTML, like Gecko) Version/17.1 Mobile/15E148 Safari/604.1"
4.217.198.247 - - [21/Dec/2025:04:19:49 +0100] "GET /wp-includes/block-supports/ HTTP/1.1" 403 344 "https://www.google.com/" "Mozilla/5.0 (iPhone; CPU iPhone OS 17_1_1 like Mac OS X) AppleWebKit/605.1.15 (KHTML, like Gecko) Version/17.1 Mobile/15E148 Safari/604.1"
4.217.198.247 - - [21/Dec/2025:04:19:49 +0100] "GET /wp-includes/blocks/code HTTP/1.1" 301 463 "https://duckduckgo.com/" "Mozilla/5.0 (iPhone; CPU iPhone OS 16_0 like Mac OS X) AppleWebKit/605.1.15 (KHTML, like Gecko) FxiOS/118.0 Mobile/15E148 Safari/605.1.15"
4.217.198.247 - - [21/Dec/2025:04:19:49 +0100] "GET /wp-includes/blocks/code/ HTTP/1.1" 403 344 "https://duckduckgo.com/" "Mozilla/5.0 (iPhone; CPU iPhone OS 16_0 like Mac OS X) AppleWebKit/605.1.15 (KHTML, like Gecko) FxiOS/118.0 Mobile/15E148 Safari/605.1.15"
4.217.198.247 - - [21/Dec/2025:04:19:50 +0100] "GET /wp-includes/customize/chosen.php HTTP/1.1" 301 353 "https://www.google.com/" "Mozilla/5.0 (iPad; CPU OS 16_7_2 like Mac OS X) AppleWebKit/605.1.15 (KHTML, like Gecko) Version/16.6 Mobile/15E148 Safari/604.1"
51.38.211.120 - - [21/Dec/2025:04:19:47 +0100] "POST /wp-cron.php?doing_wp_cron=1766287187.3550848960876464843750 HTTP/1.1" 200 269 "-" "WordPress/6.9; https://www.readytorun.it"
4.217.198.247 - - [21/Dec/2025:04:19:53 +0100] "GET /wp-includes/customize/chosen.php HTTP/1.1" 404 45910 "https://www.google.com/" "Mozilla/5.0 (iPad; CPU OS 16_7_2 like Mac OS X) AppleWebKit/605.1.15 (KHTML, like Gecko) Version/16.6 Mobile/15E148 Safari/604.1"
216.244.66.238 - - [21/Dec/2025:04:19:54 +0100] "GET /a3-massimo-ammortizzamento-scarpe-donna-home/f200326/ HTTP/1.1" 200 182914 "-" "Mozilla/5.0 (compatible; DotBot/1.2; +https://opensiteexplorer.org/dotbot; help@moz.com)"
4.217.198.247 - - [21/Dec/2025:04:20:00 +0100] "GET /wp-includes/html-api/index.php HTTP/1.1" 301 380 "https://www.google.co.uk/" "Mozilla/5.0 (Linux; Android 12; 2201116SG) AppleWebKit/537.36 (KHTML, like Gecko) Chrome/116.0.0.0 Mobile Safari/537.36"
4.217.198.247 - - [21/Dec/2025:04:20:06 +0100] "GET /wp-includes/html-api/ HTTP/1.1" 403 344 "https://www.google.co.uk/" "Mozilla/5.0 (Linux; Android 12; 2201116SG) AppleWebKit/537.36 (KHTML, like Gecko) Chrome/116.0.0.0 Mobile Safari/537.36"
